--
-- Host: localhost    Database: panatsol5
-- ------------------------------------------------------


--
-- Table structure for table `Customers`
--

CREATE TABLE `Customers` (
  `CustomerID` varchar(10) NOT NULL,
  `Name` varchar(50) NOT NULL,
  `Address` varchar(100) DEFAULT NULL,
  `ZipCode` varchar(10) DEFAULT NULL,
  `City` varchar(50) DEFAULT NULL,
  `Phone` varchar(15) DEFAULT NULL,
  `Email` varchar(50) DEFAULT NULL,
  `RegistrationDate` date DEFAULT NULL,
  PRIMARY KEY (`CustomerID`)
) ENGINE=InnoDB DEFAULT CHARSET=utf8mb4 COLLATE=utf8mb4_general_ci;

--
-- Dumping data for table `Customers`
--

INSERT INTO `Customers` VALUES ('C001','Σταύρος Παναγιωτόπουλος','Λεωφ. Κηφισίας 120','12345','Αθήνα','2101234567','papang@email.com','2022-01-15'),('C002','Μαρία Καραγιάννη','Οδός Ερμού 34','54623','Θεσσαλονίκη','2310765432','karagianni@email.com','2022-03-10'),('C003','Γιώργος Δημητρίου','Παγκράτι 18','11553','Αθήνα','2106548935','dimi@email.com','2022-05-25'),('C004','Ελένη Ρίγα','Νεάπολη-Συκεών 12','56123','Θεσσαλονίκη','2310789456','elrig@email.com','2022-08-05'),('C005','Βλαδίμηρος Χατζηκυριάκου ','Πανεπιστημίου 50','10564','Αθήνα','2109876543','vladx@email.com','2022-12-20');

--
-- Table structure for table `OfferDetails`
--

CREATE TABLE `OfferDetails` (
  `OfferID` varchar(10) NOT NULL,
  `ProductID` varchar(10) NOT NULL,
  `Quantity` int(10) NOT NULL,
  `Price` decimal(10,2) NOT NULL,
  PRIMARY KEY (`OfferID`,`ProductID`),
  KEY `ProductID` (`ProductID`),
  CONSTRAINT `OfferDetails_ibfk_1` FOREIGN KEY (`OfferID`) REFERENCES `Offers` (`OfferID`),
  CONSTRAINT `OfferDetails_ibfk_2` FOREIGN KEY (`ProductID`) REFERENCES `Products` (`ProductID`)
) ENGINE=InnoDB DEFAULT CHARSET=utf8mb4 COLLATE=utf8mb4_general_ci;

--
-- Dumping data for table `OfferDetails`
--

INSERT INTO `OfferDetails` VALUES ('OF001','P001',2,15000.00),('OF002','P002',1,3400.00),('OF003','P003',1,8900.00),('OF004','P003',1,8900.00),('OF005','P001',2,15000.00),('OF006','P002',3,10200.00);

--
-- Table structure for table `Offers`
--

CREATE TABLE `Offers` (
  `OfferID` varchar(10) NOT NULL,
  `CustomerID` varchar(10) DEFAULT NULL,
  `OfferDate` date NOT NULL,
  `Status` varchar(20) DEFAULT 'Σε εκκρεμότητα',
  PRIMARY KEY (`OfferID`),
  KEY `CustomerID` (`CustomerID`),
  CONSTRAINT `Offers_ibfk_1` FOREIGN KEY (`CustomerID`) REFERENCES `Customers` (`CustomerID`)
) ENGINE=InnoDB DEFAULT CHARSET=utf8mb4 COLLATE=utf8mb4_general_ci;

--
-- Dumping data for table `Offers`
--

INSERT INTO `Offers` VALUES ('OF001','C001','2023-01-10','Ολοκληρωμένη'),('OF002','C002','2023-02-05','Σε εκκρεμότητα'),('OF003','C003','2023-02-20','Ολοκληρωμένη'),('OF004','C001','2023-03-15','Ολοκληρωμένη'),('OF005','C004','2023-04-05','Σε εκκρεμότητα'),('OF006','C005','2023-04-20','Σε εκκρεμότητα');

--
-- Table structure for table `OrderDetails`
--

CREATE TABLE `OrderDetails` (
  `OrderID` varchar(10) NOT NULL,
  `ProductID` varchar(10) NOT NULL,
  `Quantity` int(10) NOT NULL,
  `Price` decimal(10,2) NOT NULL,
  PRIMARY KEY (`OrderID`,`ProductID`),
  KEY `ProductID` (`ProductID`),
  CONSTRAINT `OrderDetails_ibfk_1` FOREIGN KEY (`OrderID`) REFERENCES `Orders` (`OrderID`),
  CONSTRAINT `OrderDetails_ibfk_2` FOREIGN KEY (`ProductID`) REFERENCES `Products` (`ProductID`)
) ENGINE=InnoDB DEFAULT CHARSET=utf8mb4 COLLATE=utf8mb4_general_ci;

--
-- Dumping data for table `OrderDetails`
--

INSERT INTO `OrderDetails` VALUES ('O001','P001',2,15000.00),('O002','P002',1,3400.00),('O003','P003',1,8900.00),('O004','P005',1,11500.00),('O005','P004',2,10200.00),('O006','P003',1,8900.00);

--
-- Table structure for table `Orders`
--

CREATE TABLE `Orders` (
  `OrderID` varchar(10) NOT NULL,
  `CustomerID` varchar(10) DEFAULT NULL,
  `OrderDate` date NOT NULL,
  `Status` varchar(20) DEFAULT 'Σε εκκρεμότητα',
  PRIMARY KEY (`OrderID`),
  KEY `CustomerID` (`CustomerID`),
  CONSTRAINT `Orders_ibfk_1` FOREIGN KEY (`CustomerID`) REFERENCES `Customers` (`CustomerID`)
) ENGINE=InnoDB DEFAULT CHARSET=utf8mb4 COLLATE=utf8mb4_general_ci;

--
-- Dumping data for table `Orders`
--

INSERT INTO `Orders` VALUES ('O001','C001','2023-01-15','Ολοκληρωμένη'),('O002','C002','2023-02-10','Σε εκκρεμότητα'),('O003','C003','2023-03-01','Ολοκληρωμένη'),('O004','C004','2023-03-30','Ολοκληρωμένη'),('O005','C005','2023-04-15','Σε εκκρεμότητα'),('O006','C001','2023-05-01','Ολοκληρωμένη');

--
-- Table structure for table `Products`
--

CREATE TABLE `Products` (
  `ProductID` varchar(10) NOT NULL,
  `ProductName` varchar(50) NOT NULL,
  `Category` varchar(30) DEFAULT NULL,
  `Color` varchar(20) DEFAULT NULL,
  `Price` decimal(10,2) NOT NULL,
  `Stock` int(10) DEFAULT 0,
  `Description` varchar(255) DEFAULT NULL,
  PRIMARY KEY (`ProductID`)
) ENGINE=InnoDB DEFAULT CHARSET=utf8mb4 COLLATE=utf8mb4_general_ci;

--
-- Dumping data for table `Products`
--

INSERT INTO `Products` VALUES ('P001','Yamaha MT-07','Μοτοσυκλέτα','Μαύρο',7500.00,10,'Δυναμική μοτοσυκλέτα ιδανική για καθημερινές μετακινήσεις'),('P002','Honda PCX 125','Μοτοποδήλατο','Άσπρο',3400.00,15,'Ευέλικτο και οικονομικό για την πόλη'),('P003','Kawasaki Z650','Μοτοσυκλέτα','Πράσινο',8900.00,7,'Αθλητική μοτοσυκλέτα με επιδόσεις'),('P004','Piaggio Vespa GTS','Μοτοποδήλατο','Κόκκινο',5100.00,8,'Κλασικό στυλ με σύγχρονες ανέσεις'),('P005','Ducati Monster 821','Μοτοσυκλέτα','Κόκκινο',11500.00,5,'Υψηλές επιδόσεις και εξαιρετικός σχεδιασμός');

--
-- Table structure for table `car`
--

CREATE TABLE `car` (
  `id_p` int(11) DEFAULT NULL,
  `car_plate` varchar(20) NOT NULL
) ENGINE=InnoDB DEFAULT CHARSET=utf8mb4 COLLATE=utf8mb4_general_ci;

--
-- Dumping data for table `car`
--


--
-- Table structure for table `client`
--

CREATE TABLE `client` (
  `ID` varchar(10) NOT NULL,
  `NAME` varchar(50) NOT NULL,
  `ADDRESS` varchar(100) NOT NULL,
  `CITY` varchar(40) NOT NULL,
  `TK` varchar(5) NOT NULL,
  `PHONE` varchar(11) NOT NULL,
  `FIRSTNAME` varchar(40) NOT NULL,
  `LASTNAME` varchar(50) NOT NULL,
  PRIMARY KEY (`ID`)
) ENGINE=InnoDB DEFAULT CHARSET=utf8 COLLATE=utf8_unicode_ci;

--
-- Dumping data for table `client`
--

INSERT INTO `client` VALUES ('ΕΒ32','Δέλτα ΕΠΕ','Ομονοίας 12','Καβάλα','65201','2510647293','Θεόδωρος','Καλογιάννης'),('ΕΒ33','SISMA SA','Ερυθρού Σταυρού 5','THESSALONIKI','54444','2310756564','JOHN','SMITH'),('ΕΒ34','PerfectSoft','Βενιζέλου 50','Καβάλα','65302','2510123456','Κωνσταντίνος','Σταυρουλάκης'),('ΕΒ35','Samina','Κουντουριώτου 1','Σάμος - Βαθύ','83100','2273012345','Χρήστος','Χρήστου');

--
-- Table structure for table `ordering`
--

CREATE TABLE `ordering` (
  `ID` int(11) NOT NULL,
  `ORDERDATE` date NOT NULL,
  `ADVANCEPAY` float NOT NULL,
  `ID_SALESMAN` varchar(5) NOT NULL,
  `ID_CLIENT` varchar(5) NOT NULL,
  PRIMARY KEY (`ID`),
  KEY `ID_SALESMAN` (`ID_SALESMAN`),
  KEY `ID_CLIENT` (`ID_CLIENT`),
  CONSTRAINT `ordering_ibfk_1` FOREIGN KEY (`ID_SALESMAN`) REFERENCES `salesman` (`ID`),
  CONSTRAINT `ordering_ibfk_2` FOREIGN KEY (`ID_CLIENT`) REFERENCES `client` (`ID`)
) ENGINE=InnoDB DEFAULT CHARSET=utf8 COLLATE=utf8_unicode_ci;

--
-- Dumping data for table `ordering`
--

INSERT INTO `ordering` VALUES (1,'2020-11-20',400,'Α-34','ΕΒ32'),(2,'2020-12-04',0,'Α-35','ΕΒ34'),(3,'2020-12-03',100,'Α-35','ΕΒ34');

--
-- Table structure for table `orderlist`
--

CREATE TABLE `orderlist` (
  `ID` int(11) NOT NULL AUTO_INCREMENT,
  `ID_ORDERING` int(11) NOT NULL,
  `ID_PRODUCT` varchar(10) NOT NULL,
  `PRICE` float NOT NULL,
  `QUANTITY` int(11) NOT NULL,
  PRIMARY KEY (`ID`),
  KEY `ID_PRODUCT` (`ID_PRODUCT`),
  KEY `ID_ORDERING` (`ID_ORDERING`),
  CONSTRAINT `orderlist_ibfk_2` FOREIGN KEY (`ID_ORDERING`) REFERENCES `ordering` (`ID`),
  CONSTRAINT `orderlist_ibfk_3` FOREIGN KEY (`ID_PRODUCT`) REFERENCES `product` (`ID`)
) ENGINE=InnoDB AUTO_INCREMENT=7 DEFAULT CHARSET=utf8 COLLATE=utf8_unicode_ci;

--
-- Dumping data for table `orderlist`
--

INSERT INTO `orderlist` VALUES (2,1,'KKS-221',560,1),(3,1,'PHT-345',120,4),(4,1,'SDB-374',189,2),(5,2,'PSE-501',500,1),(6,3,'OPN-001',400,2);

--
-- Table structure for table `person`
--

CREATE TABLE `person` (
  `id` int(11) NOT NULL AUTO_INCREMENT,
  `name` varchar(255) NOT NULL,
  `sex` varchar(10) NOT NULL,
  PRIMARY KEY (`id`)
) ENGINE=InnoDB DEFAULT CHARSET=utf8mb4 COLLATE=utf8mb4_general_ci;

--
-- Dumping data for table `person`
--


--
-- Table structure for table `product`
--

CREATE TABLE `product` (
  `ID` varchar(10) NOT NULL,
  `DESCRIPTION` varchar(100) NOT NULL,
  `MANUFACTURER` varchar(50) NOT NULL,
  PRIMARY KEY (`ID`)
) ENGINE=InnoDB DEFAULT CHARSET=utf8 COLLATE=utf8_unicode_ci;

--
-- Dumping data for table `product`
--

INSERT INTO `product` VALUES ('KKS-221','Τηλεόραση','LG'),('OPN-001','OnePlus Nord','OnePlus'),('PHT-345','Φωτογραφική Μηχανή','SONY'),('PSE-501','PLAY STATION 5','SONY'),('SDB-374','Οθόνη LCD','LG');

--
-- Table structure for table `salesman`
--

CREATE TABLE `salesman` (
  `ID` varchar(5) NOT NULL,
  `FIRSTNAME` varchar(50) NOT NULL,
  `LASTNAME` varchar(50) NOT NULL,
  `PHONE` varchar(11) NOT NULL,
  PRIMARY KEY (`ID`)
) ENGINE=InnoDB DEFAULT CHARSET=utf8 COLLATE=utf8_unicode_ci;

--
-- Dumping data for table `salesman`
--

INSERT INTO `salesman` VALUES ('A-36','Γιώργος','Παπαδόπουλος','6983654321'),('Α-34','Ιωάννης','Αποστόλου','6955423516'),('Α-35','Νίκος','Κοτάκης','6945123456');

--
-- Table structure for table `test`
--

CREATE TABLE `test` (
  `id` int(11) NOT NULL AUTO_INCREMENT,
  `name` varchar(255) DEFAULT NULL,
  PRIMARY KEY (`id`)
) ENGINE=InnoDB DEFAULT CHARSET=utf8mb4 COLLATE=utf8mb4_general_ci;

--
-- Dumping data for table `test`
--


--
-- Table structure for table `wp_1stcommentmeta`
--

CREATE TABLE `wp_1stcommentmeta` (
  `meta_id` bigint(20) unsigned NOT NULL AUTO_INCREMENT,
  `comment_id` bigint(20) unsigned NOT NULL DEFAULT 0,
  `meta_key` varchar(255) DEFAULT NULL,
  `meta_value` longtext DEFAULT NULL,
  PRIMARY KEY (`meta_id`),
  KEY `comment_id` (`comment_id`),
  KEY `meta_key` (`meta_key`(191))
) ENGINE=InnoDB DEFAULT CHARSET=utf8mb4 COLLATE=utf8mb4_unicode_520_ci;

--
-- Dumping data for table `wp_1stcommentmeta`
--


--
-- Table structure for table `wp_1stcomments`
--

CREATE TABLE `wp_1stcomments` (
  `comment_ID` bigint(20) unsigned NOT NULL AUTO_INCREMENT,
  `comment_post_ID` bigint(20) unsigned NOT NULL DEFAULT 0,
  `comment_author` tinytext NOT NULL,
  `comment_author_email` varchar(100) NOT NULL DEFAULT '',
  `comment_author_url` varchar(200) NOT NULL DEFAULT '',
  `comment_author_IP` varchar(100) NOT NULL DEFAULT '',
  `comment_date` datetime NOT NULL DEFAULT '0000-00-00 00:00:00',
  `comment_date_gmt` datetime NOT NULL DEFAULT '0000-00-00 00:00:00',
  `comment_content` text NOT NULL,
  `comment_karma` int(11) NOT NULL DEFAULT 0,
  `comment_approved` varchar(20) NOT NULL DEFAULT '1',
  `comment_agent` varchar(255) NOT NULL DEFAULT '',
  `comment_type` varchar(20) NOT NULL DEFAULT 'comment',
  `comment_parent` bigint(20) unsigned NOT NULL DEFAULT 0,
  `user_id` bigint(20) unsigned NOT NULL DEFAULT 0,
  PRIMARY KEY (`comment_ID`),
  KEY `comment_post_ID` (`comment_post_ID`),
  KEY `comment_approved_date_gmt` (`comment_approved`,`comment_date_gmt`),
  KEY `comment_date_gmt` (`comment_date_gmt`),
  KEY `comment_parent` (`comment_parent`),
  KEY `comment_author_email` (`comment_author_email`(10))
) ENGINE=InnoDB AUTO_INCREMENT=2 DEFAULT CHARSET=utf8mb4 COLLATE=utf8mb4_unicode_520_ci;

--
-- Dumping data for table `wp_1stcomments`
--

INSERT INTO `wp_1stcomments` VALUES (1,1,'Ένας σχολιαστής WordPress','wapuu@wordpress.example','https://wordpress.org/','','2024-11-23 18:19:14','2024-11-23 15:19:14','Γεια σας, αυτό είναι ένα σχόλιο.\nΓια να ξεκινήσετε με την έγκριση, επεξεργασία και διαγραφή σχολίων, παρακαλώ επισκεφθείτε την οθόνη Σχόλια στον Πίνακα Ελέγχου.\nΤα άβαταρ των σχολιαστών προέρχονται από το <a href=\"https://gravatar.com/\">Gravatar</a>.',0,'1','','comment',0,0);

--
-- Table structure for table `wp_1stlinks`
--

CREATE TABLE `wp_1stlinks` (
  `link_id` bigint(20) unsigned NOT NULL AUTO_INCREMENT,
  `link_url` varchar(255) NOT NULL DEFAULT '',
  `link_name` varchar(255) NOT NULL DEFAULT '',
  `link_image` varchar(255) NOT NULL DEFAULT '',
  `link_target` varchar(25) NOT NULL DEFAULT '',
  `link_description` varchar(255) NOT NULL DEFAULT '',
  `link_visible` varchar(20) NOT NULL DEFAULT 'Y',
  `link_owner` bigint(20) unsigned NOT NULL DEFAULT 1,
  `link_rating` int(11) NOT NULL DEFAULT 0,
  `link_updated` datetime NOT NULL DEFAULT '0000-00-00 00:00:00',
  `link_rel` varchar(255) NOT NULL DEFAULT '',
  `link_notes` mediumtext NOT NULL,
  `link_rss` varchar(255) NOT NULL DEFAULT '',
  PRIMARY KEY (`link_id`),
  KEY `link_visible` (`link_visible`)
) ENGINE=InnoDB DEFAULT CHARSET=utf8mb4 COLLATE=utf8mb4_unicode_520_ci;

--
-- Dumping data for table `wp_1stlinks`
--


--
-- Table structure for table `wp_1stoptions`
--

CREATE TABLE `wp_1stoptions` (
  `option_id` bigint(20) unsigned NOT NULL AUTO_INCREMENT,
  `option_name` varchar(191) NOT NULL DEFAULT '',
  `option_value` longtext NOT NULL,
  `autoload` varchar(20) NOT NULL DEFAULT 'yes',
  PRIMARY KEY (`option_id`),
  UNIQUE KEY `option_name` (`option_name`),
  KEY `autoload` (`autoload`)
) ENGINE=InnoDB AUTO_INCREMENT=520 DEFAULT CHARSET=utf8mb4 COLLATE=utf8mb4_unicode_520_ci;

--
-- Dumping data for table `wp_1stoptions`
--

INSERT INTO `wp_1stoptions` VALUES (1,'cron','a:10:{i:1737987554;a:1:{s:34:\"wp_privacy_delete_old_export_files\";a:1:{s:32:\"40cd750bba9870f18aada2478b24840a\";a:3:{s:8:\"schedule\";s:6:\"hourly\";s:4:\"args\";a:0:{}s:8:\"interval\";i:3600;}}}i:1737991154;a:1:{s:32:\"recovery_mode_clean_expired_keys\";a:1:{s:32:\"40cd750bba9870f18aada2478b24840a\";a:3:{s:8:\"schedule\";s:5:\"daily\";s:4:\"args\";a:0:{}s:8:\"interval\";i:86400;}}}i:1737991172;a:3:{s:21:\"wp_update_user_counts\";a:1:{s:32:\"40cd750bba9870f18aada2478b24840a\";a:3:{s:8:\"schedule\";s:10:\"twicedaily\";s:4:\"args\";a:0:{}s:8:\"interval\";i:43200;}}s:19:\"wp_scheduled_delete\";a:1:{s:32:\"40cd750bba9870f18aada2478b24840a\";a:3:{s:8:\"schedule\";s:5:\"daily\";s:4:\"args\";a:0:{}s:8:\"interval\";i:86400;}}s:25:\"delete_expired_transients\";a:1:{s:32:\"40cd750bba9870f18aada2478b24840a\";a:3:{s:8:\"schedule\";s:5:\"daily\";s:4:\"args\";a:0:{}s:8:\"interval\";i:86400;}}}i:1737991175;a:1:{s:30:\"wp_scheduled_auto_draft_delete\";a:1:{s:32:\"40cd750bba9870f18aada2478b24840a\";a:3:{s:8:\"schedule\";s:5:\"daily\";s:4:\"args\";a:0:{}s:8:\"interval\";i:86400;}}}i:1737994754;a:1:{s:16:\"wp_version_check\";a:1:{s:32:\"40cd750bba9870f18aada2478b24840a\";a:3:{s:8:\"schedule\";s:10:\"twicedaily\";s:4:\"args\";a:0:{}s:8:\"interval\";i:43200;}}}i:1737996554;a:1:{s:17:\"wp_update_plugins\";a:1:{s:32:\"40cd750bba9870f18aada2478b24840a\";a:3:{s:8:\"schedule\";s:10:\"twicedaily\";s:4:\"args\";a:0:{}s:8:\"interval\";i:43200;}}}i:1737998354;a:1:{s:16:\"wp_update_themes\";a:1:{s:32:\"40cd750bba9870f18aada2478b24840a\";a:3:{s:8:\"schedule\";s:10:\"twicedaily\";s:4:\"args\";a:0:{}s:8:\"interval\";i:43200;}}}i:1738425133;a:1:{s:30:\"wp_delete_temp_updater_backups\";a:1:{s:32:\"40cd750bba9870f18aada2478b24840a\";a:3:{s:8:\"schedule\";s:6:\"weekly\";s:4:\"args\";a:0:{}s:8:\"interval\";i:604800;}}}i:1738509554;a:1:{s:30:\"wp_site_health_scheduled_check\";a:1:{s:32:\"40cd750bba9870f18aada2478b24840a\";a:3:{s:8:\"schedule\";s:6:\"weekly\";s:4:\"args\";a:0:{}s:8:\"interval\";i:604800;}}}s:7:\"version\";i:2;}','on'),(2,'siteurl','http://lab.mst.duth.gr/mais/panatsol5/wordpress','on'),(3,'home','http://lab.mst.duth.gr/mais/panatsol5/wordpress','on'),(4,'blogname','Digital Marketing &amp; Information Systems','on'),(5,'blogdescription','Τι είναι και γιατί είναι σήμαντικό','on'),(6,'users_can_register','0','on'),(7,'admin_email','panatsol5@mst.duth.gr','on'),(8,'start_of_week','1','on'),(9,'use_balanceTags','0','on'),(10,'use_smilies','1','on'),(11,'require_name_email','1','on'),(12,'comments_notify','1','on'),(13,'posts_per_rss','10','on'),(14,'rss_use_excerpt','0','on'),(15,'mailserver_url','mail.example.com','on'),(16,'mailserver_login','login@example.com','on'),(17,'mailserver_pass','','on'),(18,'mailserver_port','110','on'),(19,'default_category','1','on'),(20,'default_comment_status','open','on'),(21,'default_ping_status','open','on'),(22,'default_pingback_flag','1','on'),(23,'posts_per_page','10','on'),(24,'date_format','j F Y','on'),(25,'time_format','H:i','on'),(26,'links_updated_date_format','d/m/Y, H:i','on'),(27,'comment_moderation','0','on'),(28,'moderation_notify','1','on'),(29,'permalink_structure','/%year%/%monthnum%/%day%/%postname%/','on'),(30,'rewrite_rules','a:94:{s:11:\"^wp-json/?$\";s:22:\"index.php?rest_route=/\";s:14:\"^wp-json/(.*)?\";s:33:\"index.php?rest_route=/$matches[1]\";s:21:\"^index.php/wp-json/?$\";s:22:\"index.php?rest_route=/\";s:24:\"^index.php/wp-json/(.*)?\";s:33:\"index.php?rest_route=/$matches[1]\";s:17:\"^wp-sitemap\\.xml$\";s:23:\"index.php?sitemap=index\";s:17:\"^wp-sitemap\\.xsl$\";s:36:\"index.php?sitemap-stylesheet=sitemap\";s:23:\"^wp-sitemap-index\\.xsl$\";s:34:\"index.php?sitemap-stylesheet=index\";s:48:\"^wp-sitemap-([a-z]+?)-([a-z\\d_-]+?)-(\\d+?)\\.xml$\";s:75:\"index.php?sitemap=$matches[1]&sitemap-subtype=$matches[2]&paged=$matches[3]\";s:34:\"^wp-sitemap-([a-z]+?)-(\\d+?)\\.xml$\";s:47:\"index.php?sitemap=$matches[1]&paged=$matches[2]\";s:47:\"category/(.+?)/feed/(feed|rdf|rss|rss2|atom)/?$\";s:52:\"index.php?category_name=$matches[1]&feed=$matches[2]\";s:42:\"category/(.+?)/(feed|rdf|rss|rss2|atom)/?$\";s:52:\"index.php?category_name=$matches[1]&feed=$matches[2]\";s:23:\"category/(.+?)/embed/?$\";s:46:\"index.php?category_name=$matches[1]&embed=true\";s:35:\"category/(.+?)/page/?([0-9]{1,})/?$\";s:53:\"index.php?category_name=$matches[1]&paged=$matches[2]\";s:17:\"category/(.+?)/?$\";s:35:\"index.php?category_name=$matches[1]\";s:44:\"tag/([^/]+)/feed/(feed|rdf|rss|rss2|atom)/?$\";s:42:\"index.php?tag=$matches[1]&feed=$matches[2]\";s:39:\"tag/([^/]+)/(feed|rdf|rss|rss2|atom)/?$\";s:42:\"index.php?tag=$matches[1]&feed=$matches[2]\";s:20:\"tag/([^/]+)/embed/?$\";s:36:\"index.php?tag=$matches[1]&embed=true\";s:32:\"tag/([^/]+)/page/?([0-9]{1,})/?$\";s:43:\"index.php?tag=$matches[1]&paged=$matches[2]\";s:14:\"tag/([^/]+)/?$\";s:25:\"index.php?tag=$matches[1]\";s:45:\"type/([^/]+)/feed/(feed|rdf|rss|rss2|atom)/?$\";s:50:\"index.php?post_format=$matches[1]&feed=$matches[2]\";s:40:\"type/([^/]+)/(feed|rdf|rss|rss2|atom)/?$\";s:50:\"index.php?post_format=$matches[1]&feed=$matches[2]\";s:21:\"type/([^/]+)/embed/?$\";s:44:\"index.php?post_format=$matches[1]&embed=true\";s:33:\"type/([^/]+)/page/?([0-9]{1,})/?$\";s:51:\"index.php?post_format=$matches[1]&paged=$matches[2]\";s:15:\"type/([^/]+)/?$\";s:33:\"index.php?post_format=$matches[1]\";s:48:\".*wp-(atom|rdf|rss|rss2|feed|commentsrss2)\\.php$\";s:18:\"index.php?feed=old\";s:20:\".*wp-app\\.php(/.*)?$\";s:19:\"index.php?error=403\";s:18:\".*wp-register.php$\";s:23:\"index.php?register=true\";s:32:\"feed/(feed|rdf|rss|rss2|atom)/?$\";s:27:\"index.php?&feed=$matches[1]\";s:27:\"(feed|rdf|rss|rss2|atom)/?$\";s:27:\"index.php?&feed=$matches[1]\";s:8:\"embed/?$\";s:21:\"index.php?&embed=true\";s:20:\"page/?([0-9]{1,})/?$\";s:28:\"index.php?&paged=$matches[1]\";s:41:\"comments/feed/(feed|rdf|rss|rss2|atom)/?$\";s:42:\"index.php?&feed=$matches[1]&withcomments=1\";s:36:\"comments/(feed|rdf|rss|rss2|atom)/?$\";s:42:\"index.php?&feed=$matches[1]&withcomments=1\";s:17:\"comments/embed/?$\";s:21:\"index.php?&embed=true\";s:44:\"search/(.+)/feed/(feed|rdf|rss|rss2|atom)/?$\";s:40:\"index.php?s=$matches[1]&feed=$matches[2]\";s:39:\"search/(.+)/(feed|rdf|rss|rss2|atom)/?$\";s:40:\"index.php?s=$matches[1]&feed=$matches[2]\";s:20:\"search/(.+)/embed/?$\";s:34:\"index.php?s=$matches[1]&embed=true\";s:32:\"search/(.+)/page/?([0-9]{1,})/?$\";s:41:\"index.php?s=$matches[1]&paged=$matches[2]\";s:14:\"search/(.+)/?$\";s:23:\"index.php?s=$matches[1]\";s:47:\"author/([^/]+)/feed/(feed|rdf|rss|rss2|atom)/?$\";s:50:\"index.php?author_name=$matches[1]&feed=$matches[2]\";s:42:\"author/([^/]+)/(feed|rdf|rss|rss2|atom)/?$\";s:50:\"index.php?author_name=$matches[1]&feed=$matches[2]\";s:23:\"author/([^/]+)/embed/?$\";s:44:\"index.php?author_name=$matches[1]&embed=true\";s:35:\"author/([^/]+)/page/?([0-9]{1,})/?$\";s:51:\"index.php?author_name=$matches[1]&paged=$matches[2]\";s:17:\"author/([^/]+)/?$\";s:33:\"index.php?author_name=$matches[1]\";s:69:\"([0-9]{4})/([0-9]{1,2})/([0-9]{1,2})/feed/(feed|rdf|rss|rss2|atom)/?$\";s:80:\"index.php?year=$matches[1]&monthnum=$matches[2]&day=$matches[3]&feed=$matches[4]\";s:64:\"([0-9]{4})/([0-9]{1,2})/([0-9]{1,2})/(feed|rdf|rss|rss2|atom)/?$\";s:80:\"index.php?year=$matches[1]&monthnum=$matches[2]&day=$matches[3]&feed=$matches[4]\";s:45:\"([0-9]{4})/([0-9]{1,2})/([0-9]{1,2})/embed/?$\";s:74:\"index.php?year=$matches[1]&monthnum=$matches[2]&day=$matches[3]&embed=true\";s:57:\"([0-9]{4})/([0-9]{1,2})/([0-9]{1,2})/page/?([0-9]{1,})/?$\";s:81:\"index.php?year=$matches[1]&monthnum=$matches[2]&day=$matches[3]&paged=$matches[4]\";s:39:\"([0-9]{4})/([0-9]{1,2})/([0-9]{1,2})/?$\";s:63:\"index.php?year=$matches[1]&monthnum=$matches[2]&day=$matches[3]\";s:56:\"([0-9]{4})/([0-9]{1,2})/feed/(feed|rdf|rss|rss2|atom)/?$\";s:64:\"index.php?year=$matches[1]&monthnum=$matches[2]&feed=$matches[3]\";s:51:\"([0-9]{4})/([0-9]{1,2})/(feed|rdf|rss|rss2|atom)/?$\";s:64:\"index.php?year=$matches[1]&monthnum=$matches[2]&feed=$matches[3]\";s:32:\"([0-9]{4})/([0-9]{1,2})/embed/?$\";s:58:\"index.php?year=$matches[1]&monthnum=$matches[2]&embed=true\";s:44:\"([0-9]{4})/([0-9]{1,2})/page/?([0-9]{1,})/?$\";s:65:\"index.php?year=$matches[1]&monthnum=$matches[2]&paged=$matches[3]\";s:26:\"([0-9]{4})/([0-9]{1,2})/?$\";s:47:\"index.php?year=$matches[1]&monthnum=$matches[2]\";s:43:\"([0-9]{4})/feed/(feed|rdf|rss|rss2|atom)/?$\";s:43:\"index.php?year=$matches[1]&feed=$matches[2]\";s:38:\"([0-9]{4})/(feed|rdf|rss|rss2|atom)/?$\";s:43:\"index.php?year=$matches[1]&feed=$matches[2]\";s:19:\"([0-9]{4})/embed/?$\";s:37:\"index.php?year=$matches[1]&embed=true\";s:31:\"([0-9]{4})/page/?([0-9]{1,})/?$\";s:44:\"index.php?year=$matches[1]&paged=$matches[2]\";s:13:\"([0-9]{4})/?$\";s:26:\"index.php?year=$matches[1]\";s:58:\"[0-9]{4}/[0-9]{1,2}/[0-9]{1,2}/[^/]+/attachment/([^/]+)/?$\";s:32:\"index.php?attachment=$matches[1]\";s:68:\"[0-9]{4}/[0-9]{1,2}/[0-9]{1,2}/[^/]+/attachment/([^/]+)/trackback/?$\";s:37:\"index.php?attachment=$matches[1]&tb=1\";s:88:\"[0-9]{4}/[0-9]{1,2}/[0-9]{1,2}/[^/]+/attachment/([^/]+)/feed/(feed|rdf|rss|rss2|atom)/?$\";s:49:\"index.php?attachment=$matches[1]&feed=$matches[2]\";s:83:\"[0-9]{4}/[0-9]{1,2}/[0-9]{1,2}/[^/]+/attachment/([^/]+)/(feed|rdf|rss|rss2|atom)/?$\";s:49:\"index.php?attachment=$matches[1]&feed=$matches[2]\";s:83:\"[0-9]{4}/[0-9]{1,2}/[0-9]{1,2}/[^/]+/attachment/([^/]+)/comment-page-([0-9]{1,})/?$\";s:50:\"index.php?attachment=$matches[1]&cpage=$matches[2]\";s:64:\"[0-9]{4}/[0-9]{1,2}/[0-9]{1,2}/[^/]+/attachment/([^/]+)/embed/?$\";s:43:\"index.php?attachment=$matches[1]&embed=true\";s:53:\"([0-9]{4})/([0-9]{1,2})/([0-9]{1,2})/([^/]+)/embed/?$\";s:91:\"index.php?year=$matches[1]&monthnum=$matches[2]&day=$matches[3]&name=$matches[4]&embed=true\";s:57:\"([0-9]{4})/([0-9]{1,2})/([0-9]{1,2})/([^/]+)/trackback/?$\";s:85:\"index.php?year=$matches[1]&monthnum=$matches[2]&day=$matches[3]&name=$matches[4]&tb=1\";s:77:\"([0-9]{4})/([0-9]{1,2})/([0-9]{1,2})/([^/]+)/feed/(feed|rdf|rss|rss2|atom)/?$\";s:97:\"index.php?year=$matches[1]&monthnum=$matches[2]&day=$matches[3]&name=$matches[4]&feed=$matches[5]\";s:72:\"([0-9]{4})/([0-9]{1,2})/([0-9]{1,2})/([^/]+)/(feed|rdf|rss|rss2|atom)/?$\";s:97:\"index.php?year=$matches[1]&monthnum=$matches[2]&day=$matches[3]&name=$matches[4]&feed=$matches[5]\";s:65:\"([0-9]{4})/([0-9]{1,2})/([0-9]{1,2})/([^/]+)/page/?([0-9]{1,})/?$\";s:98:\"index.php?year=$matches[1]&monthnum=$matches[2]&day=$matches[3]&name=$matches[4]&paged=$matches[5]\";s:72:\"([0-9]{4})/([0-9]{1,2})/([0-9]{1,2})/([^/]+)/comment-page-([0-9]{1,})/?$\";s:98:\"index.php?year=$matches[1]&monthnum=$matches[2]&day=$matches[3]&name=$matches[4]&cpage=$matches[5]\";s:61:\"([0-9]{4})/([0-9]{1,2})/([0-9]{1,2})/([^/]+)(?:/([0-9]+))?/?$\";s:97:\"index.php?year=$matches[1]&monthnum=$matches[2]&day=$matches[3]&name=$matches[4]&page=$matches[5]\";s:47:\"[0-9]{4}/[0-9]{1,2}/[0-9]{1,2}/[^/]+/([^/]+)/?$\";s:32:\"index.php?attachment=$matches[1]\";s:57:\"[0-9]{4}/[0-9]{1,2}/[0-9]{1,2}/[^/]+/([^/]+)/trackback/?$\";s:37:\"index.php?attachment=$matches[1]&tb=1\";s:77:\"[0-9]{4}/[0-9]{1,2}/[0-9]{1,2}/[^/]+/([^/]+)/feed/(feed|rdf|rss|rss2|atom)/?$\";s:49:\"index.php?attachment=$matches[1]&feed=$matches[2]\";s:72:\"[0-9]{4}/[0-9]{1,2}/[0-9]{1,2}/[^/]+/([^/]+)/(feed|rdf|rss|rss2|atom)/?$\";s:49:\"index.php?attachment=$matches[1]&feed=$matches[2]\";s:72:\"[0-9]{4}/[0-9]{1,2}/[0-9]{1,2}/[^/]+/([^/]+)/comment-page-([0-9]{1,})/?$\";s:50:\"index.php?attachment=$matches[1]&cpage=$matches[2]\";s:53:\"[0-9]{4}/[0-9]{1,2}/[0-9]{1,2}/[^/]+/([^/]+)/embed/?$\";s:43:\"index.php?attachment=$matches[1]&embed=true\";s:64:\"([0-9]{4})/([0-9]{1,2})/([0-9]{1,2})/comment-page-([0-9]{1,})/?$\";s:81:\"index.php?year=$matches[1]&monthnum=$matches[2]&day=$matches[3]&cpage=$matches[4]\";s:51:\"([0-9]{4})/([0-9]{1,2})/comment-page-([0-9]{1,})/?$\";s:65:\"index.php?year=$matches[1]&monthnum=$matches[2]&cpage=$matches[3]\";s:38:\"([0-9]{4})/comment-page-([0-9]{1,})/?$\";s:44:\"index.php?year=$matches[1]&cpage=$matches[2]\";s:27:\".?.+?/attachment/([^/]+)/?$\";s:32:\"index.php?attachment=$matches[1]\";s:37:\".?.+?/attachment/([^/]+)/trackback/?$\";s:37:\"index.php?attachment=$matches[1]&tb=1\";s:57:\".?.+?/attachment/([^/]+)/feed/(feed|rdf|rss|rss2|atom)/?$\";s:49:\"index.php?attachment=$matches[1]&feed=$matches[2]\";s:52:\".?.+?/attachment/([^/]+)/(feed|rdf|rss|rss2|atom)/?$\";s:49:\"index.php?attachment=$matches[1]&feed=$matches[2]\";s:52:\".?.+?/attachment/([^/]+)/comment-page-([0-9]{1,})/?$\";s:50:\"index.php?attachment=$matches[1]&cpage=$matches[2]\";s:33:\".?.+?/attachment/([^/]+)/embed/?$\";s:43:\"index.php?attachment=$matches[1]&embed=true\";s:16:\"(.?.+?)/embed/?$\";s:41:\"index.php?pagename=$matches[1]&embed=true\";s:20:\"(.?.+?)/trackback/?$\";s:35:\"index.php?pagename=$matches[1]&tb=1\";s:40:\"(.?.+?)/feed/(feed|rdf|rss|rss2|atom)/?$\";s:47:\"index.php?pagename=$matches[1]&feed=$matches[2]\";s:35:\"(.?.+?)/(feed|rdf|rss|rss2|atom)/?$\";s:47:\"index.php?pagename=$matches[1]&feed=$matches[2]\";s:28:\"(.?.+?)/page/?([0-9]{1,})/?$\";s:48:\"index.php?pagename=$matches[1]&paged=$matches[2]\";s:35:\"(.?.+?)/comment-page-([0-9]{1,})/?$\";s:48:\"index.php?pagename=$matches[1]&cpage=$matches[2]\";s:24:\"(.?.+?)(?:/([0-9]+))?/?$\";s:47:\"index.php?pagename=$matches[1]&page=$matches[2]\";}','on'),(31,'hack_file','0','on'),(32,'blog_charset','UTF-8','on'),(33,'moderation_keys','','off'),(34,'active_plugins','a:1:{i:0;s:29:\"advanced-ads/advanced-ads.php\";}','on'),(35,'category_base','','on'),(36,'ping_sites','http://rpc.pingomatic.com/','on'),(37,'comment_max_links','2','on'),(38,'gmt_offset','3','on'),(39,'default_email_category','1','on'),(40,'recently_edited','a:3:{i:0;s:74:\"/disk2/mais/panatsol5/wordpress/wp-content/themes/twentysixteen/footer.php\";i:2;s:73:\"/disk2/mais/panatsol5/wordpress/wp-content/themes/twentysixteen/style.css\";i:3;s:0:\"\";}','off'),(41,'template','twentysixteen','on'),(42,'stylesheet','twentysixteen','on'),(43,'comment_registration','0','on'),(44,'html_type','text/html','on'),(45,'use_trackback','0','on'),(46,'default_role','subscriber','on'),(47,'db_version','58975','on'),(48,'uploads_use_yearmonth_folders','1','on'),(49,'upload_path','','on'),(50,'blog_public','1','on'),(51,'default_link_category','2','on'),(52,'show_on_front','posts','on'),(53,'tag_base','','on'),(54,'show_avatars','1','on'),(55,'avatar_rating','G','on'),(56,'upload_url_path','','on'),(57,'thumbnail_size_w','150','on'),(58,'thumbnail_size_h','150','on'),(59,'thumbnail_crop','1','on'),(60,'medium_size_w','300','on'),(61,'medium_size_h','300','on'),(62,'avatar_default','mystery','on'),(63,'large_size_w','1024','on'),(64,'large_size_h','1024','on'),(65,'image_default_link_type','none','on'),(66,'image_default_size','','on'),(67,'image_default_align','','on'),(68,'close_comments_for_old_posts','0','on'),(69,'close_comments_days_old','14','on'),(70,'thread_comments','1','on'),(71,'thread_comments_depth','5','on'),(72,'page_comments','0','on'),(73,'comments_per_page','50','on'),(74,'default_comments_page','newest','on'),(75,'comment_order','asc','on'),(76,'sticky_posts','a:0:{}','on'),(77,'widget_categories','a:2:{i:1;a:0:{}s:12:\"_multiwidget\";i:1;}','auto'),(78,'widget_text','a:2:{i:1;a:0:{}s:12:\"_multiwidget\";i:1;}','auto'),(79,'widget_rss','a:2:{i:1;a:0:{}s:12:\"_multiwidget\";i:1;}','auto'),(80,'uninstall_plugins','a:1:{s:29:\"advanced-ads/advanced-ads.php\";a:2:{i:0;s:32:\"AdvancedAds\\Installation\\Install\";i:1;s:9:\"uninstall\";}}','off'),(81,'timezone_string','','on'),(82,'page_for_posts','0','on'),(83,'page_on_front','0','on'),(84,'default_post_format','0','on'),(85,'link_manager_enabled','0','on'),(86,'finished_splitting_shared_terms','1','on'),(87,'site_icon','15','on'),(88,'medium_large_size_w','768','on'),(89,'medium_large_size_h','0','on'),(90,'wp_page_for_privacy_policy','3','on'),(91,'show_comments_cookies_opt_in','1','on'),(92,'admin_email_lifespan','1747927154','on'),(93,'disallowed_keys','','off'),(94,'comment_previously_approved','1','on'),(95,'auto_plugin_theme_update_emails','a:0:{}','off'),(96,'auto_update_core_dev','enabled','on'),(97,'auto_update_core_minor','enabled','on'),(98,'auto_update_core_major','enabled','on'),(99,'wp_force_deactivated_plugins','a:0:{}','on'),(100,'wp_attachment_pages_enabled','0','on'),(101,'initial_db_version','58975','on'),(102,'wp_1stuser_roles','a:5:{s:13:\"administrator\";a:2:{s:4:\"name\";s:13:\"Administrator\";s:12:\"capabilities\";a:66:{s:13:\"switch_themes\";b:1;s:11:\"edit_themes\";b:1;s:16:\"activate_plugins\";b:1;s:12:\"edit_plugins\";b:1;s:10:\"edit_users\";b:1;s:10:\"edit_files\";b:1;s:14:\"manage_options\";b:1;s:17:\"moderate_comments\";b:1;s:17:\"manage_categories\";b:1;s:12:\"manage_links\";b:1;s:12:\"upload_files\";b:1;s:6:\"import\";b:1;s:15:\"unfiltered_html\";b:1;s:10:\"edit_posts\";b:1;s:17:\"edit_others_posts\";b:1;s:20:\"edit_published_posts\";b:1;s:13:\"publish_posts\";b:1;s:10:\"edit_pages\";b:1;s:4:\"read\";b:1;s:8:\"level_10\";b:1;s:7:\"level_9\";b:1;s:7:\"level_8\";b:1;s:7:\"level_7\";b:1;s:7:\"level_6\";b:1;s:7:\"level_5\";b:1;s:7:\"level_4\";b:1;s:7:\"level_3\";b:1;s:7:\"level_2\";b:1;s:7:\"level_1\";b:1;s:7:\"level_0\";b:1;s:17:\"edit_others_pages\";b:1;s:20:\"edit_published_pages\";b:1;s:13:\"publish_pages\";b:1;s:12:\"delete_pages\";b:1;s:19:\"delete_others_pages\";b:1;s:22:\"delete_published_pages\";b:1;s:12:\"delete_posts\";b:1;s:19:\"delete_others_posts\";b:1;s:22:\"delete_published_posts\";b:1;s:20:\"delete_private_posts\";b:1;s:18:\"edit_private_posts\";b:1;s:18:\"read_private_posts\";b:1;s:20:\"delete_private_pages\";b:1;s:18:\"edit_private_pages\";b:1;s:18:\"read_private_pages\";b:1;s:12:\"delete_users\";b:1;s:12:\"create_users\";b:1;s:17:\"unfiltered_upload\";b:1;s:14:\"edit_dashboard\";b:1;s:14:\"update_plugins\";b:1;s:14:\"delete_plugins\";b:1;s:15:\"install_plugins\";b:1;s:13:\"update_themes\";b:1;s:14:\"install_themes\";b:1;s:11:\"update_core\";b:1;s:10:\"list_users\";b:1;s:12:\"remove_users\";b:1;s:13:\"promote_users\";b:1;s:18:\"edit_theme_options\";b:1;s:13:\"delete_themes\";b:1;s:6:\"export\";b:1;s:27:\"advanced_ads_manage_options\";b:1;s:26:\"advanced_ads_see_interface\";b:1;s:21:\"advanced_ads_edit_ads\";b:1;s:30:\"advanced_ads_manage_placements\";b:1;s:22:\"advanced_ads_place_ads\";b:1;}}s:6:\"editor\";a:2:{s:4:\"name\";s:6:\"Editor\";s:12:\"capabilities\";a:34:{s:17:\"moderate_comments\";b:1;s:17:\"manage_categories\";b:1;s:12:\"manage_links\";b:1;s:12:\"upload_files\";b:1;s:15:\"unfiltered_html\";b:1;s:10:\"edit_posts\";b:1;s:17:\"edit_others_posts\";b:1;s:20:\"edit_published_posts\";b:1;s:13:\"publish_posts\";b:1;s:10:\"edit_pages\";b:1;s:4:\"read\";b:1;s:7:\"level_7\";b:1;s:7:\"level_6\";b:1;s:7:\"level_5\";b:1;s:7:\"level_4\";b:1;s:7:\"level_3\";b:1;s:7:\"level_2\";b:1;s:7:\"level_1\";b:1;s:7:\"level_0\";b:1;s:17:\"edit_others_pages\";b:1;s:20:\"edit_published_pages\";b:1;s:13:\"publish_pages\";b:1;s:12:\"delete_pages\";b:1;s:19:\"delete_others_pages\";b:1;s:22:\"delete_published_pages\";b:1;s:12:\"delete_posts\";b:1;s:19:\"delete_others_posts\";b:1;s:22:\"delete_published_posts\";b:1;s:20:\"delete_private_posts\";b:1;s:18:\"edit_private_posts\";b:1;s:18:\"read_private_posts\";b:1;s:20:\"delete_private_pages\";b:1;s:18:\"edit_private_pages\";b:1;s:18:\"read_private_pages\";b:1;}}s:6:\"author\";a:2:{s:4:\"name\";s:6:\"Author\";s:12:\"capabilities\";a:10:{s:12:\"upload_files\";b:1;s:10:\"edit_posts\";b:1;s:20:\"edit_published_posts\";b:1;s:13:\"publish_posts\";b:1;s:4:\"read\";b:1;s:7:\"level_2\";b:1;s:7:\"level_1\";b:1;s:7:\"level_0\";b:1;s:12:\"delete_posts\";b:1;s:22:\"delete_published_posts\";b:1;}}s:11:\"contributor\";a:2:{s:4:\"name\";s:11:\"Contributor\";s:12:\"capabilities\";a:5:{s:10:\"edit_posts\";b:1;s:4:\"read\";b:1;s:7:\"level_1\";b:1;s:7:\"level_0\";b:1;s:12:\"delete_posts\";b:1;}}s:10:\"subscriber\";a:2:{s:4:\"name\";s:10:\"Subscriber\";s:12:\"capabilities\";a:2:{s:4:\"read\";b:1;s:7:\"level_0\";b:1;}}}','on'),(103,'fresh_site','0','off'),(104,'WPLANG','el','auto'),(105,'user_count','1','off'),(106,'widget_block','a:9:{i:2;a:1:{s:7:\"content\";s:19:\"<!-- wp:search /-->\";}i:3;a:1:{s:7:\"content\";s:71:\"<!-- wp:group -->\n<div class=\"wp-block-group\"></div>\n<!-- /wp:group -->\";}i:4;a:1:{s:7:\"content\";s:71:\"<!-- wp:group -->\n<div class=\"wp-block-group\"></div>\n<!-- /wp:group -->\";}i:5;a:1:{s:7:\"content\";s:154:\"<!-- wp:group --><div class=\"wp-block-group\"><!-- wp:heading --><h2>Ιστορικό</h2><!-- /wp:heading --><!-- wp:archives /--></div><!-- /wp:group -->\";}i:6;a:1:{s:7:\"content\";s:159:\"<!-- wp:group --><div class=\"wp-block-group\"><!-- wp:heading --><h2>Kατηγορίες</h2><!-- /wp:heading --><!-- wp:categories /--></div><!-- /wp:group -->\";}i:8;a:1:{s:7:\"content\";s:120:\"<!-- wp:list -->\n<ul class=\"wp-block-list\"><!-- wp:list-item -->\n<li></li>\n<!-- /wp:list-item --></ul>\n<!-- /wp:list -->\";}i:9;a:1:{s:7:\"content\";s:21:\"<!-- wp:calendar /-->\";}i:10;a:1:{s:7:\"content\";s:45:\"<!-- wp:advads/gblock {\"itemID\":\"ad_47\"} /-->\";}s:12:\"_multiwidget\";i:1;}','on'),(107,'sidebars_widgets','a:5:{s:19:\"wp_inactive_widgets\";a:3:{i:0;s:7:\"block-3\";i:1;s:7:\"block-4\";i:2;s:7:\"block-8\";}s:9:\"sidebar-1\";a:3:{i:0;s:7:\"block-2\";i:1;s:7:\"block-9\";i:2;s:8:\"block-10\";}s:9:\"sidebar-2\";a:2:{i:0;s:7:\"block-5\";i:1;s:7:\"block-6\";}s:9:\"sidebar-3\";a:0:{}s:13:\"array_version\";i:3;}','on'),(108,'widget_pages','a:1:{s:12:\"_multiwidget\";i:1;}','auto'),(109,'widget_calendar','a:1:{s:12:\"_multiwidget\";i:1;}','auto'),(110,'widget_archives','a:1:{s:12:\"_multiwidget\";i:1;}','auto'),(111,'widget_media_audio','a:1:{s:12:\"_multiwidget\";i:1;}','auto'),(112,'widget_media_image','a:1:{s:12:\"_multiwidget\";i:1;}','auto'),(113,'widget_media_gallery','a:1:{s:12:\"_multiwidget\";i:1;}','auto'),(114,'widget_media_video','a:1:{s:12:\"_multiwidget\";i:1;}','auto'),(115,'widget_meta','a:1:{s:12:\"_multiwidget\";i:1;}','auto'),(116,'widget_search','a:1:{s:12:\"_multiwidget\";i:1;}','auto'),(117,'widget_recent-posts','a:1:{s:12:\"_multiwidget\";i:1;}','auto'),(118,'widget_recent-comments','a:1:{s:12:\"_multiwidget\";i:1;}','auto'),(119,'widget_tag_cloud','a:1:{s:12:\"_multiwidget\";i:1;}','auto'),(120,'widget_nav_menu','a:1:{s:12:\"_multiwidget\";i:1;}','auto'),(121,'widget_custom_html','a:1:{s:12:\"_multiwidget\";i:1;}','auto'),(122,'_transient_wp_core_block_css_files','a:2:{s:7:\"version\";s:5:\"6.7.1\";s:5:\"files\";a:540:{i:0;s:23:\"archives/editor-rtl.css\";i:1;s:27:\"archives/editor-rtl.min.css\";i:2;s:19:\"archives/editor.css\";i:3;s:23:\"archives/editor.min.css\";i:4;s:22:\"archives/style-rtl.css\";i:5;s:26:\"archives/style-rtl.min.css\";i:6;s:18:\"archives/style.css\";i:7;s:22:\"archives/style.min.css\";i:8;s:20:\"audio/editor-rtl.css\";i:9;s:24:\"audio/editor-rtl.min.css\";i:10;s:16:\"audio/editor.css\";i:11;s:20:\"audio/editor.min.css\";i:12;s:19:\"audio/style-rtl.css\";i:13;s:23:\"audio/style-rtl.min.css\";i:14;s:15:\"audio/style.css\";i:15;s:19:\"audio/style.min.css\";i:16;s:19:\"audio/theme-rtl.css\";i:17;s:23:\"audio/theme-rtl.min.css\";i:18;s:15:\"audio/theme.css\";i:19;s:19:\"audio/theme.min.css\";i:20;s:21:\"avatar/editor-rtl.css\";i:21;s:25:\"avatar/editor-rtl.min.css\";i:22;s:17:\"avatar/editor.css\";i:23;s:21:\"avatar/editor.min.css\";i:24;s:20:\"avatar/style-rtl.css\";i:25;s:24:\"avatar/style-rtl.min.css\";i:26;s:16:\"avatar/style.css\";i:27;s:20:\"avatar/style.min.css\";i:28;s:21:\"button/editor-rtl.css\";i:29;s:25:\"button/editor-rtl.min.css\";i:30;s:17:\"button/editor.css\";i:31;s:21:\"button/editor.min.css\";i:32;s:20:\"button/style-rtl.css\";i:33;s:24:\"button/style-rtl.min.css\";i:34;s:16:\"button/style.css\";i:35;s:20:\"button/style.min.css\";i:36;s:22:\"buttons/editor-rtl.css\";i:37;s:26:\"buttons/editor-rtl.min.css\";i:38;s:18:\"buttons/editor.css\";i:39;s:22:\"buttons/editor.min.css\";i:40;s:21:\"buttons/style-rtl.css\";i:41;s:25:\"buttons/style-rtl.min.css\";i:42;s:17:\"buttons/style.css\";i:43;s:21:\"buttons/style.min.css\";i:44;s:22:\"calendar/style-rtl.css\";i:45;s:26:\"calendar/style-rtl.min.css\";i:46;s:18:\"calendar/style.css\";i:47;s:22:\"calendar/style.min.css\";i:48;s:25:\"categories/editor-rtl.css\";i:49;s:29:\"categories/editor-rtl.min.css\";i:50;s:21:\"categories/editor.css\";i:51;s:25:\"categories/editor.min.css\";i:52;s:24:\"categories/style-rtl.css\";i:53;s:28:\"categories/style-rtl.min.css\";i:54;s:20:\"categories/style.css\";i:55;s:24:\"categories/style.min.css\";i:56;s:19:\"code/editor-rtl.css\";i:57;s:23:\"code/editor-rtl.min.css\";i:58;s:15:\"code/editor.css\";i:59;s:19:\"code/editor.min.css\";i:60;s:18:\"code/style-rtl.css\";i:61;s:22:\"code/style-rtl.min.css\";i:62;s:14:\"code/style.css\";i:63;s:18:\"code/style.min.css\";i:64;s:18:\"code/theme-rtl.css\";i:65;s:22:\"code/theme-rtl.min.css\";i:66;s:14:\"code/theme.css\";i:67;s:18:\"code/theme.min.css\";i:68;s:22:\"columns/editor-rtl.css\";i:69;s:26:\"columns/editor-rtl.min.css\";i:70;s:18:\"columns/editor.css\";i:71;s:22:\"columns/editor.min.css\";i:72;s:21:\"columns/style-rtl.css\";i:73;s:25:\"columns/style-rtl.min.css\";i:74;s:17:\"columns/style.css\";i:75;s:21:\"columns/style.min.css\";i:76;s:33:\"comment-author-name/style-rtl.css\";i:77;s:37:\"comment-author-name/style-rtl.min.css\";i:78;s:29:\"comment-author-name/style.css\";i:79;s:33:\"comment-author-name/style.min.css\";i:80;s:29:\"comment-content/style-rtl.css\";i:81;s:33:\"comment-content/style-rtl.min.css\";i:82;s:25:\"comment-content/style.css\";i:83;s:29:\"comment-content/style.min.css\";i:84;s:26:\"comment-date/style-rtl.css\";i:85;s:30:\"comment-date/style-rtl.min.css\";i:86;s:22:\"comment-date/style.css\";i:87;s:26:\"comment-date/style.min.css\";i:88;s:31:\"comment-edit-link/style-rtl.css\";i:89;s:35:\"comment-edit-link/style-rtl.min.css\";i:90;s:27:\"comment-edit-link/style.css\";i:91;s:31:\"comment-edit-link/style.min.css\";i:92;s:32:\"comment-reply-link/style-rtl.css\";i:93;s:36:\"comment-reply-link/style-rtl.min.css\";i:94;s:28:\"comment-reply-link/style.css\";i:95;s:32:\"comment-reply-link/style.min.css\";i:96;s:30:\"comment-template/style-rtl.css\";i:97;s:34:\"comment-template/style-rtl.min.css\";i:98;s:26:\"comment-template/style.css\";i:99;s:30:\"comment-template/style.min.css\";i:100;s:42:\"comments-pagination-numbers/editor-rtl.css\";i:101;s:46:\"comments-pagination-numbers/editor-rtl.min.css\";i:102;s:38:\"comments-pagination-numbers/editor.css\";i:103;s:42:\"comments-pagination-numbers/editor.min.css\";i:104;s:34:\"comments-pagination/editor-rtl.css\";i:105;s:38:\"comments-pagination/editor-rtl.min.css\";i:106;s:30:\"comments-pagination/editor.css\";i:107;s:34:\"comments-pagination/editor.min.css\";i:108;s:33:\"comments-pagination/style-rtl.css\";i:109;s:37:\"comments-pagination/style-rtl.min.css\";i:110;s:29:\"comments-pagination/style.css\";i:111;s:33:\"comments-pagination/style.min.css\";i:112;s:29:\"comments-title/editor-rtl.css\";i:113;s:33:\"comments-title/editor-rtl.min.css\";i:114;s:25:\"comments-title/editor.css\";i:115;s:29:\"comments-title/editor.min.css\";i:116;s:23:\"comments/editor-rtl.css\";i:117;s:27:\"comments/editor-rtl.min.css\";i:118;s:19:\"comments/editor.css\";i:119;s:23:\"comments/editor.min.css\";i:120;s:22:\"comments/style-rtl.css\";i:121;s:26:\"comments/style-rtl.min.css\";i:122;s:18:\"comments/style.css\";i:123;s:22:\"comments/style.min.css\";i:124;s:20:\"cover/editor-rtl.css\";i:125;s:24:\"cover/editor-rtl.min.css\";i:126;s:16:\"cover/editor.css\";i:127;s:20:\"cover/editor.min.css\";i:128;s:19:\"cover/style-rtl.css\";i:129;s:23:\"cover/style-rtl.min.css\";i:130;s:15:\"cover/style.css\";i:131;s:19:\"cover/style.min.css\";i:132;s:22:\"details/editor-rtl.css\";i:133;s:26:\"details/editor-rtl.min.css\";i:134;s:18:\"details/editor.css\";i:135;s:22:\"details/editor.min.css\";i:136;s:21:\"details/style-rtl.css\";i:137;s:25:\"details/style-rtl.min.css\";i:138;s:17:\"details/style.css\";i:139;s:21:\"details/style.min.css\";i:140;s:20:\"embed/editor-rtl.css\";i:141;s:24:\"embed/editor-rtl.min.css\";i:142;s:16:\"embed/editor.css\";i:143;s:20:\"embed/editor.min.css\";i:144;s:19:\"embed/style-rtl.css\";i:145;s:23:\"embed/style-rtl.min.css\";i:146;s:15:\"embed/style.css\";i:147;s:19:\"embed/style.min.css\";i:148;s:19:\"embed/theme-rtl.css\";i:149;s:23:\"embed/theme-rtl.min.css\";i:150;s:15:\"embed/theme.css\";i:151;s:19:\"embed/theme.min.css\";i:152;s:19:\"file/editor-rtl.css\";i:153;s:23:\"file/editor-rtl.min.css\";i:154;s:15:\"file/editor.css\";i:155;s:19:\"file/editor.min.css\";i:156;s:18:\"file/style-rtl.css\";i:157;s:22:\"file/style-rtl.min.css\";i:158;s:14:\"file/style.css\";i:159;s:18:\"file/style.min.css\";i:160;s:23:\"footnotes/style-rtl.css\";i:161;s:27:\"footnotes/style-rtl.min.css\";i:162;s:19:\"footnotes/style.css\";i:163;s:23:\"footnotes/style.min.css\";i:164;s:23:\"freeform/editor-rtl.css\";i:165;s:27:\"freeform/editor-rtl.min.css\";i:166;s:19:\"freeform/editor.css\";i:167;s:23:\"freeform/editor.min.css\";i:168;s:22:\"gallery/editor-rtl.css\";i:169;s:26:\"gallery/editor-rtl.min.css\";i:170;s:18:\"gallery/editor.css\";i:171;s:22:\"gallery/editor.min.css\";i:172;s:21:\"gallery/style-rtl.css\";i:173;s:25:\"gallery/style-rtl.min.css\";i:174;s:17:\"gallery/style.css\";i:175;s:21:\"gallery/style.min.css\";i:176;s:21:\"gallery/theme-rtl.css\";i:177;s:25:\"gallery/theme-rtl.min.css\";i:178;s:17:\"gallery/theme.css\";i:179;s:21:\"gallery/theme.min.css\";i:180;s:20:\"group/editor-rtl.css\";i:181;s:24:\"group/editor-rtl.min.css\";i:182;s:16:\"group/editor.css\";i:183;s:20:\"group/editor.min.css\";i:184;s:19:\"group/style-rtl.css\";i:185;s:23:\"group/style-rtl.min.css\";i:186;s:15:\"group/style.css\";i:187;s:19:\"group/style.min.css\";i:188;s:19:\"group/theme-rtl.css\";i:189;s:23:\"group/theme-rtl.min.css\";i:190;s:15:\"group/theme.css\";i:191;s:19:\"group/theme.min.css\";i:192;s:21:\"heading/style-rtl.css\";i:193;s:25:\"heading/style-rtl.min.css\";i:194;s:17:\"heading/style.css\";i:195;s:21:\"heading/style.min.css\";i:196;s:19:\"html/editor-rtl.css\";i:197;s:23:\"html/editor-rtl.min.css\";i:198;s:15:\"html/editor.css\";i:199;s:19:\"html/editor.min.css\";i:200;s:20:\"image/editor-rtl.css\";i:201;s:24:\"image/editor-rtl.min.css\";i:202;s:16:\"image/editor.css\";i:203;s:20:\"image/editor.min.css\";i:204;s:19:\"image/style-rtl.css\";i:205;s:23:\"image/style-rtl.min.css\";i:206;s:15:\"image/style.css\";i:207;s:19:\"image/style.min.css\";i:208;s:19:\"image/theme-rtl.css\";i:209;s:23:\"image/theme-rtl.min.css\";i:210;s:15:\"image/theme.css\";i:211;s:19:\"image/theme.min.css\";i:212;s:29:\"latest-comments/style-rtl.css\";i:213;s:33:\"latest-comments/style-rtl.min.css\";i:214;s:25:\"latest-comments/style.css\";i:215;s:29:\"latest-comments/style.min.css\";i:216;s:27:\"latest-posts/editor-rtl.css\";i:217;s:31:\"latest-posts/editor-rtl.min.css\";i:218;s:23:\"latest-posts/editor.css\";i:219;s:27:\"latest-posts/editor.min.css\";i:220;s:26:\"latest-posts/style-rtl.css\";i:221;s:30:\"latest-posts/style-rtl.min.css\";i:222;s:22:\"latest-posts/style.css\";i:223;s:26:\"latest-posts/style.min.css\";i:224;s:18:\"list/style-rtl.css\";i:225;s:22:\"list/style-rtl.min.css\";i:226;s:14:\"list/style.css\";i:227;s:18:\"list/style.min.css\";i:228;s:22:\"loginout/style-rtl.css\";i:229;s:26:\"loginout/style-rtl.min.css\";i:230;s:18:\"loginout/style.css\";i:231;s:22:\"loginout/style.min.css\";i:232;s:25:\"media-text/editor-rtl.css\";i:233;s:29:\"media-text/editor-rtl.min.css\";i:234;s:21:\"media-text/editor.css\";i:235;s:25:\"media-text/editor.min.css\";i:236;s:24:\"media-text/style-rtl.css\";i:237;s:28:\"media-text/style-rtl.min.css\";i:238;s:20:\"media-text/style.css\";i:239;s:24:\"media-text/style.min.css\";i:240;s:19:\"more/editor-rtl.css\";i:241;s:23:\"more/editor-rtl.min.css\";i:242;s:15:\"more/editor.css\";i:243;s:19:\"more/editor.min.css\";i:244;s:30:\"navigation-link/editor-rtl.css\";i:245;s:34:\"navigation-link/editor-rtl.min.css\";i:246;s:26:\"navigation-link/editor.css\";i:247;s:30:\"navigation-link/editor.min.css\";i:248;s:29:\"navigation-link/style-rtl.css\";i:249;s:33:\"navigation-link/style-rtl.min.css\";i:250;s:25:\"navigation-link/style.css\";i:251;s:29:\"navigation-link/style.min.css\";i:252;s:33:\"navigation-submenu/editor-rtl.css\";i:253;s:37:\"navigation-submenu/editor-rtl.min.css\";i:254;s:29:\"navigation-submenu/editor.css\";i:255;s:33:\"navigation-submenu/editor.min.css\";i:256;s:25:\"navigation/editor-rtl.css\";i:257;s:29:\"navigation/editor-rtl.min.css\";i:258;s:21:\"navigation/editor.css\";i:259;s:25:\"navigation/editor.min.css\";i:260;s:24:\"navigation/style-rtl.css\";i:261;s:28:\"navigation/style-rtl.min.css\";i:262;s:20:\"navigation/style.css\";i:263;s:24:\"navigation/style.min.css\";i:264;s:23:\"nextpage/editor-rtl.css\";i:265;s:27:\"nextpage/editor-rtl.min.css\";i:266;s:19:\"nextpage/editor.css\";i:267;s:23:\"nextpage/editor.min.css\";i:268;s:24:\"page-list/editor-rtl.css\";i:269;s:28:\"page-list/editor-rtl.min.css\";i:270;s:20:\"page-list/editor.css\";i:271;s:24:\"page-list/editor.min.css\";i:272;s:23:\"page-list/style-rtl.css\";i:273;s:27:\"page-list/style-rtl.min.css\";i:274;s:19:\"page-list/style.css\";i:275;s:23:\"page-list/style.min.css\";i:276;s:24:\"paragraph/editor-rtl.css\";i:277;s:28:\"paragraph/editor-rtl.min.css\";i:278;s:20:\"paragraph/editor.css\";i:279;s:24:\"paragraph/editor.min.css\";i:280;s:23:\"paragraph/style-rtl.css\";i:281;s:27:\"paragraph/style-rtl.min.css\";i:282;s:19:\"paragraph/style.css\";i:283;s:23:\"paragraph/style.min.css\";i:284;s:35:\"post-author-biography/style-rtl.css\";i:285;s:39:\"post-author-biography/style-rtl.min.css\";i:286;s:31:\"post-author-biography/style.css\";i:287;s:35:\"post-author-biography/style.min.css\";i:288;s:30:\"post-author-name/style-rtl.css\";i:289;s:34:\"post-author-name/style-rtl.min.css\";i:290;s:26:\"post-author-name/style.css\";i:291;s:30:\"post-author-name/style.min.css\";i:292;s:26:\"post-author/editor-rtl.css\";i:293;s:30:\"post-author/editor-rtl.min.css\";i:294;s:22:\"post-author/editor.css\";i:295;s:26:\"post-author/editor.min.css\";i:296;s:25:\"post-author/style-rtl.css\";i:297;s:29:\"post-author/style-rtl.min.css\";i:298;s:21:\"post-author/style.css\";i:299;s:25:\"post-author/style.min.css\";i:300;s:33:\"post-comments-form/editor-rtl.css\";i:301;s:37:\"post-comments-form/editor-rtl.min.css\";i:302;s:29:\"post-comments-form/editor.css\";i:303;s:33:\"post-comments-form/editor.min.css\";i:304;s:32:\"post-comments-form/style-rtl.css\";i:305;s:36:\"post-comments-form/style-rtl.min.css\";i:306;s:28:\"post-comments-form/style.css\";i:307;s:32:\"post-comments-form/style.min.css\";i:308;s:27:\"post-content/editor-rtl.css\";i:309;s:31:\"post-content/editor-rtl.min.css\";i:310;s:23:\"post-content/editor.css\";i:311;s:27:\"post-content/editor.min.css\";i:312;s:26:\"post-content/style-rtl.css\";i:313;s:30:\"post-content/style-rtl.min.css\";i:314;s:22:\"post-content/style.css\";i:315;s:26:\"post-content/style.min.css\";i:316;s:23:\"post-date/style-rtl.css\";i:317;s:27:\"post-date/style-rtl.min.css\";i:318;s:19:\"post-date/style.css\";i:319;s:23:\"post-date/style.min.css\";i:320;s:27:\"post-excerpt/editor-rtl.css\";i:321;s:31:\"post-excerpt/editor-rtl.min.css\";i:322;s:23:\"post-excerpt/editor.css\";i:323;s:27:\"post-excerpt/editor.min.css\";i:324;s:26:\"post-excerpt/style-rtl.css\";i:325;s:30:\"post-excerpt/style-rtl.min.css\";i:326;s:22:\"post-excerpt/style.css\";i:327;s:26:\"post-excerpt/style.min.css\";i:328;s:34:\"post-featured-image/editor-rtl.css\";i:329;s:38:\"post-featured-image/editor-rtl.min.css\";i:330;s:30:\"post-featured-image/editor.css\";i:331;s:34:\"post-featured-image/editor.min.css\";i:332;s:33:\"post-featured-image/style-rtl.css\";i:333;s:37:\"post-featured-image/style-rtl.min.css\";i:334;s:29:\"post-featured-image/style.css\";i:335;s:33:\"post-featured-image/style.min.css\";i:336;s:34:\"post-navigation-link/style-rtl.css\";i:337;s:38:\"post-navigation-link/style-rtl.min.css\";i:338;s:30:\"post-navigation-link/style.css\";i:339;s:34:\"post-navigation-link/style.min.css\";i:340;s:28:\"post-template/editor-rtl.css\";i:341;s:32:\"post-template/editor-rtl.min.css\";i:342;s:24:\"post-template/editor.css\";i:343;s:28:\"post-template/editor.min.css\";i:344;s:27:\"post-template/style-rtl.css\";i:345;s:31:\"post-template/style-rtl.min.css\";i:346;s:23:\"post-template/style.css\";i:347;s:27:\"post-template/style.min.css\";i:348;s:24:\"post-terms/style-rtl.css\";i:349;s:28:\"post-terms/style-rtl.min.css\";i:350;s:20:\"post-terms/style.css\";i:351;s:24:\"post-terms/style.min.css\";i:352;s:24:\"post-title/style-rtl.css\";i:353;s:28:\"post-title/style-rtl.min.css\";i:354;s:20:\"post-title/style.css\";i:355;s:24:\"post-title/style.min.css\";i:356;s:26:\"preformatted/style-rtl.css\";i:357;s:30:\"preformatted/style-rtl.min.css\";i:358;s:22:\"preformatted/style.css\";i:359;s:26:\"preformatted/style.min.css\";i:360;s:24:\"pullquote/editor-rtl.css\";i:361;s:28:\"pullquote/editor-rtl.min.css\";i:362;s:20:\"pullquote/editor.css\";i:363;s:24:\"pullquote/editor.min.css\";i:364;s:23:\"pullquote/style-rtl.css\";i:365;s:27:\"pullquote/style-rtl.min.css\";i:366;s:19:\"pullquote/style.css\";i:367;s:23:\"pullquote/style.min.css\";i:368;s:23:\"pullquote/theme-rtl.css\";i:369;s:27:\"pullquote/theme-rtl.min.css\";i:370;s:19:\"pullquote/theme.css\";i:371;s:23:\"pullquote/theme.min.css\";i:372;s:39:\"query-pagination-numbers/editor-rtl.css\";i:373;s:43:\"query-pagination-numbers/editor-rtl.min.css\";i:374;s:35:\"query-pagination-numbers/editor.css\";i:375;s:39:\"query-pagination-numbers/editor.min.css\";i:376;s:31:\"query-pagination/editor-rtl.css\";i:377;s:35:\"query-pagination/editor-rtl.min.css\";i:378;s:27:\"query-pagination/editor.css\";i:379;s:31:\"query-pagination/editor.min.css\";i:380;s:30:\"query-pagination/style-rtl.css\";i:381;s:34:\"query-pagination/style-rtl.min.css\";i:382;s:26:\"query-pagination/style.css\";i:383;s:30:\"query-pagination/style.min.css\";i:384;s:25:\"query-title/style-rtl.css\";i:385;s:29:\"query-title/style-rtl.min.css\";i:386;s:21:\"query-title/style.css\";i:387;s:25:\"query-title/style.min.css\";i:388;s:20:\"query/editor-rtl.css\";i:389;s:24:\"query/editor-rtl.min.css\";i:390;s:16:\"query/editor.css\";i:391;s:20:\"query/editor.min.css\";i:392;s:19:\"quote/style-rtl.css\";i:393;s:23:\"quote/style-rtl.min.css\";i:394;s:15:\"quote/style.css\";i:395;s:19:\"quote/style.min.css\";i:396;s:19:\"quote/theme-rtl.css\";i:397;s:23:\"quote/theme-rtl.min.css\";i:398;s:15:\"quote/theme.css\";i:399;s:19:\"quote/theme.min.css\";i:400;s:23:\"read-more/style-rtl.css\";i:401;s:27:\"read-more/style-rtl.min.css\";i:402;s:19:\"read-more/style.css\";i:403;s:23:\"read-more/style.min.css\";i:404;s:18:\"rss/editor-rtl.css\";i:405;s:22:\"rss/editor-rtl.min.css\";i:406;s:14:\"rss/editor.css\";i:407;s:18:\"rss/editor.min.css\";i:408;s:17:\"rss/style-rtl.css\";i:409;s:21:\"rss/style-rtl.min.css\";i:410;s:13:\"rss/style.css\";i:411;s:17:\"rss/style.min.css\";i:412;s:21:\"search/editor-rtl.css\";i:413;s:25:\"search/editor-rtl.min.css\";i:414;s:17:\"search/editor.css\";i:415;s:21:\"search/editor.min.css\";i:416;s:20:\"search/style-rtl.css\";i:417;s:24:\"search/style-rtl.min.css\";i:418;s:16:\"search/style.css\";i:419;s:20:\"search/style.min.css\";i:420;s:20:\"search/theme-rtl.css\";i:421;s:24:\"search/theme-rtl.min.css\";i:422;s:16:\"search/theme.css\";i:423;s:20:\"search/theme.min.css\";i:424;s:24:\"separator/editor-rtl.css\";i:425;s:28:\"separator/editor-rtl.min.css\";i:426;s:20:\"separator/editor.css\";i:427;s:24:\"separator/editor.min.css\";i:428;s:23:\"separator/style-rtl.css\";i:429;s:27:\"separator/style-rtl.min.css\";i:430;s:19:\"separator/style.css\";i:431;s:23:\"separator/style.min.css\";i:432;s:23:\"separator/theme-rtl.css\";i:433;s:27:\"separator/theme-rtl.min.css\";i:434;s:19:\"separator/theme.css\";i:435;s:23:\"separator/theme.min.css\";i:436;s:24:\"shortcode/editor-rtl.css\";i:437;s:28:\"shortcode/editor-rtl.min.css\";i:438;s:20:\"shortcode/editor.css\";i:439;s:24:\"shortcode/editor.min.css\";i:440;s:24:\"site-logo/editor-rtl.css\";i:441;s:28:\"site-logo/editor-rtl.min.css\";i:442;s:20:\"site-logo/editor.css\";i:443;s:24:\"site-logo/editor.min.css\";i:444;s:23:\"site-logo/style-rtl.css\";i:445;s:27:\"site-logo/style-rtl.min.css\";i:446;s:19:\"site-logo/style.css\";i:447;s:23:\"site-logo/style.min.css\";i:448;s:27:\"site-tagline/editor-rtl.css\";i:449;s:31:\"site-tagline/editor-rtl.min.css\";i:450;s:23:\"site-tagline/editor.css\";i:451;s:27:\"site-tagline/editor.min.css\";i:452;s:26:\"site-tagline/style-rtl.css\";i:453;s:30:\"site-tagline/style-rtl.min.css\";i:454;s:22:\"site-tagline/style.css\";i:455;s:26:\"site-tagline/style.min.css\";i:456;s:25:\"site-title/editor-rtl.css\";i:457;s:29:\"site-title/editor-rtl.min.css\";i:458;s:21:\"site-title/editor.css\";i:459;s:25:\"site-title/editor.min.css\";i:460;s:24:\"site-title/style-rtl.css\";i:461;s:28:\"site-title/style-rtl.min.css\";i:462;s:20:\"site-title/style.css\";i:463;s:24:\"site-title/style.min.css\";i:464;s:26:\"social-link/editor-rtl.css\";i:465;s:30:\"social-link/editor-rtl.min.css\";i:466;s:22:\"social-link/editor.css\";i:467;s:26:\"social-link/editor.min.css\";i:468;s:27:\"social-links/editor-rtl.css\";i:469;s:31:\"social-links/editor-rtl.min.css\";i:470;s:23:\"social-links/editor.css\";i:471;s:27:\"social-links/editor.min.css\";i:472;s:26:\"social-links/style-rtl.css\";i:473;s:30:\"social-links/style-rtl.min.css\";i:474;s:22:\"social-links/style.css\";i:475;s:26:\"social-links/style.min.css\";i:476;s:21:\"spacer/editor-rtl.css\";i:477;s:25:\"spacer/editor-rtl.min.css\";i:478;s:17:\"spacer/editor.css\";i:479;s:21:\"spacer/editor.min.css\";i:480;s:20:\"spacer/style-rtl.css\";i:481;s:24:\"spacer/style-rtl.min.css\";i:482;s:16:\"spacer/style.css\";i:483;s:20:\"spacer/style.min.css\";i:484;s:20:\"table/editor-rtl.css\";i:485;s:24:\"table/editor-rtl.min.css\";i:486;s:16:\"table/editor.css\";i:487;s:20:\"table/editor.min.css\";i:488;s:19:\"table/style-rtl.css\";i:489;s:23:\"table/style-rtl.min.css\";i:490;s:15:\"table/style.css\";i:491;s:19:\"table/style.min.css\";i:492;s:19:\"table/theme-rtl.css\";i:493;s:23:\"table/theme-rtl.min.css\";i:494;s:15:\"table/theme.css\";i:495;s:19:\"table/theme.min.css\";i:496;s:24:\"tag-cloud/editor-rtl.css\";i:497;s:28:\"tag-cloud/editor-rtl.min.css\";i:498;s:20:\"tag-cloud/editor.css\";i:499;s:24:\"tag-cloud/editor.min.css\";i:500;s:23:\"tag-cloud/style-rtl.css\";i:501;s:27:\"tag-cloud/style-rtl.min.css\";i:502;s:19:\"tag-cloud/style.css\";i:503;s:23:\"tag-cloud/style.min.css\";i:504;s:28:\"template-part/editor-rtl.css\";i:505;s:32:\"template-part/editor-rtl.min.css\";i:506;s:24:\"template-part/editor.css\";i:507;s:28:\"template-part/editor.min.css\";i:508;s:27:\"template-part/theme-rtl.css\";i:509;s:31:\"template-part/theme-rtl.min.css\";i:510;s:23:\"template-part/theme.css\";i:511;s:27:\"template-part/theme.min.css\";i:512;s:30:\"term-description/style-rtl.css\";i:513;s:34:\"term-description/style-rtl.min.css\";i:514;s:26:\"term-description/style.css\";i:515;s:30:\"term-description/style.min.css\";i:516;s:27:\"text-columns/editor-rtl.css\";i:517;s:31:\"text-columns/editor-rtl.min.css\";i:518;s:23:\"text-columns/editor.css\";i:519;s:27:\"text-columns/editor.min.css\";i:520;s:26:\"text-columns/style-rtl.css\";i:521;s:30:\"text-columns/style-rtl.min.css\";i:522;s:22:\"text-columns/style.css\";i:523;s:26:\"text-columns/style.min.css\";i:524;s:19:\"verse/style-rtl.css\";i:525;s:23:\"verse/style-rtl.min.css\";i:526;s:15:\"verse/style.css\";i:527;s:19:\"verse/style.min.css\";i:528;s:20:\"video/editor-rtl.css\";i:529;s:24:\"video/editor-rtl.min.css\";i:530;s:16:\"video/editor.css\";i:531;s:20:\"video/editor.min.css\";i:532;s:19:\"video/style-rtl.css\";i:533;s:23:\"video/style-rtl.min.css\";i:534;s:15:\"video/style.css\";i:535;s:19:\"video/style.min.css\";i:536;s:19:\"video/theme-rtl.css\";i:537;s:23:\"video/theme-rtl.min.css\";i:538;s:15:\"video/theme.css\";i:539;s:19:\"video/theme.min.css\";}}','on'),(126,'recovery_keys','a:0:{}','off'),(127,'theme_mods_twentytwentyfive','a:2:{s:18:\"custom_css_post_id\";i:-1;s:16:\"sidebars_widgets\";a:2:{s:4:\"time\";i:1732377198;s:4:\"data\";a:3:{s:19:\"wp_inactive_widgets\";a:0:{}s:9:\"sidebar-1\";a:3:{i:0;s:7:\"block-2\";i:1;s:7:\"block-3\";i:2;s:7:\"block-4\";}s:9:\"sidebar-2\";a:2:{i:0;s:7:\"block-5\";i:1;s:7:\"block-6\";}}}}','off'),(128,'_transient_wp_styles_for_blocks','a:2:{s:4:\"hash\";s:32:\"58af59b84c6ec389d78c160a2af5f4d4\";s:6:\"blocks\";a:5:{s:11:\"core/button\";s:0:\"\";s:14:\"core/site-logo\";s:0:\"\";s:18:\"core/post-template\";s:120:\":where(.wp-block-post-template.is-layout-flex){gap: 1.25em;}:where(.wp-block-post-template.is-layout-grid){gap: 1.25em;}\";s:12:\"core/columns\";s:102:\":where(.wp-block-columns.is-layout-flex){gap: 2em;}:where(.wp-block-columns.is-layout-grid){gap: 2em;}\";s:14:\"core/pullquote\";s:69:\":root :where(.wp-block-pullquote){font-size: 1.5em;line-height: 1.6;}\";}}','on'),(141,'can_compress_scripts','0','on'),(156,'finished_updating_comment_type','1','auto'),(172,'current_theme','Twenty Sixteen','auto'),(173,'theme_mods_twentysixteen','a:13:{i:0;b:0;s:18:\"nav_menu_locations\";a:2:{s:7:\"primary\";i:3;s:6:\"social\";i:4;}s:18:\"custom_css_post_id\";i:33;s:11:\"custom_logo\";i:13;s:16:\"background_color\";s:6:\"1a1a1a\";s:12:\"color_scheme\";s:7:\"default\";s:21:\"page_background_color\";s:7:\"#ffffff\";s:10:\"link_color\";s:7:\"#007acc\";s:15:\"main_text_color\";s:7:\"#1a1a1a\";s:20:\"secondary_text_color\";s:7:\"#686868\";s:12:\"header_image\";s:85:\"http://lab.mst.duth.gr/mais/panatsol5/wordpress/wp-content/uploads/2024/11/image1.jpg\";s:17:\"header_image_data\";O:8:\"stdClass\":5:{s:13:\"attachment_id\";i:8;s:3:\"url\";s:85:\"http://lab.mst.duth.gr/mais/panatsol5/wordpress/wp-content/uploads/2024/11/image1.jpg\";s:13:\"thumbnail_url\";s:85:\"http://lab.mst.duth.gr/mais/panatsol5/wordpress/wp-content/uploads/2024/11/image1.jpg\";s:6:\"height\";i:279;s:5:\"width\";i:1200;}s:16:\"background_image\";s:85:\"http://lab.mst.duth.gr/mais/panatsol5/wordpress/wp-content/uploads/2024/11/image2.jpg\";}','on'),(174,'theme_switched','','auto'),(182,'site_logo','13','auto'),(200,'nav_menu_options','a:1:{s:8:\"auto_add\";a:0:{}}','auto'),(209,'wp_calendar_block_has_published_posts','1','auto'),(240,'https_detection_errors','a:0:{}','auto'),(241,'_transient_health-check-site-status-result','{\"good\":17,\"recommended\":6,\"critical\":0}','on'),(318,'category_children','a:0:{}','auto'),(319,'_site_transient_wp_plugin_dependencies_plugin_data','a:0:{}','off'),(320,'recently_activated','a:0:{}','off'),(342,'advanced-ads-ad-health-notices','a:1:{s:6:\"ignore\";a:0:{}}','auto'),(343,'widget_advads_ad_widget','a:1:{s:12:\"_multiwidget\";i:1;}','auto'),(344,'advanced-ads-internal','a:2:{s:7:\"version\";s:6:\"1.56.1\";s:9:\"installed\";i:1732977962;}','auto'),(345,'advanced_ads_ads_txt','a:4:{s:7:\"enabled\";b:1;s:11:\"all_network\";b:0;s:6:\"custom\";s:0:\"\";s:8:\"networks\";a:1:{s:7:\"adsense\";a:1:{s:3:\"rec\";s:0:\"\";}}}','auto'),(346,'advanced-ads-adsense','a:1:{s:10:\"adsense-id\";s:0:\"\";}','auto'),(347,'advanced-ads-notices','a:3:{s:5:\"queue\";a:2:{i:0;s:8:\"nl_intro\";i:1;s:14:\"nl_free_addons\";}s:6:\"closed\";a:1:{s:15:\"license_invalid\";i:1732978003;}s:6:\"paused\";a:0:{}}','auto'),(348,'auto_update_plugins','a:1:{i:0;s:29:\"advanced-ads/advanced-ads.php\";}','off'),(472,'_transient_twentysixteen_categories','1','on'),(491,'_transient_is_multi_author','0','on'),(510,'_site_transient_timeout_theme_roots','1737986716','off'),(511,'_site_transient_theme_roots','a:5:{s:13:\"twentysixteen\";s:7:\"/themes\";s:16:\"twentytwentyfive\";s:7:\"/themes\";s:16:\"twentytwentyfour\";s:7:\"/themes\";s:17:\"twentytwentythree\";s:7:\"/themes\";s:15:\"twentytwentytwo\";s:7:\"/themes\";}','off'),(513,'_site_transient_update_core','O:8:\"stdClass\":4:{s:7:\"updates\";a:1:{i:0;O:8:\"stdClass\":10:{s:8:\"response\";s:6:\"latest\";s:8:\"download\";s:62:\"https://downloads.wordpress.org/release/el/wordpress-6.7.1.zip\";s:6:\"locale\";s:2:\"el\";s:8:\"packages\";O:8:\"stdClass\":5:{s:4:\"full\";s:62:\"https://downloads.wordpress.org/release/el/wordpress-6.7.1.zip\";s:10:\"no_content\";s:0:\"\";s:11:\"new_bundled\";s:0:\"\";s:7:\"partial\";s:0:\"\";s:8:\"rollback\";s:0:\"\";}s:7:\"current\";s:5:\"6.7.1\";s:7:\"version\";s:5:\"6.7.1\";s:11:\"php_version\";s:6:\"7.2.24\";s:13:\"mysql_version\";s:5:\"5.5.5\";s:11:\"new_bundled\";s:3:\"6.7\";s:15:\"partial_version\";s:0:\"\";}}s:12:\"last_checked\";i:1737984920;s:15:\"version_checked\";s:5:\"6.7.1\";s:12:\"translations\";a:0:{}}','off'),(514,'_site_transient_timeout_wp_theme_files_patterns-c552e79c45ecb4803b6f2bdf3d5f7cbd','1737986720','off'),(515,'_site_transient_wp_theme_files_patterns-c552e79c45ecb4803b6f2bdf3d5f7cbd','a:2:{s:7:\"version\";s:3:\"3.4\";s:8:\"patterns\";a:0:{}}','off'),(516,'_site_transient_update_themes','O:8:\"stdClass\":5:{s:12:\"last_checked\";i:1737984921;s:7:\"checked\";a:5:{s:13:\"twentysixteen\";s:3:\"3.4\";s:16:\"twentytwentyfive\";s:3:\"1.0\";s:16:\"twentytwentyfour\";s:3:\"1.3\";s:17:\"twentytwentythree\";s:3:\"1.6\";s:15:\"twentytwentytwo\";s:3:\"1.9\";}s:8:\"response\";a:0:{}s:9:\"no_update\";a:5:{s:13:\"twentysixteen\";a:6:{s:5:\"theme\";s:13:\"twentysixteen\";s:11:\"new_version\";s:3:\"3.4\";s:3:\"url\";s:43:\"https://wordpress.org/themes/twentysixteen/\";s:7:\"package\";s:59:\"https://downloads.wordpress.org/theme/twentysixteen.3.4.zip\";s:8:\"requires\";s:3:\"4.4\";s:12:\"requires_php\";s:5:\"5.2.4\";}s:16:\"twentytwentyfive\";a:6:{s:5:\"theme\";s:16:\"twentytwentyfive\";s:11:\"new_version\";s:3:\"1.0\";s:3:\"url\";s:46:\"https://wordpress.org/themes/twentytwentyfive/\";s:7:\"package\";s:62:\"https://downloads.wordpress.org/theme/twentytwentyfive.1.0.zip\";s:8:\"requires\";s:3:\"6.7\";s:12:\"requires_php\";s:3:\"7.2\";}s:16:\"twentytwentyfour\";a:6:{s:5:\"theme\";s:16:\"twentytwentyfour\";s:11:\"new_version\";s:3:\"1.3\";s:3:\"url\";s:46:\"https://wordpress.org/themes/twentytwentyfour/\";s:7:\"package\";s:62:\"https://downloads.wordpress.org/theme/twentytwentyfour.1.3.zip\";s:8:\"requires\";s:3:\"6.4\";s:12:\"requires_php\";s:3:\"7.0\";}s:17:\"twentytwentythree\";a:6:{s:5:\"theme\";s:17:\"twentytwentythree\";s:11:\"new_version\";s:3:\"1.6\";s:3:\"url\";s:47:\"https://wordpress.org/themes/twentytwentythree/\";s:7:\"package\";s:63:\"https://downloads.wordpress.org/theme/twentytwentythree.1.6.zip\";s:8:\"requires\";s:3:\"6.1\";s:12:\"requires_php\";s:3:\"5.6\";}s:15:\"twentytwentytwo\";a:6:{s:5:\"theme\";s:15:\"twentytwentytwo\";s:11:\"new_version\";s:3:\"1.9\";s:3:\"url\";s:45:\"https://wordpress.org/themes/twentytwentytwo/\";s:7:\"package\";s:61:\"https://downloads.wordpress.org/theme/twentytwentytwo.1.9.zip\";s:8:\"requires\";s:3:\"5.9\";s:12:\"requires_php\";s:3:\"5.6\";}}s:12:\"translations\";a:0:{}}','off'),(517,'_site_transient_update_plugins','O:8:\"stdClass\":5:{s:12:\"last_checked\";i:1737984921;s:8:\"response\";a:0:{}s:12:\"translations\";a:0:{}s:9:\"no_update\";a:3:{s:29:\"advanced-ads/advanced-ads.php\";O:8:\"stdClass\":10:{s:2:\"id\";s:26:\"w.org/plugins/advanced-ads\";s:4:\"slug\";s:12:\"advanced-ads\";s:6:\"plugin\";s:29:\"advanced-ads/advanced-ads.php\";s:11:\"new_version\";s:6:\"1.56.1\";s:3:\"url\";s:43:\"https://wordpress.org/plugins/advanced-ads/\";s:7:\"package\";s:62:\"https://downloads.wordpress.org/plugin/advanced-ads.1.56.1.zip\";s:5:\"icons\";a:2:{s:2:\"2x\";s:65:\"https://ps.w.org/advanced-ads/assets/icon-256x256.gif?rev=2773443\";s:2:\"1x\";s:65:\"https://ps.w.org/advanced-ads/assets/icon-128x128.gif?rev=2773443\";}s:7:\"banners\";a:2:{s:2:\"2x\";s:68:\"https://ps.w.org/advanced-ads/assets/banner-1544x500.jpg?rev=2768239\";s:2:\"1x\";s:67:\"https://ps.w.org/advanced-ads/assets/banner-772x250.jpg?rev=2768239\";}s:11:\"banners_rtl\";a:0:{}s:8:\"requires\";s:3:\"5.0\";}s:19:\"akismet/akismet.php\";O:8:\"stdClass\":10:{s:2:\"id\";s:21:\"w.org/plugins/akismet\";s:4:\"slug\";s:7:\"akismet\";s:6:\"plugin\";s:19:\"akismet/akismet.php\";s:11:\"new_version\";s:5:\"5.3.5\";s:3:\"url\";s:38:\"https://wordpress.org/plugins/akismet/\";s:7:\"package\";s:56:\"https://downloads.wordpress.org/plugin/akismet.5.3.5.zip\";s:5:\"icons\";a:2:{s:2:\"2x\";s:60:\"https://ps.w.org/akismet/assets/icon-256x256.png?rev=2818463\";s:2:\"1x\";s:60:\"https://ps.w.org/akismet/assets/icon-128x128.png?rev=2818463\";}s:7:\"banners\";a:2:{s:2:\"2x\";s:63:\"https://ps.w.org/akismet/assets/banner-1544x500.png?rev=2900731\";s:2:\"1x\";s:62:\"https://ps.w.org/akismet/assets/banner-772x250.png?rev=2900731\";}s:11:\"banners_rtl\";a:0:{}s:8:\"requires\";s:3:\"5.8\";}s:9:\"hello.php\";O:8:\"stdClass\":10:{s:2:\"id\";s:25:\"w.org/plugins/hello-dolly\";s:4:\"slug\";s:11:\"hello-dolly\";s:6:\"plugin\";s:9:\"hello.php\";s:11:\"new_version\";s:5:\"1.7.2\";s:3:\"url\";s:42:\"https://wordpress.org/plugins/hello-dolly/\";s:7:\"package\";s:60:\"https://downloads.wordpress.org/plugin/hello-dolly.1.7.3.zip\";s:5:\"icons\";a:2:{s:2:\"2x\";s:64:\"https://ps.w.org/hello-dolly/assets/icon-256x256.jpg?rev=2052855\";s:2:\"1x\";s:64:\"https://ps.w.org/hello-dolly/assets/icon-128x128.jpg?rev=2052855\";}s:7:\"banners\";a:2:{s:2:\"2x\";s:67:\"https://ps.w.org/hello-dolly/assets/banner-1544x500.jpg?rev=2645582\";s:2:\"1x\";s:66:\"https://ps.w.org/hello-dolly/assets/banner-772x250.jpg?rev=2052855\";}s:11:\"banners_rtl\";a:0:{}s:8:\"requires\";s:3:\"4.6\";}}s:7:\"checked\";a:3:{s:29:\"advanced-ads/advanced-ads.php\";s:6:\"1.56.1\";s:19:\"akismet/akismet.php\";s:5:\"5.3.5\";s:9:\"hello.php\";s:5:\"1.7.2\";}}','off'),(518,'_site_transient_timeout_php_check_3ba7818bfdee269b8eeb64aca9e774ba','1738589722','off'),(519,'_site_transient_php_check_3ba7818bfdee269b8eeb64aca9e774ba','a:5:{s:19:\"recommended_version\";s:3:\"7.4\";s:15:\"minimum_version\";s:6:\"7.2.24\";s:12:\"is_supported\";b:1;s:9:\"is_secure\";b:1;s:13:\"is_acceptable\";b:1;}','off');

--
-- Table structure for table `wp_1stpostmeta`
--

CREATE TABLE `wp_1stpostmeta` (
  `meta_id` bigint(20) unsigned NOT NULL AUTO_INCREMENT,
  `post_id` bigint(20) unsigned NOT NULL DEFAULT 0,
  `meta_key` varchar(255) DEFAULT NULL,
  `meta_value` longtext DEFAULT NULL,
  PRIMARY KEY (`meta_id`),
  KEY `post_id` (`post_id`),
  KEY `meta_key` (`meta_key`(191))
) ENGINE=InnoDB AUTO_INCREMENT=137 DEFAULT CHARSET=utf8mb4 COLLATE=utf8mb4_unicode_520_ci;

--
-- Dumping data for table `wp_1stpostmeta`
--

INSERT INTO `wp_1stpostmeta` VALUES (1,2,'_wp_page_template','default'),(2,3,'_wp_page_template','default'),(3,6,'_wp_attached_file','2024/11/logo.jpg'),(4,6,'_wp_attachment_metadata','a:6:{s:5:\"width\";i:1759;s:6:\"height\";i:623;s:4:\"file\";s:16:\"2024/11/logo.jpg\";s:8:\"filesize\";i:874066;s:5:\"sizes\";a:5:{s:6:\"medium\";a:5:{s:4:\"file\";s:16:\"logo-300x106.jpg\";s:5:\"width\";i:300;s:6:\"height\";i:106;s:9:\"mime-type\";s:10:\"image/jpeg\";s:8:\"filesize\";i:10733;}s:5:\"large\";a:5:{s:4:\"file\";s:17:\"logo-1024x363.jpg\";s:5:\"width\";i:1024;s:6:\"height\";i:363;s:9:\"mime-type\";s:10:\"image/jpeg\";s:8:\"filesize\";i:68765;}s:9:\"thumbnail\";a:5:{s:4:\"file\";s:16:\"logo-150x150.jpg\";s:5:\"width\";i:150;s:6:\"height\";i:150;s:9:\"mime-type\";s:10:\"image/jpeg\";s:8:\"filesize\";i:4787;}s:12:\"medium_large\";a:5:{s:4:\"file\";s:16:\"logo-768x272.jpg\";s:5:\"width\";i:768;s:6:\"height\";i:272;s:9:\"mime-type\";s:10:\"image/jpeg\";s:8:\"filesize\";i:43637;}s:9:\"1536x1536\";a:5:{s:4:\"file\";s:17:\"logo-1536x544.jpg\";s:5:\"width\";i:1536;s:6:\"height\";i:544;s:9:\"mime-type\";s:10:\"image/jpeg\";s:8:\"filesize\";i:120677;}}s:10:\"image_meta\";a:12:{s:8:\"aperture\";s:1:\"0\";s:6:\"credit\";s:0:\"\";s:6:\"camera\";s:0:\"\";s:7:\"caption\";s:0:\"\";s:17:\"created_timestamp\";s:1:\"0\";s:9:\"copyright\";s:0:\"\";s:12:\"focal_length\";s:1:\"0\";s:3:\"iso\";s:1:\"0\";s:13:\"shutter_speed\";s:1:\"0\";s:5:\"title\";s:0:\"\";s:11:\"orientation\";s:1:\"0\";s:8:\"keywords\";a:0:{}}}'),(5,6,'_edit_lock','1732375467:1'),(6,7,'_wp_attached_file','2024/11/icon.jpg'),(7,7,'_wp_attachment_metadata','a:6:{s:5:\"width\";i:900;s:6:\"height\";i:520;s:4:\"file\";s:16:\"2024/11/icon.jpg\";s:8:\"filesize\";i:77482;s:5:\"sizes\";a:3:{s:6:\"medium\";a:5:{s:4:\"file\";s:16:\"icon-300x173.jpg\";s:5:\"width\";i:300;s:6:\"height\";i:173;s:9:\"mime-type\";s:10:\"image/jpeg\";s:8:\"filesize\";i:13860;}s:9:\"thumbnail\";a:5:{s:4:\"file\";s:16:\"icon-150x150.jpg\";s:5:\"width\";i:150;s:6:\"height\";i:150;s:9:\"mime-type\";s:10:\"image/jpeg\";s:8:\"filesize\";i:8233;}s:12:\"medium_large\";a:5:{s:4:\"file\";s:16:\"icon-768x444.jpg\";s:5:\"width\";i:768;s:6:\"height\";i:444;s:9:\"mime-type\";s:10:\"image/jpeg\";s:8:\"filesize\";i:48342;}}s:10:\"image_meta\";a:12:{s:8:\"aperture\";s:1:\"0\";s:6:\"credit\";s:0:\"\";s:6:\"camera\";s:0:\"\";s:7:\"caption\";s:0:\"\";s:17:\"created_timestamp\";s:1:\"0\";s:9:\"copyright\";s:0:\"\";s:12:\"focal_length\";s:1:\"0\";s:3:\"iso\";s:1:\"0\";s:13:\"shutter_speed\";s:1:\"0\";s:5:\"title\";s:0:\"\";s:11:\"orientation\";s:1:\"0\";s:8:\"keywords\";a:0:{}}}'),(8,8,'_wp_attached_file','2024/11/image1.jpg'),(9,8,'_wp_attachment_metadata','a:6:{s:5:\"width\";i:1200;s:6:\"height\";i:279;s:4:\"file\";s:18:\"2024/11/image1.jpg\";s:8:\"filesize\";i:23270;s:5:\"sizes\";a:4:{s:6:\"medium\";a:5:{s:4:\"file\";s:17:\"image1-300x70.jpg\";s:5:\"width\";i:300;s:6:\"height\";i:70;s:9:\"mime-type\";s:10:\"image/jpeg\";s:8:\"filesize\";i:2533;}s:5:\"large\";a:5:{s:4:\"file\";s:19:\"image1-1024x238.jpg\";s:5:\"width\";i:1024;s:6:\"height\";i:238;s:9:\"mime-type\";s:10:\"image/jpeg\";s:8:\"filesize\";i:16652;}s:9:\"thumbnail\";a:5:{s:4:\"file\";s:18:\"image1-150x150.jpg\";s:5:\"width\";i:150;s:6:\"height\";i:150;s:9:\"mime-type\";s:10:\"image/jpeg\";s:8:\"filesize\";i:1368;}s:12:\"medium_large\";a:5:{s:4:\"file\";s:18:\"image1-768x179.jpg\";s:5:\"width\";i:768;s:6:\"height\";i:179;s:9:\"mime-type\";s:10:\"image/jpeg\";s:8:\"filesize\";i:10539;}}s:10:\"image_meta\";a:12:{s:8:\"aperture\";s:1:\"0\";s:6:\"credit\";s:0:\"\";s:6:\"camera\";s:0:\"\";s:7:\"caption\";s:0:\"\";s:17:\"created_timestamp\";s:1:\"0\";s:9:\"copyright\";s:0:\"\";s:12:\"focal_length\";s:1:\"0\";s:3:\"iso\";s:1:\"0\";s:13:\"shutter_speed\";s:1:\"0\";s:5:\"title\";s:0:\"\";s:11:\"orientation\";s:1:\"0\";s:8:\"keywords\";a:0:{}}}'),(10,9,'_wp_attached_file','2024/11/image2.jpg'),(11,9,'_wp_attachment_metadata','a:6:{s:5:\"width\";i:1980;s:6:\"height\";i:1085;s:4:\"file\";s:18:\"2024/11/image2.jpg\";s:8:\"filesize\";i:521618;s:5:\"sizes\";a:5:{s:6:\"medium\";a:5:{s:4:\"file\";s:18:\"image2-300x164.jpg\";s:5:\"width\";i:300;s:6:\"height\";i:164;s:9:\"mime-type\";s:10:\"image/jpeg\";s:8:\"filesize\";i:11022;}s:5:\"large\";a:5:{s:4:\"file\";s:19:\"image2-1024x561.jpg\";s:5:\"width\";i:1024;s:6:\"height\";i:561;s:9:\"mime-type\";s:10:\"image/jpeg\";s:8:\"filesize\";i:81009;}s:9:\"thumbnail\";a:5:{s:4:\"file\";s:18:\"image2-150x150.jpg\";s:5:\"width\";i:150;s:6:\"height\";i:150;s:9:\"mime-type\";s:10:\"image/jpeg\";s:8:\"filesize\";i:5575;}s:12:\"medium_large\";a:5:{s:4:\"file\";s:18:\"image2-768x421.jpg\";s:5:\"width\";i:768;s:6:\"height\";i:421;s:9:\"mime-type\";s:10:\"image/jpeg\";s:8:\"filesize\";i:49527;}s:9:\"1536x1536\";a:5:{s:4:\"file\";s:19:\"image2-1536x842.jpg\";s:5:\"width\";i:1536;s:6:\"height\";i:842;s:9:\"mime-type\";s:10:\"image/jpeg\";s:8:\"filesize\";i:156138;}}s:10:\"image_meta\";a:12:{s:8:\"aperture\";s:1:\"0\";s:6:\"credit\";s:9:\"fpanag_pc\";s:6:\"camera\";s:0:\"\";s:7:\"caption\";s:0:\"\";s:17:\"created_timestamp\";s:10:\"1539983637\";s:9:\"copyright\";s:0:\"\";s:12:\"focal_length\";s:1:\"0\";s:3:\"iso\";s:1:\"0\";s:13:\"shutter_speed\";s:1:\"0\";s:5:\"title\";s:0:\"\";s:11:\"orientation\";s:1:\"1\";s:8:\"keywords\";a:0:{}}}'),(12,12,'origin','theme'),(13,13,'_wp_attached_file','2024/11/cropped-logo.jpg'),(14,13,'_wp_attachment_context','custom-logo'),(15,13,'_wp_attachment_metadata','a:6:{s:5:\"width\";i:240;s:6:\"height\";i:84;s:4:\"file\";s:24:\"2024/11/cropped-logo.jpg\";s:8:\"filesize\";i:7578;s:5:\"sizes\";a:1:{s:9:\"thumbnail\";a:5:{s:4:\"file\";s:23:\"cropped-logo-150x84.jpg\";s:5:\"width\";i:150;s:6:\"height\";i:84;s:9:\"mime-type\";s:10:\"image/jpeg\";s:8:\"filesize\";i:4752;}}s:10:\"image_meta\";a:12:{s:8:\"aperture\";s:1:\"0\";s:6:\"credit\";s:0:\"\";s:6:\"camera\";s:0:\"\";s:7:\"caption\";s:0:\"\";s:17:\"created_timestamp\";s:1:\"0\";s:9:\"copyright\";s:0:\"\";s:12:\"focal_length\";s:1:\"0\";s:3:\"iso\";s:1:\"0\";s:13:\"shutter_speed\";s:1:\"0\";s:5:\"title\";s:0:\"\";s:11:\"orientation\";s:1:\"0\";s:8:\"keywords\";a:0:{}}}'),(18,15,'_wp_attached_file','2024/11/cropped-icon.jpg'),(19,15,'_wp_attachment_context','site-icon'),(20,15,'_wp_attachment_metadata','a:6:{s:5:\"width\";i:512;s:6:\"height\";i:512;s:4:\"file\";s:24:\"2024/11/cropped-icon.jpg\";s:8:\"filesize\";i:42062;s:5:\"sizes\";a:6:{s:6:\"medium\";a:5:{s:4:\"file\";s:24:\"cropped-icon-300x300.jpg\";s:5:\"width\";i:300;s:6:\"height\";i:300;s:9:\"mime-type\";s:10:\"image/jpeg\";s:8:\"filesize\";i:21055;}s:9:\"thumbnail\";a:5:{s:4:\"file\";s:24:\"cropped-icon-150x150.jpg\";s:5:\"width\";i:150;s:6:\"height\";i:150;s:9:\"mime-type\";s:10:\"image/jpeg\";s:8:\"filesize\";i:8028;}s:13:\"site_icon-270\";a:5:{s:4:\"file\";s:24:\"cropped-icon-270x270.jpg\";s:5:\"width\";i:270;s:6:\"height\";i:270;s:9:\"mime-type\";s:10:\"image/jpeg\";s:8:\"filesize\";i:18459;}s:13:\"site_icon-192\";a:5:{s:4:\"file\";s:24:\"cropped-icon-192x192.jpg\";s:5:\"width\";i:192;s:6:\"height\";i:192;s:9:\"mime-type\";s:10:\"image/jpeg\";s:8:\"filesize\";i:11354;}s:13:\"site_icon-180\";a:5:{s:4:\"file\";s:24:\"cropped-icon-180x180.jpg\";s:5:\"width\";i:180;s:6:\"height\";i:180;s:9:\"mime-type\";s:10:\"image/jpeg\";s:8:\"filesize\";i:10615;}s:12:\"site_icon-32\";a:5:{s:4:\"file\";s:22:\"cropped-icon-32x32.jpg\";s:5:\"width\";i:32;s:6:\"height\";i:32;s:9:\"mime-type\";s:10:\"image/jpeg\";s:8:\"filesize\";i:1262;}}s:10:\"image_meta\";a:12:{s:8:\"aperture\";s:1:\"0\";s:6:\"credit\";s:0:\"\";s:6:\"camera\";s:0:\"\";s:7:\"caption\";s:0:\"\";s:17:\"created_timestamp\";s:1:\"0\";s:9:\"copyright\";s:0:\"\";s:12:\"focal_length\";s:1:\"0\";s:3:\"iso\";s:1:\"0\";s:13:\"shutter_speed\";s:1:\"0\";s:5:\"title\";s:0:\"\";s:11:\"orientation\";s:1:\"0\";s:8:\"keywords\";a:0:{}}}'),(25,8,'_wp_attachment_custom_header_last_used_twentysixteen','1732379460'),(26,8,'_wp_attachment_is_custom_header','twentysixteen'),(29,9,'_wp_attachment_is_custom_background','twentysixteen'),(34,20,'_menu_item_type','custom'),(35,20,'_menu_item_menu_item_parent','0'),(36,20,'_menu_item_object_id','20'),(37,20,'_menu_item_object','custom'),(38,20,'_menu_item_target',''),(39,20,'_menu_item_classes','a:1:{i:0;s:0:\"\";}'),(40,20,'_menu_item_xfn',''),(41,20,'_menu_item_url','http://lab.mst.duth.gr/mais/panatsol5/wordpress'),(50,22,'_menu_item_type','taxonomy'),(51,22,'_menu_item_menu_item_parent','0'),(52,22,'_menu_item_object_id','1'),(53,22,'_menu_item_object','category'),(54,22,'_menu_item_target',''),(55,22,'_menu_item_classes','a:1:{i:0;s:0:\"\";}'),(56,22,'_menu_item_xfn',''),(57,22,'_menu_item_url',''),(61,24,'_menu_item_type','custom'),(62,24,'_menu_item_menu_item_parent','0'),(63,24,'_menu_item_object_id','24'),(64,24,'_menu_item_object','custom'),(65,24,'_menu_item_target',''),(66,24,'_menu_item_classes','a:1:{i:0;s:0:\"\";}'),(67,24,'_menu_item_xfn',''),(68,24,'_menu_item_url','https://www.facebook.com/MscMais'),(69,25,'_menu_item_type','custom'),(70,25,'_menu_item_menu_item_parent','0'),(71,25,'_menu_item_object_id','25'),(72,25,'_menu_item_object','custom'),(73,25,'_menu_item_target',''),(74,25,'_menu_item_classes','a:1:{i:0;s:0:\"\";}'),(75,25,'_menu_item_xfn',''),(76,25,'_menu_item_url','https://www.instagram.com/msc_mais/'),(97,36,'_edit_lock','1732976313:1'),(98,37,'_edit_lock','1732975661:1'),(99,38,'_wp_attached_file','2024/11/image3.jpg'),(100,38,'_wp_attachment_metadata','a:6:{s:5:\"width\";i:1740;s:6:\"height\";i:378;s:4:\"file\";s:18:\"2024/11/image3.jpg\";s:8:\"filesize\";i:121559;s:5:\"sizes\";a:6:{s:6:\"medium\";a:5:{s:4:\"file\";s:17:\"image3-300x65.jpg\";s:5:\"width\";i:300;s:6:\"height\";i:65;s:9:\"mime-type\";s:10:\"image/jpeg\";s:8:\"filesize\";i:6878;}s:5:\"large\";a:5:{s:4:\"file\";s:19:\"image3-1024x222.jpg\";s:5:\"width\";i:1024;s:6:\"height\";i:222;s:9:\"mime-type\";s:10:\"image/jpeg\";s:8:\"filesize\";i:45644;}s:9:\"thumbnail\";a:5:{s:4:\"file\";s:18:\"image3-150x150.jpg\";s:5:\"width\";i:150;s:6:\"height\";i:150;s:9:\"mime-type\";s:10:\"image/jpeg\";s:8:\"filesize\";i:5769;}s:12:\"medium_large\";a:5:{s:4:\"file\";s:18:\"image3-768x167.jpg\";s:5:\"width\";i:768;s:6:\"height\";i:167;s:9:\"mime-type\";s:10:\"image/jpeg\";s:8:\"filesize\";i:29083;}s:9:\"1536x1536\";a:5:{s:4:\"file\";s:19:\"image3-1536x334.jpg\";s:5:\"width\";i:1536;s:6:\"height\";i:334;s:9:\"mime-type\";s:10:\"image/jpeg\";s:8:\"filesize\";i:85953;}s:14:\"post-thumbnail\";a:5:{s:4:\"file\";s:19:\"image3-1200x261.jpg\";s:5:\"width\";i:1200;s:6:\"height\";i:261;s:9:\"mime-type\";s:10:\"image/jpeg\";s:8:\"filesize\";i:58876;}}s:10:\"image_meta\";a:12:{s:8:\"aperture\";s:1:\"0\";s:6:\"credit\";s:0:\"\";s:6:\"camera\";s:0:\"\";s:7:\"caption\";s:0:\"\";s:17:\"created_timestamp\";s:1:\"0\";s:9:\"copyright\";s:0:\"\";s:12:\"focal_length\";s:1:\"0\";s:3:\"iso\";s:1:\"0\";s:13:\"shutter_speed\";s:1:\"0\";s:5:\"title\";s:0:\"\";s:11:\"orientation\";s:1:\"0\";s:8:\"keywords\";a:0:{}}}'),(103,40,'_edit_lock','1732976067:1'),(104,41,'_wp_attached_file','2024/11/Digital-Marketing.jpg'),(105,41,'_wp_attachment_metadata','a:6:{s:5:\"width\";i:1600;s:6:\"height\";i:900;s:4:\"file\";s:29:\"2024/11/Digital-Marketing.jpg\";s:8:\"filesize\";i:165885;s:5:\"sizes\";a:6:{s:6:\"medium\";a:5:{s:4:\"file\";s:29:\"Digital-Marketing-300x169.jpg\";s:5:\"width\";i:300;s:6:\"height\";i:169;s:9:\"mime-type\";s:10:\"image/jpeg\";s:8:\"filesize\";i:10585;}s:5:\"large\";a:5:{s:4:\"file\";s:30:\"Digital-Marketing-1024x576.jpg\";s:5:\"width\";i:1024;s:6:\"height\";i:576;s:9:\"mime-type\";s:10:\"image/jpeg\";s:8:\"filesize\";i:66405;}s:9:\"thumbnail\";a:5:{s:4:\"file\";s:29:\"Digital-Marketing-150x150.jpg\";s:5:\"width\";i:150;s:6:\"height\";i:150;s:9:\"mime-type\";s:10:\"image/jpeg\";s:8:\"filesize\";i:6899;}s:12:\"medium_large\";a:5:{s:4:\"file\";s:29:\"Digital-Marketing-768x432.jpg\";s:5:\"width\";i:768;s:6:\"height\";i:432;s:9:\"mime-type\";s:10:\"image/jpeg\";s:8:\"filesize\";i:43653;}s:9:\"1536x1536\";a:5:{s:4:\"file\";s:30:\"Digital-Marketing-1536x864.jpg\";s:5:\"width\";i:1536;s:6:\"height\";i:864;s:9:\"mime-type\";s:10:\"image/jpeg\";s:8:\"filesize\";i:119338;}s:14:\"post-thumbnail\";a:5:{s:4:\"file\";s:30:\"Digital-Marketing-1200x675.jpg\";s:5:\"width\";i:1200;s:6:\"height\";i:675;s:9:\"mime-type\";s:10:\"image/jpeg\";s:8:\"filesize\";i:84789;}}s:10:\"image_meta\";a:12:{s:8:\"aperture\";s:1:\"0\";s:6:\"credit\";s:0:\"\";s:6:\"camera\";s:0:\"\";s:7:\"caption\";s:0:\"\";s:17:\"created_timestamp\";s:1:\"0\";s:9:\"copyright\";s:0:\"\";s:12:\"focal_length\";s:1:\"0\";s:3:\"iso\";s:1:\"0\";s:13:\"shutter_speed\";s:1:\"0\";s:5:\"title\";s:0:\"\";s:11:\"orientation\";s:1:\"0\";s:8:\"keywords\";a:0:{}}}'),(106,42,'_wp_attached_file','2024/11/Digital-Marketing-1.jpg'),(107,42,'_wp_attachment_metadata','a:6:{s:5:\"width\";i:1600;s:6:\"height\";i:900;s:4:\"file\";s:31:\"2024/11/Digital-Marketing-1.jpg\";s:8:\"filesize\";i:165885;s:5:\"sizes\";a:6:{s:6:\"medium\";a:5:{s:4:\"file\";s:31:\"Digital-Marketing-1-300x169.jpg\";s:5:\"width\";i:300;s:6:\"height\";i:169;s:9:\"mime-type\";s:10:\"image/jpeg\";s:8:\"filesize\";i:10585;}s:5:\"large\";a:5:{s:4:\"file\";s:32:\"Digital-Marketing-1-1024x576.jpg\";s:5:\"width\";i:1024;s:6:\"height\";i:576;s:9:\"mime-type\";s:10:\"image/jpeg\";s:8:\"filesize\";i:66405;}s:9:\"thumbnail\";a:5:{s:4:\"file\";s:31:\"Digital-Marketing-1-150x150.jpg\";s:5:\"width\";i:150;s:6:\"height\";i:150;s:9:\"mime-type\";s:10:\"image/jpeg\";s:8:\"filesize\";i:6899;}s:12:\"medium_large\";a:5:{s:4:\"file\";s:31:\"Digital-Marketing-1-768x432.jpg\";s:5:\"width\";i:768;s:6:\"height\";i:432;s:9:\"mime-type\";s:10:\"image/jpeg\";s:8:\"filesize\";i:43653;}s:9:\"1536x1536\";a:5:{s:4:\"file\";s:32:\"Digital-Marketing-1-1536x864.jpg\";s:5:\"width\";i:1536;s:6:\"height\";i:864;s:9:\"mime-type\";s:10:\"image/jpeg\";s:8:\"filesize\";i:119338;}s:14:\"post-thumbnail\";a:5:{s:4:\"file\";s:32:\"Digital-Marketing-1-1200x675.jpg\";s:5:\"width\";i:1200;s:6:\"height\";i:675;s:9:\"mime-type\";s:10:\"image/jpeg\";s:8:\"filesize\";i:84789;}}s:10:\"image_meta\";a:12:{s:8:\"aperture\";s:1:\"0\";s:6:\"credit\";s:0:\"\";s:6:\"camera\";s:0:\"\";s:7:\"caption\";s:0:\"\";s:17:\"created_timestamp\";s:1:\"0\";s:9:\"copyright\";s:0:\"\";s:12:\"focal_length\";s:1:\"0\";s:3:\"iso\";s:1:\"0\";s:13:\"shutter_speed\";s:1:\"0\";s:5:\"title\";s:0:\"\";s:11:\"orientation\";s:1:\"0\";s:8:\"keywords\";a:0:{}}}'),(109,46,'_menu_item_type','post_type'),(110,46,'_menu_item_menu_item_parent','0'),(111,46,'_menu_item_object_id','36'),(112,46,'_menu_item_object','page'),(113,46,'_menu_item_target',''),(114,46,'_menu_item_classes','a:1:{i:0;s:0:\"\";}'),(115,46,'_menu_item_xfn',''),(116,46,'_menu_item_url',''),(118,20,'_wp_old_date','2024-11-23'),(120,22,'_wp_old_date','2024-11-23'),(121,47,'_edit_last','1'),(122,47,'_edit_lock','1732978551:1'),(123,48,'_wp_attached_file','2024/11/mais.gif'),(124,48,'_wp_attachment_metadata','a:6:{s:5:\"width\";i:300;s:6:\"height\";i:108;s:4:\"file\";s:16:\"2024/11/mais.gif\";s:8:\"filesize\";i:12769;s:5:\"sizes\";a:1:{s:9:\"thumbnail\";a:5:{s:4:\"file\";s:16:\"mais-150x108.gif\";s:5:\"width\";i:150;s:6:\"height\";i:108;s:9:\"mime-type\";s:9:\"image/gif\";s:8:\"filesize\";i:3925;}}s:10:\"image_meta\";a:12:{s:8:\"aperture\";s:1:\"0\";s:6:\"credit\";s:0:\"\";s:6:\"camera\";s:0:\"\";s:7:\"caption\";s:0:\"\";s:17:\"created_timestamp\";s:1:\"0\";s:9:\"copyright\";s:0:\"\";s:12:\"focal_length\";s:1:\"0\";s:3:\"iso\";s:1:\"0\";s:13:\"shutter_speed\";s:1:\"0\";s:5:\"title\";s:0:\"\";s:11:\"orientation\";s:1:\"0\";s:8:\"keywords\";a:0:{}}}'),(125,47,'advanced_ads_ad_options','a:11:{s:7:\"visitor\";a:0:{}s:8:\"visitors\";a:0:{}s:6:\"output\";a:5:{s:8:\"image_id\";s:2:\"48\";s:8:\"position\";s:4:\"none\";s:6:\"margin\";a:4:{s:3:\"top\";s:1:\"0\";s:5:\"right\";s:1:\"0\";s:6:\"bottom\";s:1:\"0\";s:4:\"left\";s:1:\"0\";}s:10:\"wrapper-id\";s:0:\"\";s:13:\"wrapper-class\";s:0:\"\";}s:4:\"type\";s:5:\"image\";s:3:\"url\";s:24:\"https://www.mais.duth.gr\";s:5:\"width\";i:300;s:6:\"height\";i:108;s:10:\"conditions\";a:0:{}s:11:\"expiry_date\";i:0;s:11:\"description\";s:0:\"\";s:17:\"last_save_version\";s:6:\"1.56.1\";}'),(126,51,'_menu_item_type','post_type'),(127,51,'_menu_item_menu_item_parent','20'),(128,51,'_menu_item_object_id','40'),(129,51,'_menu_item_object','page'),(130,51,'_menu_item_target',''),(131,51,'_menu_item_classes','a:1:{i:0;s:0:\"\";}'),(132,51,'_menu_item_xfn',''),(133,51,'_menu_item_url','');

--
-- Table structure for table `wp_1stterm_relationships`
--

CREATE TABLE `wp_1stterm_relationships` (
  `object_id` bigint(20) unsigned NOT NULL DEFAULT 0,
  `term_taxonomy_id` bigint(20) unsigned NOT NULL DEFAULT 0,
  `term_order` int(11) NOT NULL DEFAULT 0,
  PRIMARY KEY (`object_id`,`term_taxonomy_id`),
  KEY `term_taxonomy_id` (`term_taxonomy_id`)
) ENGINE=InnoDB DEFAULT CHARSET=utf8mb4 COLLATE=utf8mb4_unicode_520_ci;

--
-- Dumping data for table `wp_1stterm_relationships`
--

INSERT INTO `wp_1stterm_relationships` VALUES (1,1,0),(10,2,0),(12,2,0),(20,3,0),(22,3,0),(24,4,0),(25,4,0),(37,1,0),(46,3,0),(51,3,0);

--
-- Table structure for table `wp_1stterm_taxonomy`
--

CREATE TABLE `wp_1stterm_taxonomy` (
  `term_taxonomy_id` bigint(20) unsigned NOT NULL AUTO_INCREMENT,
  `term_id` bigint(20) unsigned NOT NULL DEFAULT 0,
  `taxonomy` varchar(32) NOT NULL DEFAULT '',
  `description` longtext NOT NULL,
  `parent` bigint(20) unsigned NOT NULL DEFAULT 0,
  `count` bigint(20) NOT NULL DEFAULT 0,
  PRIMARY KEY (`term_taxonomy_id`),
  UNIQUE KEY `term_id_taxonomy` (`term_id`,`taxonomy`),
  KEY `taxonomy` (`taxonomy`)
) ENGINE=InnoDB AUTO_INCREMENT=5 DEFAULT CHARSET=utf8mb4 COLLATE=utf8mb4_unicode_520_ci;

--
-- Dumping data for table `wp_1stterm_taxonomy`
--

INSERT INTO `wp_1stterm_taxonomy` VALUES (1,1,'category','',0,2),(2,2,'wp_theme','',0,2),(3,3,'nav_menu','',0,4),(4,4,'nav_menu','',0,2);

--
-- Table structure for table `wp_1sttermmeta`
--

CREATE TABLE `wp_1sttermmeta` (
  `meta_id` bigint(20) unsigned NOT NULL AUTO_INCREMENT,
  `term_id` bigint(20) unsigned NOT NULL DEFAULT 0,
  `meta_key` varchar(255) DEFAULT NULL,
  `meta_value` longtext DEFAULT NULL,
  PRIMARY KEY (`meta_id`),
  KEY `term_id` (`term_id`),
  KEY `meta_key` (`meta_key`(191))
) ENGINE=InnoDB DEFAULT CHARSET=utf8mb4 COLLATE=utf8mb4_unicode_520_ci;

--
-- Dumping data for table `wp_1sttermmeta`
--


--
-- Table structure for table `wp_1stterms`
--

CREATE TABLE `wp_1stterms` (
  `term_id` bigint(20) unsigned NOT NULL AUTO_INCREMENT,
  `name` varchar(200) NOT NULL DEFAULT '',
  `slug` varchar(200) NOT NULL DEFAULT '',
  `term_group` bigint(10) NOT NULL DEFAULT 0,
  PRIMARY KEY (`term_id`),
  KEY `slug` (`slug`(191)),
  KEY `name` (`name`(191))
) ENGINE=InnoDB AUTO_INCREMENT=5 DEFAULT CHARSET=utf8mb4 COLLATE=utf8mb4_unicode_520_ci;

--
-- Dumping data for table `wp_1stterms`
--

INSERT INTO `wp_1stterms` VALUES (1,'Χωρίς κατηγορία','%ce%b1%cf%84%ce%b1%ce%be%ce%b9%ce%bd%cf%8c%ce%bc%ce%b7%cf%84%ce%b1',0),(2,'twentytwentyfive','twentytwentyfive',0),(3,'Κεντρικό μενού','%ce%ba%ce%b5%ce%bd%cf%84%cf%81%ce%b9%ce%ba%cf%8c-%ce%bc%ce%b5%ce%bd%ce%bf%cf%8d',0),(4,'Δευτερεύων μενού','%ce%b4%ce%b5%cf%85%cf%84%ce%b5%cf%81%ce%b5%cf%8d%cf%89%ce%bd-%ce%bc%ce%b5%ce%bd%ce%bf%cf%8d',0);

--
-- Table structure for table `wp_1stusermeta`
--

CREATE TABLE `wp_1stusermeta` (
  `umeta_id` bigint(20) unsigned NOT NULL AUTO_INCREMENT,
  `user_id` bigint(20) unsigned NOT NULL DEFAULT 0,
  `meta_key` varchar(255) DEFAULT NULL,
  `meta_value` longtext DEFAULT NULL,
  PRIMARY KEY (`umeta_id`),
  KEY `user_id` (`user_id`),
  KEY `meta_key` (`meta_key`(191))
) ENGINE=InnoDB AUTO_INCREMENT=27 DEFAULT CHARSET=utf8mb4 COLLATE=utf8mb4_unicode_520_ci;

--
-- Dumping data for table `wp_1stusermeta`
--

INSERT INTO `wp_1stusermeta` VALUES (1,1,'nickname','panatsol5'),(2,1,'first_name',''),(3,1,'last_name',''),(4,1,'description',''),(5,1,'rich_editing','true'),(6,1,'syntax_highlighting','true'),(7,1,'comment_shortcuts','false'),(8,1,'admin_color','fresh'),(9,1,'use_ssl','0'),(10,1,'show_admin_bar_front','true'),(11,1,'locale',''),(12,1,'wp_1stcapabilities','a:1:{s:13:\"administrator\";b:1;}'),(13,1,'wp_1stuser_level','10'),(14,1,'dismissed_wp_pointers','theme_editor_notice'),(15,1,'show_welcome_panel','1'),(16,1,'session_tokens','a:1:{s:64:\"abf6907edcd0de91f1a41c7206911f40e463fb747ff7461c8528dac93f0de8c9\";a:4:{s:10:\"expiration\";i:1736259814;s:2:\"ip\";s:12:\"62.74.23.114\";s:2:\"ua\";s:80:\"Mozilla/5.0 (Windows NT 10.0; Win64; x64; rv:133.0) Gecko/20100101 Firefox/133.0\";s:5:\"login\";i:1736087014;}}'),(17,1,'wp_1stdashboard_quick_press_last_post_id','54'),(18,1,'community-events-location','a:1:{s:2:\"ip\";s:10:\"62.74.23.0\";}'),(19,1,'wp_1stpersisted_preferences','a:6:{s:4:\"core\";a:2:{s:26:\"isComplementaryAreaVisible\";b:1;s:10:\"openPanels\";a:3:{i:0;s:11:\"post-status\";i:1;s:23:\"taxonomy-panel-category\";i:2;s:23:\"taxonomy-panel-post_tag\";}}s:14:\"core/edit-site\";a:1:{s:12:\"welcomeGuide\";b:0;}s:9:\"_modified\";s:24:\"2024-11-30T14:53:15.512Z\";s:22:\"core/customize-widgets\";a:1:{s:12:\"welcomeGuide\";b:0;}s:14:\"core/edit-post\";a:1:{s:12:\"welcomeGuide\";b:0;}s:17:\"core/edit-widgets\";a:2:{s:26:\"isComplementaryAreaVisible\";b:1;s:12:\"welcomeGuide\";b:0;}}'),(20,1,'wp_1stuser-settings','libraryContent=browse'),(21,1,'wp_1stuser-settings-time','1732376174'),(22,1,'nav_menu_recently_edited','3'),(23,1,'managenav-menuscolumnshidden','a:5:{i:0;s:11:\"link-target\";i:1;s:11:\"css-classes\";i:2;s:3:\"xfn\";i:3;s:11:\"description\";i:4;s:15:\"title-attribute\";}'),(24,1,'metaboxhidden_nav-menus','a:2:{i:0;s:12:\"add-post_tag\";i:1;s:15:\"add-post_format\";}'),(25,1,'wporg_favorites','advanced'),(26,1,'advanced-ads-hide-wizard','false');


