-- Table structure for table `brbbp_fields`
--

CREATE TABLE `brbbp_fields` (
  `id` int(10) unsigned NOT NULL AUTO_INCREMENT,
  `asset_id` int(10) unsigned NOT NULL DEFAULT 0,
  `context` varchar(255) NOT NULL DEFAULT '',
  `group_id` int(10) unsigned NOT NULL DEFAULT 0,
  `title` varchar(255) NOT NULL DEFAULT '',
  `name` varchar(255) NOT NULL DEFAULT '',
  `label` varchar(255) NOT NULL DEFAULT '',
  `default_value` text DEFAULT NULL,
  `type` varchar(255) NOT NULL DEFAULT 'text',
  `note` varchar(255) NOT NULL DEFAULT '',
  `description` text NOT NULL,
  `state` tinyint(4) NOT NULL DEFAULT 0,
  `required` tinyint(4) NOT NULL DEFAULT 0,
  `only_use_in_subform` tinyint(4) NOT NULL DEFAULT 0,
  `checked_out` int(10) unsigned DEFAULT NULL,
  `checked_out_time` datetime DEFAULT NULL,
  `ordering` int(11) NOT NULL DEFAULT 0,
  `params` text NOT NULL,
  `fieldparams` text NOT NULL,
  `language` char(7) NOT NULL DEFAULT '',
  `created_time` datetime NOT NULL,
  `created_user_id` int(10) unsigned NOT NULL DEFAULT 0,
  `modified_time` datetime NOT NULL,
  `modified_by` int(10) unsigned NOT NULL DEFAULT 0,
  `access` int(11) NOT NULL DEFAULT 1,
  PRIMARY KEY (`id`),
  KEY `idx_checkout` (`checked_out`),
  KEY `idx_state` (`state`),
  KEY `idx_created_user_id` (`created_user_id`),
  KEY `idx_access` (`access`),
  KEY `idx_context` (`context`(191)),
  KEY `idx_language` (`language`)
) ENGINE=InnoDB DEFAULT CHARSET=utf8mb4 COLLATE=utf8mb4_unicode_ci;

--
-- Dumping data for table `brbbp_fields`
--


--
-- Table structure for table `brbbp_fields_categories`
--

CREATE TABLE `brbbp_fields_categories` (
  `field_id` int(11) NOT NULL DEFAULT 0,
  `category_id` int(11) NOT NULL DEFAULT 0,
  PRIMARY KEY (`field_id`,`category_id`)
) ENGINE=InnoDB DEFAULT CHARSET=utf8mb4 COLLATE=utf8mb4_unicode_ci;

--
-- Dumping data for table `brbbp_fields_categories`
--


--
-- Table structure for table `brbbp_fields_groups`
--

CREATE TABLE `brbbp_fields_groups` (
  `id` int(10) unsigned NOT NULL AUTO_INCREMENT,
  `asset_id` int(10) unsigned NOT NULL DEFAULT 0,
  `context` varchar(255) NOT NULL DEFAULT '',
  `title` varchar(255) NOT NULL DEFAULT '',
  `note` varchar(255) NOT NULL DEFAULT '',
  `description` text NOT NULL,
  `state` tinyint(4) NOT NULL DEFAULT 0,
  `checked_out` int(10) unsigned DEFAULT NULL,
  `checked_out_time` datetime DEFAULT NULL,
  `ordering` int(11) NOT NULL DEFAULT 0,
  `params` text NOT NULL,
  `language` char(7) NOT NULL DEFAULT '',
  `created` datetime NOT NULL,
  `created_by` int(10) unsigned NOT NULL DEFAULT 0,
  `modified` datetime NOT NULL,
  `modified_by` int(10) unsigned NOT NULL DEFAULT 0,
  `access` int(11) NOT NULL DEFAULT 1,
  PRIMARY KEY (`id`),
  KEY `idx_checkout` (`checked_out`),
  KEY `idx_state` (`state`),
  KEY `idx_created_by` (`created_by`),
  KEY `idx_access` (`access`),
  KEY `idx_context` (`context`(191)),
  KEY `idx_language` (`language`)
) ENGINE=InnoDB DEFAULT CHARSET=utf8mb4 COLLATE=utf8mb4_unicode_ci;

--
-- Dumping data for table `brbbp_fields_groups`
--


--
-- Table structure for table `brbbp_fields_values`
--

CREATE TABLE `brbbp_fields_values` (
  `field_id` int(10) unsigned NOT NULL,
  `item_id` varchar(255) NOT NULL COMMENT 'Allow references to items which have strings as ids, eg. none db systems.',
  `value` text DEFAULT NULL,
  KEY `idx_field_id` (`field_id`),
  KEY `idx_item_id` (`item_id`(191))
) ENGINE=InnoDB DEFAULT CHARSET=utf8mb4 COLLATE=utf8mb4_unicode_ci;

--
-- Dumping data for table `brbbp_fields_values`
--


--
-- Table structure for table `brbbp_finder_filters`
--

CREATE TABLE `brbbp_finder_filters` (
  `filter_id` int(10) unsigned NOT NULL AUTO_INCREMENT,
  `title` varchar(255) NOT NULL,
  `alias` varchar(255) NOT NULL,
  `state` tinyint(4) NOT NULL DEFAULT 1,
  `created` datetime NOT NULL,
  `created_by` int(10) unsigned NOT NULL DEFAULT 0,
  `created_by_alias` varchar(255) NOT NULL DEFAULT '',
  `modified` datetime NOT NULL,
  `modified_by` int(10) unsigned NOT NULL DEFAULT 0,
  `checked_out` int(10) unsigned DEFAULT NULL,
  `checked_out_time` datetime DEFAULT NULL,
  `map_count` int(10) unsigned NOT NULL DEFAULT 0,
  `data` text DEFAULT NULL,
  `params` mediumtext DEFAULT NULL,
  PRIMARY KEY (`filter_id`)
) ENGINE=InnoDB DEFAULT CHARSET=utf8mb4 COLLATE=utf8mb4_unicode_ci;

--
-- Dumping data for table `brbbp_finder_filters`
--


--
-- Table structure for table `brbbp_finder_links`
--

CREATE TABLE `brbbp_finder_links` (
  `link_id` int(10) unsigned NOT NULL AUTO_INCREMENT,
  `url` varchar(255) NOT NULL,
  `route` varchar(400) NOT NULL,
  `title` varchar(400) DEFAULT NULL,
  `description` text DEFAULT NULL,
  `indexdate` datetime NOT NULL,
  `md5sum` varchar(32) DEFAULT NULL,
  `published` tinyint(4) NOT NULL DEFAULT 1,
  `state` int(11) NOT NULL DEFAULT 1,
  `access` int(11) NOT NULL DEFAULT 0,
  `language` char(7) NOT NULL DEFAULT '',
  `publish_start_date` datetime DEFAULT NULL,
  `publish_end_date` datetime DEFAULT NULL,
  `start_date` datetime DEFAULT NULL,
  `end_date` datetime DEFAULT NULL,
  `list_price` double unsigned NOT NULL DEFAULT 0,
  `sale_price` double unsigned NOT NULL DEFAULT 0,
  `type_id` int(11) NOT NULL,
  `object` mediumblob DEFAULT NULL,
  PRIMARY KEY (`link_id`),
  KEY `idx_type` (`type_id`),
  KEY `idx_title` (`title`(100)),
  KEY `idx_md5` (`md5sum`),
  KEY `idx_url` (`url`(75)),
  KEY `idx_language` (`language`),
  KEY `idx_published_list` (`published`,`state`,`access`,`publish_start_date`,`publish_end_date`,`list_price`),
  KEY `idx_published_sale` (`published`,`state`,`access`,`publish_start_date`,`publish_end_date`,`sale_price`)
) ENGINE=InnoDB AUTO_INCREMENT=6 DEFAULT CHARSET=utf8mb4 COLLATE=utf8mb4_unicode_ci;

--
-- Dumping data for table `brbbp_finder_links`
--

INSERT INTO `brbbp_finder_links` VALUES (1,'index.php?option=com_content&view=category&id=8','index.php?option=com_content&view=category&id=8',' Γνωριμία με το Τμήμα',' Το Τμήμα Διοικητικής Επιστήμης και Τεχνολογίας του Διεθνούς Πανεπιστημίου Ελλάδος είναι ένα νέο σύγχρονο Τμήμα το οποίο δημιουργήθηκε με στόχο την προαγωγή της έρευνας και της διδασκαλίας στο επιστημονικό πεδίο της Διοικητικής Επιστήμης και της Τεχνολογίας, προς όφελος της κοινωνίας και της επιστήμης. O σκοπός του προγράμματος είναι η δημιουργία στελεχών που θα συνδυάζουν τις επιστημονικές γνώσεις της διοικητικής επιστήμης και τις απαραίτητες οργανωσιακές και ηγετικές ικανότητες, πλαισιωμένες με τις επιστημονικές γνώσεις και τις ικανότητες αξιοποίησης των σύγχρονων τεχνολογιών και ειδικότερα της Πληροφορικής και των Επικοινωνιών. ','2021-12-03 09:34:54','9cee88ba4ef9fce478279e015963ef87',1,0,1,'*',NULL,NULL,'2021-12-03 09:31:09',NULL,0,0,1,'C:52:\"Joomla\\Component\\Finder\\Administrator\\Indexer\\Result\":4095:{a:19:{i:0;i:1;i:1;s:5:\"el-GR\";i:2;s:1186:\" Το Τμήμα Διοικητικής Επιστήμης και Τεχνολογίας του Διεθνούς Πανεπιστημίου Ελλάδος είναι ένα νέο σύγχρονο Τμήμα το οποίο δημιουργήθηκε με στόχο την προαγωγή της έρευνας και της διδασκαλίας στο επιστημονικό πεδίο της Διοικητικής Επιστήμης και της Τεχνολογίας, προς όφελος της κοινωνίας και της επιστήμης. O σκοπός του προγράμματος είναι η δημιουργία στελεχών που θα συνδυάζουν τις επιστημονικές γνώσεις της διοικητικής επιστήμης και τις απαραίτητες οργανωσιακές και ηγετικές ικανότητες, πλαισιωμένες με τις επιστημονικές γνώσεις και τις ικανότητες αξιοποίησης των σύγχρονων τεχνολογιών και ειδικότερα της Πληροφορικής και των Επικοινωνιών. \";i:3;a:17:{s:2:\"id\";i:8;s:5:\"alias\";s:4:\"home\";s:9:\"extension\";s:11:\"com_content\";s:7:\"metakey\";s:0:\"\";s:8:\"metadesc\";s:0:\"\";s:8:\"metadata\";O:24:\"Joomla\\Registry\\Registry\":3:{s:7:\"\0*\0data\";O:8:\"stdClass\":2:{s:6:\"author\";s:0:\"\";s:6:\"robots\";s:0:\"\";}s:14:\"\0*\0initialized\";b:1;s:9:\"separator\";s:1:\".\";}s:3:\"lft\";i:11;s:9:\"parent_id\";i:1;s:5:\"level\";i:1;s:6:\"params\";O:24:\"Joomla\\Registry\\Registry\":3:{s:7:\"\0*\0data\";O:8:\"stdClass\":3:{s:15:\"category_layout\";s:0:\"\";s:5:\"image\";s:0:\"\";s:9:\"image_alt\";s:0:\"\";}s:14:\"\0*\0initialized\";b:1;s:9:\"separator\";s:1:\".\";}s:7:\"summary\";s:1201:\"<p>Το Τμήμα Διοικητικής Επιστήμης και Τεχνολογίας του Διεθνούς Πανεπιστημίου Ελλάδος είναι ένα νέο σύγχρονο Τμήμα το οποίο δημιουργήθηκε με στόχο την προαγωγή της έρευνας και της διδασκαλίας στο επιστημονικό πεδίο της Διοικητικής Επιστήμης και της Τεχνολογίας, προς όφελος της κοινωνίας και της επιστήμης.</p>\r\n<p>O σκοπός του προγράμματος είναι η δημιουργία στελεχών που θα συνδυάζουν τις επιστημονικές γνώσεις της διοικητικής επιστήμης και τις απαραίτητες οργανωσιακές και ηγετικές ικανότητες, πλαισιωμένες με τις επιστημονικές γνώσεις και τις ικανότητες αξιοποίησης των σύγχρονων τεχνολογιών και ειδικότερα της Πληροφορικής και των Επικοινωνιών. </p>\";s:10:\"created_by\";i:73;s:8:\"modified\";s:19:\"2021-12-03 09:31:09\";s:11:\"modified_by\";i:73;s:4:\"slug\";s:6:\"8:home\";s:6:\"layout\";s:8:\"category\";s:10:\"metaauthor\";N;}i:4;N;i:5;a:5:{i:1;a:3:{i:0;s:5:\"title\";i:1;s:8:\"subtitle\";i:2;s:2:\"id\";}i:2;a:2:{i:0;s:7:\"summary\";i:1;s:4:\"body\";}i:3;a:8:{i:0;s:4:\"meta\";i:1;s:10:\"list_price\";i:2;s:10:\"sale_price\";i:3;s:4:\"link\";i:4;s:7:\"metakey\";i:5;s:8:\"metadesc\";i:6;s:10:\"metaauthor\";i:7;s:6:\"author\";}i:4;a:2:{i:0;s:4:\"path\";i:1;s:5:\"alias\";}i:5;a:1:{i:0;s:8:\"comments\";}}i:6;s:1:\"*\";i:7;N;i:8;N;i:9;N;i:10;N;i:11;s:47:\"index.php?option=com_content&view=category&id=8\";i:12;N;i:13;s:19:\"2021-12-03 09:31:09\";i:14;i:0;i:15;a:2:{s:4:\"Type\";a:1:{i:0;O:8:\"stdClass\":6:{s:5:\"title\";s:8:\"Category\";s:5:\"state\";i:1;s:6:\"access\";i:1;s:8:\"language\";s:0:\"\";s:6:\"nested\";b:0;s:2:\"id\";i:3;}}s:8:\"Language\";a:1:{i:0;O:8:\"stdClass\":6:{s:5:\"title\";s:1:\"*\";s:5:\"state\";i:1;s:6:\"access\";i:1;s:8:\"language\";s:0:\"\";s:6:\"nested\";b:0;s:2:\"id\";i:5;}}}i:16;s:38:\" Γνωριμία με το Τμήμα\";i:17;i:1;i:18;s:47:\"index.php?option=com_content&view=category&id=8\";}}'),(2,'index.php?option=com_content&view=article&id=1','index.php?option=com_content&view=article&id=1:home&catid=2',' Γνωριμία με το Τμήμα',' Το Τμήμα Διοικητικής Επιστήμης και Τεχνολογίας του Διεθνούς Πανεπιστημίου Ελλάδος είναι ένα νέο σύγχρονο Τμήμα το οποίο δημιουργήθηκε με στόχο την προαγωγή της έρευνας και της διδασκαλίας στο επιστημονικό πεδίο της Διοικητικής Επιστήμης και της Τεχνολογίας, προς όφελος της κοινωνίας και της επιστήμης. O σκοπός του προγράμματος είναι η δημιουργία στελεχών που θα συνδυάζουν τις επιστημονικές γνώσεις της διοικητικής επιστήμης και τις απαραίτητες οργανωσιακές και ηγετικές ικανότητες, πλαισιωμένες με τις επιστημονικές γνώσεις και τις ικανότητες αξιοποίησης των σύγχρονων τεχνολογιών και ειδικότερα της Πληροφορικής και των Επικοινωνιών. ','2021-12-03 09:34:21','56e16f4519b8f84f27094a2168719de8',1,1,1,'*','2021-12-03 09:34:21',NULL,'2021-12-03 09:34:21',NULL,0,0,3,'C:52:\"Joomla\\Component\\Finder\\Administrator\\Indexer\\Result\":6951:{a:19:{i:0;i:1;i:1;s:5:\"el-GR\";i:2;s:1186:\" Το Τμήμα Διοικητικής Επιστήμης και Τεχνολογίας του Διεθνούς Πανεπιστημίου Ελλάδος είναι ένα νέο σύγχρονο Τμήμα το οποίο δημιουργήθηκε με στόχο την προαγωγή της έρευνας και της διδασκαλίας στο επιστημονικό πεδίο της Διοικητικής Επιστήμης και της Τεχνολογίας, προς όφελος της κοινωνίας και της επιστήμης. O σκοπός του προγράμματος είναι η δημιουργία στελεχών που θα συνδυάζουν τις επιστημονικές γνώσεις της διοικητικής επιστήμης και τις απαραίτητες οργανωσιακές και ηγετικές ικανότητες, πλαισιωμένες με τις επιστημονικές γνώσεις και τις ικανότητες αξιοποίησης των σύγχρονων τεχνολογιών και ειδικότερα της Πληροφορικής και των Επικοινωνιών. \";i:3;a:25:{s:2:\"id\";i:1;s:5:\"alias\";s:4:\"home\";s:7:\"summary\";s:1201:\"<p>Το Τμήμα Διοικητικής Επιστήμης και Τεχνολογίας του Διεθνούς Πανεπιστημίου Ελλάδος είναι ένα νέο σύγχρονο Τμήμα το οποίο δημιουργήθηκε με στόχο την προαγωγή της έρευνας και της διδασκαλίας στο επιστημονικό πεδίο της Διοικητικής Επιστήμης και της Τεχνολογίας, προς όφελος της κοινωνίας και της επιστήμης.</p>\r\n<p>O σκοπός του προγράμματος είναι η δημιουργία στελεχών που θα συνδυάζουν τις επιστημονικές γνώσεις της διοικητικής επιστήμης και τις απαραίτητες οργανωσιακές και ηγετικές ικανότητες, πλαισιωμένες με τις επιστημονικές γνώσεις και τις ικανότητες αξιοποίησης των σύγχρονων τεχνολογιών και ειδικότερα της Πληροφορικής και των Επικοινωνιών. </p>\";s:4:\"body\";s:0:\"\";s:6:\"images\";s:173:\"{\"image_intro\":\"\",\"image_intro_alt\":\"\",\"float_intro\":\"\",\"image_intro_caption\":\"\",\"image_fulltext\":\"\",\"image_fulltext_alt\":\"\",\"float_fulltext\":\"\",\"image_fulltext_caption\":\"\"}\";s:5:\"catid\";i:2;s:10:\"created_by\";i:73;s:16:\"created_by_alias\";s:0:\"\";s:8:\"modified\";s:19:\"2021-12-03 09:34:21\";s:11:\"modified_by\";i:73;s:6:\"params\";O:24:\"Joomla\\Registry\\Registry\":3:{s:7:\"\0*\0data\";O:8:\"stdClass\":67:{s:14:\"article_layout\";s:9:\"_:default\";s:10:\"show_title\";s:1:\"1\";s:11:\"link_titles\";s:1:\"1\";s:10:\"show_intro\";s:1:\"1\";s:13:\"show_category\";s:1:\"1\";s:13:\"link_category\";s:1:\"1\";s:20:\"show_parent_category\";s:1:\"0\";s:20:\"link_parent_category\";s:1:\"0\";s:11:\"show_author\";s:1:\"1\";s:11:\"link_author\";s:1:\"0\";s:16:\"show_create_date\";s:1:\"0\";s:16:\"show_modify_date\";s:1:\"0\";s:17:\"show_publish_date\";s:1:\"1\";s:20:\"show_item_navigation\";s:1:\"1\";s:9:\"show_vote\";s:1:\"0\";s:9:\"show_tags\";s:1:\"1\";s:13:\"show_readmore\";s:1:\"1\";s:19:\"show_readmore_title\";s:1:\"1\";s:14:\"readmore_limit\";s:3:\"100\";s:11:\"record_hits\";s:1:\"1\";s:9:\"show_hits\";s:1:\"1\";s:11:\"show_noauth\";s:1:\"0\";s:23:\"show_publishing_options\";s:1:\"1\";s:20:\"show_article_options\";s:1:\"1\";s:12:\"save_history\";s:1:\"1\";s:13:\"history_limit\";i:10;s:25:\"show_urls_images_frontend\";s:1:\"0\";s:24:\"show_urls_images_backend\";s:1:\"1\";s:7:\"targeta\";i:0;s:7:\"targetb\";i:0;s:7:\"targetc\";i:0;s:11:\"float_intro\";s:4:\"left\";s:14:\"float_fulltext\";s:4:\"left\";s:15:\"category_layout\";s:6:\"_:blog\";s:19:\"show_category_title\";s:1:\"0\";s:16:\"show_description\";s:1:\"0\";s:22:\"show_description_image\";s:1:\"0\";s:8:\"maxLevel\";s:1:\"1\";s:21:\"show_empty_categories\";s:1:\"0\";s:16:\"show_no_articles\";s:1:\"1\";s:16:\"show_subcat_desc\";s:1:\"1\";s:21:\"show_cat_num_articles\";s:1:\"0\";s:21:\"show_base_description\";s:1:\"1\";s:11:\"maxLevelcat\";s:2:\"-1\";s:25:\"show_empty_categories_cat\";s:1:\"0\";s:20:\"show_subcat_desc_cat\";s:1:\"1\";s:25:\"show_cat_num_articles_cat\";s:1:\"1\";s:20:\"num_leading_articles\";s:1:\"1\";s:18:\"num_intro_articles\";s:1:\"4\";s:9:\"num_links\";s:1:\"4\";s:24:\"show_subcategory_content\";s:1:\"0\";s:16:\"link_intro_image\";s:1:\"0\";s:21:\"show_pagination_limit\";s:1:\"1\";s:12:\"filter_field\";s:4:\"hide\";s:13:\"show_headings\";s:1:\"1\";s:14:\"list_show_date\";s:1:\"0\";s:11:\"date_format\";s:0:\"\";s:14:\"list_show_hits\";s:1:\"1\";s:16:\"list_show_author\";s:1:\"1\";s:11:\"orderby_pri\";s:5:\"order\";s:11:\"orderby_sec\";s:5:\"rdate\";s:10:\"order_date\";s:9:\"published\";s:15:\"show_pagination\";s:1:\"2\";s:23:\"show_pagination_results\";s:1:\"1\";s:14:\"show_feed_link\";s:1:\"1\";s:12:\"feed_summary\";s:1:\"0\";s:7:\"sef_ids\";i:1;}s:14:\"\0*\0initialized\";b:1;s:9:\"separator\";s:1:\".\";}s:7:\"metakey\";s:0:\"\";s:8:\"metadesc\";s:0:\"\";s:8:\"metadata\";O:24:\"Joomla\\Registry\\Registry\":3:{s:7:\"\0*\0data\";O:8:\"stdClass\":3:{s:6:\"robots\";s:0:\"\";s:6:\"author\";s:0:\"\";s:6:\"rights\";s:0:\"\";}s:14:\"\0*\0initialized\";b:1;s:9:\"separator\";s:1:\".\";}s:7:\"version\";i:1;s:8:\"ordering\";i:0;s:8:\"category\";s:13:\"Uncategorised\";s:9:\"cat_state\";i:1;s:10:\"cat_access\";i:1;s:4:\"slug\";s:6:\"1:home\";s:7:\"catslug\";s:15:\"2:uncategorised\";s:6:\"author\";s:35:\"Λεωνίδας Φραγγίδης\";s:6:\"layout\";s:7:\"article\";s:7:\"context\";s:19:\"com_content.article\";s:10:\"metaauthor\";N;}i:4;N;i:5;a:5:{i:1;a:3:{i:0;s:5:\"title\";i:1;s:8:\"subtitle\";i:2;s:2:\"id\";}i:2;a:2:{i:0;s:7:\"summary\";i:1;s:4:\"body\";}i:3;a:8:{i:0;s:4:\"meta\";i:1;s:10:\"list_price\";i:2;s:10:\"sale_price\";i:3;s:7:\"metakey\";i:4;s:8:\"metadesc\";i:5;s:10:\"metaauthor\";i:6;s:6:\"author\";i:7;s:16:\"created_by_alias\";}i:4;a:2:{i:0;s:4:\"path\";i:1;s:5:\"alias\";}i:5;a:1:{i:0;s:8:\"comments\";}}i:6;s:1:\"*\";i:7;N;i:8;N;i:9;s:19:\"2021-12-03 09:34:21\";i:10;N;i:11;s:59:\"index.php?option=com_content&view=article&id=1:home&catid=2\";i:12;N;i:13;s:19:\"2021-12-03 09:34:21\";i:14;i:1;i:15;a:4:{s:4:\"Type\";a:1:{i:0;O:8:\"stdClass\":6:{s:5:\"title\";s:7:\"Article\";s:5:\"state\";i:1;s:6:\"access\";i:1;s:8:\"language\";s:0:\"\";s:6:\"nested\";b:0;s:2:\"id\";i:6;}}s:6:\"Author\";a:1:{i:0;O:8:\"stdClass\":6:{s:5:\"title\";s:35:\"Λεωνίδας Φραγγίδης\";s:5:\"state\";i:1;s:6:\"access\";i:1;s:8:\"language\";s:0:\"\";s:6:\"nested\";b:0;s:2:\"id\";i:8;}}s:8:\"Category\";a:1:{i:0;O:8:\"stdClass\":6:{s:5:\"title\";s:13:\"Uncategorised\";s:5:\"state\";i:1;s:6:\"access\";i:1;s:8:\"language\";s:1:\"*\";s:6:\"nested\";b:1;s:2:\"id\";i:10;}}s:8:\"Language\";a:1:{i:0;O:8:\"stdClass\":6:{s:5:\"title\";s:1:\"*\";s:5:\"state\";i:1;s:6:\"access\";i:1;s:8:\"language\";s:0:\"\";s:6:\"nested\";b:0;s:2:\"id\";i:5;}}}i:16;s:38:\" Γνωριμία με το Τμήμα\";i:17;i:3;i:18;s:46:\"index.php?option=com_content&view=article&id=1\";}}'),(3,'index.php?option=com_content&view=article&id=2','index.php?option=com_content&view=article&id=2:goal-and-objective&catid=2','Στόχοι & Επιδιώξεις',' Το Τμήμα αποσκοπεί: Στην παροχή εκπαίδευσης υψηλού επιπέδου σε προπτυχιακούς και μεταπτυχιακούς φοιτητές στα αντικείμενα της διοικητικής επιστήμης και της τεχνολογίας με στόχο την ανάδειξη των κρίσιμων πλεονεκτημάτων του συνδυασμού τους, δημιουργώντας μελλοντικά μια μάζα επιστημόνων με ευρεία επιστημονική γνώση και αναπτυγμένες δεξιότητες εφαρμογής της σε πρακτικά προβλήματα. Στη δημιουργία επιστημονικού δυναμικού υψηλού επιπέδου εκπαίδευσης για στελέχωση τόσο της έρευνας όσο και της παροχής υπηρεσιών σε τομείς μοχλούς για την οικονομική ανάπτυξη. Στη δημιουργία ενός ισχυρού, βιώσιμου και διεθνώς ανταγωνιστικού Τμήματος στο ευρύ φάσμα το βασικού και εφαρμοσμένου διεπιστημονικού πεδίου της Διοικητικής Επιστήμης και Τεχνολογίας. Στη δημιουργία συνεργειών με τα άλλα συγγενή Τμήματα και τα ερευνητικά εργαστήρια της χώρας. ','2021-12-03 11:12:26','73ff96da7f32f1e0755103706ede10a6',1,1,1,'*','2021-12-03 11:12:26',NULL,'2021-12-03 11:12:26',NULL,0,0,3,'C:52:\"Joomla\\Component\\Finder\\Administrator\\Indexer\\Result\":7755:{a:19:{i:0;i:1;i:1;s:5:\"el-GR\";i:2;s:1545:\" Το Τμήμα αποσκοπεί: Στην παροχή εκπαίδευσης υψηλού επιπέδου σε προπτυχιακούς και μεταπτυχιακούς φοιτητές στα αντικείμενα της διοικητικής επιστήμης και της τεχνολογίας με στόχο την ανάδειξη των κρίσιμων πλεονεκτημάτων του συνδυασμού τους, δημιουργώντας μελλοντικά μια μάζα επιστημόνων με ευρεία επιστημονική γνώση και αναπτυγμένες δεξιότητες εφαρμογής της σε πρακτικά προβλήματα. Στη δημιουργία επιστημονικού δυναμικού υψηλού επιπέδου εκπαίδευσης για στελέχωση τόσο της έρευνας όσο και της παροχής υπηρεσιών σε τομείς μοχλούς για την οικονομική ανάπτυξη. Στη δημιουργία ενός ισχυρού, βιώσιμου και διεθνώς ανταγωνιστικού Τμήματος στο ευρύ φάσμα το βασικού και εφαρμοσμένου διεπιστημονικού πεδίου της Διοικητικής Επιστήμης και Τεχνολογίας. Στη δημιουργία συνεργειών με τα άλλα συγγενή Τμήματα και τα ερευνητικά εργαστήρια της χώρας. \";i:3;a:25:{s:2:\"id\";i:2;s:5:\"alias\";s:18:\"goal and objective\";s:7:\"summary\";s:1605:\"<p>Το Τμήμα αποσκοπεί: </p>\r\n<ul>\r\n<li>Στην παροχή εκπαίδευσης υψηλού επιπέδου σε προπτυχιακούς και μεταπτυχιακούς φοιτητές στα αντικείμενα της διοικητικής επιστήμης και της τεχνολογίας με στόχο την ανάδειξη των κρίσιμων πλεονεκτημάτων του συνδυασμού τους, δημιουργώντας μελλοντικά μια μάζα επιστημόνων με ευρεία επιστημονική γνώση και αναπτυγμένες δεξιότητες εφαρμογής της σε πρακτικά προβλήματα.</li>\r\n<li>Στη δημιουργία επιστημονικού δυναμικού υψηλού επιπέδου εκπαίδευσης για στελέχωση τόσο της έρευνας όσο και της παροχής υπηρεσιών σε τομείς μοχλούς για την οικονομική ανάπτυξη.</li>\r\n<li>Στη δημιουργία ενός ισχυρού, βιώσιμου και διεθνώς ανταγωνιστικού Τμήματος στο ευρύ φάσμα το βασικού και εφαρμοσμένου διεπιστημονικού πεδίου της Διοικητικής Επιστήμης και Τεχνολογίας.</li>\r\n<li>Στη δημιουργία συνεργειών με τα άλλα συγγενή Τμήματα και τα ερευνητικά εργαστήρια της χώρας.</li>\r\n</ul>\";s:4:\"body\";s:0:\"\";s:6:\"images\";s:173:\"{\"image_intro\":\"\",\"image_intro_alt\":\"\",\"float_intro\":\"\",\"image_intro_caption\":\"\",\"image_fulltext\":\"\",\"image_fulltext_alt\":\"\",\"float_fulltext\":\"\",\"image_fulltext_caption\":\"\"}\";s:5:\"catid\";i:2;s:10:\"created_by\";i:73;s:16:\"created_by_alias\";s:0:\"\";s:8:\"modified\";s:19:\"2021-12-03 11:12:26\";s:11:\"modified_by\";i:73;s:6:\"params\";O:24:\"Joomla\\Registry\\Registry\":3:{s:7:\"\0*\0data\";O:8:\"stdClass\":67:{s:14:\"article_layout\";s:9:\"_:default\";s:10:\"show_title\";s:1:\"1\";s:11:\"link_titles\";s:1:\"1\";s:10:\"show_intro\";s:1:\"1\";s:13:\"show_category\";s:1:\"1\";s:13:\"link_category\";s:1:\"1\";s:20:\"show_parent_category\";s:1:\"0\";s:20:\"link_parent_category\";s:1:\"0\";s:11:\"show_author\";s:1:\"1\";s:11:\"link_author\";s:1:\"0\";s:16:\"show_create_date\";s:1:\"0\";s:16:\"show_modify_date\";s:1:\"0\";s:17:\"show_publish_date\";s:1:\"1\";s:20:\"show_item_navigation\";s:1:\"1\";s:9:\"show_vote\";s:1:\"0\";s:9:\"show_tags\";s:1:\"1\";s:13:\"show_readmore\";s:1:\"1\";s:19:\"show_readmore_title\";s:1:\"1\";s:14:\"readmore_limit\";s:3:\"100\";s:11:\"record_hits\";s:1:\"1\";s:9:\"show_hits\";s:1:\"1\";s:11:\"show_noauth\";s:1:\"0\";s:23:\"show_publishing_options\";s:1:\"1\";s:20:\"show_article_options\";s:1:\"1\";s:12:\"save_history\";s:1:\"1\";s:13:\"history_limit\";i:10;s:25:\"show_urls_images_frontend\";s:1:\"0\";s:24:\"show_urls_images_backend\";s:1:\"1\";s:7:\"targeta\";i:0;s:7:\"targetb\";i:0;s:7:\"targetc\";i:0;s:11:\"float_intro\";s:4:\"left\";s:14:\"float_fulltext\";s:4:\"left\";s:15:\"category_layout\";s:6:\"_:blog\";s:19:\"show_category_title\";s:1:\"0\";s:16:\"show_description\";s:1:\"0\";s:22:\"show_description_image\";s:1:\"0\";s:8:\"maxLevel\";s:1:\"1\";s:21:\"show_empty_categories\";s:1:\"0\";s:16:\"show_no_articles\";s:1:\"1\";s:16:\"show_subcat_desc\";s:1:\"1\";s:21:\"show_cat_num_articles\";s:1:\"0\";s:21:\"show_base_description\";s:1:\"1\";s:11:\"maxLevelcat\";s:2:\"-1\";s:25:\"show_empty_categories_cat\";s:1:\"0\";s:20:\"show_subcat_desc_cat\";s:1:\"1\";s:25:\"show_cat_num_articles_cat\";s:1:\"1\";s:20:\"num_leading_articles\";s:1:\"1\";s:18:\"num_intro_articles\";s:1:\"4\";s:9:\"num_links\";s:1:\"4\";s:24:\"show_subcategory_content\";s:1:\"0\";s:16:\"link_intro_image\";s:1:\"0\";s:21:\"show_pagination_limit\";s:1:\"1\";s:12:\"filter_field\";s:4:\"hide\";s:13:\"show_headings\";s:1:\"1\";s:14:\"list_show_date\";s:1:\"0\";s:11:\"date_format\";s:0:\"\";s:14:\"list_show_hits\";s:1:\"1\";s:16:\"list_show_author\";s:1:\"1\";s:11:\"orderby_pri\";s:5:\"order\";s:11:\"orderby_sec\";s:5:\"rdate\";s:10:\"order_date\";s:9:\"published\";s:15:\"show_pagination\";s:1:\"2\";s:23:\"show_pagination_results\";s:1:\"1\";s:14:\"show_feed_link\";s:1:\"1\";s:12:\"feed_summary\";s:1:\"0\";s:7:\"sef_ids\";i:1;}s:14:\"\0*\0initialized\";b:1;s:9:\"separator\";s:1:\".\";}s:7:\"metakey\";s:0:\"\";s:8:\"metadesc\";s:0:\"\";s:8:\"metadata\";O:24:\"Joomla\\Registry\\Registry\":3:{s:7:\"\0*\0data\";O:8:\"stdClass\":3:{s:6:\"robots\";s:0:\"\";s:6:\"author\";s:0:\"\";s:6:\"rights\";s:0:\"\";}s:14:\"\0*\0initialized\";b:1;s:9:\"separator\";s:1:\".\";}s:7:\"version\";i:1;s:8:\"ordering\";i:0;s:8:\"category\";s:13:\"Uncategorised\";s:9:\"cat_state\";i:1;s:10:\"cat_access\";i:1;s:4:\"slug\";s:20:\"2:goal-and-objective\";s:7:\"catslug\";s:15:\"2:uncategorised\";s:6:\"author\";s:35:\"Λεωνίδας Φραγγίδης\";s:6:\"layout\";s:7:\"article\";s:7:\"context\";s:19:\"com_content.article\";s:10:\"metaauthor\";N;}i:4;N;i:5;a:5:{i:1;a:3:{i:0;s:5:\"title\";i:1;s:8:\"subtitle\";i:2;s:2:\"id\";}i:2;a:2:{i:0;s:7:\"summary\";i:1;s:4:\"body\";}i:3;a:8:{i:0;s:4:\"meta\";i:1;s:10:\"list_price\";i:2;s:10:\"sale_price\";i:3;s:7:\"metakey\";i:4;s:8:\"metadesc\";i:5;s:10:\"metaauthor\";i:6;s:6:\"author\";i:7;s:16:\"created_by_alias\";}i:4;a:2:{i:0;s:4:\"path\";i:1;s:5:\"alias\";}i:5;a:1:{i:0;s:8:\"comments\";}}i:6;s:1:\"*\";i:7;N;i:8;N;i:9;s:19:\"2021-12-03 11:12:26\";i:10;N;i:11;s:73:\"index.php?option=com_content&view=article&id=2:goal-and-objective&catid=2\";i:12;N;i:13;s:19:\"2021-12-03 11:12:26\";i:14;i:1;i:15;a:4:{s:4:\"Type\";a:1:{i:0;O:8:\"stdClass\":6:{s:5:\"title\";s:7:\"Article\";s:5:\"state\";i:1;s:6:\"access\";i:1;s:8:\"language\";s:0:\"\";s:6:\"nested\";b:0;s:2:\"id\";i:6;}}s:6:\"Author\";a:1:{i:0;O:8:\"stdClass\":6:{s:5:\"title\";s:35:\"Λεωνίδας Φραγγίδης\";s:5:\"state\";i:1;s:6:\"access\";i:1;s:8:\"language\";s:0:\"\";s:6:\"nested\";b:0;s:2:\"id\";i:8;}}s:8:\"Category\";a:1:{i:0;O:8:\"stdClass\":6:{s:5:\"title\";s:13:\"Uncategorised\";s:5:\"state\";i:1;s:6:\"access\";i:1;s:8:\"language\";s:1:\"*\";s:6:\"nested\";b:1;s:2:\"id\";i:10;}}s:8:\"Language\";a:1:{i:0;O:8:\"stdClass\":6:{s:5:\"title\";s:1:\"*\";s:5:\"state\";i:1;s:6:\"access\";i:1;s:8:\"language\";s:0:\"\";s:6:\"nested\";b:0;s:2:\"id\";i:5;}}}i:16;s:35:\"Στόχοι & Επιδιώξεις\";i:17;i:3;i:18;s:46:\"index.php?option=com_content&view=article&id=2\";}}'),(4,'index.php?option=com_content&view=category&id=9','index.php?option=com_content&view=category&id=9','Ανακοινώσεις','','2021-12-03 14:23:04','c7644270f0bb9a79913200565f425df5',1,1,1,'*',NULL,NULL,'2021-12-03 14:23:04',NULL,0,0,1,'C:52:\"Joomla\\Component\\Finder\\Administrator\\Indexer\\Result\":1720:{a:19:{i:0;i:1;i:1;s:5:\"el-GR\";i:2;s:0:\"\";i:3;a:17:{s:2:\"id\";i:9;s:5:\"alias\";s:19:\"2021 12 03 14 23 04\";s:9:\"extension\";s:11:\"com_content\";s:7:\"metakey\";s:0:\"\";s:8:\"metadesc\";s:0:\"\";s:8:\"metadata\";O:24:\"Joomla\\Registry\\Registry\":3:{s:7:\"\0*\0data\";O:8:\"stdClass\":2:{s:6:\"author\";s:0:\"\";s:6:\"robots\";s:0:\"\";}s:14:\"\0*\0initialized\";b:1;s:9:\"separator\";s:1:\".\";}s:3:\"lft\";i:13;s:9:\"parent_id\";i:1;s:5:\"level\";i:1;s:6:\"params\";O:24:\"Joomla\\Registry\\Registry\":3:{s:7:\"\0*\0data\";O:8:\"stdClass\":3:{s:15:\"category_layout\";s:0:\"\";s:5:\"image\";s:0:\"\";s:9:\"image_alt\";s:0:\"\";}s:14:\"\0*\0initialized\";b:1;s:9:\"separator\";s:1:\".\";}s:7:\"summary\";s:0:\"\";s:10:\"created_by\";i:73;s:8:\"modified\";s:19:\"2021-12-03 14:23:04\";s:11:\"modified_by\";i:73;s:4:\"slug\";s:21:\"9:2021-12-03-14-23-04\";s:6:\"layout\";s:8:\"category\";s:10:\"metaauthor\";N;}i:4;N;i:5;a:5:{i:1;a:3:{i:0;s:5:\"title\";i:1;s:8:\"subtitle\";i:2;s:2:\"id\";}i:2;a:2:{i:0;s:7:\"summary\";i:1;s:4:\"body\";}i:3;a:8:{i:0;s:4:\"meta\";i:1;s:10:\"list_price\";i:2;s:10:\"sale_price\";i:3;s:4:\"link\";i:4;s:7:\"metakey\";i:5;s:8:\"metadesc\";i:6;s:10:\"metaauthor\";i:7;s:6:\"author\";}i:4;a:2:{i:0;s:4:\"path\";i:1;s:5:\"alias\";}i:5;a:1:{i:0;s:8:\"comments\";}}i:6;s:1:\"*\";i:7;N;i:8;N;i:9;N;i:10;N;i:11;s:47:\"index.php?option=com_content&view=category&id=9\";i:12;N;i:13;s:19:\"2021-12-03 14:23:04\";i:14;i:1;i:15;a:2:{s:4:\"Type\";a:1:{i:0;O:8:\"stdClass\":6:{s:5:\"title\";s:8:\"Category\";s:5:\"state\";i:1;s:6:\"access\";i:1;s:8:\"language\";s:0:\"\";s:6:\"nested\";b:0;s:2:\"id\";i:3;}}s:8:\"Language\";a:1:{i:0;O:8:\"stdClass\":6:{s:5:\"title\";s:1:\"*\";s:5:\"state\";i:1;s:6:\"access\";i:1;s:8:\"language\";s:0:\"\";s:6:\"nested\";b:0;s:2:\"id\";i:5;}}}i:16;s:24:\"Ανακοινώσεις\";i:17;i:1;i:18;s:47:\"index.php?option=com_content&view=category&id=9\";}}'),(5,'index.php?option=com_content&view=article&id=3','index.php?option=com_content&view=article&id=3:2021-2022&catid=9','Ανακοίνωση διενέργειας κατατακτηρίων Εξετάσεων ακαδημαϊκού έτους 2021-2022',' Η διεξαγωγή των κατατακτηρίων εξετάσεων του Τμήματος Διοικητικής Επιστήμης και Τεχνολογίας για το Ακαδημαϊκό Έτος 2021-2022 θα πραγματοποιηθεί την Παρασκευή 10 Δεκεμβρίου 2021. Οι εξετάσεις θα γίνουν στην αίθουσα ΚΛΕΙΩ στο κτήριο της βιβλιοθήκης. Ώρα Μάθημα 10:30 – 12:00 Αρχές Διοίκησης Επιχειρήσεων 12:15 – 13:45 Προγραμματισμός Υπολογιστών 14:00 – 15:30 Γενικά Μαθηματικά Σε περίπτωση που θα υπάρχει αδυναμία τήρησης υγειονομικών μέτρων, οι εξετάσεις θα πραγματοποιηθούν εξ αποστάσεως με τη χρήση κατάλληλου πληροφοριακού συστήματος. Σε αυτή την περίπτωση οι υποψήφιοι θα ενημερωθούν με σχετική ανακοίνωση τουλάχιστον δύο (2) ημέρες πριν την εξέταση. Από τη Γραμματεία του Τμήματος ','2021-12-03 14:25:09','23bf7d19904d30ffcd4b2c437a570517',1,1,1,'*','2021-12-03 14:25:09',NULL,'2021-12-03 14:25:09',NULL,0,0,3,'C:52:\"Joomla\\Component\\Finder\\Administrator\\Indexer\\Result\":8012:{a:19:{i:0;i:1;i:1;s:5:\"el-GR\";i:2;s:1225:\" Η διεξαγωγή των κατατακτηρίων εξετάσεων του Τμήματος Διοικητικής Επιστήμης και Τεχνολογίας για το Ακαδημαϊκό Έτος 2021-2022 θα πραγματοποιηθεί την Παρασκευή 10 Δεκεμβρίου 2021. Οι εξετάσεις θα γίνουν στην αίθουσα ΚΛΕΙΩ στο κτήριο της βιβλιοθήκης. Ώρα Μάθημα 10:30 – 12:00 Αρχές Διοίκησης Επιχειρήσεων 12:15 – 13:45 Προγραμματισμός Υπολογιστών 14:00 – 15:30 Γενικά Μαθηματικά Σε περίπτωση που θα υπάρχει αδυναμία τήρησης υγειονομικών μέτρων, οι εξετάσεις θα πραγματοποιηθούν εξ αποστάσεως με τη χρήση κατάλληλου πληροφοριακού συστήματος. Σε αυτή την περίπτωση οι υποψήφιοι θα ενημερωθούν με σχετική ανακοίνωση τουλάχιστον δύο (2) ημέρες πριν την εξέταση. Από τη Γραμματεία του Τμήματος \";i:3;a:25:{s:2:\"id\";i:3;s:5:\"alias\";s:9:\"2021 2022\";s:7:\"summary\";s:1513:\"<p>Η διεξαγωγή των κατατακτηρίων εξετάσεων του Τμήματος Διοικητικής Επιστήμης και Τεχνολογίας για το Ακαδημαϊκό Έτος 2021-2022 θα πραγματοποιηθεί την <strong>Παρασκευή 10 Δεκεμβρίου 2021.</strong>     </p>\r\n<p>Οι εξετάσεις θα γίνουν στην αίθουσα ΚΛΕΙΩ στο κτήριο της βιβλιοθήκης.</p>\r\n<table width=\"343\">\r\n<tbody>\r\n<tr>\r\n<td width=\"135\">  Ώρα             </td>\r\n<td width=\"208\">Μάθημα</td>\r\n</tr>\r\n<tr>\r\n<td>10:30 – 12:00</td>\r\n<td>Αρχές Διοίκησης Επιχειρήσεων  </td>\r\n</tr>\r\n<tr>\r\n<td>12:15 – 13:45</td>\r\n<td>Προγραμματισμός Υπολογιστών</td>\r\n</tr>\r\n<tr>\r\n<td>14:00 – 15:30</td>\r\n<td>Γενικά Μαθηματικά</td>\r\n</tr>\r\n</tbody>\r\n</table>\r\n<p>Σε περίπτωση που θα υπάρχει αδυναμία τήρησης υγειονομικών μέτρων, οι εξετάσεις θα πραγματοποιηθούν εξ αποστάσεως με τη χρήση κατάλληλου πληροφοριακού συστήματος. Σε αυτή την περίπτωση οι υποψήφιοι θα ενημερωθούν με σχετική ανακοίνωση τουλάχιστον δύο (2) ημέρες πριν την εξέταση.</p>\r\n<p>Από τη Γραμματεία του Τμήματος</p>\";s:4:\"body\";s:0:\"\";s:6:\"images\";s:173:\"{\"image_intro\":\"\",\"image_intro_alt\":\"\",\"float_intro\":\"\",\"image_intro_caption\":\"\",\"image_fulltext\":\"\",\"image_fulltext_alt\":\"\",\"float_fulltext\":\"\",\"image_fulltext_caption\":\"\"}\";s:5:\"catid\";i:9;s:10:\"created_by\";i:73;s:16:\"created_by_alias\";s:0:\"\";s:8:\"modified\";s:19:\"2021-12-03 14:25:09\";s:11:\"modified_by\";i:73;s:6:\"params\";O:24:\"Joomla\\Registry\\Registry\":3:{s:7:\"\0*\0data\";O:8:\"stdClass\":85:{s:14:\"article_layout\";s:9:\"_:default\";s:10:\"show_title\";s:1:\"1\";s:11:\"link_titles\";s:1:\"1\";s:10:\"show_intro\";s:1:\"1\";s:19:\"info_block_position\";s:1:\"0\";s:21:\"info_block_show_title\";s:1:\"0\";s:13:\"show_category\";s:1:\"0\";s:13:\"link_category\";s:1:\"1\";s:20:\"show_parent_category\";s:1:\"0\";s:20:\"link_parent_category\";s:1:\"0\";s:17:\"show_associations\";s:1:\"0\";s:5:\"flags\";s:1:\"1\";s:11:\"show_author\";s:1:\"0\";s:11:\"link_author\";s:1:\"0\";s:16:\"show_create_date\";s:1:\"0\";s:16:\"show_modify_date\";s:1:\"0\";s:17:\"show_publish_date\";s:1:\"0\";s:20:\"show_item_navigation\";s:1:\"0\";s:13:\"show_readmore\";s:1:\"0\";s:19:\"show_readmore_title\";s:1:\"1\";s:14:\"readmore_limit\";i:100;s:9:\"show_tags\";s:1:\"0\";s:11:\"record_hits\";s:1:\"0\";s:9:\"show_hits\";s:1:\"0\";s:11:\"show_noauth\";s:1:\"0\";s:13:\"urls_position\";i:0;s:7:\"captcha\";s:0:\"\";s:23:\"show_publishing_options\";s:1:\"1\";s:20:\"show_article_options\";s:1:\"1\";s:27:\"show_configure_edit_options\";s:1:\"1\";s:16:\"show_permissions\";s:1:\"1\";s:22:\"show_associations_edit\";s:1:\"1\";s:12:\"save_history\";s:1:\"1\";s:13:\"history_limit\";i:10;s:25:\"show_urls_images_frontend\";s:1:\"0\";s:24:\"show_urls_images_backend\";s:1:\"1\";s:7:\"targeta\";i:0;s:7:\"targetb\";i:0;s:7:\"targetc\";i:0;s:11:\"float_intro\";s:4:\"left\";s:14:\"float_fulltext\";s:4:\"left\";s:15:\"category_layout\";s:6:\"_:blog\";s:19:\"show_category_title\";s:1:\"0\";s:16:\"show_description\";s:1:\"0\";s:22:\"show_description_image\";s:1:\"0\";s:8:\"maxLevel\";s:1:\"1\";s:21:\"show_empty_categories\";s:1:\"0\";s:16:\"show_no_articles\";s:1:\"1\";s:32:\"show_category_heading_title_text\";s:1:\"1\";s:16:\"show_subcat_desc\";s:1:\"1\";s:21:\"show_cat_num_articles\";s:1:\"0\";s:13:\"show_cat_tags\";s:1:\"1\";s:21:\"show_base_description\";s:1:\"1\";s:11:\"maxLevelcat\";s:2:\"-1\";s:25:\"show_empty_categories_cat\";s:1:\"0\";s:20:\"show_subcat_desc_cat\";s:1:\"1\";s:25:\"show_cat_num_articles_cat\";s:1:\"1\";s:20:\"num_leading_articles\";i:1;s:18:\"blog_class_leading\";s:0:\"\";s:18:\"num_intro_articles\";i:4;s:10:\"blog_class\";s:0:\"\";s:11:\"num_columns\";i:1;s:18:\"multi_column_order\";s:1:\"0\";s:9:\"num_links\";i:4;s:24:\"show_subcategory_content\";s:1:\"0\";s:16:\"link_intro_image\";s:1:\"0\";s:21:\"show_pagination_limit\";s:1:\"1\";s:12:\"filter_field\";s:4:\"hide\";s:13:\"show_headings\";s:1:\"1\";s:14:\"list_show_date\";s:1:\"0\";s:11:\"date_format\";s:0:\"\";s:14:\"list_show_hits\";s:1:\"1\";s:16:\"list_show_author\";s:1:\"1\";s:11:\"orderby_pri\";s:5:\"order\";s:11:\"orderby_sec\";s:5:\"rdate\";s:10:\"order_date\";s:9:\"published\";s:15:\"show_pagination\";s:1:\"2\";s:23:\"show_pagination_results\";s:1:\"1\";s:13:\"show_featured\";s:4:\"show\";s:14:\"show_feed_link\";s:1:\"1\";s:12:\"feed_summary\";s:1:\"0\";s:18:\"feed_show_readmore\";s:1:\"0\";s:7:\"sef_ids\";i:1;s:20:\"custom_fields_enable\";s:1:\"1\";s:16:\"workflow_enabled\";s:1:\"0\";}s:14:\"\0*\0initialized\";b:1;s:9:\"separator\";s:1:\".\";}s:7:\"metakey\";s:0:\"\";s:8:\"metadesc\";s:0:\"\";s:8:\"metadata\";O:24:\"Joomla\\Registry\\Registry\":3:{s:7:\"\0*\0data\";O:8:\"stdClass\":3:{s:6:\"robots\";s:0:\"\";s:6:\"author\";s:0:\"\";s:6:\"rights\";s:0:\"\";}s:14:\"\0*\0initialized\";b:1;s:9:\"separator\";s:1:\".\";}s:7:\"version\";i:1;s:8:\"ordering\";i:0;s:8:\"category\";s:24:\"Ανακοινώσεις\";s:9:\"cat_state\";i:1;s:10:\"cat_access\";i:1;s:4:\"slug\";s:11:\"3:2021-2022\";s:7:\"catslug\";s:21:\"9:2021-12-03-14-23-04\";s:6:\"author\";s:35:\"Λεωνίδας Φραγγίδης\";s:6:\"layout\";s:7:\"article\";s:7:\"context\";s:19:\"com_content.article\";s:10:\"metaauthor\";N;}i:4;N;i:5;a:5:{i:1;a:3:{i:0;s:5:\"title\";i:1;s:8:\"subtitle\";i:2;s:2:\"id\";}i:2;a:2:{i:0;s:7:\"summary\";i:1;s:4:\"body\";}i:3;a:8:{i:0;s:4:\"meta\";i:1;s:10:\"list_price\";i:2;s:10:\"sale_price\";i:3;s:7:\"metakey\";i:4;s:8:\"metadesc\";i:5;s:10:\"metaauthor\";i:6;s:6:\"author\";i:7;s:16:\"created_by_alias\";}i:4;a:2:{i:0;s:4:\"path\";i:1;s:5:\"alias\";}i:5;a:1:{i:0;s:8:\"comments\";}}i:6;s:1:\"*\";i:7;N;i:8;N;i:9;s:19:\"2021-12-03 14:25:09\";i:10;N;i:11;s:64:\"index.php?option=com_content&view=article&id=3:2021-2022&catid=9\";i:12;N;i:13;s:19:\"2021-12-03 14:25:09\";i:14;i:1;i:15;a:4:{s:4:\"Type\";a:1:{i:0;O:8:\"stdClass\":6:{s:5:\"title\";s:7:\"Article\";s:5:\"state\";i:1;s:6:\"access\";i:1;s:8:\"language\";s:0:\"\";s:6:\"nested\";b:0;s:2:\"id\";i:6;}}s:6:\"Author\";a:1:{i:0;O:8:\"stdClass\":6:{s:5:\"title\";s:35:\"Λεωνίδας Φραγγίδης\";s:5:\"state\";i:1;s:6:\"access\";i:1;s:8:\"language\";s:0:\"\";s:6:\"nested\";b:0;s:2:\"id\";i:8;}}s:8:\"Category\";a:1:{i:0;O:8:\"stdClass\":6:{s:5:\"title\";s:24:\"Ανακοινώσεις\";s:5:\"state\";i:1;s:6:\"access\";i:1;s:8:\"language\";s:1:\"*\";s:6:\"nested\";b:1;s:2:\"id\";i:11;}}s:8:\"Language\";a:1:{i:0;O:8:\"stdClass\":6:{s:5:\"title\";s:1:\"*\";s:5:\"state\";i:1;s:6:\"access\";i:1;s:8:\"language\";s:0:\"\";s:6:\"nested\";b:0;s:2:\"id\";i:5;}}}i:16;s:133:\"Ανακοίνωση διενέργειας κατατακτηρίων Εξετάσεων ακαδημαϊκού έτους 2021-2022\";i:17;i:3;i:18;s:46:\"index.php?option=com_content&view=article&id=3\";}}');

--
-- Table structure for table `brbbp_finder_links_terms`
--

CREATE TABLE `brbbp_finder_links_terms` (
  `link_id` int(10) unsigned NOT NULL,
  `term_id` int(10) unsigned NOT NULL,
  `weight` float unsigned NOT NULL DEFAULT 0,
  PRIMARY KEY (`link_id`,`term_id`),
  KEY `idx_term_weight` (`term_id`,`weight`),
  KEY `idx_link_term_weight` (`link_id`,`term_id`,`weight`)
) ENGINE=InnoDB DEFAULT CHARSET=utf8mb4 COLLATE=utf8mb4_unicode_ci;

--
-- Dumping data for table `brbbp_finder_links_terms`
--

INSERT INTO `brbbp_finder_links_terms` VALUES (1,1,0.17),(1,2,0.5334),(2,2,0.5334),(1,3,0.04669),(2,3,0.04669),(1,4,0.14),(2,4,0.14),(1,5,0.32669),(2,5,0.32669),(3,5,0.32669),(1,6,0.51331),(2,6,0.51331),(1,7,0.51331),(2,7,0.51331),(1,8,0.90661),(2,8,0.90661),(1,9,0.65338),(2,9,0.65338),(1,10,0.60669),(2,10,0.60669),(1,11,0.46669),(2,11,0.46669),(3,11,1.40007),(1,12,0.51331),(2,12,0.51331),(1,13,0.37331),(2,13,0.37331),(5,14,0.51331),(3,14,1.02662),(1,14,1.53993),(2,14,1.53993),(1,15,0.46662),(2,15,0.46662),(1,16,0.46669),(2,16,0.46669),(1,17,0.32669),(2,17,0.32669),(1,18,0.56),(2,18,0.56),(5,19,0.42),(3,19,0.84),(1,19,1.68),(2,19,1.68),(1,20,1.21338),(2,20,1.21338),(1,21,0.56),(2,21,0.56),(1,22,0.04669),(2,22,0.04669),(5,22,0.04669),(1,23,0.37331),(2,23,0.37331),(1,24,0.09331),(2,24,0.09331),(5,24,0.46655),(1,25,0.93338),(2,25,0.93338),(5,26,0.14),(3,26,1.12),(1,26,1.26),(2,26,1.26),(1,27,0.42),(2,27,0.42),(5,28,0.18662),(3,28,0.27993),(1,28,0.41323),(2,28,0.41323),(1,29,0.14),(2,29,0.14),(1,30,0.23331),(2,30,0.23331),(1,31,0.56),(2,31,0.56),(1,32,0.60669),(2,32,0.60669),(1,33,0.23331),(2,33,0.23331),(1,34,0.56),(2,34,0.56),(1,35,0.56),(2,35,0.56),(1,36,0.14),(2,36,0.14),(5,36,0.14),(1,37,0.37331),(2,37,0.37331),(1,38,0.56),(2,38,0.56),(1,39,0.18669),(2,39,0.18669),(1,40,0.28),(2,40,0.28),(1,41,0.37331),(2,41,0.37331),(1,42,0.14),(2,42,0.14),(3,42,0.14),(5,42,0.14),(1,43,0.23331),(2,43,0.23331),(3,43,0.23331),(1,44,0.46669),(2,44,0.46669),(1,45,0.37331),(2,45,0.37331),(1,46,0.42),(2,46,0.42),(5,47,0.51331),(1,47,1.02662),(2,47,1.02662),(3,47,1.02662),(1,48,0.51331),(2,48,0.51331),(1,49,0.14),(2,49,0.14),(3,49,0.28),(5,49,0.42),(5,50,0.14),(3,50,0.98),(1,50,1.12),(2,50,1.12),(1,51,0.56),(2,51,0.56),(3,52,0.23331),(1,52,1.03323),(2,52,1.03323),(5,53,0.09331),(3,53,0.18662),(1,53,0.41323),(2,53,0.41323),(3,54,0.14),(1,54,0.28),(2,54,0.28),(5,54,0.28),(3,55,0.14),(5,55,0.14),(1,55,0.28),(2,55,0.28),(1,56,0.28),(2,56,0.28),(2,64,0.17),(2,65,0.63996),(3,65,0.63996),(5,65,0.63996),(2,66,0.72),(3,66,0.72),(5,66,0.72),(5,67,0.07),(3,67,0.17),(3,68,0.4),(3,69,0.5334),(3,70,1.2),(3,71,0.18669),(3,72,0.37331),(3,73,0.37331),(3,74,0.56),(3,75,0.65331),(3,76,0.51331),(3,77,0.42),(3,78,0.32669),(3,79,0.37331),(5,80,0.14),(3,80,0.28),(3,81,0.23331),(3,82,0.46669),(3,83,0.60669),(3,84,0.32669),(3,85,0.7),(3,86,0.42),(3,87,1.02662),(3,88,0.18669),(3,89,1.13339),(3,90,0.74662),(3,91,0.56),(3,92,0.60669),(3,93,0.51331),(3,94,0.46669),(3,95,0.46669),(3,96,0.28),(3,97,0.18669),(3,98,0.42),(3,99,0.56),(3,100,0.32669),(3,101,0.37331),(3,102,0.18669),(3,103,0.46669),(3,104,0.65331),(3,105,0.14),(3,106,0.32669),(3,107,0.46669),(3,108,0.28),(3,109,0.32669),(3,110,0.28),(3,111,0.65331),(3,112,0.37331),(3,113,0.46669),(3,114,0.60669),(5,115,0.18662),(3,115,0.27993),(3,116,0.14),(3,117,0.42),(3,118,0.42),(3,119,0.18669),(5,119,0.18669),(3,120,0.68),(3,121,0.32669),(3,122,0.46669),(3,123,0.46669),(3,124,0.18662),(3,125,0.32669),(3,126,0.37331),(5,126,0.74662),(3,127,0.28),(3,128,0.18669),(3,129,0.18669),(3,130,0.42),(3,131,0.56),(3,132,0.23331),(3,133,0.37331),(3,134,0.23331),(3,135,0.14),(4,194,0.4),(4,195,0.4),(5,196,0.28),(4,196,0.4),(5,197,0.14),(4,197,0.4),(4,198,0.8),(5,198,1.08),(4,199,0.4),(4,200,0.17),(4,201,1.36),(5,209,0.28),(5,210,0.28),(5,211,0.14),(5,212,0.28),(5,213,2.16),(5,214,0.8),(5,215,0.17),(5,216,0.28),(5,217,0.14),(5,218,0.18669),(5,219,0.56661),(5,220,0.32669),(5,221,0.37331),(5,222,1.24661),(5,223,0.46669),(5,224,1.60008),(5,225,0.46669),(5,226,0.14),(5,227,0.23331),(5,228,0.18669),(5,229,0.51331),(5,230,0.28),(5,231,0.28),(5,232,0.46669),(5,233,0.46669),(5,234,1.24661),(5,235,0.42),(5,236,0.42),(5,237,0.14),(5,238,0.51331),(5,239,0.09331),(5,240,0.32669),(5,241,0.84),(5,242,1.44),(5,243,0.56),(5,244,0.28),(5,245,0.46669),(5,246,2.08008),(5,247,0.23331),(5,248,0.28),(5,249,0.28),(5,250,0.28),(5,251,0.46669),(5,252,0.27993),(5,253,0.42),(5,254,0.84),(5,255,0.60669),(5,256,0.7),(5,257,0.7),(5,258,0.18669),(5,259,0.7),(5,260,0.46669),(5,261,0.32669),(5,262,0.32669),(5,263,0.18662),(5,264,0.51331),(5,265,0.56),(5,266,0.32669),(5,267,0.51331),(5,268,0.42),(5,269,0.23331),(5,270,0.14);

--
-- Table structure for table `brbbp_finder_logging`
--

CREATE TABLE `brbbp_finder_logging` (
  `searchterm` varchar(255) NOT NULL DEFAULT '',
  `md5sum` varchar(32) NOT NULL DEFAULT '',
  `query` blob NOT NULL,
  `hits` int(11) NOT NULL DEFAULT 1,
  `results` int(11) NOT NULL DEFAULT 0,
  PRIMARY KEY (`md5sum`),
  KEY `searchterm` (`searchterm`(191))
) ENGINE=InnoDB DEFAULT CHARSET=utf8mb4 COLLATE=utf8mb4_unicode_ci;

--
-- Dumping data for table `brbbp_finder_logging`
--


--
-- Table structure for table `brbbp_finder_taxonomy`
--

CREATE TABLE `brbbp_finder_taxonomy` (
  `id` int(10) unsigned NOT NULL AUTO_INCREMENT,
  `parent_id` int(10) unsigned NOT NULL DEFAULT 0,
  `lft` int(11) NOT NULL DEFAULT 0,
  `rgt` int(11) NOT NULL DEFAULT 0,
  `level` int(10) unsigned NOT NULL DEFAULT 0,
  `path` varchar(400) NOT NULL DEFAULT '',
  `title` varchar(255) NOT NULL DEFAULT '',
  `alias` varchar(400) NOT NULL DEFAULT '',
  `state` tinyint(3) unsigned NOT NULL DEFAULT 1,
  `access` tinyint(3) unsigned NOT NULL DEFAULT 1,
  `language` char(7) NOT NULL DEFAULT '',
  PRIMARY KEY (`id`),
  KEY `idx_state` (`state`),
  KEY `idx_access` (`access`),
  KEY `idx_path` (`path`(100)),
  KEY `idx_level` (`level`),
  KEY `idx_left_right` (`lft`,`rgt`),
  KEY `idx_alias` (`alias`(100)),
  KEY `idx_language` (`language`),
  KEY `idx_parent_published` (`parent_id`,`state`,`access`)
) ENGINE=InnoDB AUTO_INCREMENT=12 DEFAULT CHARSET=utf8mb4 COLLATE=utf8mb4_unicode_ci;

--
-- Dumping data for table `brbbp_finder_taxonomy`
--

INSERT INTO `brbbp_finder_taxonomy` VALUES (1,0,0,21,0,'','ROOT','root',1,1,'*'),(2,1,1,6,1,'type','Type','type',1,1,''),(3,2,2,3,2,'type/category','Category','category',1,1,''),(4,1,7,10,1,'language','Language','language',1,1,''),(5,4,8,9,2,'language/779103c53079431d1af01ce15b36e61f','*','779103c53079431d1af01ce15b36e61f',1,1,''),(6,2,4,5,2,'type/article','Article','article',1,1,''),(7,1,11,14,1,'author','Author','author',1,1,''),(8,7,12,13,2,'author/1d049ccf67efeb3caa795c21b68c01a8','Λεωνίδας Φραγγίδης','1d049ccf67efeb3caa795c21b68c01a8',1,1,''),(9,1,15,20,1,'category','Category','category',1,1,''),(10,9,16,17,2,'category/uncategorised','Uncategorised','uncategorised',1,1,'*'),(11,9,18,19,2,'category/11f2d4b742ddceb568ba8a0b0a210cec','Ανακοινώσεις','11f2d4b742ddceb568ba8a0b0a210cec',1,1,'*');

--
-- Table structure for table `brbbp_finder_taxonomy_map`
--

CREATE TABLE `brbbp_finder_taxonomy_map` (
  `link_id` int(10) unsigned NOT NULL,
  `node_id` int(10) unsigned NOT NULL,
  PRIMARY KEY (`link_id`,`node_id`),
  KEY `link_id` (`link_id`),
  KEY `node_id` (`node_id`)
) ENGINE=InnoDB DEFAULT CHARSET=utf8mb4 COLLATE=utf8mb4_unicode_ci;

--
-- Dumping data for table `brbbp_finder_taxonomy_map`
--

INSERT INTO `brbbp_finder_taxonomy_map` VALUES (1,3),(1,5),(2,5),(2,6),(2,8),(2,10),(3,5),(3,6),(3,8),(3,10),(4,3),(4,5),(5,5),(5,6),(5,8),(5,11);

--
-- Table structure for table `brbbp_finder_terms`
--

CREATE TABLE `brbbp_finder_terms` (
  `term_id` int(10) unsigned NOT NULL AUTO_INCREMENT,
  `term` varchar(75) CHARACTER SET utf8mb4 COLLATE utf8mb4_bin NOT NULL,
  `stem` varchar(75) CHARACTER SET utf8mb4 COLLATE utf8mb4_bin NOT NULL DEFAULT '',
  `common` tinyint(3) unsigned NOT NULL DEFAULT 0,
  `phrase` tinyint(3) unsigned NOT NULL DEFAULT 0,
  `weight` float unsigned NOT NULL DEFAULT 0,
  `soundex` varchar(75) CHARACTER SET utf8mb4 COLLATE utf8mb4_bin NOT NULL DEFAULT '',
  `links` int(11) NOT NULL DEFAULT 0,
  `language` char(7) NOT NULL DEFAULT '',
  PRIMARY KEY (`term_id`),
  UNIQUE KEY `idx_term_language` (`term`,`language`),
  KEY `idx_stem` (`stem`),
  KEY `idx_term_phrase` (`term`,`phrase`),
  KEY `idx_stem_phrase` (`stem`,`phrase`),
  KEY `idx_soundex_phrase` (`soundex`,`phrase`),
  KEY `idx_language` (`language`)
) ENGINE=InnoDB AUTO_INCREMENT=271 DEFAULT CHARSET=utf8mb4 COLLATE=utf8mb4_unicode_ci;

--
-- Dumping data for table `brbbp_finder_terms`
--

INSERT INTO `brbbp_finder_terms` VALUES (1,'8','8',0,0,0.1,'',2,'*'),(2,'home','home',0,0,0.2667,'H500',3,'*'),(3,'o','o',0,0,0.0667,'O000',3,'*'),(4,'ένα','ένα',0,0,0.2,'έ000',3,'*'),(5,'έρευνας','έρευνας',0,0,0.4667,'έ000',4,'*'),(6,'αξιοποίησης','αξιοποίησης',0,0,0.7333,'α000',3,'*'),(7,'απαραίτητες','απαραίτητες',0,0,0.7333,'α000',3,'*'),(8,'γνωριμία','γνωριμία',0,0,0.5333,'γ000',3,'*'),(9,'γνώσεις','γνώσεις',0,0,0.4667,'γ000',3,'*'),(10,'δημιουργήθηκε','δημιουργήθηκε',0,0,0.8667,'δ000',3,'*'),(11,'δημιουργία','δημιουργία',0,0,0.6667,'δ000',4,'*'),(12,'διδασκαλίας','διδασκαλίας',0,0,0.7333,'δ000',3,'*'),(13,'διεθνούς','διεθνούς',0,0,0.5333,'δ000',3,'*'),(14,'διοικητικής','διοικητικής',0,0,0.7333,'δ000',5,'*'),(15,'είναι','είναι',0,0,0.3333,'ε000',3,'*'),(16,'ειδικότερα','ειδικότερα',0,0,0.6667,'ε000',3,'*'),(17,'ελλάδος','ελλάδος',0,0,0.4667,'ε000',3,'*'),(18,'επικοινωνιών','επικοινωνιών',0,0,0.8,'ε000',3,'*'),(19,'επιστήμης','επιστήμης',0,0,0.6,'ε000',5,'*'),(20,'επιστημονικές','επιστημονικές',0,0,0.8667,'ε000',3,'*'),(21,'επιστημονικό','επιστημονικό',0,0,0.8,'ε000',3,'*'),(22,'η','η',0,0,0.0667,'η000',4,'*'),(23,'ηγετικές','ηγετικές',0,0,0.5333,'η000',3,'*'),(24,'θα','θα',0,0,0.1333,'θ000',4,'*'),(25,'ικανότητες','ικανότητες',0,0,0.6667,'ι000',3,'*'),(26,'και','και',0,0,0.2,'κ000',5,'*'),(27,'κοινωνίας','κοινωνίας',0,0,0.6,'κ000',3,'*'),(28,'με','με',0,0,0.1333,'μ000',5,'*'),(29,'νέο','νέο',0,0,0.2,'ν000',3,'*'),(30,'οποίο','οποίο',0,0,0.3333,'ο000',3,'*'),(31,'οργανωσιακές','οργανωσιακές',0,0,0.8,'ο000',3,'*'),(32,'πανεπιστημίου','πανεπιστημίου',0,0,0.8667,'π000',3,'*'),(33,'πεδίο','πεδίο',0,0,0.3333,'π000',3,'*'),(34,'πλαισιωμένες','πλαισιωμένες',0,0,0.8,'π000',3,'*'),(35,'πληροφορικής','πληροφορικής',0,0,0.8,'π000',3,'*'),(36,'που','που',0,0,0.2,'π000',4,'*'),(37,'προαγωγή','προαγωγή',0,0,0.5333,'π000',3,'*'),(38,'προγράμματος','προγράμματος',0,0,0.8,'π000',3,'*'),(39,'προς','προς',0,0,0.2667,'π000',3,'*'),(40,'σκοπός','σκοπός',0,0,0.4,'σ000',3,'*'),(41,'στελεχών','στελεχών',0,0,0.5333,'σ000',3,'*'),(42,'στο','στο',0,0,0.2,'σ000',5,'*'),(43,'στόχο','στόχο',0,0,0.3333,'σ000',4,'*'),(44,'συνδυάζουν','συνδυάζουν',0,0,0.6667,'σ000',3,'*'),(45,'σύγχρονο','σύγχρονο',0,0,0.5333,'σ000',3,'*'),(46,'σύγχρονων','σύγχρονων',0,0,0.6,'σ000',3,'*'),(47,'τεχνολογίας','τεχνολογίας',0,0,0.7333,'τ000',5,'*'),(48,'τεχνολογιών','τεχνολογιών',0,0,0.7333,'τ000',3,'*'),(49,'την','την',0,0,0.2,'τ000',5,'*'),(50,'της','της',0,0,0.2,'τ000',5,'*'),(51,'τις','τις',0,0,0.2,'τ000',3,'*'),(52,'τμήμα','τμήμα',0,0,0.3333,'τ000',4,'*'),(53,'το','το',0,0,0.1333,'τ000',5,'*'),(54,'του','του',0,0,0.2,'τ000',5,'*'),(55,'των','των',0,0,0.2,'τ000',5,'*'),(56,'όφελος','όφελος',0,0,0.4,'ό000',3,'*'),(64,'1','1',0,0,0.1,'',1,'*'),(65,'λεωνίδας','λεωνίδας',0,0,0.5333,'λ000',3,'*'),(66,'φραγγίδης','φραγγίδης',0,0,0.6,'φ000',3,'*'),(67,'2','2',0,0,0.1,'',2,'*'),(68,'and','and',0,0,0.2,'A530',1,'*'),(69,'goal','goal',0,0,0.2667,'G400',1,'*'),(70,'objective','objective',0,0,0.6,'O1231',1,'*'),(71,'άλλα','άλλα',0,0,0.2667,'ά000',1,'*'),(72,'ανάδειξη','ανάδειξη',0,0,0.5333,'α000',1,'*'),(73,'ανάπτυξη','ανάπτυξη',0,0,0.5333,'α000',1,'*'),(74,'αναπτυγμένες','αναπτυγμένες',0,0,0.8,'α000',1,'*'),(75,'ανταγωνιστικού','ανταγωνιστικού',0,0,0.9333,'α000',1,'*'),(76,'αντικείμενα','αντικείμενα',0,0,0.7333,'α000',1,'*'),(77,'αποσκοπεί','αποσκοπεί',0,0,0.6,'α000',1,'*'),(78,'βασικού','βασικού',0,0,0.4667,'β000',1,'*'),(79,'βιώσιμου','βιώσιμου',0,0,0.5333,'β000',1,'*'),(80,'για','για',0,0,0.2,'γ000',2,'*'),(81,'γνώση','γνώση',0,0,0.3333,'γ000',1,'*'),(82,'δεξιότητες','δεξιότητες',0,0,0.6667,'δ000',1,'*'),(83,'δημιουργώντας','δημιουργώντας',0,0,0.8667,'δ000',1,'*'),(84,'διεθνώς','διεθνώς',0,0,0.4667,'δ000',1,'*'),(85,'διεπιστημονικού','διεπιστημονικού',0,0,1,'δ000',1,'*'),(86,'δυναμικού','δυναμικού',0,0,0.6,'δ000',1,'*'),(87,'εκπαίδευσης','εκπαίδευσης',0,0,0.7333,'ε000',1,'*'),(88,'ενός','ενός',0,0,0.2667,'ε000',1,'*'),(89,'επιδιώξεις','επιδιώξεις',0,0,0.6667,'ε000',1,'*'),(90,'επιπέδου','επιπέδου',0,0,0.5333,'ε000',1,'*'),(91,'επιστημονική','επιστημονική',0,0,0.8,'ε000',1,'*'),(92,'επιστημονικού','επιστημονικού',0,0,0.8667,'ε000',1,'*'),(93,'επιστημόνων','επιστημόνων',0,0,0.7333,'ε000',1,'*'),(94,'εργαστήρια','εργαστήρια',0,0,0.6667,'ε000',1,'*'),(95,'ερευνητικά','ερευνητικά',0,0,0.6667,'ε000',1,'*'),(96,'ευρεία','ευρεία',0,0,0.4,'ε000',1,'*'),(97,'ευρύ','ευρύ',0,0,0.2667,'ε000',1,'*'),(98,'εφαρμογής','εφαρμογής',0,0,0.6,'ε000',1,'*'),(99,'εφαρμοσμένου','εφαρμοσμένου',0,0,0.8,'ε000',1,'*'),(100,'ισχυρού','ισχυρού',0,0,0.4667,'ι000',1,'*'),(101,'κρίσιμων','κρίσιμων',0,0,0.5333,'κ000',1,'*'),(102,'μάζα','μάζα',0,0,0.2667,'μ000',1,'*'),(103,'μελλοντικά','μελλοντικά',0,0,0.6667,'μ000',1,'*'),(104,'μεταπτυχιακούς','μεταπτυχιακούς',0,0,0.9333,'μ000',1,'*'),(105,'μια','μια',0,0,0.2,'μ000',1,'*'),(106,'μοχλούς','μοχλούς',0,0,0.4667,'μ000',1,'*'),(107,'οικονομική','οικονομική',0,0,0.6667,'ο000',1,'*'),(108,'παροχή','παροχή',0,0,0.4,'π000',1,'*'),(109,'παροχής','παροχής',0,0,0.4667,'π000',1,'*'),(110,'πεδίου','πεδίου',0,0,0.4,'π000',1,'*'),(111,'πλεονεκτημάτων','πλεονεκτημάτων',0,0,0.9333,'π000',1,'*'),(112,'πρακτικά','πρακτικά',0,0,0.5333,'π000',1,'*'),(113,'προβλήματα','προβλήματα',0,0,0.6667,'π000',1,'*'),(114,'προπτυχιακούς','προπτυχιακούς',0,0,0.8667,'π000',1,'*'),(115,'σε','σε',0,0,0.1333,'σ000',2,'*'),(116,'στα','στα',0,0,0.2,'σ000',1,'*'),(117,'στελέχωση','στελέχωση',0,0,0.6,'σ000',1,'*'),(118,'στη','στη',0,0,0.2,'σ000',1,'*'),(119,'στην','στην',0,0,0.2667,'σ000',2,'*'),(120,'στόχοι','στόχοι',0,0,0.4,'σ000',1,'*'),(121,'συγγενή','συγγενή',0,0,0.4667,'σ000',1,'*'),(122,'συνδυασμού','συνδυασμού',0,0,0.6667,'σ000',1,'*'),(123,'συνεργειών','συνεργειών',0,0,0.6667,'σ000',1,'*'),(124,'τα','τα',0,0,0.1333,'τ000',1,'*'),(125,'τμήματα','τμήματα',0,0,0.4667,'τ000',1,'*'),(126,'τμήματος','τμήματος',0,0,0.5333,'τ000',2,'*'),(127,'τομείς','τομείς',0,0,0.4,'τ000',1,'*'),(128,'τους','τους',0,0,0.2667,'τ000',1,'*'),(129,'τόσο','τόσο',0,0,0.2667,'τ000',1,'*'),(130,'υπηρεσιών','υπηρεσιών',0,0,0.6,'υ000',1,'*'),(131,'υψηλού','υψηλού',0,0,0.4,'υ000',1,'*'),(132,'φάσμα','φάσμα',0,0,0.3333,'φ000',1,'*'),(133,'φοιτητές','φοιτητές',0,0,0.5333,'φ000',1,'*'),(134,'χώρας','χώρας',0,0,0.3333,'χ000',1,'*'),(135,'όσο','όσο',0,0,0.2,'ό000',1,'*'),(194,'03','03',0,0,0.2,'',1,'*'),(195,'04','04',0,0,0.2,'',1,'*'),(196,'12','12',0,0,0.2,'',2,'*'),(197,'14','14',0,0,0.2,'',2,'*'),(198,'2021','2021',0,0,0.4,'',2,'*'),(199,'23','23',0,0,0.2,'',1,'*'),(200,'9','9',0,0,0.1,'',1,'*'),(201,'ανακοινώσεις','ανακοινώσεις',0,0,0.8,'α000',1,'*'),(209,'00','00',0,0,0.2,'',1,'*'),(210,'10','10',0,0,0.2,'',1,'*'),(211,'13','13',0,0,0.2,'',1,'*'),(212,'15','15',0,0,0.2,'',1,'*'),(213,'2021-2022','2021-2022',0,0,0.9,'',1,'*'),(214,'2022','2022',0,0,0.4,'',1,'*'),(215,'3','3',0,0,0.1,'',1,'*'),(216,'30','30',0,0,0.2,'',1,'*'),(217,'45','45',0,0,0.2,'',1,'*'),(218,'έτος','έτος',0,0,0.2667,'έ000',1,'*'),(219,'έτους','έτους',0,0,0.3333,'έ000',1,'*'),(220,'αίθουσα','αίθουσα',0,0,0.4667,'α000',1,'*'),(221,'αδυναμία','αδυναμία',0,0,0.5333,'α000',1,'*'),(222,'ακαδημαϊκού','ακαδημαϊκού',0,0,0.7333,'α000',1,'*'),(223,'ακαδημαϊκό','ακαδημαϊκό',0,0,0.6667,'α000',1,'*'),(224,'ανακοίνωση','ανακοίνωση',0,0,0.6667,'α000',1,'*'),(225,'αποστάσεως','αποστάσεως',0,0,0.6667,'α000',1,'*'),(226,'από','από',0,0,0.2,'α000',1,'*'),(227,'αρχές','αρχές',0,0,0.3333,'α000',1,'*'),(228,'αυτή','αυτή',0,0,0.2667,'α000',1,'*'),(229,'βιβλιοθήκης','βιβλιοθήκης',0,0,0.7333,'β000',1,'*'),(230,'γίνουν','γίνουν',0,0,0.4,'γ000',1,'*'),(231,'γενικά','γενικά',0,0,0.4,'γ000',1,'*'),(232,'γραμματεία','γραμματεία',0,0,0.6667,'γ000',1,'*'),(233,'δεκεμβρίου','δεκεμβρίου',0,0,0.6667,'δ000',1,'*'),(234,'διενέργειας','διενέργειας',0,0,0.7333,'δ000',1,'*'),(235,'διεξαγωγή','διεξαγωγή',0,0,0.6,'δ000',1,'*'),(236,'διοίκησης','διοίκησης',0,0,0.6,'δ000',1,'*'),(237,'δύο','δύο',0,0,0.2,'δ000',1,'*'),(238,'ενημερωθούν','ενημερωθούν',0,0,0.7333,'ε000',1,'*'),(239,'εξ','εξ',0,0,0.1333,'ε000',1,'*'),(240,'εξέταση','εξέταση',0,0,0.4667,'ε000',1,'*'),(241,'εξετάσεις','εξετάσεις',0,0,0.6,'ε000',1,'*'),(242,'εξετάσεων','εξετάσεων',0,0,0.6,'ε000',1,'*'),(243,'επιχειρήσεων','επιχειρήσεων',0,0,0.8,'ε000',1,'*'),(244,'ημέρες','ημέρες',0,0,0.4,'η000',1,'*'),(245,'κατάλληλου','κατάλληλου',0,0,0.6667,'κ000',1,'*'),(246,'κατατακτηρίων','κατατακτηρίων',0,0,0.8667,'κ000',1,'*'),(247,'κλειω','κλειω',0,0,0.3333,'κ000',1,'*'),(248,'κτήριο','κτήριο',0,0,0.4,'κ000',1,'*'),(249,'μάθημα','μάθημα',0,0,0.4,'μ000',1,'*'),(250,'μέτρων','μέτρων',0,0,0.4,'μ000',1,'*'),(251,'μαθηματικά','μαθηματικά',0,0,0.6667,'μ000',1,'*'),(252,'οι','οι',0,0,0.1333,'ο000',1,'*'),(253,'παρασκευή','παρασκευή',0,0,0.6,'π000',1,'*'),(254,'περίπτωση','περίπτωση',0,0,0.6,'π000',1,'*'),(255,'πληροφοριακού','πληροφοριακού',0,0,0.8667,'π000',1,'*'),(256,'πραγματοποιηθεί','πραγματοποιηθεί',0,0,1,'π000',1,'*'),(257,'πραγματοποιηθούν','πραγματοποιηθούν',0,0,1,'π000',1,'*'),(258,'πριν','πριν',0,0,0.2667,'π000',1,'*'),(259,'προγραμματισμός','προγραμματισμός',0,0,1,'π000',1,'*'),(260,'συστήματος','συστήματος',0,0,0.6667,'σ000',1,'*'),(261,'σχετική','σχετική',0,0,0.4667,'σ000',1,'*'),(262,'τήρησης','τήρησης',0,0,0.4667,'τ000',1,'*'),(263,'τη','τη',0,0,0.1333,'τ000',1,'*'),(264,'τουλάχιστον','τουλάχιστον',0,0,0.7333,'τ000',1,'*'),(265,'υγειονομικών','υγειονομικών',0,0,0.8,'υ000',1,'*'),(266,'υπάρχει','υπάρχει',0,0,0.4667,'υ000',1,'*'),(267,'υπολογιστών','υπολογιστών',0,0,0.7333,'υ000',1,'*'),(268,'υποψήφιοι','υποψήφιοι',0,0,0.6,'υ000',1,'*'),(269,'χρήση','χρήση',0,0,0.3333,'χ000',1,'*'),(270,'ώρα','ώρα',0,0,0.2,'ώ000',1,'*');

--
-- Table structure for table `brbbp_finder_terms_common`
--

CREATE TABLE `brbbp_finder_terms_common` (
  `term` varchar(75) CHARACTER SET utf8mb4 COLLATE utf8mb4_bin NOT NULL DEFAULT '',
  `language` char(7) NOT NULL DEFAULT '',
  `custom` int(11) NOT NULL DEFAULT 0,
  UNIQUE KEY `idx_term_language` (`term`,`language`),
  KEY `idx_lang` (`language`)
) ENGINE=InnoDB DEFAULT CHARSET=utf8mb4 COLLATE=utf8mb4_unicode_ci;

--
-- Dumping data for table `brbbp_finder_terms_common`
--

INSERT INTO `brbbp_finder_terms_common` VALUES ('a','en',0),('about','en',0),('above','en',0),('after','en',0),('again','en',0),('against','en',0),('all','en',0),('am','en',0),('an','en',0),('and','en',0),('any','en',0),('are','en',0),('aren\'t','en',0),('as','en',0),('at','en',0),('be','en',0),('because','en',0),('been','en',0),('before','en',0),('being','en',0),('below','en',0),('between','en',0),('both','en',0),('but','en',0),('by','en',0),('can\'t','en',0),('cannot','en',0),('could','en',0),('couldn\'t','en',0),('did','en',0),('didn\'t','en',0),('do','en',0),('does','en',0),('doesn\'t','en',0),('doing','en',0),('don\'t','en',0),('down','en',0),('during','en',0),('each','en',0),('few','en',0),('for','en',0),('from','en',0),('further','en',0),('had','en',0),('hadn\'t','en',0),('has','en',0),('hasn\'t','en',0),('have','en',0),('haven\'t','en',0),('having','en',0),('he','en',0),('he\'d','en',0),('he\'ll','en',0),('he\'s','en',0),('her','en',0),('here','en',0),('here\'s','en',0),('hers','en',0),('herself','en',0),('him','en',0),('himself','en',0),('his','en',0),('how','en',0),('how\'s','en',0),('i','en',0),('i\'d','en',0),('i\'ll','en',0),('i\'m','en',0),('i\'ve','en',0),('if','en',0),('in','en',0),('into','en',0),('is','en',0),('isn\'t','en',0),('it','en',0),('it\'s','en',0),('its','en',0),('itself','en',0),('let\'s','en',0),('me','en',0),('more','en',0),('most','en',0),('mustn\'t','en',0),('my','en',0),('myself','en',0),('no','en',0),('nor','en',0),('not','en',0),('of','en',0),('off','en',0),('on','en',0),('once','en',0),('only','en',0),('or','en',0),('other','en',0),('ought','en',0),('our','en',0),('ours','en',0),('ourselves','en',0),('out','en',0),('over','en',0),('own','en',0),('same','en',0),('shan\'t','en',0),('she','en',0),('she\'d','en',0),('she\'ll','en',0),('she\'s','en',0),('should','en',0),('shouldn\'t','en',0),('so','en',0),('some','en',0),('such','en',0),('than','en',0),('that','en',0),('that\'s','en',0),('the','en',0),('their','en',0),('theirs','en',0),('them','en',0),('themselves','en',0),('then','en',0),('there','en',0),('there\'s','en',0),('these','en',0),('they','en',0),('they\'d','en',0),('they\'ll','en',0),('they\'re','en',0),('they\'ve','en',0),('this','en',0),('those','en',0),('through','en',0),('to','en',0),('too','en',0),('under','en',0),('until','en',0),('up','en',0),('very','en',0),('was','en',0),('wasn\'t','en',0),('we','en',0),('we\'d','en',0),('we\'ll','en',0),('we\'re','en',0),('we\'ve','en',0),('were','en',0),('weren\'t','en',0),('what','en',0),('what\'s','en',0),('when','en',0),('when\'s','en',0),('where','en',0),('where\'s','en',0),('which','en',0),('while','en',0),('who','en',0),('who\'s','en',0),('whom','en',0),('why','en',0),('why\'s','en',0),('with','en',0),('won\'t','en',0),('would','en',0),('wouldn\'t','en',0),('you','en',0),('you\'d','en',0),('you\'ll','en',0),('you\'re','en',0),('you\'ve','en',0),('your','en',0),('yours','en',0),('yourself','en',0),('yourselves','en',0);

--
-- Table structure for table `brbbp_finder_tokens`
--

CREATE TABLE `brbbp_finder_tokens` (
  `term` varchar(75) CHARACTER SET utf8mb4 COLLATE utf8mb4_bin NOT NULL,
  `stem` varchar(75) CHARACTER SET utf8mb4 COLLATE utf8mb4_bin NOT NULL DEFAULT '',
  `common` tinyint(3) unsigned NOT NULL DEFAULT 0,
  `phrase` tinyint(3) unsigned NOT NULL DEFAULT 0,
  `weight` float unsigned NOT NULL DEFAULT 1,
  `context` tinyint(3) unsigned NOT NULL DEFAULT 2,
  `language` char(7) NOT NULL DEFAULT '',
  KEY `idx_word` (`term`),
  KEY `idx_stem` (`stem`),
  KEY `idx_context` (`context`),
  KEY `idx_language` (`language`)
) ENGINE=MEMORY DEFAULT CHARSET=utf8mb4 COLLATE=utf8mb4_unicode_ci;

--
-- Dumping data for table `brbbp_finder_tokens`
--


--
-- Table structure for table `brbbp_finder_tokens_aggregate`
--

CREATE TABLE `brbbp_finder_tokens_aggregate` (
  `term_id` int(10) unsigned NOT NULL,
  `term` varchar(75) CHARACTER SET utf8mb4 COLLATE utf8mb4_bin NOT NULL,
  `stem` varchar(75) CHARACTER SET utf8mb4 COLLATE utf8mb4_bin NOT NULL DEFAULT '',
  `common` tinyint(3) unsigned NOT NULL DEFAULT 0,
  `phrase` tinyint(3) unsigned NOT NULL DEFAULT 0,
  `term_weight` float unsigned NOT NULL DEFAULT 0,
  `context` tinyint(3) unsigned NOT NULL DEFAULT 2,
  `context_weight` float unsigned NOT NULL DEFAULT 0,
  `total_weight` float unsigned NOT NULL DEFAULT 0,
  `language` char(7) NOT NULL DEFAULT '',
  KEY `token` (`term`),
  KEY `keyword_id` (`term_id`)
) ENGINE=MEMORY DEFAULT CHARSET=utf8mb4 COLLATE=utf8mb4_unicode_ci;

--
-- Dumping data for table `brbbp_finder_tokens_aggregate`
--


--
-- Table structure for table `brbbp_finder_types`
--

CREATE TABLE `brbbp_finder_types` (
  `id` int(10) unsigned NOT NULL AUTO_INCREMENT,
  `title` varchar(100) NOT NULL,
  `mime` varchar(100) NOT NULL DEFAULT '',
  PRIMARY KEY (`id`),
  UNIQUE KEY `title` (`title`)
) ENGINE=InnoDB AUTO_INCREMENT=6 DEFAULT CHARSET=utf8mb4 COLLATE=utf8mb4_unicode_ci;

--
-- Dumping data for table `brbbp_finder_types`
--

INSERT INTO `brbbp_finder_types` VALUES (1,'Category',''),(2,'Contact',''),(3,'Article',''),(4,'News Feed',''),(5,'Tag','');

--
-- Table structure for table `brbbp_history`
--

CREATE TABLE `brbbp_history` (
  `version_id` int(10) unsigned NOT NULL AUTO_INCREMENT,
  `item_id` varchar(50) NOT NULL,
  `version_note` varchar(255) NOT NULL DEFAULT '' COMMENT 'Optional version name',
  `save_date` datetime NOT NULL,
  `editor_user_id` int(10) unsigned NOT NULL DEFAULT 0,
  `character_count` int(10) unsigned NOT NULL DEFAULT 0 COMMENT 'Number of characters in this version.',
  `sha1_hash` varchar(50) NOT NULL DEFAULT '' COMMENT 'SHA1 hash of the version_data column.',
  `version_data` mediumtext NOT NULL COMMENT 'json-encoded string of version data',
  `keep_forever` tinyint(4) NOT NULL DEFAULT 0 COMMENT '0=auto delete; 1=keep',
  PRIMARY KEY (`version_id`),
  KEY `idx_ucm_item_id` (`item_id`),
  KEY `idx_save_date` (`save_date`)
) ENGINE=InnoDB AUTO_INCREMENT=8 DEFAULT CHARSET=utf8mb4 COLLATE=utf8mb4_unicode_ci;

--
-- Dumping data for table `brbbp_history`
--

INSERT INTO `brbbp_history` VALUES (1,'com_content.category.8','','2021-12-03 09:31:09',73,4034,'35105adcab5a256239c52fc96297267414757b82','{\"id\":8,\"asset_id\":90,\"parent_id\":1,\"lft\":11,\"rgt\":12,\"level\":1,\"path\":null,\"extension\":\"com_content\",\"title\":\" \\u0393\\u03bd\\u03c9\\u03c1\\u03b9\\u03bc\\u03af\\u03b1 \\u03bc\\u03b5 \\u03c4\\u03bf \\u03a4\\u03bc\\u03ae\\u03bc\\u03b1\",\"alias\":\"home\",\"note\":\"\",\"description\":\"<p>\\u03a4\\u03bf \\u03a4\\u03bc\\u03ae\\u03bc\\u03b1 \\u0394\\u03b9\\u03bf\\u03b9\\u03ba\\u03b7\\u03c4\\u03b9\\u03ba\\u03ae\\u03c2 \\u0395\\u03c0\\u03b9\\u03c3\\u03c4\\u03ae\\u03bc\\u03b7\\u03c2 \\u03ba\\u03b1\\u03b9 \\u03a4\\u03b5\\u03c7\\u03bd\\u03bf\\u03bb\\u03bf\\u03b3\\u03af\\u03b1\\u03c2 \\u03c4\\u03bf\\u03c5 \\u0394\\u03b9\\u03b5\\u03b8\\u03bd\\u03bf\\u03cd\\u03c2 \\u03a0\\u03b1\\u03bd\\u03b5\\u03c0\\u03b9\\u03c3\\u03c4\\u03b7\\u03bc\\u03af\\u03bf\\u03c5 \\u0395\\u03bb\\u03bb\\u03ac\\u03b4\\u03bf\\u03c2 \\u03b5\\u03af\\u03bd\\u03b1\\u03b9 \\u03ad\\u03bd\\u03b1 \\u03bd\\u03ad\\u03bf \\u03c3\\u03cd\\u03b3\\u03c7\\u03c1\\u03bf\\u03bd\\u03bf \\u03a4\\u03bc\\u03ae\\u03bc\\u03b1 \\u03c4\\u03bf \\u03bf\\u03c0\\u03bf\\u03af\\u03bf \\u03b4\\u03b7\\u03bc\\u03b9\\u03bf\\u03c5\\u03c1\\u03b3\\u03ae\\u03b8\\u03b7\\u03ba\\u03b5 \\u03bc\\u03b5 \\u03c3\\u03c4\\u03cc\\u03c7\\u03bf \\u03c4\\u03b7\\u03bd \\u03c0\\u03c1\\u03bf\\u03b1\\u03b3\\u03c9\\u03b3\\u03ae \\u03c4\\u03b7\\u03c2 \\u03ad\\u03c1\\u03b5\\u03c5\\u03bd\\u03b1\\u03c2 \\u03ba\\u03b1\\u03b9 \\u03c4\\u03b7\\u03c2 \\u03b4\\u03b9\\u03b4\\u03b1\\u03c3\\u03ba\\u03b1\\u03bb\\u03af\\u03b1\\u03c2 \\u03c3\\u03c4\\u03bf \\u03b5\\u03c0\\u03b9\\u03c3\\u03c4\\u03b7\\u03bc\\u03bf\\u03bd\\u03b9\\u03ba\\u03cc \\u03c0\\u03b5\\u03b4\\u03af\\u03bf \\u03c4\\u03b7\\u03c2 \\u0394\\u03b9\\u03bf\\u03b9\\u03ba\\u03b7\\u03c4\\u03b9\\u03ba\\u03ae\\u03c2 \\u0395\\u03c0\\u03b9\\u03c3\\u03c4\\u03ae\\u03bc\\u03b7\\u03c2 \\u03ba\\u03b1\\u03b9 \\u03c4\\u03b7\\u03c2 \\u03a4\\u03b5\\u03c7\\u03bd\\u03bf\\u03bb\\u03bf\\u03b3\\u03af\\u03b1\\u03c2, \\u03c0\\u03c1\\u03bf\\u03c2 \\u03cc\\u03c6\\u03b5\\u03bb\\u03bf\\u03c2 \\u03c4\\u03b7\\u03c2 \\u03ba\\u03bf\\u03b9\\u03bd\\u03c9\\u03bd\\u03af\\u03b1\\u03c2 \\u03ba\\u03b1\\u03b9 \\u03c4\\u03b7\\u03c2 \\u03b5\\u03c0\\u03b9\\u03c3\\u03c4\\u03ae\\u03bc\\u03b7\\u03c2.<\\/p>\\r\\n<p>O \\u03c3\\u03ba\\u03bf\\u03c0\\u03cc\\u03c2 \\u03c4\\u03bf\\u03c5 \\u03c0\\u03c1\\u03bf\\u03b3\\u03c1\\u03ac\\u03bc\\u03bc\\u03b1\\u03c4\\u03bf\\u03c2 \\u03b5\\u03af\\u03bd\\u03b1\\u03b9 \\u03b7 \\u03b4\\u03b7\\u03bc\\u03b9\\u03bf\\u03c5\\u03c1\\u03b3\\u03af\\u03b1 \\u03c3\\u03c4\\u03b5\\u03bb\\u03b5\\u03c7\\u03ce\\u03bd \\u03c0\\u03bf\\u03c5 \\u03b8\\u03b1 \\u03c3\\u03c5\\u03bd\\u03b4\\u03c5\\u03ac\\u03b6\\u03bf\\u03c5\\u03bd \\u03c4\\u03b9\\u03c2 \\u03b5\\u03c0\\u03b9\\u03c3\\u03c4\\u03b7\\u03bc\\u03bf\\u03bd\\u03b9\\u03ba\\u03ad\\u03c2 \\u03b3\\u03bd\\u03ce\\u03c3\\u03b5\\u03b9\\u03c2 \\u03c4\\u03b7\\u03c2 \\u03b4\\u03b9\\u03bf\\u03b9\\u03ba\\u03b7\\u03c4\\u03b9\\u03ba\\u03ae\\u03c2 \\u03b5\\u03c0\\u03b9\\u03c3\\u03c4\\u03ae\\u03bc\\u03b7\\u03c2 \\u03ba\\u03b1\\u03b9 \\u03c4\\u03b9\\u03c2 \\u03b1\\u03c0\\u03b1\\u03c1\\u03b1\\u03af\\u03c4\\u03b7\\u03c4\\u03b5\\u03c2 \\u03bf\\u03c1\\u03b3\\u03b1\\u03bd\\u03c9\\u03c3\\u03b9\\u03b1\\u03ba\\u03ad\\u03c2 \\u03ba\\u03b1\\u03b9 \\u03b7\\u03b3\\u03b5\\u03c4\\u03b9\\u03ba\\u03ad\\u03c2 \\u03b9\\u03ba\\u03b1\\u03bd\\u03cc\\u03c4\\u03b7\\u03c4\\u03b5\\u03c2, \\u03c0\\u03bb\\u03b1\\u03b9\\u03c3\\u03b9\\u03c9\\u03bc\\u03ad\\u03bd\\u03b5\\u03c2 \\u03bc\\u03b5 \\u03c4\\u03b9\\u03c2 \\u03b5\\u03c0\\u03b9\\u03c3\\u03c4\\u03b7\\u03bc\\u03bf\\u03bd\\u03b9\\u03ba\\u03ad\\u03c2 \\u03b3\\u03bd\\u03ce\\u03c3\\u03b5\\u03b9\\u03c2 \\u03ba\\u03b1\\u03b9 \\u03c4\\u03b9\\u03c2 \\u03b9\\u03ba\\u03b1\\u03bd\\u03cc\\u03c4\\u03b7\\u03c4\\u03b5\\u03c2 \\u03b1\\u03be\\u03b9\\u03bf\\u03c0\\u03bf\\u03af\\u03b7\\u03c3\\u03b7\\u03c2 \\u03c4\\u03c9\\u03bd \\u03c3\\u03cd\\u03b3\\u03c7\\u03c1\\u03bf\\u03bd\\u03c9\\u03bd \\u03c4\\u03b5\\u03c7\\u03bd\\u03bf\\u03bb\\u03bf\\u03b3\\u03b9\\u03ce\\u03bd \\u03ba\\u03b1\\u03b9 \\u03b5\\u03b9\\u03b4\\u03b9\\u03ba\\u03cc\\u03c4\\u03b5\\u03c1\\u03b1 \\u03c4\\u03b7\\u03c2 \\u03a0\\u03bb\\u03b7\\u03c1\\u03bf\\u03c6\\u03bf\\u03c1\\u03b9\\u03ba\\u03ae\\u03c2 \\u03ba\\u03b1\\u03b9 \\u03c4\\u03c9\\u03bd \\u0395\\u03c0\\u03b9\\u03ba\\u03bf\\u03b9\\u03bd\\u03c9\\u03bd\\u03b9\\u03ce\\u03bd.\\u00a0<\\/p>\",\"published\":\"1\",\"checked_out\":null,\"checked_out_time\":null,\"access\":1,\"params\":\"{\\\"category_layout\\\":\\\"\\\",\\\"image\\\":\\\"\\\",\\\"image_alt\\\":\\\"\\\"}\",\"metadesc\":\"\",\"metakey\":\"\",\"metadata\":\"{\\\"author\\\":\\\"\\\",\\\"robots\\\":\\\"\\\"}\",\"created_user_id\":73,\"created_time\":\"2021-12-03 09:31:09\",\"modified_user_id\":73,\"modified_time\":\"2021-12-03 09:31:09\",\"hits\":null,\"language\":\"*\",\"version\":null}',0),(2,'com_content.article.1','','2021-12-03 09:34:21',73,5063,'0940fccdb00c29f0f19615a08efabd9fef5c0bff','{\"id\":1,\"asset_id\":91,\"title\":\" \\u0393\\u03bd\\u03c9\\u03c1\\u03b9\\u03bc\\u03af\\u03b1 \\u03bc\\u03b5 \\u03c4\\u03bf \\u03a4\\u03bc\\u03ae\\u03bc\\u03b1\",\"alias\":\"home\",\"introtext\":\"<p>\\u03a4\\u03bf \\u03a4\\u03bc\\u03ae\\u03bc\\u03b1 \\u0394\\u03b9\\u03bf\\u03b9\\u03ba\\u03b7\\u03c4\\u03b9\\u03ba\\u03ae\\u03c2 \\u0395\\u03c0\\u03b9\\u03c3\\u03c4\\u03ae\\u03bc\\u03b7\\u03c2 \\u03ba\\u03b1\\u03b9 \\u03a4\\u03b5\\u03c7\\u03bd\\u03bf\\u03bb\\u03bf\\u03b3\\u03af\\u03b1\\u03c2 \\u03c4\\u03bf\\u03c5 \\u0394\\u03b9\\u03b5\\u03b8\\u03bd\\u03bf\\u03cd\\u03c2 \\u03a0\\u03b1\\u03bd\\u03b5\\u03c0\\u03b9\\u03c3\\u03c4\\u03b7\\u03bc\\u03af\\u03bf\\u03c5 \\u0395\\u03bb\\u03bb\\u03ac\\u03b4\\u03bf\\u03c2 \\u03b5\\u03af\\u03bd\\u03b1\\u03b9 \\u03ad\\u03bd\\u03b1 \\u03bd\\u03ad\\u03bf \\u03c3\\u03cd\\u03b3\\u03c7\\u03c1\\u03bf\\u03bd\\u03bf \\u03a4\\u03bc\\u03ae\\u03bc\\u03b1 \\u03c4\\u03bf \\u03bf\\u03c0\\u03bf\\u03af\\u03bf \\u03b4\\u03b7\\u03bc\\u03b9\\u03bf\\u03c5\\u03c1\\u03b3\\u03ae\\u03b8\\u03b7\\u03ba\\u03b5 \\u03bc\\u03b5 \\u03c3\\u03c4\\u03cc\\u03c7\\u03bf \\u03c4\\u03b7\\u03bd \\u03c0\\u03c1\\u03bf\\u03b1\\u03b3\\u03c9\\u03b3\\u03ae \\u03c4\\u03b7\\u03c2 \\u03ad\\u03c1\\u03b5\\u03c5\\u03bd\\u03b1\\u03c2 \\u03ba\\u03b1\\u03b9 \\u03c4\\u03b7\\u03c2 \\u03b4\\u03b9\\u03b4\\u03b1\\u03c3\\u03ba\\u03b1\\u03bb\\u03af\\u03b1\\u03c2 \\u03c3\\u03c4\\u03bf \\u03b5\\u03c0\\u03b9\\u03c3\\u03c4\\u03b7\\u03bc\\u03bf\\u03bd\\u03b9\\u03ba\\u03cc \\u03c0\\u03b5\\u03b4\\u03af\\u03bf \\u03c4\\u03b7\\u03c2 \\u0394\\u03b9\\u03bf\\u03b9\\u03ba\\u03b7\\u03c4\\u03b9\\u03ba\\u03ae\\u03c2 \\u0395\\u03c0\\u03b9\\u03c3\\u03c4\\u03ae\\u03bc\\u03b7\\u03c2 \\u03ba\\u03b1\\u03b9 \\u03c4\\u03b7\\u03c2 \\u03a4\\u03b5\\u03c7\\u03bd\\u03bf\\u03bb\\u03bf\\u03b3\\u03af\\u03b1\\u03c2, \\u03c0\\u03c1\\u03bf\\u03c2 \\u03cc\\u03c6\\u03b5\\u03bb\\u03bf\\u03c2 \\u03c4\\u03b7\\u03c2 \\u03ba\\u03bf\\u03b9\\u03bd\\u03c9\\u03bd\\u03af\\u03b1\\u03c2 \\u03ba\\u03b1\\u03b9 \\u03c4\\u03b7\\u03c2 \\u03b5\\u03c0\\u03b9\\u03c3\\u03c4\\u03ae\\u03bc\\u03b7\\u03c2.<\\/p>\\r\\n<p>O \\u03c3\\u03ba\\u03bf\\u03c0\\u03cc\\u03c2 \\u03c4\\u03bf\\u03c5 \\u03c0\\u03c1\\u03bf\\u03b3\\u03c1\\u03ac\\u03bc\\u03bc\\u03b1\\u03c4\\u03bf\\u03c2 \\u03b5\\u03af\\u03bd\\u03b1\\u03b9 \\u03b7 \\u03b4\\u03b7\\u03bc\\u03b9\\u03bf\\u03c5\\u03c1\\u03b3\\u03af\\u03b1 \\u03c3\\u03c4\\u03b5\\u03bb\\u03b5\\u03c7\\u03ce\\u03bd \\u03c0\\u03bf\\u03c5 \\u03b8\\u03b1 \\u03c3\\u03c5\\u03bd\\u03b4\\u03c5\\u03ac\\u03b6\\u03bf\\u03c5\\u03bd \\u03c4\\u03b9\\u03c2 \\u03b5\\u03c0\\u03b9\\u03c3\\u03c4\\u03b7\\u03bc\\u03bf\\u03bd\\u03b9\\u03ba\\u03ad\\u03c2 \\u03b3\\u03bd\\u03ce\\u03c3\\u03b5\\u03b9\\u03c2 \\u03c4\\u03b7\\u03c2 \\u03b4\\u03b9\\u03bf\\u03b9\\u03ba\\u03b7\\u03c4\\u03b9\\u03ba\\u03ae\\u03c2 \\u03b5\\u03c0\\u03b9\\u03c3\\u03c4\\u03ae\\u03bc\\u03b7\\u03c2 \\u03ba\\u03b1\\u03b9 \\u03c4\\u03b9\\u03c2 \\u03b1\\u03c0\\u03b1\\u03c1\\u03b1\\u03af\\u03c4\\u03b7\\u03c4\\u03b5\\u03c2 \\u03bf\\u03c1\\u03b3\\u03b1\\u03bd\\u03c9\\u03c3\\u03b9\\u03b1\\u03ba\\u03ad\\u03c2 \\u03ba\\u03b1\\u03b9 \\u03b7\\u03b3\\u03b5\\u03c4\\u03b9\\u03ba\\u03ad\\u03c2 \\u03b9\\u03ba\\u03b1\\u03bd\\u03cc\\u03c4\\u03b7\\u03c4\\u03b5\\u03c2, \\u03c0\\u03bb\\u03b1\\u03b9\\u03c3\\u03b9\\u03c9\\u03bc\\u03ad\\u03bd\\u03b5\\u03c2 \\u03bc\\u03b5 \\u03c4\\u03b9\\u03c2 \\u03b5\\u03c0\\u03b9\\u03c3\\u03c4\\u03b7\\u03bc\\u03bf\\u03bd\\u03b9\\u03ba\\u03ad\\u03c2 \\u03b3\\u03bd\\u03ce\\u03c3\\u03b5\\u03b9\\u03c2 \\u03ba\\u03b1\\u03b9 \\u03c4\\u03b9\\u03c2 \\u03b9\\u03ba\\u03b1\\u03bd\\u03cc\\u03c4\\u03b7\\u03c4\\u03b5\\u03c2 \\u03b1\\u03be\\u03b9\\u03bf\\u03c0\\u03bf\\u03af\\u03b7\\u03c3\\u03b7\\u03c2 \\u03c4\\u03c9\\u03bd \\u03c3\\u03cd\\u03b3\\u03c7\\u03c1\\u03bf\\u03bd\\u03c9\\u03bd \\u03c4\\u03b5\\u03c7\\u03bd\\u03bf\\u03bb\\u03bf\\u03b3\\u03b9\\u03ce\\u03bd \\u03ba\\u03b1\\u03b9 \\u03b5\\u03b9\\u03b4\\u03b9\\u03ba\\u03cc\\u03c4\\u03b5\\u03c1\\u03b1 \\u03c4\\u03b7\\u03c2 \\u03a0\\u03bb\\u03b7\\u03c1\\u03bf\\u03c6\\u03bf\\u03c1\\u03b9\\u03ba\\u03ae\\u03c2 \\u03ba\\u03b1\\u03b9 \\u03c4\\u03c9\\u03bd \\u0395\\u03c0\\u03b9\\u03ba\\u03bf\\u03b9\\u03bd\\u03c9\\u03bd\\u03b9\\u03ce\\u03bd.\\u00a0<\\/p>\",\"fulltext\":\"\",\"state\":\"1\",\"catid\":2,\"created\":\"2021-12-03 09:34:21\",\"created_by\":73,\"created_by_alias\":\"\",\"modified\":\"2021-12-03 09:34:21\",\"modified_by\":73,\"checked_out\":null,\"checked_out_time\":null,\"publish_up\":\"2021-12-03 09:34:21\",\"publish_down\":null,\"images\":\"{\\\"image_intro\\\":\\\"\\\",\\\"image_intro_alt\\\":\\\"\\\",\\\"float_intro\\\":\\\"\\\",\\\"image_intro_caption\\\":\\\"\\\",\\\"image_fulltext\\\":\\\"\\\",\\\"image_fulltext_alt\\\":\\\"\\\",\\\"float_fulltext\\\":\\\"\\\",\\\"image_fulltext_caption\\\":\\\"\\\"}\",\"urls\":\"{\\\"urla\\\":\\\"\\\",\\\"urlatext\\\":\\\"\\\",\\\"targeta\\\":\\\"\\\",\\\"urlb\\\":\\\"\\\",\\\"urlbtext\\\":\\\"\\\",\\\"targetb\\\":\\\"\\\",\\\"urlc\\\":\\\"\\\",\\\"urlctext\\\":\\\"\\\",\\\"targetc\\\":\\\"\\\"}\",\"attribs\":\"{\\\"article_layout\\\":\\\"\\\",\\\"show_title\\\":\\\"\\\",\\\"link_titles\\\":\\\"\\\",\\\"show_tags\\\":\\\"\\\",\\\"show_intro\\\":\\\"\\\",\\\"info_block_position\\\":\\\"\\\",\\\"info_block_show_title\\\":\\\"\\\",\\\"show_category\\\":\\\"\\\",\\\"link_category\\\":\\\"\\\",\\\"show_parent_category\\\":\\\"\\\",\\\"link_parent_category\\\":\\\"\\\",\\\"show_author\\\":\\\"\\\",\\\"link_author\\\":\\\"\\\",\\\"show_create_date\\\":\\\"\\\",\\\"show_modify_date\\\":\\\"\\\",\\\"show_publish_date\\\":\\\"\\\",\\\"show_item_navigation\\\":\\\"\\\",\\\"show_hits\\\":\\\"\\\",\\\"show_noauth\\\":\\\"\\\",\\\"urls_position\\\":\\\"\\\",\\\"alternative_readmore\\\":\\\"\\\",\\\"article_page_title\\\":\\\"\\\",\\\"show_publishing_options\\\":\\\"\\\",\\\"show_article_options\\\":\\\"\\\",\\\"show_urls_images_backend\\\":\\\"\\\",\\\"show_urls_images_frontend\\\":\\\"\\\"}\",\"version\":\"1\",\"ordering\":null,\"metakey\":\"\",\"metadesc\":\"\",\"access\":1,\"hits\":0,\"metadata\":\"{\\\"robots\\\":\\\"\\\",\\\"author\\\":\\\"\\\",\\\"rights\\\":\\\"\\\"}\",\"featured\":\"0\",\"language\":\"*\",\"note\":\"\"}',0),(3,'com_content.article.2','','2021-12-03 11:12:26',73,6156,'f67c76a128acd80959faa6bd007bc937b6001c0b','{\"id\":2,\"asset_id\":92,\"title\":\"\\u03a3\\u03c4\\u03cc\\u03c7\\u03bf\\u03b9 & \\u0395\\u03c0\\u03b9\\u03b4\\u03b9\\u03ce\\u03be\\u03b5\\u03b9\\u03c2\",\"alias\":\"goal-and-objective\",\"introtext\":\"<p>\\u03a4\\u03bf \\u03a4\\u03bc\\u03ae\\u03bc\\u03b1 \\u03b1\\u03c0\\u03bf\\u03c3\\u03ba\\u03bf\\u03c0\\u03b5\\u03af:\\u00a0<\\/p>\\r\\n<ul>\\r\\n<li>\\u03a3\\u03c4\\u03b7\\u03bd \\u03c0\\u03b1\\u03c1\\u03bf\\u03c7\\u03ae \\u03b5\\u03ba\\u03c0\\u03b1\\u03af\\u03b4\\u03b5\\u03c5\\u03c3\\u03b7\\u03c2 \\u03c5\\u03c8\\u03b7\\u03bb\\u03bf\\u03cd \\u03b5\\u03c0\\u03b9\\u03c0\\u03ad\\u03b4\\u03bf\\u03c5 \\u03c3\\u03b5 \\u03c0\\u03c1\\u03bf\\u03c0\\u03c4\\u03c5\\u03c7\\u03b9\\u03b1\\u03ba\\u03bf\\u03cd\\u03c2 \\u03ba\\u03b1\\u03b9 \\u03bc\\u03b5\\u03c4\\u03b1\\u03c0\\u03c4\\u03c5\\u03c7\\u03b9\\u03b1\\u03ba\\u03bf\\u03cd\\u03c2 \\u03c6\\u03bf\\u03b9\\u03c4\\u03b7\\u03c4\\u03ad\\u03c2 \\u03c3\\u03c4\\u03b1 \\u03b1\\u03bd\\u03c4\\u03b9\\u03ba\\u03b5\\u03af\\u03bc\\u03b5\\u03bd\\u03b1 \\u03c4\\u03b7\\u03c2 \\u03b4\\u03b9\\u03bf\\u03b9\\u03ba\\u03b7\\u03c4\\u03b9\\u03ba\\u03ae\\u03c2 \\u03b5\\u03c0\\u03b9\\u03c3\\u03c4\\u03ae\\u03bc\\u03b7\\u03c2 \\u03ba\\u03b1\\u03b9 \\u03c4\\u03b7\\u03c2 \\u03c4\\u03b5\\u03c7\\u03bd\\u03bf\\u03bb\\u03bf\\u03b3\\u03af\\u03b1\\u03c2 \\u03bc\\u03b5 \\u03c3\\u03c4\\u03cc\\u03c7\\u03bf \\u03c4\\u03b7\\u03bd \\u03b1\\u03bd\\u03ac\\u03b4\\u03b5\\u03b9\\u03be\\u03b7 \\u03c4\\u03c9\\u03bd \\u03ba\\u03c1\\u03af\\u03c3\\u03b9\\u03bc\\u03c9\\u03bd \\u03c0\\u03bb\\u03b5\\u03bf\\u03bd\\u03b5\\u03ba\\u03c4\\u03b7\\u03bc\\u03ac\\u03c4\\u03c9\\u03bd \\u03c4\\u03bf\\u03c5 \\u03c3\\u03c5\\u03bd\\u03b4\\u03c5\\u03b1\\u03c3\\u03bc\\u03bf\\u03cd \\u03c4\\u03bf\\u03c5\\u03c2, \\u03b4\\u03b7\\u03bc\\u03b9\\u03bf\\u03c5\\u03c1\\u03b3\\u03ce\\u03bd\\u03c4\\u03b1\\u03c2 \\u03bc\\u03b5\\u03bb\\u03bb\\u03bf\\u03bd\\u03c4\\u03b9\\u03ba\\u03ac \\u03bc\\u03b9\\u03b1 \\u03bc\\u03ac\\u03b6\\u03b1 \\u03b5\\u03c0\\u03b9\\u03c3\\u03c4\\u03b7\\u03bc\\u03cc\\u03bd\\u03c9\\u03bd \\u03bc\\u03b5 \\u03b5\\u03c5\\u03c1\\u03b5\\u03af\\u03b1 \\u03b5\\u03c0\\u03b9\\u03c3\\u03c4\\u03b7\\u03bc\\u03bf\\u03bd\\u03b9\\u03ba\\u03ae \\u03b3\\u03bd\\u03ce\\u03c3\\u03b7 \\u03ba\\u03b1\\u03b9 \\u03b1\\u03bd\\u03b1\\u03c0\\u03c4\\u03c5\\u03b3\\u03bc\\u03ad\\u03bd\\u03b5\\u03c2 \\u03b4\\u03b5\\u03be\\u03b9\\u03cc\\u03c4\\u03b7\\u03c4\\u03b5\\u03c2 \\u03b5\\u03c6\\u03b1\\u03c1\\u03bc\\u03bf\\u03b3\\u03ae\\u03c2 \\u03c4\\u03b7\\u03c2 \\u03c3\\u03b5 \\u03c0\\u03c1\\u03b1\\u03ba\\u03c4\\u03b9\\u03ba\\u03ac \\u03c0\\u03c1\\u03bf\\u03b2\\u03bb\\u03ae\\u03bc\\u03b1\\u03c4\\u03b1.<\\/li>\\r\\n<li>\\u03a3\\u03c4\\u03b7 \\u03b4\\u03b7\\u03bc\\u03b9\\u03bf\\u03c5\\u03c1\\u03b3\\u03af\\u03b1 \\u03b5\\u03c0\\u03b9\\u03c3\\u03c4\\u03b7\\u03bc\\u03bf\\u03bd\\u03b9\\u03ba\\u03bf\\u03cd \\u03b4\\u03c5\\u03bd\\u03b1\\u03bc\\u03b9\\u03ba\\u03bf\\u03cd \\u03c5\\u03c8\\u03b7\\u03bb\\u03bf\\u03cd \\u03b5\\u03c0\\u03b9\\u03c0\\u03ad\\u03b4\\u03bf\\u03c5 \\u03b5\\u03ba\\u03c0\\u03b1\\u03af\\u03b4\\u03b5\\u03c5\\u03c3\\u03b7\\u03c2 \\u03b3\\u03b9\\u03b1 \\u03c3\\u03c4\\u03b5\\u03bb\\u03ad\\u03c7\\u03c9\\u03c3\\u03b7 \\u03c4\\u03cc\\u03c3\\u03bf \\u03c4\\u03b7\\u03c2 \\u03ad\\u03c1\\u03b5\\u03c5\\u03bd\\u03b1\\u03c2 \\u03cc\\u03c3\\u03bf \\u03ba\\u03b1\\u03b9 \\u03c4\\u03b7\\u03c2 \\u03c0\\u03b1\\u03c1\\u03bf\\u03c7\\u03ae\\u03c2 \\u03c5\\u03c0\\u03b7\\u03c1\\u03b5\\u03c3\\u03b9\\u03ce\\u03bd \\u03c3\\u03b5 \\u03c4\\u03bf\\u03bc\\u03b5\\u03af\\u03c2 \\u03bc\\u03bf\\u03c7\\u03bb\\u03bf\\u03cd\\u03c2 \\u03b3\\u03b9\\u03b1 \\u03c4\\u03b7\\u03bd \\u03bf\\u03b9\\u03ba\\u03bf\\u03bd\\u03bf\\u03bc\\u03b9\\u03ba\\u03ae \\u03b1\\u03bd\\u03ac\\u03c0\\u03c4\\u03c5\\u03be\\u03b7.<\\/li>\\r\\n<li>\\u03a3\\u03c4\\u03b7 \\u03b4\\u03b7\\u03bc\\u03b9\\u03bf\\u03c5\\u03c1\\u03b3\\u03af\\u03b1 \\u03b5\\u03bd\\u03cc\\u03c2 \\u03b9\\u03c3\\u03c7\\u03c5\\u03c1\\u03bf\\u03cd, \\u03b2\\u03b9\\u03ce\\u03c3\\u03b9\\u03bc\\u03bf\\u03c5 \\u03ba\\u03b1\\u03b9 \\u03b4\\u03b9\\u03b5\\u03b8\\u03bd\\u03ce\\u03c2 \\u03b1\\u03bd\\u03c4\\u03b1\\u03b3\\u03c9\\u03bd\\u03b9\\u03c3\\u03c4\\u03b9\\u03ba\\u03bf\\u03cd \\u03a4\\u03bc\\u03ae\\u03bc\\u03b1\\u03c4\\u03bf\\u03c2 \\u03c3\\u03c4\\u03bf \\u03b5\\u03c5\\u03c1\\u03cd \\u03c6\\u03ac\\u03c3\\u03bc\\u03b1 \\u03c4\\u03bf \\u03b2\\u03b1\\u03c3\\u03b9\\u03ba\\u03bf\\u03cd \\u03ba\\u03b1\\u03b9 \\u03b5\\u03c6\\u03b1\\u03c1\\u03bc\\u03bf\\u03c3\\u03bc\\u03ad\\u03bd\\u03bf\\u03c5 \\u03b4\\u03b9\\u03b5\\u03c0\\u03b9\\u03c3\\u03c4\\u03b7\\u03bc\\u03bf\\u03bd\\u03b9\\u03ba\\u03bf\\u03cd \\u03c0\\u03b5\\u03b4\\u03af\\u03bf\\u03c5 \\u03c4\\u03b7\\u03c2 \\u0394\\u03b9\\u03bf\\u03b9\\u03ba\\u03b7\\u03c4\\u03b9\\u03ba\\u03ae\\u03c2 \\u0395\\u03c0\\u03b9\\u03c3\\u03c4\\u03ae\\u03bc\\u03b7\\u03c2 \\u03ba\\u03b1\\u03b9 \\u03a4\\u03b5\\u03c7\\u03bd\\u03bf\\u03bb\\u03bf\\u03b3\\u03af\\u03b1\\u03c2.<\\/li>\\r\\n<li>\\u03a3\\u03c4\\u03b7 \\u03b4\\u03b7\\u03bc\\u03b9\\u03bf\\u03c5\\u03c1\\u03b3\\u03af\\u03b1 \\u03c3\\u03c5\\u03bd\\u03b5\\u03c1\\u03b3\\u03b5\\u03b9\\u03ce\\u03bd \\u03bc\\u03b5 \\u03c4\\u03b1 \\u03ac\\u03bb\\u03bb\\u03b1 \\u03c3\\u03c5\\u03b3\\u03b3\\u03b5\\u03bd\\u03ae \\u03a4\\u03bc\\u03ae\\u03bc\\u03b1\\u03c4\\u03b1 \\u03ba\\u03b1\\u03b9 \\u03c4\\u03b1 \\u03b5\\u03c1\\u03b5\\u03c5\\u03bd\\u03b7\\u03c4\\u03b9\\u03ba\\u03ac \\u03b5\\u03c1\\u03b3\\u03b1\\u03c3\\u03c4\\u03ae\\u03c1\\u03b9\\u03b1 \\u03c4\\u03b7\\u03c2 \\u03c7\\u03ce\\u03c1\\u03b1\\u03c2.<\\/li>\\r\\n<\\/ul>\",\"fulltext\":\"\",\"state\":\"1\",\"catid\":2,\"created\":\"2021-12-03 11:12:26\",\"created_by\":73,\"created_by_alias\":\"\",\"modified\":\"2021-12-03 11:12:26\",\"modified_by\":73,\"checked_out\":null,\"checked_out_time\":null,\"publish_up\":\"2021-12-03 11:12:26\",\"publish_down\":null,\"images\":\"{\\\"image_intro\\\":\\\"\\\",\\\"image_intro_alt\\\":\\\"\\\",\\\"float_intro\\\":\\\"\\\",\\\"image_intro_caption\\\":\\\"\\\",\\\"image_fulltext\\\":\\\"\\\",\\\"image_fulltext_alt\\\":\\\"\\\",\\\"float_fulltext\\\":\\\"\\\",\\\"image_fulltext_caption\\\":\\\"\\\"}\",\"urls\":\"{\\\"urla\\\":\\\"\\\",\\\"urlatext\\\":\\\"\\\",\\\"targeta\\\":\\\"\\\",\\\"urlb\\\":\\\"\\\",\\\"urlbtext\\\":\\\"\\\",\\\"targetb\\\":\\\"\\\",\\\"urlc\\\":\\\"\\\",\\\"urlctext\\\":\\\"\\\",\\\"targetc\\\":\\\"\\\"}\",\"attribs\":\"{\\\"article_layout\\\":\\\"\\\",\\\"show_title\\\":\\\"\\\",\\\"link_titles\\\":\\\"\\\",\\\"show_tags\\\":\\\"\\\",\\\"show_intro\\\":\\\"\\\",\\\"info_block_position\\\":\\\"\\\",\\\"info_block_show_title\\\":\\\"\\\",\\\"show_category\\\":\\\"\\\",\\\"link_category\\\":\\\"\\\",\\\"show_parent_category\\\":\\\"\\\",\\\"link_parent_category\\\":\\\"\\\",\\\"show_author\\\":\\\"\\\",\\\"link_author\\\":\\\"\\\",\\\"show_create_date\\\":\\\"\\\",\\\"show_modify_date\\\":\\\"\\\",\\\"show_publish_date\\\":\\\"\\\",\\\"show_item_navigation\\\":\\\"\\\",\\\"show_hits\\\":\\\"\\\",\\\"show_noauth\\\":\\\"\\\",\\\"urls_position\\\":\\\"\\\",\\\"alternative_readmore\\\":\\\"\\\",\\\"article_page_title\\\":\\\"\\\",\\\"show_publishing_options\\\":\\\"\\\",\\\"show_article_options\\\":\\\"\\\",\\\"show_urls_images_backend\\\":\\\"\\\",\\\"show_urls_images_frontend\\\":\\\"\\\"}\",\"version\":\"1\",\"ordering\":null,\"metakey\":\"\",\"metadesc\":\"\",\"access\":1,\"hits\":0,\"metadata\":\"{\\\"robots\\\":\\\"\\\",\\\"author\\\":\\\"\\\",\\\"rights\\\":\\\"\\\"}\",\"featured\":\"0\",\"language\":\"*\",\"note\":\"\"}',0),(4,'com_content.category.9','','2021-12-03 14:23:04',73,618,'49a86e8f3ecfd5310b26cb82ea642f330c1c9ec3','{\"id\":9,\"asset_id\":98,\"parent_id\":1,\"lft\":13,\"rgt\":14,\"level\":1,\"path\":null,\"extension\":\"com_content\",\"title\":\"\\u0391\\u03bd\\u03b1\\u03ba\\u03bf\\u03b9\\u03bd\\u03ce\\u03c3\\u03b5\\u03b9\\u03c2\",\"alias\":\"2021-12-03-14-23-04\",\"note\":\"\",\"description\":\"\",\"published\":\"1\",\"checked_out\":null,\"checked_out_time\":null,\"access\":1,\"params\":\"{\\\"category_layout\\\":\\\"\\\",\\\"image\\\":\\\"\\\",\\\"image_alt\\\":\\\"\\\"}\",\"metadesc\":\"\",\"metakey\":\"\",\"metadata\":\"{\\\"author\\\":\\\"\\\",\\\"robots\\\":\\\"\\\"}\",\"created_user_id\":73,\"created_time\":\"2021-12-03 14:23:04\",\"modified_user_id\":73,\"modified_time\":\"2021-12-03 14:23:04\",\"hits\":null,\"language\":\"*\",\"version\":null}',0),(5,'com_content.article.3','','2021-12-03 14:25:09',73,5715,'3fe228a293dfda5c9fb7f210775d048dd9bf7ba6','{\"id\":3,\"asset_id\":99,\"title\":\"\\u0391\\u03bd\\u03b1\\u03ba\\u03bf\\u03af\\u03bd\\u03c9\\u03c3\\u03b7 \\u03b4\\u03b9\\u03b5\\u03bd\\u03ad\\u03c1\\u03b3\\u03b5\\u03b9\\u03b1\\u03c2 \\u03ba\\u03b1\\u03c4\\u03b1\\u03c4\\u03b1\\u03ba\\u03c4\\u03b7\\u03c1\\u03af\\u03c9\\u03bd \\u0395\\u03be\\u03b5\\u03c4\\u03ac\\u03c3\\u03b5\\u03c9\\u03bd \\u03b1\\u03ba\\u03b1\\u03b4\\u03b7\\u03bc\\u03b1\\u03ca\\u03ba\\u03bf\\u03cd \\u03ad\\u03c4\\u03bf\\u03c5\\u03c2 2021-2022\",\"alias\":\"2021-2022\",\"introtext\":\"<p>\\u0397 \\u03b4\\u03b9\\u03b5\\u03be\\u03b1\\u03b3\\u03c9\\u03b3\\u03ae \\u03c4\\u03c9\\u03bd \\u03ba\\u03b1\\u03c4\\u03b1\\u03c4\\u03b1\\u03ba\\u03c4\\u03b7\\u03c1\\u03af\\u03c9\\u03bd \\u03b5\\u03be\\u03b5\\u03c4\\u03ac\\u03c3\\u03b5\\u03c9\\u03bd \\u03c4\\u03bf\\u03c5 \\u03a4\\u03bc\\u03ae\\u03bc\\u03b1\\u03c4\\u03bf\\u03c2 \\u0394\\u03b9\\u03bf\\u03b9\\u03ba\\u03b7\\u03c4\\u03b9\\u03ba\\u03ae\\u03c2 \\u0395\\u03c0\\u03b9\\u03c3\\u03c4\\u03ae\\u03bc\\u03b7\\u03c2 \\u03ba\\u03b1\\u03b9 \\u03a4\\u03b5\\u03c7\\u03bd\\u03bf\\u03bb\\u03bf\\u03b3\\u03af\\u03b1\\u03c2 \\u03b3\\u03b9\\u03b1 \\u03c4\\u03bf \\u0391\\u03ba\\u03b1\\u03b4\\u03b7\\u03bc\\u03b1\\u03ca\\u03ba\\u03cc \\u0388\\u03c4\\u03bf\\u03c2 2021-2022 \\u03b8\\u03b1 \\u03c0\\u03c1\\u03b1\\u03b3\\u03bc\\u03b1\\u03c4\\u03bf\\u03c0\\u03bf\\u03b9\\u03b7\\u03b8\\u03b5\\u03af \\u03c4\\u03b7\\u03bd\\u00a0<strong>\\u03a0\\u03b1\\u03c1\\u03b1\\u03c3\\u03ba\\u03b5\\u03c5\\u03ae 10 \\u0394\\u03b5\\u03ba\\u03b5\\u03bc\\u03b2\\u03c1\\u03af\\u03bf\\u03c5 2021.<\\/strong>\\u00a0 \\u00a0 \\u00a0<\\/p>\\r\\n<p>\\u039f\\u03b9 \\u03b5\\u03be\\u03b5\\u03c4\\u03ac\\u03c3\\u03b5\\u03b9\\u03c2 \\u03b8\\u03b1 \\u03b3\\u03af\\u03bd\\u03bf\\u03c5\\u03bd \\u03c3\\u03c4\\u03b7\\u03bd \\u03b1\\u03af\\u03b8\\u03bf\\u03c5\\u03c3\\u03b1 \\u039a\\u039b\\u0395\\u0399\\u03a9 \\u03c3\\u03c4\\u03bf \\u03ba\\u03c4\\u03ae\\u03c1\\u03b9\\u03bf \\u03c4\\u03b7\\u03c2 \\u03b2\\u03b9\\u03b2\\u03bb\\u03b9\\u03bf\\u03b8\\u03ae\\u03ba\\u03b7\\u03c2.<\\/p>\\r\\n<table width=\\\"343\\\">\\r\\n<tbody>\\r\\n<tr>\\r\\n<td width=\\\"135\\\">\\u00a0\\u00a0\\u038f\\u03c1\\u03b1\\u00a0 \\u00a0 \\u00a0 \\u00a0 \\u00a0 \\u00a0 \\u00a0<\\/td>\\r\\n<td width=\\\"208\\\">\\u039c\\u03ac\\u03b8\\u03b7\\u03bc\\u03b1<\\/td>\\r\\n<\\/tr>\\r\\n<tr>\\r\\n<td>10:30 \\u2013 12:00<\\/td>\\r\\n<td>\\u0391\\u03c1\\u03c7\\u03ad\\u03c2 \\u0394\\u03b9\\u03bf\\u03af\\u03ba\\u03b7\\u03c3\\u03b7\\u03c2 \\u0395\\u03c0\\u03b9\\u03c7\\u03b5\\u03b9\\u03c1\\u03ae\\u03c3\\u03b5\\u03c9\\u03bd \\u00a0<\\/td>\\r\\n<\\/tr>\\r\\n<tr>\\r\\n<td>12:15 \\u2013 13:45<\\/td>\\r\\n<td>\\u03a0\\u03c1\\u03bf\\u03b3\\u03c1\\u03b1\\u03bc\\u03bc\\u03b1\\u03c4\\u03b9\\u03c3\\u03bc\\u03cc\\u03c2 \\u03a5\\u03c0\\u03bf\\u03bb\\u03bf\\u03b3\\u03b9\\u03c3\\u03c4\\u03ce\\u03bd<\\/td>\\r\\n<\\/tr>\\r\\n<tr>\\r\\n<td>14:00 \\u2013 15:30<\\/td>\\r\\n<td>\\u0393\\u03b5\\u03bd\\u03b9\\u03ba\\u03ac \\u039c\\u03b1\\u03b8\\u03b7\\u03bc\\u03b1\\u03c4\\u03b9\\u03ba\\u03ac<\\/td>\\r\\n<\\/tr>\\r\\n<\\/tbody>\\r\\n<\\/table>\\r\\n<p>\\u03a3\\u03b5 \\u03c0\\u03b5\\u03c1\\u03af\\u03c0\\u03c4\\u03c9\\u03c3\\u03b7 \\u03c0\\u03bf\\u03c5 \\u03b8\\u03b1 \\u03c5\\u03c0\\u03ac\\u03c1\\u03c7\\u03b5\\u03b9 \\u03b1\\u03b4\\u03c5\\u03bd\\u03b1\\u03bc\\u03af\\u03b1 \\u03c4\\u03ae\\u03c1\\u03b7\\u03c3\\u03b7\\u03c2 \\u03c5\\u03b3\\u03b5\\u03b9\\u03bf\\u03bd\\u03bf\\u03bc\\u03b9\\u03ba\\u03ce\\u03bd \\u03bc\\u03ad\\u03c4\\u03c1\\u03c9\\u03bd, \\u03bf\\u03b9 \\u03b5\\u03be\\u03b5\\u03c4\\u03ac\\u03c3\\u03b5\\u03b9\\u03c2 \\u03b8\\u03b1 \\u03c0\\u03c1\\u03b1\\u03b3\\u03bc\\u03b1\\u03c4\\u03bf\\u03c0\\u03bf\\u03b9\\u03b7\\u03b8\\u03bf\\u03cd\\u03bd \\u03b5\\u03be \\u03b1\\u03c0\\u03bf\\u03c3\\u03c4\\u03ac\\u03c3\\u03b5\\u03c9\\u03c2 \\u03bc\\u03b5 \\u03c4\\u03b7 \\u03c7\\u03c1\\u03ae\\u03c3\\u03b7 \\u03ba\\u03b1\\u03c4\\u03ac\\u03bb\\u03bb\\u03b7\\u03bb\\u03bf\\u03c5 \\u03c0\\u03bb\\u03b7\\u03c1\\u03bf\\u03c6\\u03bf\\u03c1\\u03b9\\u03b1\\u03ba\\u03bf\\u03cd \\u03c3\\u03c5\\u03c3\\u03c4\\u03ae\\u03bc\\u03b1\\u03c4\\u03bf\\u03c2. \\u03a3\\u03b5 \\u03b1\\u03c5\\u03c4\\u03ae \\u03c4\\u03b7\\u03bd \\u03c0\\u03b5\\u03c1\\u03af\\u03c0\\u03c4\\u03c9\\u03c3\\u03b7 \\u03bf\\u03b9 \\u03c5\\u03c0\\u03bf\\u03c8\\u03ae\\u03c6\\u03b9\\u03bf\\u03b9 \\u03b8\\u03b1 \\u03b5\\u03bd\\u03b7\\u03bc\\u03b5\\u03c1\\u03c9\\u03b8\\u03bf\\u03cd\\u03bd \\u03bc\\u03b5 \\u03c3\\u03c7\\u03b5\\u03c4\\u03b9\\u03ba\\u03ae \\u03b1\\u03bd\\u03b1\\u03ba\\u03bf\\u03af\\u03bd\\u03c9\\u03c3\\u03b7 \\u03c4\\u03bf\\u03c5\\u03bb\\u03ac\\u03c7\\u03b9\\u03c3\\u03c4\\u03bf\\u03bd \\u03b4\\u03cd\\u03bf (2) \\u03b7\\u03bc\\u03ad\\u03c1\\u03b5\\u03c2 \\u03c0\\u03c1\\u03b9\\u03bd \\u03c4\\u03b7\\u03bd \\u03b5\\u03be\\u03ad\\u03c4\\u03b1\\u03c3\\u03b7.<\\/p>\\r\\n<p>\\u0391\\u03c0\\u03cc \\u03c4\\u03b7 \\u0393\\u03c1\\u03b1\\u03bc\\u03bc\\u03b1\\u03c4\\u03b5\\u03af\\u03b1 \\u03c4\\u03bf\\u03c5 \\u03a4\\u03bc\\u03ae\\u03bc\\u03b1\\u03c4\\u03bf\\u03c2<\\/p>\",\"fulltext\":\"\",\"state\":\"1\",\"catid\":9,\"created\":\"2021-12-03 14:25:09\",\"created_by\":73,\"created_by_alias\":\"\",\"modified\":\"2021-12-03 14:25:09\",\"modified_by\":73,\"checked_out\":null,\"checked_out_time\":null,\"publish_up\":\"2021-12-03 14:25:09\",\"publish_down\":null,\"images\":\"{\\\"image_intro\\\":\\\"\\\",\\\"image_intro_alt\\\":\\\"\\\",\\\"float_intro\\\":\\\"\\\",\\\"image_intro_caption\\\":\\\"\\\",\\\"image_fulltext\\\":\\\"\\\",\\\"image_fulltext_alt\\\":\\\"\\\",\\\"float_fulltext\\\":\\\"\\\",\\\"image_fulltext_caption\\\":\\\"\\\"}\",\"urls\":\"{\\\"urla\\\":\\\"\\\",\\\"urlatext\\\":\\\"\\\",\\\"targeta\\\":\\\"\\\",\\\"urlb\\\":\\\"\\\",\\\"urlbtext\\\":\\\"\\\",\\\"targetb\\\":\\\"\\\",\\\"urlc\\\":\\\"\\\",\\\"urlctext\\\":\\\"\\\",\\\"targetc\\\":\\\"\\\"}\",\"attribs\":\"{\\\"article_layout\\\":\\\"\\\",\\\"show_title\\\":\\\"\\\",\\\"link_titles\\\":\\\"\\\",\\\"show_tags\\\":\\\"\\\",\\\"show_intro\\\":\\\"\\\",\\\"info_block_position\\\":\\\"\\\",\\\"info_block_show_title\\\":\\\"\\\",\\\"show_category\\\":\\\"\\\",\\\"link_category\\\":\\\"\\\",\\\"show_parent_category\\\":\\\"\\\",\\\"link_parent_category\\\":\\\"\\\",\\\"show_author\\\":\\\"\\\",\\\"link_author\\\":\\\"\\\",\\\"show_create_date\\\":\\\"\\\",\\\"show_modify_date\\\":\\\"\\\",\\\"show_publish_date\\\":\\\"\\\",\\\"show_item_navigation\\\":\\\"\\\",\\\"show_hits\\\":\\\"\\\",\\\"show_noauth\\\":\\\"\\\",\\\"urls_position\\\":\\\"\\\",\\\"alternative_readmore\\\":\\\"\\\",\\\"article_page_title\\\":\\\"\\\",\\\"show_publishing_options\\\":\\\"\\\",\\\"show_article_options\\\":\\\"\\\",\\\"show_urls_images_backend\\\":\\\"\\\",\\\"show_urls_images_frontend\\\":\\\"\\\"}\",\"version\":\"1\",\"ordering\":null,\"metakey\":\"\",\"metadesc\":\"\",\"access\":1,\"hits\":0,\"metadata\":\"{\\\"robots\\\":\\\"\\\",\\\"author\\\":\\\"\\\",\\\"rights\\\":\\\"\\\"}\",\"featured\":\"0\",\"language\":\"*\",\"note\":\"\"}',0),(6,'com_banners.category.10','','2021-12-04 08:24:01',73,620,'0283f0f89e6111658ccffe01ac76f27f5a6a6a2b','{\"id\":10,\"asset_id\":102,\"parent_id\":1,\"lft\":15,\"rgt\":16,\"level\":1,\"path\":null,\"extension\":\"com_banners\",\"title\":\"\\u039c\\u03b5\\u03c4\\u03b1\\u03c0\\u03c4\\u03c5\\u03c7\\u03b9\\u03b1\\u03ba\\u03ac\",\"alias\":\"2021-12-04-08-24-01\",\"note\":\"\",\"description\":\"\",\"published\":\"1\",\"checked_out\":null,\"checked_out_time\":null,\"access\":1,\"params\":\"{\\\"category_layout\\\":\\\"\\\",\\\"image\\\":\\\"\\\",\\\"image_alt\\\":\\\"\\\"}\",\"metadesc\":\"\",\"metakey\":\"\",\"metadata\":\"{\\\"author\\\":\\\"\\\",\\\"robots\\\":\\\"\\\"}\",\"created_user_id\":73,\"created_time\":\"2021-12-04 08:24:01\",\"modified_user_id\":73,\"modified_time\":\"2021-12-04 08:24:01\",\"hits\":null,\"language\":\"*\",\"version\":null}',0),(7,'com_banners.banner.1','','2021-12-04 08:33:43',73,844,'209e30b8d3a18bd97a7367b22bba42df1c628159','{\"id\":1,\"cid\":\"0\",\"type\":\"0\",\"name\":\"\\u039c\\u03b5\\u03c4\\u03b1\\u03c0\\u03c4\\u03c5\\u03c7\\u03b9\\u03b1\\u03ba\\u03ac\",\"alias\":\"2021-12-04-08-33-43\",\"imptotal\":0,\"impmade\":\"0\",\"clicks\":\"0\",\"clickurl\":\"\",\"state\":\"1\",\"catid\":10,\"description\":\"\",\"custombannercode\":\"\",\"sticky\":\"0\",\"ordering\":1,\"metakey\":\"\",\"params\":\"{\\\"imageurl\\\":\\\"images\\\\\\/banners\\\\\\/mst_msc.jpg#joomlaImage:\\\\\\/\\\\\\/local-images\\\\\\/banners\\\\\\/mst_msc.jpg?width=326&height=234\\\",\\\"width\\\":\\\"\\\",\\\"height\\\":\\\"\\\",\\\"alt\\\":\\\"\\\"}\",\"own_prefix\":\"0\",\"metakey_prefix\":\"\",\"purchase_type\":\"-1\",\"track_clicks\":\"0\",\"track_impressions\":\"0\",\"checked_out\":null,\"checked_out_time\":null,\"publish_up\":null,\"publish_down\":null,\"reset\":\"2022-01-04 00:00:00\",\"created\":\"2021-12-04 08:33:43\",\"language\":\"*\",\"created_by\":73,\"created_by_alias\":\"\",\"modified\":\"2021-12-04 08:33:43\",\"modified_by\":73,\"version\":\"1\"}',0);

--
-- Table structure for table `brbbp_languages`
--

CREATE TABLE `brbbp_languages` (
  `lang_id` int(10) unsigned NOT NULL AUTO_INCREMENT,
  `asset_id` int(10) unsigned NOT NULL DEFAULT 0,
  `lang_code` char(7) CHARACTER SET utf8mb4 COLLATE utf8mb4_bin NOT NULL,
  `title` varchar(50) NOT NULL,
  `title_native` varchar(50) NOT NULL,
  `sef` varchar(50) NOT NULL,
  `image` varchar(50) NOT NULL,
  `description` varchar(512) NOT NULL,
  `metakey` text DEFAULT NULL,
  `metadesc` text NOT NULL,
  `sitename` varchar(1024) NOT NULL DEFAULT '',
  `published` int(11) NOT NULL DEFAULT 0,
  `access` int(10) unsigned NOT NULL DEFAULT 0,
  `ordering` int(11) NOT NULL DEFAULT 0,
  PRIMARY KEY (`lang_id`),
  UNIQUE KEY `idx_sef` (`sef`),
  UNIQUE KEY `idx_langcode` (`lang_code`),
  KEY `idx_access` (`access`),
  KEY `idx_ordering` (`ordering`)
) ENGINE=InnoDB AUTO_INCREMENT=3 DEFAULT CHARSET=utf8mb4 COLLATE=utf8mb4_unicode_ci;

--
-- Dumping data for table `brbbp_languages`
--

INSERT INTO `brbbp_languages` VALUES (1,0,'en-GB','English (en-GB)','English (United Kingdom)','en','en_gb','','','','',1,1,2),(2,89,'el-GR','Greek (el-GR)','Greek (el-GR)','el','el_gr','',NULL,'','',0,1,1);

--
-- Table structure for table `brbbp_mail_templates`
--

CREATE TABLE `brbbp_mail_templates` (
  `template_id` varchar(127) NOT NULL DEFAULT '',
  `extension` varchar(127) NOT NULL DEFAULT '',
  `language` char(7) NOT NULL DEFAULT '',
  `subject` varchar(255) NOT NULL DEFAULT '',
  `body` text NOT NULL,
  `htmlbody` text NOT NULL,
  `attachments` text NOT NULL,
  `params` text NOT NULL,
  PRIMARY KEY (`template_id`,`language`)
) ENGINE=InnoDB DEFAULT CHARSET=utf8mb4 COLLATE=utf8mb4_unicode_ci;

--
-- Dumping data for table `brbbp_mail_templates`
--

INSERT INTO `brbbp_mail_templates` VALUES ('com_actionlogs.notification','com_actionlogs','','COM_ACTIONLOGS_EMAIL_SUBJECT','COM_ACTIONLOGS_EMAIL_BODY','COM_ACTIONLOGS_EMAIL_HTMLBODY','','{\"tags\":[\"message\",\"date\",\"extension\"]}'),('com_config.test_mail','com_config','','COM_CONFIG_SENDMAIL_SUBJECT','COM_CONFIG_SENDMAIL_BODY','','','{\"tags\":[\"sitename\",\"method\"]}'),('com_contact.mail','com_contact','','COM_CONTACT_ENQUIRY_SUBJECT','COM_CONTACT_ENQUIRY_TEXT','','','{\"tags\":[\"sitename\",\"name\",\"email\",\"subject\",\"body\",\"url\",\"customfields\"]}'),('com_contact.mail.copy','com_contact','','COM_CONTACT_COPYSUBJECT_OF','COM_CONTACT_COPYTEXT_OF','','','{\"tags\":[\"sitename\",\"name\",\"email\",\"subject\",\"body\",\"url\",\"customfields\"]}'),('com_messages.new_message','com_messages','','COM_MESSAGES_NEW_MESSAGE','COM_MESSAGES_NEW_MESSAGE_BODY','','','{\"tags\":[\"subject\",\"message\",\"fromname\",\"sitename\",\"siteurl\",\"fromemail\",\"toname\",\"toemail\"]}'),('com_privacy.notification.admin.export','com_privacy','','COM_PRIVACY_EMAIL_ADMIN_REQUEST_SUBJECT_EXPORT_REQUEST','COM_PRIVACY_EMAIL_ADMIN_REQUEST_BODY_EXPORT_REQUEST','','','{\"tags\":[\"sitename\",\"url\",\"tokenurl\",\"formurl\",\"token\"]}'),('com_privacy.notification.admin.remove','com_privacy','','COM_PRIVACY_EMAIL_ADMIN_REQUEST_SUBJECT_REMOVE_REQUEST','COM_PRIVACY_EMAIL_ADMIN_REQUEST_BODY_REMOVE_REQUEST','','','{\"tags\":[\"sitename\",\"url\",\"tokenurl\",\"formurl\",\"token\"]}'),('com_privacy.notification.export','com_privacy','','COM_PRIVACY_EMAIL_REQUEST_SUBJECT_EXPORT_REQUEST','COM_PRIVACY_EMAIL_REQUEST_BODY_EXPORT_REQUEST','','','{\"tags\":[\"sitename\",\"url\",\"tokenurl\",\"formurl\",\"token\"]}'),('com_privacy.notification.remove','com_privacy','','COM_PRIVACY_EMAIL_REQUEST_SUBJECT_REMOVE_REQUEST','COM_PRIVACY_EMAIL_REQUEST_BODY_REMOVE_REQUEST','','','{\"tags\":[\"sitename\",\"url\",\"tokenurl\",\"formurl\",\"token\"]}'),('com_privacy.userdataexport','com_privacy','','COM_PRIVACY_EMAIL_DATA_EXPORT_COMPLETED_SUBJECT','COM_PRIVACY_EMAIL_DATA_EXPORT_COMPLETED_BODY','','','{\"tags\":[\"sitename\",\"url\"]}'),('com_users.massmail.mail','com_users','','COM_USERS_MASSMAIL_MAIL_SUBJECT','COM_USERS_MASSMAIL_MAIL_BODY','','','{\"tags\":[\"subject\",\"body\",\"subjectprefix\",\"bodysuffix\"]}'),('com_users.password_reset','com_users','','COM_USERS_EMAIL_PASSWORD_RESET_SUBJECT','COM_USERS_EMAIL_PASSWORD_RESET_BODY','','','{\"tags\":[\"name\",\"email\",\"sitename\",\"link_text\",\"link_html\",\"token\"]}'),('com_users.registration.admin.new_notification','com_users','','COM_USERS_EMAIL_ACCOUNT_DETAILS','COM_USERS_EMAIL_REGISTERED_NOTIFICATION_TO_ADMIN_BODY','','','{\"tags\":[\"name\",\"sitename\",\"siteurl\",\"username\"]}'),('com_users.registration.admin.verification_request','com_users','','COM_USERS_EMAIL_ACTIVATE_WITH_ADMIN_ACTIVATION_SUBJECT','COM_USERS_EMAIL_ACTIVATE_WITH_ADMIN_ACTIVATION_BODY','','','{\"tags\":[\"name\",\"sitename\",\"email\",\"username\",\"activate\"]}'),('com_users.registration.user.admin_activated','com_users','','COM_USERS_EMAIL_ACTIVATED_BY_ADMIN_ACTIVATION_SUBJECT','COM_USERS_EMAIL_ACTIVATED_BY_ADMIN_ACTIVATION_BODY','','','{\"tags\":[\"name\",\"sitename\",\"siteurl\",\"username\"]}'),('com_users.registration.user.admin_activation','com_users','','COM_USERS_EMAIL_ACCOUNT_DETAILS','COM_USERS_EMAIL_REGISTERED_WITH_ADMIN_ACTIVATION_BODY_NOPW','','','{\"tags\":[\"name\",\"sitename\",\"activate\",\"siteurl\",\"username\"]}'),('com_users.registration.user.admin_activation_w_pw','com_users','','COM_USERS_EMAIL_ACCOUNT_DETAILS','COM_USERS_EMAIL_REGISTERED_WITH_ADMIN_ACTIVATION_BODY','','','{\"tags\":[\"name\",\"sitename\",\"activate\",\"siteurl\",\"username\",\"password_clear\"]}'),('com_users.registration.user.registration_mail','com_users','','COM_USERS_EMAIL_ACCOUNT_DETAILS','COM_USERS_EMAIL_REGISTERED_BODY_NOPW','','','{\"tags\":[\"name\",\"sitename\",\"activate\",\"siteurl\",\"username\"]}'),('com_users.registration.user.registration_mail_w_pw','com_users','','COM_USERS_EMAIL_ACCOUNT_DETAILS','COM_USERS_EMAIL_REGISTERED_BODY','','','{\"tags\":[\"name\",\"sitename\",\"activate\",\"siteurl\",\"username\",\"password_clear\"]}'),('com_users.registration.user.self_activation','com_users','','COM_USERS_EMAIL_ACCOUNT_DETAILS','COM_USERS_EMAIL_REGISTERED_WITH_ACTIVATION_BODY_NOPW','','','{\"tags\":[\"name\",\"sitename\",\"activate\",\"siteurl\",\"username\"]}'),('com_users.registration.user.self_activation_w_pw','com_users','','COM_USERS_EMAIL_ACCOUNT_DETAILS','COM_USERS_EMAIL_REGISTERED_WITH_ACTIVATION_BODY','','','{\"tags\":[\"name\",\"sitename\",\"activate\",\"siteurl\",\"username\",\"password_clear\"]}'),('com_users.reminder','com_users','','COM_USERS_EMAIL_USERNAME_REMINDER_SUBJECT','COM_USERS_EMAIL_USERNAME_REMINDER_BODY','','','{\"tags\":[\"name\",\"username\",\"sitename\",\"email\",\"link_text\",\"link_html\"]}'),('plg_system_privacyconsent.request.reminder','plg_system_privacyconsent','','PLG_SYSTEM_PRIVACYCONSENT_EMAIL_REMIND_SUBJECT','PLG_SYSTEM_PRIVACYCONSENT_EMAIL_REMIND_BODY','','','{\"tags\":[\"sitename\",\"url\",\"tokenurl\",\"formurl\",\"token\"]}'),('plg_system_updatenotification.mail','plg_system_updatenotification','','PLG_SYSTEM_UPDATENOTIFICATION_EMAIL_SUBJECT','PLG_SYSTEM_UPDATENOTIFICATION_EMAIL_BODY','','','{\"tags\":[\"newversion\",\"curversion\",\"sitename\",\"url\",\"link\",\"releasenews\"]}'),('plg_user_joomla.mail','plg_user_joomla','','PLG_USER_JOOMLA_NEW_USER_EMAIL_SUBJECT','PLG_USER_JOOMLA_NEW_USER_EMAIL_BODY','','','{\"tags\":[\"name\",\"sitename\",\"url\",\"username\",\"password\",\"email\"]}');

--
-- Table structure for table `brbbp_menu`
--

CREATE TABLE `brbbp_menu` (
  `id` int(11) NOT NULL AUTO_INCREMENT,
  `menutype` varchar(24) NOT NULL COMMENT 'The type of menu this item belongs to. FK to #__menu_types.menutype',
  `title` varchar(255) NOT NULL COMMENT 'The display title of the menu item.',
  `alias` varchar(400) CHARACTER SET utf8mb4 COLLATE utf8mb4_bin NOT NULL COMMENT 'The SEF alias of the menu item.',
  `note` varchar(255) NOT NULL DEFAULT '',
  `path` varchar(1024) NOT NULL COMMENT 'The computed path of the menu item based on the alias field.',
  `link` varchar(1024) NOT NULL COMMENT 'The actually link the menu item refers to.',
  `type` varchar(16) NOT NULL COMMENT 'The type of link: Component, URL, Alias, Separator',
  `published` tinyint(4) NOT NULL DEFAULT 0 COMMENT 'The published state of the menu link.',
  `parent_id` int(10) unsigned NOT NULL DEFAULT 1 COMMENT 'The parent menu item in the menu tree.',
  `level` int(10) unsigned NOT NULL DEFAULT 0 COMMENT 'The relative level in the tree.',
  `component_id` int(10) unsigned NOT NULL DEFAULT 0 COMMENT 'FK to #__extensions.id',
  `checked_out` int(10) unsigned DEFAULT NULL COMMENT 'FK to #__users.id',
  `checked_out_time` datetime DEFAULT NULL COMMENT 'The time the menu item was checked out.',
  `browserNav` tinyint(4) NOT NULL DEFAULT 0 COMMENT 'The click behaviour of the link.',
  `access` int(10) unsigned NOT NULL DEFAULT 0 COMMENT 'The access level required to view the menu item.',
  `img` varchar(255) NOT NULL COMMENT 'The image of the menu item.',
  `template_style_id` int(10) unsigned NOT NULL DEFAULT 0,
  `params` text NOT NULL COMMENT 'JSON encoded data for the menu item.',
  `lft` int(11) NOT NULL DEFAULT 0 COMMENT 'Nested set lft.',
  `rgt` int(11) NOT NULL DEFAULT 0 COMMENT 'Nested set rgt.',
  `home` tinyint(3) unsigned NOT NULL DEFAULT 0 COMMENT 'Indicates if this menu item is the home or default page.',
  `language` char(7) NOT NULL DEFAULT '',
  `client_id` tinyint(4) NOT NULL DEFAULT 0,
  `publish_up` datetime DEFAULT NULL,
  `publish_down` datetime DEFAULT NULL,
  PRIMARY KEY (`id`),
  UNIQUE KEY `idx_client_id_parent_id_alias_language` (`client_id`,`parent_id`,`alias`(100),`language`),
  KEY `idx_componentid` (`component_id`,`menutype`,`published`,`access`),
  KEY `idx_menutype` (`menutype`),
  KEY `idx_left_right` (`lft`,`rgt`),
  KEY `idx_alias` (`alias`(100)),
  KEY `idx_path` (`path`(100)),
  KEY `idx_language` (`language`)
) ENGINE=InnoDB AUTO_INCREMENT=104 DEFAULT CHARSET=utf8mb4 COLLATE=utf8mb4_unicode_ci;

--
-- Dumping data for table `brbbp_menu`
--

INSERT INTO `brbbp_menu` VALUES (1,'','Menu_Item_Root','root','','','','',1,0,0,0,NULL,NULL,0,0,'',0,'',0,47,0,'*',0,NULL,NULL),(2,'main','com_banners','Banners','','Banners','index.php?option=com_banners','component',1,1,1,3,NULL,NULL,0,0,'class:bookmark',0,'',1,10,0,'*',1,NULL,NULL),(3,'main','com_banners','Banners','','Banners/Banners','index.php?option=com_banners&view=banners','component',1,2,2,3,NULL,NULL,0,0,'class:banners',0,'',2,3,0,'*',1,NULL,NULL),(4,'main','com_banners_categories','Categories','','Banners/Categories','index.php?option=com_categories&view=categories&extension=com_banners','component',1,2,2,5,NULL,NULL,0,0,'class:banners-cat',0,'',4,5,0,'*',1,NULL,NULL),(5,'main','com_banners_clients','Clients','','Banners/Clients','index.php?option=com_banners&view=clients','component',1,2,2,3,NULL,NULL,0,0,'class:banners-clients',0,'',6,7,0,'*',1,NULL,NULL),(6,'main','com_banners_tracks','Tracks','','Banners/Tracks','index.php?option=com_banners&view=tracks','component',1,2,2,3,NULL,NULL,0,0,'class:banners-tracks',0,'',8,9,0,'*',1,NULL,NULL),(7,'main','com_contact','Contacts','','Contacts','index.php?option=com_contact','component',1,1,1,7,NULL,NULL,0,0,'class:address-book',0,'',11,20,0,'*',1,NULL,NULL),(8,'main','com_contact_contacts','Contacts','','Contacts/Contacts','index.php?option=com_contact&view=contacts','component',1,7,2,7,NULL,NULL,0,0,'class:contact',0,'',12,13,0,'*',1,NULL,NULL),(9,'main','com_contact_categories','Categories','','Contacts/Categories','index.php?option=com_categories&view=categories&extension=com_contact','component',1,7,2,5,NULL,NULL,0,0,'class:contact-cat',0,'',14,15,0,'*',1,NULL,NULL),(10,'main','com_newsfeeds','News Feeds','','News Feeds','index.php?option=com_newsfeeds','component',1,1,1,16,NULL,NULL,0,0,'class:rss',0,'',23,28,0,'*',1,NULL,NULL),(11,'main','com_newsfeeds_feeds','Feeds','','News Feeds/Feeds','index.php?option=com_newsfeeds&view=newsfeeds','component',1,10,2,16,NULL,NULL,0,0,'class:newsfeeds',0,'',24,25,0,'*',1,NULL,NULL),(12,'main','com_newsfeeds_categories','Categories','','News Feeds/Categories','index.php?option=com_categories&view=categories&extension=com_newsfeeds','component',1,10,2,5,NULL,NULL,0,0,'class:newsfeeds-cat',0,'',26,27,0,'*',1,NULL,NULL),(13,'main','com_finder','Smart Search','','Smart Search','index.php?option=com_finder','component',1,1,1,23,NULL,NULL,0,0,'class:search-plus',0,'',29,38,0,'*',1,NULL,NULL),(14,'main','com_tags','Tags','','Tags','index.php?option=com_tags&view=tags','component',1,1,1,25,NULL,NULL,0,1,'class:tags',0,'',39,40,0,'',1,NULL,NULL),(15,'main','com_associations','Multilingual Associations','','Multilingual Associations','index.php?option=com_associations&view=associations','component',1,1,1,30,NULL,NULL,0,0,'class:language',0,'',21,22,0,'*',1,NULL,NULL),(16,'main','mod_menu_fields','Contact Custom Fields','','contact/Custom Fields','index.php?option=com_fields&context=com_contact.contact','component',1,7,2,29,NULL,NULL,0,0,'class:messages-add',0,'',16,17,0,'*',1,NULL,NULL),(17,'main','mod_menu_fields_group','Contact Custom Fields Group','','contact/Custom Fields Group','index.php?option=com_fields&view=groups&context=com_contact.contact','component',1,7,2,29,NULL,NULL,0,0,'class:messages-add',0,'',18,19,0,'*',1,NULL,NULL),(18,'main','com_finder_index','Smart-Search-Index','','Smart Search/Index','index.php?option=com_finder&view=index','component',1,13,2,23,NULL,NULL,0,0,'class:finder',0,'',30,31,0,'*',1,NULL,NULL),(19,'main','com_finder_maps','Smart-Search-Maps','','Smart Search/Maps','index.php?option=com_finder&view=maps','component',1,13,2,23,NULL,NULL,0,0,'class:finder-maps',0,'',32,33,0,'*',1,NULL,NULL),(20,'main','com_finder_filters','Smart-Search-Filters','','Smart Search/Filters','index.php?option=com_finder&view=filters','component',1,13,2,23,NULL,NULL,0,0,'class:finder-filters',0,'',34,35,0,'*',1,NULL,NULL),(21,'main','com_finder_searches','Smart-Search-Searches','','Smart Search/Searches','index.php?option=com_finder&view=searches','component',1,13,2,23,NULL,NULL,0,0,'class:finder-searches',0,'',36,37,0,'*',1,NULL,NULL),(101,'mainmenu','Αρχική','home','','home','index.php?option=com_content&view=article&id=1','component',1,1,1,19,NULL,NULL,0,1,' ',11,'{\"show_title\":\"\",\"link_titles\":\"\",\"show_intro\":\"\",\"info_block_position\":\"\",\"info_block_show_title\":\"\",\"show_category\":\"\",\"link_category\":\"\",\"show_parent_category\":\"\",\"link_parent_category\":\"\",\"show_author\":\"\",\"link_author\":\"\",\"show_create_date\":\"\",\"show_modify_date\":\"\",\"show_publish_date\":\"\",\"show_item_navigation\":\"\",\"show_hits\":\"\",\"show_tags\":\"\",\"show_noauth\":\"\",\"urls_position\":\"\",\"menu-anchor_title\":\"\",\"menu-anchor_css\":\"\",\"menu_image\":\"\",\"menu_image_css\":\"\",\"menu_text\":1,\"menu_show\":1,\"page_title\":\"\",\"show_page_heading\":\"0\",\"page_heading\":\"\",\"pageclass_sfx\":\"\",\"menu-meta_description\":\"\",\"robots\":\"\"}',41,42,1,'*',0,NULL,NULL),(102,'mainmenu','Στόχοι & Επιδιώξεις','goal-and-objective','','goal-and-objective','index.php?option=com_content&view=article&id=2','component',1,1,1,19,NULL,NULL,0,1,' ',11,'{\"show_title\":\"\",\"link_titles\":\"\",\"show_intro\":\"\",\"info_block_position\":\"\",\"info_block_show_title\":\"\",\"show_category\":\"\",\"link_category\":\"\",\"show_parent_category\":\"\",\"link_parent_category\":\"\",\"show_author\":\"\",\"link_author\":\"\",\"show_create_date\":\"\",\"show_modify_date\":\"\",\"show_publish_date\":\"\",\"show_item_navigation\":\"\",\"show_hits\":\"\",\"show_tags\":\"\",\"show_noauth\":\"\",\"urls_position\":\"\",\"menu-anchor_title\":\"\",\"menu-anchor_css\":\"\",\"menu_image\":\"\",\"menu_image_css\":\"\",\"menu_text\":1,\"menu_show\":1,\"page_title\":\"\",\"show_page_heading\":\"\",\"page_heading\":\"\",\"pageclass_sfx\":\"\",\"menu-meta_description\":\"\",\"robots\":\"\"}',43,44,0,'*',0,NULL,NULL),(103,'mainmenu','Ανακοινώσεις','2021-12-04-09-06-09','','2021-12-04-09-06-09','index.php?option=com_content&view=category&id=9','component',1,1,1,19,NULL,NULL,0,1,' ',0,'{\"show_category_title\":\"\",\"show_description\":\"\",\"show_description_image\":\"\",\"maxLevel\":\"\",\"show_empty_categories\":\"\",\"show_no_articles\":\"\",\"show_category_heading_title_text\":\"\",\"show_subcat_desc\":\"\",\"show_cat_num_articles\":\"\",\"show_cat_tags\":\"\",\"show_pagination_limit\":\"\",\"filter_field\":\"\",\"show_headings\":\"\",\"list_show_date\":\"published\",\"date_format\":\"\",\"list_show_hits\":\"0\",\"list_show_author\":\"0\",\"orderby_pri\":\"\",\"orderby_sec\":\"\",\"order_date\":\"\",\"show_pagination\":\"\",\"show_pagination_results\":\"\",\"display_num\":\"10\",\"show_featured\":\"\",\"article_layout\":\"_:default\",\"show_title\":\"\",\"link_titles\":\"\",\"show_intro\":\"\",\"show_category\":\"\",\"link_category\":\"\",\"show_parent_category\":\"\",\"link_parent_category\":\"\",\"show_author\":\"\",\"link_author\":\"\",\"show_create_date\":\"\",\"show_modify_date\":\"\",\"show_publish_date\":\"\",\"show_item_navigation\":\"\",\"show_readmore\":\"\",\"show_readmore_title\":\"\",\"show_hits\":\"\",\"show_noauth\":\"\",\"show_feed_link\":\"\",\"feed_summary\":\"\",\"menu-anchor_title\":\"\",\"menu-anchor_css\":\"\",\"menu_image\":\"\",\"menu_image_css\":\"\",\"menu_text\":1,\"menu_show\":1,\"page_title\":\"\",\"show_page_heading\":\"\",\"page_heading\":\"\",\"pageclass_sfx\":\"\",\"menu-meta_description\":\"\",\"robots\":\"\"}',45,46,0,'*',0,NULL,NULL);

--
-- Table structure for table `brbbp_menu_types`
--

CREATE TABLE `brbbp_menu_types` (
  `id` int(10) unsigned NOT NULL AUTO_INCREMENT,
  `asset_id` int(10) unsigned NOT NULL DEFAULT 0,
  `menutype` varchar(24) NOT NULL,
  `title` varchar(48) NOT NULL,
  `description` varchar(255) NOT NULL DEFAULT '',
  `client_id` int(11) NOT NULL DEFAULT 0,
  PRIMARY KEY (`id`),
  UNIQUE KEY `idx_menutype` (`menutype`)
) ENGINE=InnoDB AUTO_INCREMENT=2 DEFAULT CHARSET=utf8mb4 COLLATE=utf8mb4_unicode_ci;

--
-- Dumping data for table `brbbp_menu_types`
--

INSERT INTO `brbbp_menu_types` VALUES (1,0,'mainmenu','Main Menu','The main menu for the site',0);

--
-- Table structure for table `brbbp_messages`
--

CREATE TABLE `brbbp_messages` (
  `message_id` int(10) unsigned NOT NULL AUTO_INCREMENT,
  `user_id_from` int(10) unsigned NOT NULL DEFAULT 0,
  `user_id_to` int(10) unsigned NOT NULL DEFAULT 0,
  `folder_id` tinyint(3) unsigned NOT NULL DEFAULT 0,
  `date_time` datetime NOT NULL,
  `state` tinyint(4) NOT NULL DEFAULT 0,
  `priority` tinyint(3) unsigned NOT NULL DEFAULT 0,
  `subject` varchar(255) NOT NULL DEFAULT '',
  `message` text NOT NULL,
  PRIMARY KEY (`message_id`),
  KEY `useridto_state` (`user_id_to`,`state`)
) ENGINE=InnoDB DEFAULT CHARSET=utf8mb4 COLLATE=utf8mb4_unicode_ci;

--
-- Dumping data for table `brbbp_messages`
--


--
-- Table structure for table `brbbp_messages_cfg`
--

CREATE TABLE `brbbp_messages_cfg` (
  `user_id` int(10) unsigned NOT NULL DEFAULT 0,
  `cfg_name` varchar(100) NOT NULL DEFAULT '',
  `cfg_value` varchar(255) NOT NULL DEFAULT '',
  UNIQUE KEY `idx_user_var_name` (`user_id`,`cfg_name`)
) ENGINE=InnoDB DEFAULT CHARSET=utf8mb4 COLLATE=utf8mb4_unicode_ci;

--
-- Dumping data for table `brbbp_messages_cfg`
--


--
-- Table structure for table `brbbp_modules`
--

CREATE TABLE `brbbp_modules` (
  `id` int(11) NOT NULL AUTO_INCREMENT,
  `asset_id` int(10) unsigned NOT NULL DEFAULT 0 COMMENT 'FK to the #__assets table.',
  `title` varchar(100) NOT NULL DEFAULT '',
  `note` varchar(255) NOT NULL DEFAULT '',
  `content` text DEFAULT NULL,
  `ordering` int(11) NOT NULL DEFAULT 0,
  `position` varchar(50) NOT NULL DEFAULT '',
  `checked_out` int(10) unsigned DEFAULT NULL,
  `checked_out_time` datetime DEFAULT NULL,
  `publish_up` datetime DEFAULT NULL,
  `publish_down` datetime DEFAULT NULL,
  `published` tinyint(4) NOT NULL DEFAULT 0,
  `module` varchar(50) DEFAULT NULL,
  `access` int(10) unsigned NOT NULL DEFAULT 0,
  `showtitle` tinyint(3) unsigned NOT NULL DEFAULT 1,
  `params` text NOT NULL,
  `client_id` tinyint(4) NOT NULL DEFAULT 0,
  `language` char(7) NOT NULL,
  PRIMARY KEY (`id`),
  KEY `published` (`published`,`access`),
  KEY `newsfeeds` (`module`,`published`),
  KEY `idx_language` (`language`)
) ENGINE=InnoDB AUTO_INCREMENT=117 DEFAULT CHARSET=utf8mb4 COLLATE=utf8mb4_unicode_ci;

--
-- Dumping data for table `brbbp_modules`
--

INSERT INTO `brbbp_modules` VALUES (1,39,'Main Menu','','',1,'menu',NULL,NULL,NULL,NULL,1,'mod_menu',1,0,'{\"menutype\":\"mainmenu\",\"base\":\"\",\"startLevel\":1,\"endLevel\":0,\"showAllChildren\":1,\"tag_id\":\"\",\"class_sfx\":\"\",\"window_open\":\"\",\"layout\":\"cassiopeia:dropdown-metismenu\",\"moduleclass_sfx\":\"\",\"cache\":1,\"cache_time\":900,\"cachemode\":\"itemid\",\"style\":\"0\",\"module_tag\":\"div\",\"bootstrap_size\":\"0\",\"header_tag\":\"h3\",\"header_class\":\"\"}',0,'*'),(2,40,'Login','','',1,'login',NULL,NULL,NULL,NULL,1,'mod_login',1,1,'',1,'*'),(3,41,'Popular Articles','','',3,'cpanel',NULL,NULL,NULL,NULL,1,'mod_popular',3,1,'{\"count\":\"5\",\"catid\":\"\",\"user_id\":\"0\",\"layout\":\"_:default\",\"moduleclass_sfx\":\"\",\"cache\":\"0\", \"bootstrap_size\": \"12\",\"header_tag\":\"h2\"}',1,'*'),(4,42,'Recently Added Articles','','',4,'cpanel',NULL,NULL,NULL,NULL,1,'mod_latest',3,1,'{\"count\":\"5\",\"ordering\":\"c_dsc\",\"catid\":\"\",\"user_id\":\"0\",\"layout\":\"_:default\",\"moduleclass_sfx\":\"\",\"cache\":\"0\", \"bootstrap_size\": \"12\",\"header_tag\":\"h2\"}',1,'*'),(8,43,'Toolbar','','',1,'toolbar',NULL,NULL,NULL,NULL,1,'mod_toolbar',3,1,'',1,'*'),(9,44,'Notifications','','',3,'icon',NULL,NULL,NULL,NULL,1,'mod_quickicon',3,1,'{\"context\":\"update_quickicon\",\"header_icon\":\"icon-sync\",\"show_jupdate\":\"1\",\"show_eupdate\":\"1\",\"show_oupdate\":\"1\",\"show_privacy\":\"1\",\"layout\":\"_:default\",\"moduleclass_sfx\":\"\",\"cache\":1,\"cache_time\":900,\"style\":\"0\",\"module_tag\":\"div\",\"bootstrap_size\":\"12\",\"header_tag\":\"h2\",\"header_class\":\"\"}',1,'*'),(10,45,'Logged-in Users','','',2,'cpanel',NULL,NULL,NULL,NULL,1,'mod_logged',3,1,'{\"count\":\"5\",\"name\":\"1\",\"layout\":\"_:default\",\"moduleclass_sfx\":\"\",\"cache\":\"0\", \"bootstrap_size\": \"12\",\"header_tag\":\"h2\"}',1,'*'),(12,46,'Admin Menu','','',1,'menu',NULL,NULL,NULL,NULL,1,'mod_menu',3,1,'{\"layout\":\"\",\"moduleclass_sfx\":\"\",\"shownew\":\"1\",\"showhelp\":\"1\",\"cache\":\"0\"}',1,'*'),(15,49,'Title','','',1,'title',NULL,NULL,NULL,NULL,1,'mod_title',3,1,'',1,'*'),(16,50,'Σύνδεση','','',1,'sidebar-right',NULL,NULL,NULL,NULL,1,'mod_login',1,1,'{\"pretext\":\"\",\"posttext\":\"\",\"login\":\"\",\"logout\":\"\",\"customRegLinkMenu\":\"\",\"greeting\":1,\"name\":0,\"profilelink\":0,\"usetext\":0,\"layout\":\"_:default\",\"moduleclass_sfx\":\"\",\"style\":\"0\",\"module_tag\":\"div\",\"bootstrap_size\":\"0\",\"header_tag\":\"h3\",\"header_class\":\"\"}',0,'*'),(17,51,'Breadcrumbs','','',1,'breadcrumbs',NULL,NULL,NULL,NULL,1,'mod_breadcrumbs',1,1,'{\"showHere\":0,\"showHome\":1,\"homeText\":\"\",\"showLast\":1,\"layout\":\"_:default\",\"moduleclass_sfx\":\"\",\"cache\":0,\"cache_time\":0,\"cachemode\":\"itemid\",\"style\":\"0\",\"module_tag\":\"div\",\"bootstrap_size\":\"0\",\"header_tag\":\"h3\",\"header_class\":\"\"}',0,'*'),(79,52,'Multilanguage status','','',2,'status',NULL,NULL,NULL,NULL,1,'mod_multilangstatus',3,1,'{\"layout\":\"_:default\",\"moduleclass_sfx\":\"\",\"cache\":\"0\"}',1,'*'),(86,53,'Joomla Version','','',1,'status',NULL,NULL,NULL,NULL,1,'mod_version',3,1,'{\"layout\":\"_:default\",\"moduleclass_sfx\":\"\",\"cache\":\"0\"}',1,'*'),(87,55,'Sample Data','','',0,'cpanel',NULL,NULL,NULL,NULL,1,'mod_sampledata',6,1,'{\"bootstrap_size\": \"12\",\"header_tag\":\"h2\"}',1,'*'),(88,67,'Latest Actions','','',0,'cpanel',NULL,NULL,NULL,NULL,1,'mod_latestactions',6,1,'{\"bootstrap_size\": \"12\",\"header_tag\":\"h2\"}',1,'*'),(89,68,'Privacy Dashboard','','',0,'cpanel',NULL,NULL,NULL,NULL,1,'mod_privacy_dashboard',6,1,'{\"bootstrap_size\": \"12\",\"header_tag\":\"h2\"}',1,'*'),(90,65,'Login Support','','',1,'sidebar',NULL,NULL,NULL,NULL,1,'mod_loginsupport',1,1,'{\"forum_url\":\"https://forum.joomla.org/\",\"documentation_url\":\"https://docs.joomla.org/\",\"news_url\":\"https://www.joomla.org/announcements.html\",\"automatic_title\":1,\"prepare_content\":1,\"layout\":\"_:default\",\"moduleclass_sfx\":\"\",\"cache\":1,\"cache_time\":900,\"module_tag\":\"div\",\"bootstrap_size\":\"0\",\"header_tag\":\"h3\",\"header_class\":\"\",\"style\":\"0\"}',1,'*'),(91,72,'System Dashboard','','',1,'cpanel-system',NULL,NULL,NULL,NULL,1,'mod_submenu',1,0,'{\"menutype\":\"*\",\"preset\":\"system\",\"layout\":\"_:default\",\"moduleclass_sfx\":\"\",\"module_tag\":\"div\",\"bootstrap_size\":\"12\",\"header_tag\":\"h2\",\"header_class\":\"\",\"style\":\"System-none\"}',1,'*'),(92,73,'Content Dashboard','','',1,'cpanel-content',NULL,NULL,NULL,NULL,1,'mod_submenu',1,0,'{\"menutype\":\"*\",\"preset\":\"content\",\"layout\":\"_:default\",\"moduleclass_sfx\":\"\",\"module_tag\":\"div\",\"bootstrap_size\":\"12\",\"header_tag\":\"h2\",\"header_class\":\"\",\"style\":\"System-none\"}',1,'*'),(93,74,'Menus Dashboard','','',1,'cpanel-menus',NULL,NULL,NULL,NULL,1,'mod_submenu',1,0,'{\"menutype\":\"*\",\"preset\":\"menus\",\"layout\":\"_:default\",\"moduleclass_sfx\":\"\",\"module_tag\":\"div\",\"bootstrap_size\":\"12\",\"header_tag\":\"h2\",\"header_class\":\"\",\"style\":\"System-none\"}',1,'*'),(94,75,'Components Dashboard','','',1,'cpanel-components',NULL,NULL,NULL,NULL,1,'mod_submenu',1,0,'{\"menutype\":\"*\",\"preset\":\"components\",\"layout\":\"_:default\",\"moduleclass_sfx\":\"\",\"module_tag\":\"div\",\"bootstrap_size\":\"12\",\"header_tag\":\"h2\",\"header_class\":\"\",\"style\":\"System-none\"}',1,'*'),(95,76,'Users Dashboard','','',1,'cpanel-users',NULL,NULL,NULL,NULL,1,'mod_submenu',1,0,'{\"menutype\":\"*\",\"preset\":\"users\",\"layout\":\"_:default\",\"moduleclass_sfx\":\"\",\"module_tag\":\"div\",\"bootstrap_size\":\"12\",\"header_tag\":\"h2\",\"header_class\":\"\",\"style\":\"System-none\"}',1,'*'),(96,86,'Popular Articles','','',3,'cpanel-content',NULL,NULL,NULL,NULL,1,'mod_popular',3,1,'{\"count\":\"5\",\"catid\":\"\",\"user_id\":\"0\",\"layout\":\"_:default\",\"moduleclass_sfx\":\"\",\"cache\":\"0\", \"bootstrap_size\": \"12\",\"header_tag\":\"h2\"}',1,'*'),(97,87,'Recently Added Articles','','',4,'cpanel-content',NULL,NULL,NULL,NULL,1,'mod_latest',3,1,'{\"count\":\"5\",\"ordering\":\"c_dsc\",\"catid\":\"\",\"user_id\":\"0\",\"layout\":\"_:default\",\"moduleclass_sfx\":\"\",\"cache\":\"0\", \"bootstrap_size\": \"12\",\"header_tag\":\"h2\"}',1,'*'),(98,88,'Logged-in Users','','',2,'cpanel-users',NULL,NULL,NULL,NULL,1,'mod_logged',3,1,'{\"count\":\"5\",\"name\":\"1\",\"layout\":\"_:default\",\"moduleclass_sfx\":\"\",\"cache\":\"0\", \"bootstrap_size\": \"12\",\"header_tag\":\"h2\"}',1,'*'),(99,77,'Frontend Link','','',5,'status',NULL,NULL,NULL,NULL,1,'mod_frontend',1,1,'',1,'*'),(100,78,'Messages','','',4,'status',NULL,NULL,NULL,NULL,1,'mod_messages',3,1,'',1,'*'),(101,79,'Post Install Messages','','',3,'status',NULL,NULL,NULL,NULL,1,'mod_post_installation_messages',3,1,'',1,'*'),(102,80,'User Status','','',6,'status',NULL,NULL,NULL,NULL,1,'mod_user',3,1,'',1,'*'),(103,70,'Site','','',1,'icon',NULL,NULL,NULL,NULL,1,'mod_quickicon',1,1,'{\"context\":\"site_quickicon\",\"header_icon\":\"icon-desktop\",\"show_users\":\"1\",\"show_articles\":\"1\",\"show_categories\":\"1\",\"show_media\":\"1\",\"show_menuItems\":\"1\",\"show_modules\":\"1\",\"show_plugins\":\"1\",\"show_templates\":\"1\",\"layout\":\"_:default\",\"moduleclass_sfx\":\"\",\"cache\":1,\"cache_time\":900,\"style\":\"0\",\"module_tag\":\"div\",\"bootstrap_size\":\"12\",\"header_tag\":\"h2\",\"header_class\":\"\"}',1,'*'),(104,71,'System','','',2,'icon',NULL,NULL,NULL,NULL,1,'mod_quickicon',1,1,'{\"context\":\"system_quickicon\",\"header_icon\":\"icon-wrench\",\"show_global\":\"1\",\"show_checkin\":\"1\",\"show_cache\":\"1\",\"layout\":\"_:default\",\"moduleclass_sfx\":\"\",\"cache\":1,\"cache_time\":900,\"style\":\"0\",\"module_tag\":\"div\",\"bootstrap_size\":\"12\",\"header_tag\":\"h2\",\"header_class\":\"\"}',1,'*'),(105,82,'3rd Party','','',4,'icon',NULL,NULL,NULL,NULL,1,'mod_quickicon',1,1,'{\"context\":\"mod_quickicon\",\"header_icon\":\"icon-boxes\",\"load_plugins\":\"1\",\"layout\":\"_:default\",\"moduleclass_sfx\":\"\",\"cache\":1,\"cache_time\":900,\"style\":\"0\",\"module_tag\":\"div\",\"bootstrap_size\":\"12\",\"header_tag\":\"h2\",\"header_class\":\"\"}',1,'*'),(106,83,'Help Dashboard','','',1,'cpanel-help',NULL,NULL,NULL,NULL,1,'mod_submenu',1,0,'{\"menutype\":\"*\",\"preset\":\"help\",\"layout\":\"_:default\",\"moduleclass_sfx\":\"\",\"style\":\"System-none\",\"module_tag\":\"div\",\"bootstrap_size\":\"12\",\"header_tag\":\"h2\",\"header_class\":\"\"}',1,'*'),(107,84,'Privacy Requests','','',1,'cpanel-privacy',NULL,NULL,NULL,NULL,1,'mod_privacy_dashboard',1,1,'{\"layout\":\"_:default\",\"moduleclass_sfx\":\"\",\"cache\":1,\"cache_time\":900,\"cachemode\":\"static\",\"style\":\"0\",\"module_tag\":\"div\",\"bootstrap_size\":\"12\",\"header_tag\":\"h2\",\"header_class\":\"\"}',1,'*'),(108,85,'Privacy Status','','',1,'cpanel-privacy',NULL,NULL,NULL,NULL,1,'mod_privacy_status',1,1,'{\"layout\":\"_:default\",\"moduleclass_sfx\":\"\",\"cache\":1,\"cache_time\":900,\"cachemode\":\"static\",\"style\":\"0\",\"module_tag\":\"div\",\"bootstrap_size\":\"12\",\"header_tag\":\"h2\",\"header_class\":\"\"}',1,'*'),(109,93,'User Menu','',NULL,1,'breadcrumbs',NULL,NULL,'2021-12-03 12:19:34',NULL,-2,'mod_wrapper',1,0,'{\"url\":\"#\",\"add\":1,\"width\":\"100%\",\"height\":\"200\",\"height_auto\":1,\"target\":\"\",\"lazyloading\":\"lazy\",\"layout\":\"_:default\",\"moduleclass_sfx\":\"\",\"cache\":1,\"cache_time\":900,\"cachemode\":\"static\",\"style\":\"0\",\"module_tag\":\"div\",\"bootstrap_size\":\"0\",\"header_tag\":\"h3\",\"header_class\":\"\"}',0,'*'),(110,94,'Banner','',NULL,1,'banner',NULL,NULL,'2021-12-03 13:53:47',NULL,-2,'mod_random_image',1,0,'{\"type\":\"jpg\",\"folder\":\"images\\/photos\",\"link\":\"\",\"width\":1000,\"height\":500,\"layout\":\"_:default\",\"moduleclass_sfx\":\"\",\"style\":\"0\",\"module_tag\":\"div\",\"bootstrap_size\":\"0\",\"header_tag\":\"h3\",\"header_class\":\"\"}',0,'*'),(111,95,'Αναζήτηση','',NULL,1,'search',NULL,NULL,'2021-12-03 13:39:49',NULL,-2,'mod_finder',1,0,'{\"searchfilter\":\"\",\"show_autosuggest\":1,\"show_advanced\":0,\"show_label\":1,\"alt_label\":\"\",\"show_button\":0,\"opensearch\":1,\"opensearch_name\":\"\",\"set_itemid\":0,\"layout\":\"_:default\",\"moduleclass_sfx\":\"\",\"style\":\"0\",\"module_tag\":\"div\",\"bootstrap_size\":\"0\",\"header_tag\":\"h3\",\"header_class\":\"\"}',0,'*'),(112,96,'Αναζήτηση','',NULL,1,'search',NULL,NULL,NULL,NULL,1,'mod_finder',1,0,'{\"searchfilter\":\"\",\"show_autosuggest\":1,\"show_advanced\":0,\"show_label\":1,\"alt_label\":\"\",\"show_button\":0,\"opensearch\":1,\"opensearch_name\":\"\",\"set_itemid\":0,\"layout\":\"_:default\",\"moduleclass_sfx\":\"\",\"style\":\"0\",\"module_tag\":\"div\",\"bootstrap_size\":\"0\",\"header_tag\":\"h3\",\"header_class\":\"\"}',0,'*'),(113,97,'Banner','',NULL,1,'banner',NULL,NULL,NULL,NULL,1,'mod_random_image',1,0,'{\"type\":\"jpg\",\"folder\":\"images\\/photos\",\"link\":\"\",\"width\":1000,\"height\":500,\"layout\":\"_:default\",\"moduleclass_sfx\":\"\",\"style\":\"0\",\"module_tag\":\"div\",\"bootstrap_size\":\"0\",\"header_tag\":\"h3\",\"header_class\":\"\"}',0,'*'),(114,100,'Ανακοινώσεις','',NULL,1,'sidebar-right',NULL,NULL,'2021-12-03 14:33:17',NULL,-2,'mod_articles_news',1,1,'{\"catid\":[9],\"image\":0,\"img_intro_full\":\"none\",\"item_title\":1,\"link_titles\":\"\",\"item_heading\":\"h4\",\"triggerevents\":1,\"showLastSeparator\":1,\"show_introtext\":0,\"readmore\":1,\"count\":5,\"show_featured\":\"\",\"exclude_current\":1,\"ordering\":\"a.publish_up\",\"direction\":1,\"layout\":\"_:default\",\"moduleclass_sfx\":\"\",\"cache\":1,\"cache_time\":900,\"cachemode\":\"itemid\",\"style\":\"0\",\"module_tag\":\"div\",\"bootstrap_size\":\"0\",\"header_tag\":\"h3\",\"header_class\":\"\"}',0,'*'),(115,101,'Ανακοινώσεις','',NULL,1,'sidebar-right',NULL,NULL,NULL,NULL,1,'mod_articles_latest',1,1,'{\"catid\":[9],\"count\":5,\"show_featured\":\"\",\"ordering\":\"p_dsc\",\"user_id\":\"0\",\"layout\":\"_:default\",\"moduleclass_sfx\":\"\",\"cache\":1,\"cache_time\":900,\"cachemode\":\"static\",\"style\":\"0\",\"module_tag\":\"div\",\"bootstrap_size\":\"0\",\"header_tag\":\"h3\",\"header_class\":\"\"}',0,'*'),(116,103,'Μεταπτυχιακά','',NULL,1,'sidebar-right',NULL,NULL,NULL,NULL,1,'mod_banners',1,0,'{\"target\":1,\"count\":5,\"cid\":0,\"catid\":[10],\"tag_search\":0,\"ordering\":\"0\",\"header_text\":\"\",\"footer_text\":\"\",\"layout\":\"_:default\",\"moduleclass_sfx\":\"\",\"cache\":1,\"cache_time\":900,\"style\":\"0\",\"module_tag\":\"div\",\"bootstrap_size\":\"0\",\"header_tag\":\"h3\",\"header_class\":\"\"}',0,'*');

--
-- Table structure for table `brbbp_modules_menu`
--

CREATE TABLE `brbbp_modules_menu` (
  `moduleid` int(11) NOT NULL DEFAULT 0,
  `menuid` int(11) NOT NULL DEFAULT 0,
  PRIMARY KEY (`moduleid`,`menuid`)
) ENGINE=InnoDB DEFAULT CHARSET=utf8mb4 COLLATE=utf8mb4_unicode_ci;

--
-- Dumping data for table `brbbp_modules_menu`
--

INSERT INTO `brbbp_modules_menu` VALUES (1,0),(2,0),(3,0),(4,0),(6,0),(7,0),(8,0),(9,0),(10,0),(12,0),(14,0),(15,0),(16,0),(17,0),(79,0),(86,0),(87,0),(88,0),(89,0),(90,0),(91,0),(92,0),(93,0),(94,0),(95,0),(96,0),(97,0),(98,0),(99,0),(100,0),(101,0),(102,0),(103,0),(104,0),(105,0),(106,0),(107,0),(108,0),(109,0),(110,0),(111,0),(112,0),(113,0),(114,0),(115,0),(116,0);

--
-- Table structure for table `brbbp_newsfeeds`
--

CREATE TABLE `brbbp_newsfeeds` (
  `catid` int(11) NOT NULL DEFAULT 0,
  `id` int(10) unsigned NOT NULL AUTO_INCREMENT,
  `name` varchar(100) NOT NULL DEFAULT '',
  `alias` varchar(400) CHARACTER SET utf8mb4 COLLATE utf8mb4_bin NOT NULL DEFAULT '',
  `link` varchar(2048) NOT NULL DEFAULT '',
  `published` tinyint(4) NOT NULL DEFAULT 0,
  `numarticles` int(10) unsigned NOT NULL DEFAULT 1,
  `cache_time` int(10) unsigned NOT NULL DEFAULT 3600,
  `checked_out` int(10) unsigned DEFAULT NULL,
  `checked_out_time` datetime DEFAULT NULL,
  `ordering` int(11) NOT NULL DEFAULT 0,
  `rtl` tinyint(4) NOT NULL DEFAULT 0,
  `access` int(10) unsigned NOT NULL DEFAULT 0,
  `language` char(7) NOT NULL DEFAULT '',
  `params` text NOT NULL,
  `created` datetime NOT NULL,
  `created_by` int(10) unsigned NOT NULL DEFAULT 0,
  `created_by_alias` varchar(255) NOT NULL DEFAULT '',
  `modified` datetime NOT NULL,
  `modified_by` int(10) unsigned NOT NULL DEFAULT 0,
  `metakey` text DEFAULT NULL,
  `metadesc` text NOT NULL,
  `metadata` text NOT NULL,
  `publish_up` datetime DEFAULT NULL,
  `publish_down` datetime DEFAULT NULL,
  `description` text NOT NULL,
  `version` int(10) unsigned NOT NULL DEFAULT 1,
  `hits` int(10) unsigned NOT NULL DEFAULT 0,
  `images` text NOT NULL,
  PRIMARY KEY (`id`),
  KEY `idx_access` (`access`),
  KEY `idx_checkout` (`checked_out`),
  KEY `idx_state` (`published`),
  KEY `idx_catid` (`catid`),
  KEY `idx_createdby` (`created_by`),
  KEY `idx_language` (`language`)
) ENGINE=InnoDB DEFAULT CHARSET=utf8mb4 COLLATE=utf8mb4_unicode_ci;

--
-- Dumping data for table `brbbp_newsfeeds`
--


--
-- Table structure for table `brbbp_overrider`
--

CREATE TABLE `brbbp_overrider` (
  `id` int(11) NOT NULL AUTO_INCREMENT COMMENT 'Primary Key',
  `constant` varchar(255) NOT NULL,
  `string` text NOT NULL,
  `file` varchar(255) NOT NULL,
  PRIMARY KEY (`id`)
) ENGINE=InnoDB DEFAULT CHARSET=utf8mb4 COLLATE=utf8mb4_unicode_ci;

--
-- Dumping data for table `brbbp_overrider`
--


--
-- Table structure for table `brbbp_postinstall_messages`
--

CREATE TABLE `brbbp_postinstall_messages` (
  `postinstall_message_id` bigint(20) unsigned NOT NULL AUTO_INCREMENT,
  `extension_id` bigint(20) NOT NULL DEFAULT 700 COMMENT 'FK to #__extensions',
  `title_key` varchar(255) NOT NULL DEFAULT '' COMMENT 'Lang key for the title',
  `description_key` varchar(255) NOT NULL DEFAULT '' COMMENT 'Lang key for description',
  `action_key` varchar(255) NOT NULL DEFAULT '',
  `language_extension` varchar(255) NOT NULL DEFAULT 'com_postinstall' COMMENT 'Extension holding lang keys',
  `language_client_id` tinyint(4) NOT NULL DEFAULT 1,
  `type` varchar(10) NOT NULL DEFAULT 'link' COMMENT 'Message type - message, link, action',
  `action_file` varchar(255) DEFAULT '' COMMENT 'RAD URI to the PHP file containing action method',
  `action` varchar(255) DEFAULT '' COMMENT 'Action method name or URL',
  `condition_file` varchar(255) DEFAULT NULL COMMENT 'RAD URI to file holding display condition method',
  `condition_method` varchar(255) DEFAULT NULL COMMENT 'Display condition method, must return boolean',
  `version_introduced` varchar(50) NOT NULL DEFAULT '3.2.0' COMMENT 'Version when this message was introduced',
  `enabled` tinyint(4) NOT NULL DEFAULT 1,
  PRIMARY KEY (`postinstall_message_id`)
) ENGINE=InnoDB AUTO_INCREMENT=7 DEFAULT CHARSET=utf8mb4 COLLATE=utf8mb4_unicode_ci;

--
-- Dumping data for table `brbbp_postinstall_messages`
--

INSERT INTO `brbbp_postinstall_messages` VALUES (1,211,'PLG_TWOFACTORAUTH_TOTP_POSTINSTALL_TITLE','PLG_TWOFACTORAUTH_TOTP_POSTINSTALL_BODY','PLG_TWOFACTORAUTH_TOTP_POSTINSTALL_ACTION','plg_twofactorauth_totp',1,'action','site://plugins/twofactorauth/totp/postinstall/actions.php','twofactorauth_postinstall_action','site://plugins/twofactorauth/totp/postinstall/actions.php','twofactorauth_postinstall_condition','3.2.0',1),(2,211,'COM_CPANEL_WELCOME_BEGINNERS_TITLE','COM_CPANEL_WELCOME_BEGINNERS_MESSAGE','','com_cpanel',1,'message','','','','','3.2.0',1),(3,211,'COM_CPANEL_MSG_STATS_COLLECTION_TITLE','COM_CPANEL_MSG_STATS_COLLECTION_BODY','','com_cpanel',1,'message','','','admin://components/com_admin/postinstall/statscollection.php','admin_postinstall_statscollection_condition','3.5.0',1),(4,211,'PLG_SYSTEM_UPDATENOTIFICATION_POSTINSTALL_UPDATECACHETIME','PLG_SYSTEM_UPDATENOTIFICATION_POSTINSTALL_UPDATECACHETIME_BODY','PLG_SYSTEM_UPDATENOTIFICATION_POSTINSTALL_UPDATECACHETIME_ACTION','plg_system_updatenotification',1,'action','site://plugins/system/updatenotification/postinstall/updatecachetime.php','updatecachetime_postinstall_action','site://plugins/system/updatenotification/postinstall/updatecachetime.php','updatecachetime_postinstall_condition','3.6.3',1),(5,211,'PLG_SYSTEM_HTTPHEADERS_POSTINSTALL_INTRODUCTION_TITLE','PLG_SYSTEM_HTTPHEADERS_POSTINSTALL_INTRODUCTION_BODY','PLG_SYSTEM_HTTPHEADERS_POSTINSTALL_INTRODUCTION_ACTION','plg_system_httpheaders',1,'action','site://plugins/system/httpheaders/postinstall/introduction.php','httpheaders_postinstall_action','site://plugins/system/httpheaders/postinstall/introduction.php','httpheaders_postinstall_condition','4.0.0',1),(6,211,'COM_ADMIN_POSTINSTALL_MSG_FLOC_BLOCKER_TITLE','COM_ADMIN_POSTINSTALL_MSG_FLOC_BLOCKER_DESCRIPTION','','com_admin',1,'message','','','','','3.9.27',1);

--
-- Table structure for table `brbbp_privacy_consents`
--

CREATE TABLE `brbbp_privacy_consents` (
  `id` int(10) unsigned NOT NULL AUTO_INCREMENT,
  `user_id` int(10) unsigned NOT NULL DEFAULT 0,
  `state` int(11) NOT NULL DEFAULT 1,
  `created` datetime NOT NULL,
  `subject` varchar(255) NOT NULL DEFAULT '',
  `body` text NOT NULL,
  `remind` tinyint(4) NOT NULL DEFAULT 0,
  `token` varchar(100) NOT NULL DEFAULT '',
  PRIMARY KEY (`id`),
  KEY `idx_user_id` (`user_id`)
) ENGINE=InnoDB DEFAULT CHARSET=utf8mb4 COLLATE=utf8mb4_unicode_ci;

--
-- Dumping data for table `brbbp_privacy_consents`
--


--
-- Table structure for table `brbbp_privacy_requests`
--

CREATE TABLE `brbbp_privacy_requests` (
  `id` int(10) unsigned NOT NULL AUTO_INCREMENT,
  `email` varchar(100) NOT NULL DEFAULT '',
  `requested_at` datetime NOT NULL,
  `status` tinyint(4) NOT NULL DEFAULT 0,
  `request_type` varchar(25) NOT NULL DEFAULT '',
  `confirm_token` varchar(100) NOT NULL DEFAULT '',
  `confirm_token_created_at` datetime DEFAULT NULL,
  PRIMARY KEY (`id`)
) ENGINE=InnoDB DEFAULT CHARSET=utf8mb4 COLLATE=utf8mb4_unicode_ci;

--
-- Dumping data for table `brbbp_privacy_requests`
--


--
-- Table structure for table `brbbp_redirect_links`
--

CREATE TABLE `brbbp_redirect_links` (
  `id` int(10) unsigned NOT NULL AUTO_INCREMENT,
  `old_url` varchar(2048) NOT NULL,
  `new_url` varchar(2048) DEFAULT NULL,
  `referer` varchar(2048) NOT NULL,
  `comment` varchar(255) NOT NULL DEFAULT '',
  `hits` int(10) unsigned NOT NULL DEFAULT 0,
  `published` tinyint(4) NOT NULL,
  `created_date` datetime NOT NULL,
  `modified_date` datetime NOT NULL,
  `header` smallint(6) NOT NULL DEFAULT 301,
  PRIMARY KEY (`id`),
  KEY `idx_old_url` (`old_url`(100)),
  KEY `idx_link_modifed` (`modified_date`)
) ENGINE=InnoDB DEFAULT CHARSET=utf8mb4 COLLATE=utf8mb4_unicode_ci;

--
-- Dumping data for table `brbbp_redirect_links`
--


--
-- Table structure for table `brbbp_schemas`
--

CREATE TABLE `brbbp_schemas` (
  `extension_id` int(11) NOT NULL,
  `version_id` varchar(20) NOT NULL,
  PRIMARY KEY (`extension_id`,`version_id`)
) ENGINE=InnoDB DEFAULT CHARSET=utf8mb4 COLLATE=utf8mb4_unicode_ci;

--
-- Dumping data for table `brbbp_schemas`
--

INSERT INTO `brbbp_schemas` VALUES (211,'4.0.3-2021-09-05');

--
-- Table structure for table `brbbp_session`
--

CREATE TABLE `brbbp_session` (
  `session_id` varbinary(192) NOT NULL,
  `client_id` tinyint(3) unsigned DEFAULT NULL,
  `guest` tinyint(3) unsigned DEFAULT 1,
  `time` int(11) NOT NULL DEFAULT 0,
  `data` mediumtext DEFAULT NULL,
  `userid` int(11) DEFAULT 0,
  `username` varchar(150) DEFAULT '',
  PRIMARY KEY (`session_id`),
  KEY `userid` (`userid`),
  KEY `time` (`time`),
  KEY `client_id_guest` (`client_id`,`guest`)
) ENGINE=InnoDB DEFAULT CHARSET=utf8mb4 COLLATE=utf8mb4_unicode_ci;

--
-- Dumping data for table `brbbp_session`
--

INSERT INTO `brbbp_session` VALUES ('4ct3oabbigubda3f4odenhmgta',1,1,1638976199,'joomla|s:868:\"TzoyNDoiSm9vbWxhXFJlZ2lzdHJ5XFJlZ2lzdHJ5IjozOntzOjc6IgAqAGRhdGEiO086ODoic3RkQ2xhc3MiOjQ6e3M6Nzoic2Vzc2lvbiI7Tzo4OiJzdGRDbGFzcyI6Mzp7czo3OiJjb3VudGVyIjtpOjQ7czo1OiJ0aW1lciI7Tzo4OiJzdGRDbGFzcyI6Mzp7czo1OiJzdGFydCI7aToxNjM4OTc2MTczO3M6NDoibGFzdCI7aToxNjM4OTc2MTg2O3M6Mzoibm93IjtpOjE2Mzg5NzYxOTk7fXM6NToidG9rZW4iO3M6MzI6IjAwMTI0YmE3ZWMwNTk0M2RhNjk4MTYxOTRlZWIwNjc1Ijt9czo4OiJyZWdpc3RyeSI7TzoyNDoiSm9vbWxhXFJlZ2lzdHJ5XFJlZ2lzdHJ5IjozOntzOjc6IgAqAGRhdGEiO086ODoic3RkQ2xhc3MiOjA6e31zOjE0OiIAKgBpbml0aWFsaXplZCI7YjowO3M6OToic2VwYXJhdG9yIjtzOjE6Ii4iO31zOjQ6InVzZXIiO086MjA6Ikpvb21sYVxDTVNcVXNlclxVc2VyIjoxOntzOjI6ImlkIjtpOjA7fXM6MTk6InBsZ19zeXN0ZW1fd2ViYXV0aG4iO086ODoic3RkQ2xhc3MiOjE6e3M6OToicmV0dXJuVXJsIjtzOjY1OiJodHRwczovL2xhYi5tc3QuaWh1LmdyL2RtL2ZyYWdpZGlzL2pvb21sYS9hZG1pbmlzdHJhdG9yL2luZGV4LnBocCI7fX1zOjE0OiIAKgBpbml0aWFsaXplZCI7YjowO3M6OToic2VwYXJhdG9yIjtzOjE6Ii4iO30=\";',0,''),('4g1e33qs29h15e0bv13jflto4t',0,1,1689425220,'joomla|s:848:\"TzoyNDoiSm9vbWxhXFJlZ2lzdHJ5XFJlZ2lzdHJ5IjozOntzOjc6IgAqAGRhdGEiO086ODoic3RkQ2xhc3MiOjQ6e3M6Nzoic2Vzc2lvbiI7Tzo4OiJzdGRDbGFzcyI6Mzp7czo3OiJjb3VudGVyIjtpOjE7czo1OiJ0aW1lciI7Tzo4OiJzdGRDbGFzcyI6Mzp7czo1OiJzdGFydCI7aToxNjg5NDI1MjE3O3M6NDoibGFzdCI7aToxNjg5NDI1MjE3O3M6Mzoibm93IjtpOjE2ODk0MjUyMTc7fXM6NToidG9rZW4iO3M6MzI6IjI1NDJiY2YxZDA1YmVmM2M4NWNlNGEwNzIyZDgxNDUxIjt9czo4OiJyZWdpc3RyeSI7TzoyNDoiSm9vbWxhXFJlZ2lzdHJ5XFJlZ2lzdHJ5IjozOntzOjc6IgAqAGRhdGEiO086ODoic3RkQ2xhc3MiOjA6e31zOjE0OiIAKgBpbml0aWFsaXplZCI7YjowO3M6OToic2VwYXJhdG9yIjtzOjE6Ii4iO31zOjQ6InVzZXIiO086MjA6Ikpvb21sYVxDTVNcVXNlclxVc2VyIjoxOntzOjI6ImlkIjtpOjA7fXM6MTk6InBsZ19zeXN0ZW1fd2ViYXV0aG4iO086ODoic3RkQ2xhc3MiOjE6e3M6OToicmV0dXJuVXJsIjtzOjUxOiJodHRwczovL2xhYi5tc3QuaWh1LmdyL2RtL2ZyYWdpZGlzL2pvb21sYS9pbmRleC5waHAiO319czoxNDoiACoAaW5pdGlhbGl6ZWQiO2I6MDtzOjk6InNlcGFyYXRvciI7czoxOiIuIjt9\";',0,''),('7772nl6fgt1q4qdf65n8oak4ts',0,1,1687370915,'joomla|s:848:\"TzoyNDoiSm9vbWxhXFJlZ2lzdHJ5XFJlZ2lzdHJ5IjozOntzOjc6IgAqAGRhdGEiO086ODoic3RkQ2xhc3MiOjQ6e3M6Nzoic2Vzc2lvbiI7Tzo4OiJzdGRDbGFzcyI6Mzp7czo3OiJjb3VudGVyIjtpOjE7czo1OiJ0aW1lciI7Tzo4OiJzdGRDbGFzcyI6Mzp7czo1OiJzdGFydCI7aToxNjg3MzcwOTE1O3M6NDoibGFzdCI7aToxNjg3MzcwOTE1O3M6Mzoibm93IjtpOjE2ODczNzA5MTU7fXM6NToidG9rZW4iO3M6MzI6IjkxNDZjOGViM2Y0ZmE3OTRjNGE2MDg2MTA5N2E4NjYzIjt9czo4OiJyZWdpc3RyeSI7TzoyNDoiSm9vbWxhXFJlZ2lzdHJ5XFJlZ2lzdHJ5IjozOntzOjc6IgAqAGRhdGEiO086ODoic3RkQ2xhc3MiOjA6e31zOjE0OiIAKgBpbml0aWFsaXplZCI7YjowO3M6OToic2VwYXJhdG9yIjtzOjE6Ii4iO31zOjQ6InVzZXIiO086MjA6Ikpvb21sYVxDTVNcVXNlclxVc2VyIjoxOntzOjI6ImlkIjtpOjA7fXM6MTk6InBsZ19zeXN0ZW1fd2ViYXV0aG4iO086ODoic3RkQ2xhc3MiOjE6e3M6OToicmV0dXJuVXJsIjtzOjUxOiJodHRwczovL2xhYi5tc3QuaWh1LmdyL2RtL2ZyYWdpZGlzL2pvb21sYS9pbmRleC5waHAiO319czoxNDoiACoAaW5pdGlhbGl6ZWQiO2I6MDtzOjk6InNlcGFyYXRvciI7czoxOiIuIjt9\";',0,''),('8ce26q4mvmvm2hs4uef1qk3ufi',0,1,1698115821,'joomla|s:880:\"TzoyNDoiSm9vbWxhXFJlZ2lzdHJ5XFJlZ2lzdHJ5IjozOntzOjc6IgAqAGRhdGEiO086ODoic3RkQ2xhc3MiOjQ6e3M6Nzoic2Vzc2lvbiI7Tzo4OiJzdGRDbGFzcyI6Mzp7czo3OiJjb3VudGVyIjtpOjE7czo1OiJ0aW1lciI7Tzo4OiJzdGRDbGFzcyI6Mzp7czo1OiJzdGFydCI7aToxNjk4MTE1ODE4O3M6NDoibGFzdCI7aToxNjk4MTE1ODE4O3M6Mzoibm93IjtpOjE2OTgxMTU4MTg7fXM6NToidG9rZW4iO3M6MzI6ImFhYjhmMjFjYmIyZjJiZmQ4MTY0NjQ1NjQzNzRlMzVhIjt9czo4OiJyZWdpc3RyeSI7TzoyNDoiSm9vbWxhXFJlZ2lzdHJ5XFJlZ2lzdHJ5IjozOntzOjc6IgAqAGRhdGEiO086ODoic3RkQ2xhc3MiOjA6e31zOjE0OiIAKgBpbml0aWFsaXplZCI7YjowO3M6OToic2VwYXJhdG9yIjtzOjE6Ii4iO31zOjQ6InVzZXIiO086MjA6Ikpvb21sYVxDTVNcVXNlclxVc2VyIjoxOntzOjI6ImlkIjtpOjA7fXM6MTk6InBsZ19zeXN0ZW1fd2ViYXV0aG4iO086ODoic3RkQ2xhc3MiOjE6e3M6OToicmV0dXJuVXJsIjtzOjc0OiJodHRwczovL2xhYi5tc3QuaWh1LmdyL2RtL2ZyYWdpZGlzL2pvb21sYS9pbmRleC5waHAvY29tcG9uZW50L3VzZXJzL3JlbWluZCI7fX1zOjE0OiIAKgBpbml0aWFsaXplZCI7YjowO3M6OToic2VwYXJhdG9yIjtzOjE6Ii4iO30=\";',0,''),('9d64g40q7ch527j68hqdfc173l',0,1,1640709784,'joomla|s:836:\"TzoyNDoiSm9vbWxhXFJlZ2lzdHJ5XFJlZ2lzdHJ5IjozOntzOjc6IgAqAGRhdGEiO086ODoic3RkQ2xhc3MiOjQ6e3M6Nzoic2Vzc2lvbiI7Tzo4OiJzdGRDbGFzcyI6Mzp7czo3OiJjb3VudGVyIjtpOjI7czo1OiJ0aW1lciI7Tzo4OiJzdGRDbGFzcyI6Mzp7czo1OiJzdGFydCI7aToxNjQwNzA5NzgxO3M6NDoibGFzdCI7aToxNjQwNzA5NzgxO3M6Mzoibm93IjtpOjE2NDA3MDk3ODQ7fXM6NToidG9rZW4iO3M6MzI6IjcxYzVmNzA1YzI2ZjQ3NmRkOWYyOGViM2YyYTU0ZjBhIjt9czo4OiJyZWdpc3RyeSI7TzoyNDoiSm9vbWxhXFJlZ2lzdHJ5XFJlZ2lzdHJ5IjozOntzOjc6IgAqAGRhdGEiO086ODoic3RkQ2xhc3MiOjA6e31zOjE0OiIAKgBpbml0aWFsaXplZCI7YjowO3M6OToic2VwYXJhdG9yIjtzOjE6Ii4iO31zOjQ6InVzZXIiO086MjA6Ikpvb21sYVxDTVNcVXNlclxVc2VyIjoxOntzOjI6ImlkIjtpOjA7fXM6MTk6InBsZ19zeXN0ZW1fd2ViYXV0aG4iO086ODoic3RkQ2xhc3MiOjE6e3M6OToicmV0dXJuVXJsIjtzOjQyOiJodHRwczovL2xhYi5tc3QuaWh1LmdyL2RtL2ZyYWdpZGlzL2pvb21sYS8iO319czoxNDoiACoAaW5pdGlhbGl6ZWQiO2I6MDtzOjk6InNlcGFyYXRvciI7czoxOiIuIjt9\";',0,''),('dd51js8631u4aqqobao93uef21',0,1,1646422531,'joomla|s:836:\"TzoyNDoiSm9vbWxhXFJlZ2lzdHJ5XFJlZ2lzdHJ5IjozOntzOjc6IgAqAGRhdGEiO086ODoic3RkQ2xhc3MiOjQ6e3M6Nzoic2Vzc2lvbiI7Tzo4OiJzdGRDbGFzcyI6Mzp7czo3OiJjb3VudGVyIjtpOjE7czo1OiJ0aW1lciI7Tzo4OiJzdGRDbGFzcyI6Mzp7czo1OiJzdGFydCI7aToxNjQ2NDIyNTMwO3M6NDoibGFzdCI7aToxNjQ2NDIyNTMwO3M6Mzoibm93IjtpOjE2NDY0MjI1MzA7fXM6NToidG9rZW4iO3M6MzI6IjY3OTdiNjE3ZTJiMjQ3YzNlMDA5NzdhZjczYWZkZGEzIjt9czo4OiJyZWdpc3RyeSI7TzoyNDoiSm9vbWxhXFJlZ2lzdHJ5XFJlZ2lzdHJ5IjozOntzOjc6IgAqAGRhdGEiO086ODoic3RkQ2xhc3MiOjA6e31zOjE0OiIAKgBpbml0aWFsaXplZCI7YjowO3M6OToic2VwYXJhdG9yIjtzOjE6Ii4iO31zOjQ6InVzZXIiO086MjA6Ikpvb21sYVxDTVNcVXNlclxVc2VyIjoxOntzOjI6ImlkIjtpOjA7fXM6MTk6InBsZ19zeXN0ZW1fd2ViYXV0aG4iO086ODoic3RkQ2xhc3MiOjE6e3M6OToicmV0dXJuVXJsIjtzOjQyOiJodHRwczovL2xhYi5tc3QuaWh1LmdyL2RtL2ZyYWdpZGlzL2pvb21sYS8iO319czoxNDoiACoAaW5pdGlhbGl6ZWQiO2I6MDtzOjk6InNlcGFyYXRvciI7czoxOiIuIjt9\";',0,''),('fe4jqs07su810ndjl95e17hf4p',0,1,1690095852,'joomla|s:876:\"TzoyNDoiSm9vbWxhXFJlZ2lzdHJ5XFJlZ2lzdHJ5IjozOntzOjc6IgAqAGRhdGEiO086ODoic3RkQ2xhc3MiOjQ6e3M6Nzoic2Vzc2lvbiI7Tzo4OiJzdGRDbGFzcyI6Mzp7czo3OiJjb3VudGVyIjtpOjE7czo1OiJ0aW1lciI7Tzo4OiJzdGRDbGFzcyI6Mzp7czo1OiJzdGFydCI7aToxNjkwMDk1ODUwO3M6NDoibGFzdCI7aToxNjkwMDk1ODUwO3M6Mzoibm93IjtpOjE2OTAwOTU4NTA7fXM6NToidG9rZW4iO3M6MzI6IjQzYTc3N2ZhZjRiMzBjYzVkMjFjNmNlYzMwN2RjNTQyIjt9czo4OiJyZWdpc3RyeSI7TzoyNDoiSm9vbWxhXFJlZ2lzdHJ5XFJlZ2lzdHJ5IjozOntzOjc6IgAqAGRhdGEiO086ODoic3RkQ2xhc3MiOjA6e31zOjE0OiIAKgBpbml0aWFsaXplZCI7YjowO3M6OToic2VwYXJhdG9yIjtzOjE6Ii4iO31zOjQ6InVzZXIiO086MjA6Ikpvb21sYVxDTVNcVXNlclxVc2VyIjoxOntzOjI6ImlkIjtpOjA7fXM6MTk6InBsZ19zeXN0ZW1fd2ViYXV0aG4iO086ODoic3RkQ2xhc3MiOjE6e3M6OToicmV0dXJuVXJsIjtzOjcwOiJodHRwczovL2xhYi5tc3QuaWh1LmdyL2RtL2ZyYWdpZGlzL2pvb21sYS9pbmRleC5waHAvZ29hbC1hbmQtb2JqZWN0aXZlIjt9fXM6MTQ6IgAqAGluaXRpYWxpemVkIjtiOjA7czo5OiJzZXBhcmF0b3IiO3M6MToiLiI7fQ==\";',0,''),('kov50ndelnucutb21lkfe5o6ck',0,1,1687369488,'joomla|s:836:\"TzoyNDoiSm9vbWxhXFJlZ2lzdHJ5XFJlZ2lzdHJ5IjozOntzOjc6IgAqAGRhdGEiO086ODoic3RkQ2xhc3MiOjQ6e3M6Nzoic2Vzc2lvbiI7Tzo4OiJzdGRDbGFzcyI6Mzp7czo3OiJjb3VudGVyIjtpOjE7czo1OiJ0aW1lciI7Tzo4OiJzdGRDbGFzcyI6Mzp7czo1OiJzdGFydCI7aToxNjg3MzY5NDg1O3M6NDoibGFzdCI7aToxNjg3MzY5NDg1O3M6Mzoibm93IjtpOjE2ODczNjk0ODU7fXM6NToidG9rZW4iO3M6MzI6IjUwMDBhYTA4Yjk3ZjU4NTc1MzNkZjZhOTEyYzhlOGJmIjt9czo4OiJyZWdpc3RyeSI7TzoyNDoiSm9vbWxhXFJlZ2lzdHJ5XFJlZ2lzdHJ5IjozOntzOjc6IgAqAGRhdGEiO086ODoic3RkQ2xhc3MiOjA6e31zOjE0OiIAKgBpbml0aWFsaXplZCI7YjowO3M6OToic2VwYXJhdG9yIjtzOjE6Ii4iO31zOjQ6InVzZXIiO086MjA6Ikpvb21sYVxDTVNcVXNlclxVc2VyIjoxOntzOjI6ImlkIjtpOjA7fXM6MTk6InBsZ19zeXN0ZW1fd2ViYXV0aG4iO086ODoic3RkQ2xhc3MiOjE6e3M6OToicmV0dXJuVXJsIjtzOjQyOiJodHRwczovL2xhYi5tc3QuaWh1LmdyL2RtL2ZyYWdpZGlzL2pvb21sYS8iO319czoxNDoiACoAaW5pdGlhbGl6ZWQiO2I6MDtzOjk6InNlcGFyYXRvciI7czoxOiIuIjt9\";',0,''),('kv75be2i8b48dgs8ejeaejt86k',0,1,1645790312,'joomla|s:688:\"TzoyNDoiSm9vbWxhXFJlZ2lzdHJ5XFJlZ2lzdHJ5IjozOntzOjc6IgAqAGRhdGEiO086ODoic3RkQ2xhc3MiOjM6e3M6Nzoic2Vzc2lvbiI7Tzo4OiJzdGRDbGFzcyI6Mzp7czo3OiJjb3VudGVyIjtpOjI7czo1OiJ0aW1lciI7Tzo4OiJzdGRDbGFzcyI6Mzp7czo1OiJzdGFydCI7aToxNjQ1NzkwMzEyO3M6NDoibGFzdCI7aToxNjQ1NzkwMzEyO3M6Mzoibm93IjtpOjE2NDU3OTAzMTI7fXM6NToidG9rZW4iO3M6MzI6IjJmNWNhNTFmODZhOGU1NmU5NDIyZDJlMTFiOTcwOTE1Ijt9czo4OiJyZWdpc3RyeSI7TzoyNDoiSm9vbWxhXFJlZ2lzdHJ5XFJlZ2lzdHJ5IjozOntzOjc6IgAqAGRhdGEiO086ODoic3RkQ2xhc3MiOjA6e31zOjE0OiIAKgBpbml0aWFsaXplZCI7YjowO3M6OToic2VwYXJhdG9yIjtzOjE6Ii4iO31zOjQ6InVzZXIiO086MjA6Ikpvb21sYVxDTVNcVXNlclxVc2VyIjoxOntzOjI6ImlkIjtpOjA7fX1zOjE0OiIAKgBpbml0aWFsaXplZCI7YjowO3M6OToic2VwYXJhdG9yIjtzOjE6Ii4iO30=\";',0,''),('l45prdlmp3eghd42ep7b0ms6di',0,1,1689901057,'joomla|s:880:\"TzoyNDoiSm9vbWxhXFJlZ2lzdHJ5XFJlZ2lzdHJ5IjozOntzOjc6IgAqAGRhdGEiO086ODoic3RkQ2xhc3MiOjQ6e3M6Nzoic2Vzc2lvbiI7Tzo4OiJzdGRDbGFzcyI6Mzp7czo3OiJjb3VudGVyIjtpOjE7czo1OiJ0aW1lciI7Tzo4OiJzdGRDbGFzcyI6Mzp7czo1OiJzdGFydCI7aToxNjg5OTAxMDU1O3M6NDoibGFzdCI7aToxNjg5OTAxMDU1O3M6Mzoibm93IjtpOjE2ODk5MDEwNTU7fXM6NToidG9rZW4iO3M6MzI6ImI0MjliZmJlOTdkMGRlOTEzOGFlNTk2MTY1NjRiMWJkIjt9czo4OiJyZWdpc3RyeSI7TzoyNDoiSm9vbWxhXFJlZ2lzdHJ5XFJlZ2lzdHJ5IjozOntzOjc6IgAqAGRhdGEiO086ODoic3RkQ2xhc3MiOjA6e31zOjE0OiIAKgBpbml0aWFsaXplZCI7YjowO3M6OToic2VwYXJhdG9yIjtzOjE6Ii4iO31zOjQ6InVzZXIiO086MjA6Ikpvb21sYVxDTVNcVXNlclxVc2VyIjoxOntzOjI6ImlkIjtpOjA7fXM6MTk6InBsZ19zeXN0ZW1fd2ViYXV0aG4iO086ODoic3RkQ2xhc3MiOjE6e3M6OToicmV0dXJuVXJsIjtzOjczOiJodHRwczovL2xhYi5tc3QuaWh1LmdyL2RtL2ZyYWdpZGlzL2pvb21sYS9pbmRleC5waHAvY29tcG9uZW50L3VzZXJzL3Jlc2V0Ijt9fXM6MTQ6IgAqAGluaXRpYWxpemVkIjtiOjA7czo5OiJzZXBhcmF0b3IiO3M6MToiLiI7fQ==\";',0,''),('lm96snri849jhr494be5o3v2mc',0,1,1691367518,'joomla|s:880:\"TzoyNDoiSm9vbWxhXFJlZ2lzdHJ5XFJlZ2lzdHJ5IjozOntzOjc6IgAqAGRhdGEiO086ODoic3RkQ2xhc3MiOjQ6e3M6Nzoic2Vzc2lvbiI7Tzo4OiJzdGRDbGFzcyI6Mzp7czo3OiJjb3VudGVyIjtpOjE7czo1OiJ0aW1lciI7Tzo4OiJzdGRDbGFzcyI6Mzp7czo1OiJzdGFydCI7aToxNjkxMzY3NTE2O3M6NDoibGFzdCI7aToxNjkxMzY3NTE2O3M6Mzoibm93IjtpOjE2OTEzNjc1MTY7fXM6NToidG9rZW4iO3M6MzI6IjhiNTBhZDcxNzdkNjBhNzBmMWMzMDI0Y2Y2NWQ4MDZhIjt9czo4OiJyZWdpc3RyeSI7TzoyNDoiSm9vbWxhXFJlZ2lzdHJ5XFJlZ2lzdHJ5IjozOntzOjc6IgAqAGRhdGEiO086ODoic3RkQ2xhc3MiOjA6e31zOjE0OiIAKgBpbml0aWFsaXplZCI7YjowO3M6OToic2VwYXJhdG9yIjtzOjE6Ii4iO31zOjQ6InVzZXIiO086MjA6Ikpvb21sYVxDTVNcVXNlclxVc2VyIjoxOntzOjI6ImlkIjtpOjA7fXM6MTk6InBsZ19zeXN0ZW1fd2ViYXV0aG4iO086ODoic3RkQ2xhc3MiOjE6e3M6OToicmV0dXJuVXJsIjtzOjc0OiJodHRwczovL2xhYi5tc3QuaWh1LmdyL2RtL2ZyYWdpZGlzL2pvb21sYS9pbmRleC5waHAvY29tcG9uZW50L3VzZXJzL3JlbWluZCI7fX1zOjE0OiIAKgBpbml0aWFsaXplZCI7YjowO3M6OToic2VwYXJhdG9yIjtzOjE6Ii4iO30=\";',0,''),('m414t4hhpdrltdbt8837nv9hsq',0,1,1689327390,'joomla|s:836:\"TzoyNDoiSm9vbWxhXFJlZ2lzdHJ5XFJlZ2lzdHJ5IjozOntzOjc6IgAqAGRhdGEiO086ODoic3RkQ2xhc3MiOjQ6e3M6Nzoic2Vzc2lvbiI7Tzo4OiJzdGRDbGFzcyI6Mzp7czo3OiJjb3VudGVyIjtpOjE7czo1OiJ0aW1lciI7Tzo4OiJzdGRDbGFzcyI6Mzp7czo1OiJzdGFydCI7aToxNjg5MzI3Mzg4O3M6NDoibGFzdCI7aToxNjg5MzI3Mzg4O3M6Mzoibm93IjtpOjE2ODkzMjczODg7fXM6NToidG9rZW4iO3M6MzI6ImNmNjk2Mzc4ZDBhYzA1YWVkZWFmZWQ0Yjc1NmYwZmZkIjt9czo4OiJyZWdpc3RyeSI7TzoyNDoiSm9vbWxhXFJlZ2lzdHJ5XFJlZ2lzdHJ5IjozOntzOjc6IgAqAGRhdGEiO086ODoic3RkQ2xhc3MiOjA6e31zOjE0OiIAKgBpbml0aWFsaXplZCI7YjowO3M6OToic2VwYXJhdG9yIjtzOjE6Ii4iO31zOjQ6InVzZXIiO086MjA6Ikpvb21sYVxDTVNcVXNlclxVc2VyIjoxOntzOjI6ImlkIjtpOjA7fXM6MTk6InBsZ19zeXN0ZW1fd2ViYXV0aG4iO086ODoic3RkQ2xhc3MiOjE6e3M6OToicmV0dXJuVXJsIjtzOjQyOiJodHRwczovL2xhYi5tc3QuaWh1LmdyL2RtL2ZyYWdpZGlzL2pvb21sYS8iO319czoxNDoiACoAaW5pdGlhbGl6ZWQiO2I6MDtzOjk6InNlcGFyYXRvciI7czoxOiIuIjt9\";',0,''),('n24gjfrh4rjucd6ea5f4ct7ihu',0,1,1691597799,'joomla|s:848:\"TzoyNDoiSm9vbWxhXFJlZ2lzdHJ5XFJlZ2lzdHJ5IjozOntzOjc6IgAqAGRhdGEiO086ODoic3RkQ2xhc3MiOjQ6e3M6Nzoic2Vzc2lvbiI7Tzo4OiJzdGRDbGFzcyI6Mzp7czo3OiJjb3VudGVyIjtpOjE7czo1OiJ0aW1lciI7Tzo4OiJzdGRDbGFzcyI6Mzp7czo1OiJzdGFydCI7aToxNjkxNTk3Nzk3O3M6NDoibGFzdCI7aToxNjkxNTk3Nzk3O3M6Mzoibm93IjtpOjE2OTE1OTc3OTc7fXM6NToidG9rZW4iO3M6MzI6IjkwYjFmYzMyYjExOWFjOTI2NDMwM2U1MDgwZmMwNjZlIjt9czo4OiJyZWdpc3RyeSI7TzoyNDoiSm9vbWxhXFJlZ2lzdHJ5XFJlZ2lzdHJ5IjozOntzOjc6IgAqAGRhdGEiO086ODoic3RkQ2xhc3MiOjA6e31zOjE0OiIAKgBpbml0aWFsaXplZCI7YjowO3M6OToic2VwYXJhdG9yIjtzOjE6Ii4iO31zOjQ6InVzZXIiO086MjA6Ikpvb21sYVxDTVNcVXNlclxVc2VyIjoxOntzOjI6ImlkIjtpOjA7fXM6MTk6InBsZ19zeXN0ZW1fd2ViYXV0aG4iO086ODoic3RkQ2xhc3MiOjE6e3M6OToicmV0dXJuVXJsIjtzOjUxOiJodHRwczovL2xhYi5tc3QuaWh1LmdyL2RtL2ZyYWdpZGlzL2pvb21sYS9pbmRleC5waHAiO319czoxNDoiACoAaW5pdGlhbGl6ZWQiO2I6MDtzOjk6InNlcGFyYXRvciI7czoxOiIuIjt9\";',0,''),('o6mr1ko8ung548c5h8b56rm6bd',0,1,1689811684,'joomla|s:876:\"TzoyNDoiSm9vbWxhXFJlZ2lzdHJ5XFJlZ2lzdHJ5IjozOntzOjc6IgAqAGRhdGEiO086ODoic3RkQ2xhc3MiOjQ6e3M6Nzoic2Vzc2lvbiI7Tzo4OiJzdGRDbGFzcyI6Mzp7czo3OiJjb3VudGVyIjtpOjE7czo1OiJ0aW1lciI7Tzo4OiJzdGRDbGFzcyI6Mzp7czo1OiJzdGFydCI7aToxNjg5ODExNjgyO3M6NDoibGFzdCI7aToxNjg5ODExNjgyO3M6Mzoibm93IjtpOjE2ODk4MTE2ODI7fXM6NToidG9rZW4iO3M6MzI6IjY2YTQ5NTcyMTVhMDM3NzQ5Y2IzYmZhNzQ3ZmM3MzcxIjt9czo4OiJyZWdpc3RyeSI7TzoyNDoiSm9vbWxhXFJlZ2lzdHJ5XFJlZ2lzdHJ5IjozOntzOjc6IgAqAGRhdGEiO086ODoic3RkQ2xhc3MiOjA6e31zOjE0OiIAKgBpbml0aWFsaXplZCI7YjowO3M6OToic2VwYXJhdG9yIjtzOjE6Ii4iO31zOjQ6InVzZXIiO086MjA6Ikpvb21sYVxDTVNcVXNlclxVc2VyIjoxOntzOjI6ImlkIjtpOjA7fXM6MTk6InBsZ19zeXN0ZW1fd2ViYXV0aG4iO086ODoic3RkQ2xhc3MiOjE6e3M6OToicmV0dXJuVXJsIjtzOjcxOiJodHRwczovL2xhYi5tc3QuaWh1LmdyL2RtL2ZyYWdpZGlzL2pvb21sYS9pbmRleC5waHAvMjAyMS0xMi0wNC0wOS0wNi0wOSI7fX1zOjE0OiIAKgBpbml0aWFsaXplZCI7YjowO3M6OToic2VwYXJhdG9yIjtzOjE6Ii4iO30=\";',0,''),('q7c5uh1curf4kguuvpf3b3dc7i',0,1,1689685905,'joomla|s:888:\"TzoyNDoiSm9vbWxhXFJlZ2lzdHJ5XFJlZ2lzdHJ5IjozOntzOjc6IgAqAGRhdGEiO086ODoic3RkQ2xhc3MiOjQ6e3M6Nzoic2Vzc2lvbiI7Tzo4OiJzdGRDbGFzcyI6Mzp7czo3OiJjb3VudGVyIjtpOjE7czo1OiJ0aW1lciI7Tzo4OiJzdGRDbGFzcyI6Mzp7czo1OiJzdGFydCI7aToxNjg5Njg1OTAzO3M6NDoibGFzdCI7aToxNjg5Njg1OTAzO3M6Mzoibm93IjtpOjE2ODk2ODU5MDM7fXM6NToidG9rZW4iO3M6MzI6ImExM2ZmMmE1NWIwMDEwNWJkMTE1ZmEzYWEyMjg1YmI1Ijt9czo4OiJyZWdpc3RyeSI7TzoyNDoiSm9vbWxhXFJlZ2lzdHJ5XFJlZ2lzdHJ5IjozOntzOjc6IgAqAGRhdGEiO086ODoic3RkQ2xhc3MiOjA6e31zOjE0OiIAKgBpbml0aWFsaXplZCI7YjowO3M6OToic2VwYXJhdG9yIjtzOjE6Ii4iO31zOjQ6InVzZXIiO086MjA6Ikpvb21sYVxDTVNcVXNlclxVc2VyIjoxOntzOjI6ImlkIjtpOjA7fXM6MTk6InBsZ19zeXN0ZW1fd2ViYXV0aG4iO086ODoic3RkQ2xhc3MiOjE6e3M6OToicmV0dXJuVXJsIjtzOjgxOiJodHRwczovL2xhYi5tc3QuaWh1LmdyL2RtL2ZyYWdpZGlzL2pvb21sYS9pbmRleC5waHAvMjAyMS0xMi0wNC0wOS0wNi0wOS8yMDIxLTIwMjIiO319czoxNDoiACoAaW5pdGlhbGl6ZWQiO2I6MDtzOjk6InNlcGFyYXRvciI7czoxOiIuIjt9\";',0,''),('rh3csc7bvovssa0fmbl5u60jff',0,1,1639085135,'joomla|s:836:\"TzoyNDoiSm9vbWxhXFJlZ2lzdHJ5XFJlZ2lzdHJ5IjozOntzOjc6IgAqAGRhdGEiO086ODoic3RkQ2xhc3MiOjQ6e3M6Nzoic2Vzc2lvbiI7Tzo4OiJzdGRDbGFzcyI6Mzp7czo3OiJjb3VudGVyIjtpOjY7czo1OiJ0aW1lciI7Tzo4OiJzdGRDbGFzcyI6Mzp7czo1OiJzdGFydCI7aToxNjM5MDg1MTI2O3M6NDoibGFzdCI7aToxNjM5MDg1MTM0O3M6Mzoibm93IjtpOjE2MzkwODUxMzU7fXM6NToidG9rZW4iO3M6MzI6ImU5NDRhNjFlZmQ4ZjU3ZjI4NzE3NDg5ZGNmMDRlZWMwIjt9czo4OiJyZWdpc3RyeSI7TzoyNDoiSm9vbWxhXFJlZ2lzdHJ5XFJlZ2lzdHJ5IjozOntzOjc6IgAqAGRhdGEiO086ODoic3RkQ2xhc3MiOjA6e31zOjE0OiIAKgBpbml0aWFsaXplZCI7YjowO3M6OToic2VwYXJhdG9yIjtzOjE6Ii4iO31zOjQ6InVzZXIiO086MjA6Ikpvb21sYVxDTVNcVXNlclxVc2VyIjoxOntzOjI6ImlkIjtpOjA7fXM6MTk6InBsZ19zeXN0ZW1fd2ViYXV0aG4iO086ODoic3RkQ2xhc3MiOjE6e3M6OToicmV0dXJuVXJsIjtzOjQyOiJodHRwczovL2xhYi5tc3QuaWh1LmdyL2RtL2ZyYWdpZGlzL2pvb21sYS8iO319czoxNDoiACoAaW5pdGlhbGl6ZWQiO2I6MDtzOjk6InNlcGFyYXRvciI7czoxOiIuIjt9\";',0,''),('tbvbi0as08qr1grugd3jdda398',0,1,1646424218,'joomla|s:888:\"TzoyNDoiSm9vbWxhXFJlZ2lzdHJ5XFJlZ2lzdHJ5IjozOntzOjc6IgAqAGRhdGEiO086ODoic3RkQ2xhc3MiOjQ6e3M6Nzoic2Vzc2lvbiI7Tzo4OiJzdGRDbGFzcyI6Mzp7czo3OiJjb3VudGVyIjtpOjU7czo1OiJ0aW1lciI7Tzo4OiJzdGRDbGFzcyI6Mzp7czo1OiJzdGFydCI7aToxNjQ2NDIyNTMwO3M6NDoibGFzdCI7aToxNjQ2NDIzMzc3O3M6Mzoibm93IjtpOjE2NDY0MjQyMTc7fXM6NToidG9rZW4iO3M6MzI6IjNkYjI0ZWJlMDkzYmE3OWQ5NmVkZTc0YjNkNDg4ZjI2Ijt9czo4OiJyZWdpc3RyeSI7TzoyNDoiSm9vbWxhXFJlZ2lzdHJ5XFJlZ2lzdHJ5IjozOntzOjc6IgAqAGRhdGEiO086ODoic3RkQ2xhc3MiOjA6e31zOjE0OiIAKgBpbml0aWFsaXplZCI7YjowO3M6OToic2VwYXJhdG9yIjtzOjE6Ii4iO31zOjQ6InVzZXIiO086MjA6Ikpvb21sYVxDTVNcVXNlclxVc2VyIjoxOntzOjI6ImlkIjtpOjA7fXM6MTk6InBsZ19zeXN0ZW1fd2ViYXV0aG4iO086ODoic3RkQ2xhc3MiOjE6e3M6OToicmV0dXJuVXJsIjtzOjgxOiJodHRwczovL2xhYi5tc3QuaWh1LmdyL2RtL2ZyYWdpZGlzL2pvb21sYS9pbmRleC5waHAvMjAyMS0xMi0wNC0wOS0wNi0wOS8yMDIxLTIwMjIiO319czoxNDoiACoAaW5pdGlhbGl6ZWQiO2I6MDtzOjk6InNlcGFyYXRvciI7czoxOiIuIjt9\";',0,''),('unpfk6ko9i8p79nmkjh6vdqc8p',0,1,1638976180,'joomla|s:836:\"TzoyNDoiSm9vbWxhXFJlZ2lzdHJ5XFJlZ2lzdHJ5IjozOntzOjc6IgAqAGRhdGEiO086ODoic3RkQ2xhc3MiOjQ6e3M6Nzoic2Vzc2lvbiI7Tzo4OiJzdGRDbGFzcyI6Mzp7czo3OiJjb3VudGVyIjtpOjI7czo1OiJ0aW1lciI7Tzo4OiJzdGRDbGFzcyI6Mzp7czo1OiJzdGFydCI7aToxNjM4OTc2MTc5O3M6NDoibGFzdCI7aToxNjM4OTc2MTc5O3M6Mzoibm93IjtpOjE2Mzg5NzYxNzk7fXM6NToidG9rZW4iO3M6MzI6IjM4OTE4NzMzZmQ4ZDcwNjUxZTYwMzZhNGM1NmE1YmJjIjt9czo4OiJyZWdpc3RyeSI7TzoyNDoiSm9vbWxhXFJlZ2lzdHJ5XFJlZ2lzdHJ5IjozOntzOjc6IgAqAGRhdGEiO086ODoic3RkQ2xhc3MiOjA6e31zOjE0OiIAKgBpbml0aWFsaXplZCI7YjowO3M6OToic2VwYXJhdG9yIjtzOjE6Ii4iO31zOjQ6InVzZXIiO086MjA6Ikpvb21sYVxDTVNcVXNlclxVc2VyIjoxOntzOjI6ImlkIjtpOjA7fXM6MTk6InBsZ19zeXN0ZW1fd2ViYXV0aG4iO086ODoic3RkQ2xhc3MiOjE6e3M6OToicmV0dXJuVXJsIjtzOjQyOiJodHRwczovL2xhYi5tc3QuaWh1LmdyL2RtL2ZyYWdpZGlzL2pvb21sYS8iO319czoxNDoiACoAaW5pdGlhbGl6ZWQiO2I6MDtzOjk6InNlcGFyYXRvciI7czoxOiIuIjt9\";',0,''),('unrks6ta072o0b9f0031ncfsbt',0,1,1643484995,'joomla|s:836:\"TzoyNDoiSm9vbWxhXFJlZ2lzdHJ5XFJlZ2lzdHJ5IjozOntzOjc6IgAqAGRhdGEiO086ODoic3RkQ2xhc3MiOjQ6e3M6Nzoic2Vzc2lvbiI7Tzo4OiJzdGRDbGFzcyI6Mzp7czo3OiJjb3VudGVyIjtpOjI7czo1OiJ0aW1lciI7Tzo4OiJzdGRDbGFzcyI6Mzp7czo1OiJzdGFydCI7aToxNjQzNDg0OTkzO3M6NDoibGFzdCI7aToxNjQzNDg0OTkzO3M6Mzoibm93IjtpOjE2NDM0ODQ5OTU7fXM6NToidG9rZW4iO3M6MzI6IjQ1NzRjYmEwYmE5OWJkZDFkZTdlZDE0ZmMzMTkwODljIjt9czo4OiJyZWdpc3RyeSI7TzoyNDoiSm9vbWxhXFJlZ2lzdHJ5XFJlZ2lzdHJ5IjozOntzOjc6IgAqAGRhdGEiO086ODoic3RkQ2xhc3MiOjA6e31zOjE0OiIAKgBpbml0aWFsaXplZCI7YjowO3M6OToic2VwYXJhdG9yIjtzOjE6Ii4iO31zOjQ6InVzZXIiO086MjA6Ikpvb21sYVxDTVNcVXNlclxVc2VyIjoxOntzOjI6ImlkIjtpOjA7fXM6MTk6InBsZ19zeXN0ZW1fd2ViYXV0aG4iO086ODoic3RkQ2xhc3MiOjE6e3M6OToicmV0dXJuVXJsIjtzOjQyOiJodHRwczovL2xhYi5tc3QuaWh1LmdyL2RtL2ZyYWdpZGlzL2pvb21sYS8iO319czoxNDoiACoAaW5pdGlhbGl6ZWQiO2I6MDtzOjk6InNlcGFyYXRvciI7czoxOiIuIjt9\";',0,''),('vgqrflrh1f20qudt2g2v3j21k6',0,1,1645269645,'joomla|s:876:\"TzoyNDoiSm9vbWxhXFJlZ2lzdHJ5XFJlZ2lzdHJ5IjozOntzOjc6IgAqAGRhdGEiO086ODoic3RkQ2xhc3MiOjQ6e3M6Nzoic2Vzc2lvbiI7Tzo4OiJzdGRDbGFzcyI6Mzp7czo3OiJjb3VudGVyIjtpOjQ7czo1OiJ0aW1lciI7Tzo4OiJzdGRDbGFzcyI6Mzp7czo1OiJzdGFydCI7aToxNjQ1MjY5NTYzO3M6NDoibGFzdCI7aToxNjQ1MjY5NjQyO3M6Mzoibm93IjtpOjE2NDUyNjk2NDU7fXM6NToidG9rZW4iO3M6MzI6IjlkMTk5MzgwZGY5NGVhZTU5ODI5ZDRjMTA5NzRhMzcwIjt9czo4OiJyZWdpc3RyeSI7TzoyNDoiSm9vbWxhXFJlZ2lzdHJ5XFJlZ2lzdHJ5IjozOntzOjc6IgAqAGRhdGEiO086ODoic3RkQ2xhc3MiOjA6e31zOjE0OiIAKgBpbml0aWFsaXplZCI7YjowO3M6OToic2VwYXJhdG9yIjtzOjE6Ii4iO31zOjQ6InVzZXIiO086MjA6Ikpvb21sYVxDTVNcVXNlclxVc2VyIjoxOntzOjI6ImlkIjtpOjA7fXM6MTk6InBsZ19zeXN0ZW1fd2ViYXV0aG4iO086ODoic3RkQ2xhc3MiOjE6e3M6OToicmV0dXJuVXJsIjtzOjcxOiJodHRwczovL2xhYi5tc3QuaWh1LmdyL2RtL2ZyYWdpZGlzL2pvb21sYS9pbmRleC5waHAvMjAyMS0xMi0wNC0wOS0wNi0wOSI7fX1zOjE0OiIAKgBpbml0aWFsaXplZCI7YjowO3M6OToic2VwYXJhdG9yIjtzOjE6Ii4iO30=\";',0,'');

--
-- Table structure for table `brbbp_tags`
--

CREATE TABLE `brbbp_tags` (
  `id` int(10) unsigned NOT NULL AUTO_INCREMENT,
  `parent_id` int(10) unsigned NOT NULL DEFAULT 0,
  `lft` int(11) NOT NULL DEFAULT 0,
  `rgt` int(11) NOT NULL DEFAULT 0,
  `level` int(10) unsigned NOT NULL DEFAULT 0,
  `path` varchar(400) NOT NULL DEFAULT '',
  `title` varchar(255) NOT NULL,
  `alias` varchar(400) CHARACTER SET utf8mb4 COLLATE utf8mb4_bin NOT NULL DEFAULT '',
  `note` varchar(255) NOT NULL DEFAULT '',
  `description` mediumtext NOT NULL,
  `published` tinyint(4) NOT NULL DEFAULT 0,
  `checked_out` int(10) unsigned DEFAULT NULL,
  `checked_out_time` datetime DEFAULT NULL,
  `access` int(10) unsigned NOT NULL DEFAULT 0,
  `params` text NOT NULL,
  `metadesc` varchar(1024) NOT NULL COMMENT 'The meta description for the page.',
  `metakey` varchar(1024) NOT NULL DEFAULT '' COMMENT 'The keywords for the page.',
  `metadata` varchar(2048) NOT NULL COMMENT 'JSON encoded metadata properties.',
  `created_user_id` int(10) unsigned NOT NULL DEFAULT 0,
  `created_time` datetime NOT NULL,
  `created_by_alias` varchar(255) NOT NULL DEFAULT '',
  `modified_user_id` int(10) unsigned NOT NULL DEFAULT 0,
  `modified_time` datetime NOT NULL,
  `images` text NOT NULL,
  `urls` text NOT NULL,
  `hits` int(10) unsigned NOT NULL DEFAULT 0,
  `language` char(7) NOT NULL,
  `version` int(10) unsigned NOT NULL DEFAULT 1,
  `publish_up` datetime DEFAULT NULL,
  `publish_down` datetime DEFAULT NULL,
  PRIMARY KEY (`id`),
  KEY `tag_idx` (`published`,`access`),
  KEY `idx_access` (`access`),
  KEY `idx_checkout` (`checked_out`),
  KEY `idx_path` (`path`(100)),
  KEY `idx_left_right` (`lft`,`rgt`),
  KEY `idx_alias` (`alias`(100)),
  KEY `idx_language` (`language`)
) ENGINE=InnoDB AUTO_INCREMENT=2 DEFAULT CHARSET=utf8mb4 COLLATE=utf8mb4_unicode_ci;

--
-- Dumping data for table `brbbp_tags`
--

INSERT INTO `brbbp_tags` VALUES (1,0,0,1,0,'','ROOT','root','','',1,NULL,NULL,1,'','','','',73,'2021-12-03 08:36:27','',73,'2021-12-03 08:36:27','','',0,'*',1,NULL,NULL);

--
-- Table structure for table `brbbp_template_overrides`
--

CREATE TABLE `brbbp_template_overrides` (
  `id` int(10) unsigned NOT NULL AUTO_INCREMENT,
  `template` varchar(50) NOT NULL DEFAULT '',
  `hash_id` varchar(255) NOT NULL DEFAULT '',
  `extension_id` int(11) DEFAULT 0,
  `state` tinyint(4) NOT NULL DEFAULT 0,
  `action` varchar(50) NOT NULL DEFAULT '',
  `client_id` tinyint(3) unsigned NOT NULL DEFAULT 0,
  `created_date` datetime NOT NULL,
  `modified_date` datetime DEFAULT NULL,
  PRIMARY KEY (`id`),
  KEY `idx_template` (`template`),
  KEY `idx_extension_id` (`extension_id`)
) ENGINE=InnoDB DEFAULT CHARSET=utf8mb4 COLLATE=utf8mb4_unicode_ci;

--
-- Dumping data for table `brbbp_template_overrides`
--


--
-- Table structure for table `brbbp_template_styles`
--

CREATE TABLE `brbbp_template_styles` (
  `id` int(10) unsigned NOT NULL AUTO_INCREMENT,
  `template` varchar(50) NOT NULL DEFAULT '',
  `client_id` tinyint(3) unsigned NOT NULL DEFAULT 0,
  `home` char(7) NOT NULL DEFAULT '0',
  `title` varchar(255) NOT NULL DEFAULT '',
  `inheritable` tinyint(4) NOT NULL DEFAULT 0,
  `parent` varchar(50) DEFAULT '',
  `params` text NOT NULL,
  PRIMARY KEY (`id`),
  KEY `idx_template` (`template`),
  KEY `idx_client_id` (`client_id`),
  KEY `idx_client_id_home` (`client_id`,`home`)
) ENGINE=InnoDB AUTO_INCREMENT=12 DEFAULT CHARSET=utf8mb4 COLLATE=utf8mb4_unicode_ci;

--
-- Dumping data for table `brbbp_template_styles`
--

INSERT INTO `brbbp_template_styles` VALUES (10,'atum',1,'1','Atum - Default',0,'','{\"hue\":\"hsl(214, 63%, 20%)\",\"bg-light\":\"#f0f4fb\",\"text-dark\":\"#495057\",\"text-light\":\"#ffffff\",\"link-color\":\"#2a69b8\",\"special-color\":\"#001b4c\",\"monochrome\":\"0\",\"loginLogo\":\"\",\"loginLogoAlt\":\"\",\"logoBrandLarge\":\"\",\"logoBrandLargeAlt\":\"\",\"logoBrandSmall\":\"\",\"logoBrandSmallAlt\":\"\"}'),(11,'cassiopeia',0,'1','Cassiopeia - Default',0,'','{\"brand\":true,\"logoFile\":\"images\\/IHU_logo_blue_gr.jpg#joomlaImage:\\/\\/local-images\\/IHU_logo_blue_gr.jpg?width=1132&height=354\",\"siteTitle\":\"\\u03a4\\u03bc\\u03ae\\u03bc\\u03b1 \\u0394\\u03b9\\u03bf\\u03b9\\u03ba\\u03b7\\u03c4\\u03b9\\u03ba\\u03ae\\u03c2 \\u0395\\u03c0\\u03b9\\u03c3\\u03c4\\u03ae\\u03bc\\u03b7\\u03c2 & \\u03a4\\u03b5\\u03c7\\u03bd\\u03bf\\u03bb\\u03bf\\u03b3\\u03af\\u03b1\\u03c2\",\"siteDescription\":\"\\u03a4\\u03bc\\u03ae\\u03bc\\u03b1 \\u0394\\u03b9\\u03bf\\u03b9\\u03ba\\u03b7\\u03c4\\u03b9\\u03ba\\u03ae\\u03c2 \\u0395\\u03c0\\u03b9\\u03c3\\u03c4\\u03ae\\u03bc\\u03b7\\u03c2 & \\u03a4\\u03b5\\u03c7\\u03bd\\u03bf\\u03bb\\u03bf\\u03b3\\u03af\\u03b1\\u03c2\",\"useFontScheme\":\"0\",\"colorName\":\"colors_standard\",\"fluidContainer\":\"1\",\"stickyHeader\":1,\"backTop\":1}');

--
-- Table structure for table `brbbp_ucm_base`
--

CREATE TABLE `brbbp_ucm_base` (
  `ucm_id` int(10) unsigned NOT NULL,
  `ucm_item_id` int(11) NOT NULL,
  `ucm_type_id` int(11) NOT NULL,
  `ucm_language_id` int(11) NOT NULL,
  PRIMARY KEY (`ucm_id`),
  KEY `idx_ucm_item_id` (`ucm_item_id`),
  KEY `idx_ucm_type_id` (`ucm_type_id`),
  KEY `idx_ucm_language_id` (`ucm_language_id`)
) ENGINE=InnoDB DEFAULT CHARSET=utf8mb4 COLLATE=utf8mb4_unicode_ci;

--
-- Dumping data for table `brbbp_ucm_base`
--


--
-- Table structure for table `brbbp_ucm_content`
--

CREATE TABLE `brbbp_ucm_content` (
  `core_content_id` int(10) unsigned NOT NULL AUTO_INCREMENT,
  `core_type_alias` varchar(400) NOT NULL DEFAULT '' COMMENT 'FK to the content types table',
  `core_title` varchar(400) NOT NULL DEFAULT '',
  `core_alias` varchar(400) CHARACTER SET utf8mb4 COLLATE utf8mb4_bin NOT NULL DEFAULT '',
  `core_body` mediumtext DEFAULT NULL,
  `core_state` tinyint(4) NOT NULL DEFAULT 0,
  `core_checked_out_time` datetime DEFAULT NULL,
  `core_checked_out_user_id` int(10) unsigned DEFAULT NULL,
  `core_access` int(10) unsigned NOT NULL DEFAULT 0,
  `core_params` text DEFAULT NULL,
  `core_featured` tinyint(3) unsigned NOT NULL DEFAULT 0,
  `core_metadata` varchar(2048) NOT NULL DEFAULT '' COMMENT 'JSON encoded metadata properties.',
  `core_created_user_id` int(10) unsigned NOT NULL DEFAULT 0,
  `core_created_by_alias` varchar(255) NOT NULL DEFAULT '',
  `core_created_time` datetime NOT NULL,
  `core_modified_user_id` int(10) unsigned NOT NULL DEFAULT 0 COMMENT 'Most recent user that modified',
  `core_modified_time` datetime NOT NULL,
  `core_language` char(7) NOT NULL DEFAULT '',
  `core_publish_up` datetime DEFAULT NULL,
  `core_publish_down` datetime DEFAULT NULL,
  `core_content_item_id` int(10) unsigned NOT NULL DEFAULT 0 COMMENT 'ID from the individual type table',
  `asset_id` int(10) unsigned NOT NULL DEFAULT 0 COMMENT 'FK to the #__assets table.',
  `core_images` text DEFAULT NULL,
  `core_urls` text DEFAULT NULL,
  `core_hits` int(10) unsigned NOT NULL DEFAULT 0,
  `core_version` int(10) unsigned NOT NULL DEFAULT 1,
  `core_ordering` int(11) NOT NULL DEFAULT 0,
  `core_metakey` text DEFAULT NULL,
  `core_metadesc` text DEFAULT NULL,
  `core_catid` int(10) unsigned NOT NULL DEFAULT 0,
  `core_type_id` int(10) unsigned NOT NULL DEFAULT 0,
  PRIMARY KEY (`core_content_id`),
  KEY `tag_idx` (`core_state`,`core_access`),
  KEY `idx_access` (`core_access`),
  KEY `idx_alias` (`core_alias`(100)),
  KEY `idx_language` (`core_language`),
  KEY `idx_title` (`core_title`(100)),
  KEY `idx_modified_time` (`core_modified_time`),
  KEY `idx_created_time` (`core_created_time`),
  KEY `idx_content_type` (`core_type_alias`(100)),
  KEY `idx_core_modified_user_id` (`core_modified_user_id`),
  KEY `idx_core_checked_out_user_id` (`core_checked_out_user_id`),
  KEY `idx_core_created_user_id` (`core_created_user_id`),
  KEY `idx_core_type_id` (`core_type_id`)
) ENGINE=InnoDB DEFAULT CHARSET=utf8mb4 COLLATE=utf8mb4_unicode_ci COMMENT='Contains core content data in name spaced fields';

--
-- Dumping data for table `brbbp_ucm_content`
--


--
-- Table structure for table `brbbp_update_sites`
--

CREATE TABLE `brbbp_update_sites` (
  `update_site_id` int(11) NOT NULL AUTO_INCREMENT,
  `name` varchar(100) DEFAULT '',
  `type` varchar(20) DEFAULT '',
  `location` text NOT NULL,
  `enabled` int(11) DEFAULT 0,
  `last_check_timestamp` bigint(20) DEFAULT 0,
  `extra_query` varchar(1000) DEFAULT '',
  `checked_out` int(10) unsigned DEFAULT NULL,
  `checked_out_time` datetime DEFAULT NULL,
  PRIMARY KEY (`update_site_id`)
) ENGINE=InnoDB AUTO_INCREMENT=4 DEFAULT CHARSET=utf8mb4 COLLATE=utf8mb4_unicode_ci COMMENT='Update Sites';

--
-- Dumping data for table `brbbp_update_sites`
--

INSERT INTO `brbbp_update_sites` VALUES (1,'Joomla! Core','collection','https://update.joomla.org/core/list.xml',1,1698115818,'',NULL,NULL),(2,'Accredited Joomla! Translations','collection','https://update.joomla.org/language/translationlist_4.xml',1,1638615773,'',NULL,NULL),(3,'Joomla! Update Component Update Site','extension','https://update.joomla.org/core/extensions/com_joomlaupdate.xml',1,1638615774,'',NULL,NULL);

--
-- Table structure for table `brbbp_update_sites_extensions`
--

CREATE TABLE `brbbp_update_sites_extensions` (
  `update_site_id` int(11) NOT NULL DEFAULT 0,
  `extension_id` int(11) NOT NULL DEFAULT 0,
  PRIMARY KEY (`update_site_id`,`extension_id`)
) ENGINE=InnoDB DEFAULT CHARSET=utf8mb4 COLLATE=utf8mb4_unicode_ci COMMENT='Links extensions to update sites';

--
-- Dumping data for table `brbbp_update_sites_extensions`
--

INSERT INTO `brbbp_update_sites_extensions` VALUES (1,211),(2,212),(2,219),(3,24);

--
-- Table structure for table `brbbp_updates`
--

CREATE TABLE `brbbp_updates` (
  `update_id` int(11) NOT NULL AUTO_INCREMENT,
  `update_site_id` int(11) DEFAULT 0,
  `extension_id` int(11) DEFAULT 0,
  `name` varchar(100) DEFAULT '',
  `description` text NOT NULL,
  `element` varchar(100) DEFAULT '',
  `type` varchar(20) DEFAULT '',
  `folder` varchar(20) DEFAULT '',
  `client_id` tinyint(4) DEFAULT 0,
  `version` varchar(32) DEFAULT '',
  `data` text NOT NULL,
  `detailsurl` text NOT NULL,
  `infourl` text NOT NULL,
  `changelogurl` text DEFAULT NULL,
  `extra_query` varchar(1000) DEFAULT '',
  PRIMARY KEY (`update_id`)
) ENGINE=InnoDB AUTO_INCREMENT=332 DEFAULT CHARSET=utf8mb4 COLLATE=utf8mb4_unicode_ci COMMENT='Available Updates';

--
-- Dumping data for table `brbbp_updates`
--

INSERT INTO `brbbp_updates` VALUES (278,2,0,'Arabic Unitag','','pkg_ar-AA','package','',0,'4.0.2.1','','https://update.joomla.org/language/details4/ar-AA_details.xml','','',''),(279,2,0,'Catalan','','pkg_ca-ES','package','',0,'4.0.4.2','','https://update.joomla.org/language/details4/ca-ES_details.xml','','',''),(280,2,0,'Chinese, Simplified','','pkg_zh-CN','package','',0,'4.0.3.2','','https://update.joomla.org/language/details4/zh-CN_details.xml','','',''),(281,2,0,'Chinese, Traditional','','pkg_zh-TW','package','',0,'4.0.4.2','','https://update.joomla.org/language/details4/zh-TW_details.xml','','',''),(282,2,0,'Czech','','pkg_cs-CZ','package','',0,'4.0.3.1','','https://update.joomla.org/language/details4/cs-CZ_details.xml','','',''),(283,2,0,'Danish','','pkg_da-DK','package','',0,'4.0.4.1','','https://update.joomla.org/language/details4/da-DK_details.xml','','',''),(284,2,0,'Dutch','','pkg_nl-NL','package','',0,'4.0.4.1','','https://update.joomla.org/language/details4/nl-NL_details.xml','','',''),(285,2,0,'English, Australia','','pkg_en-AU','package','',0,'4.0.4.3','','https://update.joomla.org/language/details4/en-AU_details.xml','','',''),(286,2,0,'English, Canada','','pkg_en-CA','package','',0,'4.0.4.4','','https://update.joomla.org/language/details4/en-CA_details.xml','','',''),(287,2,0,'English, New Zealand','','pkg_en-NZ','package','',0,'4.0.4.3','','https://update.joomla.org/language/details4/en-NZ_details.xml','','',''),(288,2,0,'English, USA','','pkg_en-US','package','',0,'4.0.4.3','','https://update.joomla.org/language/details4/en-US_details.xml','','',''),(289,2,0,'Finnish','','pkg_fi-FI','package','',0,'4.0.4.1','','https://update.joomla.org/language/details4/fi-FI_details.xml','','',''),(290,2,0,'Flemish','','pkg_nl-BE','package','',0,'4.0.4.1','','https://update.joomla.org/language/details4/nl-BE_details.xml','','',''),(291,2,0,'French','','pkg_fr-FR','package','',0,'4.0.4.1','','https://update.joomla.org/language/details4/fr-FR_details.xml','','',''),(292,2,0,'Georgian','','pkg_ka-GE','package','',0,'4.0.4.1','','https://update.joomla.org/language/details4/ka-GE_details.xml','','',''),(293,2,0,'German','','pkg_de-DE','package','',0,'4.0.4.1','','https://update.joomla.org/language/details4/de-DE_details.xml','','',''),(294,2,0,'German, Austria','','pkg_de-AT','package','',0,'4.0.4.1','','https://update.joomla.org/language/details4/de-AT_details.xml','','',''),(295,2,0,'German, Liechtenstein','','pkg_de-LI','package','',0,'4.0.4.1','','https://update.joomla.org/language/details4/de-LI_details.xml','','',''),(296,2,0,'German, Luxembourg','','pkg_de-LU','package','',0,'4.0.4.1','','https://update.joomla.org/language/details4/de-LU_details.xml','','',''),(297,2,0,'German, Switzerland','','pkg_de-CH','package','',0,'4.0.4.1','','https://update.joomla.org/language/details4/de-CH_details.xml','','',''),(298,2,0,'Hungarian','','pkg_hu-HU','package','',0,'4.0.3.1','','https://update.joomla.org/language/details4/hu-HU_details.xml','','',''),(299,2,0,'Italian','','pkg_it-IT','package','',0,'4.0.4.1','','https://update.joomla.org/language/details4/it-IT_details.xml','','',''),(300,2,0,'Japanese','','pkg_ja-JP','package','',0,'4.0.4.1','','https://update.joomla.org/language/details4/ja-JP_details.xml','','',''),(301,2,0,'Norwegian Bokmål','','pkg_nb-NO','package','',0,'4.0.1.1','','https://update.joomla.org/language/details4/nb-NO_details.xml','','',''),(302,2,0,'Persian Farsi','','pkg_fa-IR','package','',0,'4.0.4.1','','https://update.joomla.org/language/details4/fa-IR_details.xml','','',''),(303,2,0,'Polish','','pkg_pl-PL','package','',0,'4.0.4.1','','https://update.joomla.org/language/details4/pl-PL_details.xml','','',''),(304,2,0,'Portuguese, Brazil','','pkg_pt-BR','package','',0,'4.0.3.1','','https://update.joomla.org/language/details4/pt-BR_details.xml','','',''),(305,2,0,'Portuguese, Portugal','','pkg_pt-PT','package','',0,'4.0.0-rc4.2','','https://update.joomla.org/language/details4/pt-PT_details.xml','','',''),(306,2,0,'Romanian','','pkg_ro-RO','package','',0,'4.0.3.1','','https://update.joomla.org/language/details4/ro-RO_details.xml','','',''),(307,2,0,'Russian','','pkg_ru-RU','package','',0,'4.0.4.1','','https://update.joomla.org/language/details4/ru-RU_details.xml','','',''),(308,2,0,'Slovak','','pkg_sk-SK','package','',0,'4.0.4.1','','https://update.joomla.org/language/details4/sk-SK_details.xml','','',''),(309,2,0,'Slovenian','','pkg_sl-SI','package','',0,'4.0.4.1','','https://update.joomla.org/language/details4/sl-SI_details.xml','','',''),(310,2,0,'Spanish','','pkg_es-ES','package','',0,'4.0.4.1','','https://update.joomla.org/language/details4/es-ES_details.xml','','',''),(311,2,0,'Swedish','','pkg_sv-SE','package','',0,'4.0.4.1','','https://update.joomla.org/language/details4/sv-SE_details.xml','','',''),(312,2,0,'Tamil, India','','pkg_ta-IN','package','',0,'4.0.4.1','','https://update.joomla.org/language/details4/ta-IN_details.xml','','',''),(313,2,0,'Thai','','pkg_th-TH','package','',0,'4.0.4.1','','https://update.joomla.org/language/details4/th-TH_details.xml','','',''),(314,2,0,'Turkish','','pkg_tr-TR','package','',0,'4.0.4.2','','https://update.joomla.org/language/details4/tr-TR_details.xml','','',''),(315,2,0,'Ukrainian','','pkg_uk-UA','package','',0,'4.0.3.2','','https://update.joomla.org/language/details4/uk-UA_details.xml','','',''),(316,2,0,'Welsh','','pkg_cy-GB','package','',0,'4.0.4.1','','https://update.joomla.org/language/details4/cy-GB_details.xml','','',''),(331,1,211,'Joomla','','joomla','file','',0,'4.4.0','','https://update.joomla.org/core/j4/default.xml','','','');

--
-- Table structure for table `brbbp_user_keys`
--

CREATE TABLE `brbbp_user_keys` (
  `id` int(10) unsigned NOT NULL AUTO_INCREMENT,
  `user_id` varchar(150) NOT NULL,
  `token` varchar(255) NOT NULL,
  `series` varchar(191) NOT NULL,
  `time` varchar(200) NOT NULL,
  `uastring` varchar(255) NOT NULL,
  PRIMARY KEY (`id`),
  UNIQUE KEY `series` (`series`),
  KEY `user_id` (`user_id`)
) ENGINE=InnoDB DEFAULT CHARSET=utf8mb4 COLLATE=utf8mb4_unicode_ci;

--
-- Dumping data for table `brbbp_user_keys`
--


--
-- Table structure for table `brbbp_user_notes`
--

CREATE TABLE `brbbp_user_notes` (
  `id` int(10) unsigned NOT NULL AUTO_INCREMENT,
  `user_id` int(10) unsigned NOT NULL DEFAULT 0,
  `catid` int(10) unsigned NOT NULL DEFAULT 0,
  `subject` varchar(100) NOT NULL DEFAULT '',
  `body` text NOT NULL,
  `state` tinyint(4) NOT NULL DEFAULT 0,
  `checked_out` int(10) unsigned DEFAULT NULL,
  `checked_out_time` datetime DEFAULT NULL,
  `created_user_id` int(10) unsigned NOT NULL DEFAULT 0,
  `created_time` datetime NOT NULL,
  `modified_user_id` int(10) unsigned NOT NULL DEFAULT 0,
  `modified_time` datetime NOT NULL,
  `review_time` datetime DEFAULT NULL,
  `publish_up` datetime DEFAULT NULL,
  `publish_down` datetime DEFAULT NULL,
  PRIMARY KEY (`id`),
  KEY `idx_user_id` (`user_id`),
  KEY `idx_category_id` (`catid`)
) ENGINE=InnoDB DEFAULT CHARSET=utf8mb4 COLLATE=utf8mb4_unicode_ci;

--
-- Dumping data for table `brbbp_user_notes`
--


--
-- Table structure for table `brbbp_user_profiles`
--

CREATE TABLE `brbbp_user_profiles` (
  `user_id` int(11) NOT NULL,
  `profile_key` varchar(100) NOT NULL,
  `profile_value` text NOT NULL,
  `ordering` int(11) NOT NULL DEFAULT 0,
  UNIQUE KEY `idx_user_id_profile_key` (`user_id`,`profile_key`)
) ENGINE=InnoDB DEFAULT CHARSET=utf8mb4 COLLATE=utf8mb4_unicode_ci COMMENT='Simple user profile storage table';

--
-- Dumping data for table `brbbp_user_profiles`
--


--
-- Table structure for table `brbbp_user_usergroup_map`
--

CREATE TABLE `brbbp_user_usergroup_map` (
  `user_id` int(10) unsigned NOT NULL DEFAULT 0 COMMENT 'Foreign Key to #__users.id',
  `group_id` int(10) unsigned NOT NULL DEFAULT 0 COMMENT 'Foreign Key to #__usergroups.id',
  PRIMARY KEY (`user_id`,`group_id`)
) ENGINE=InnoDB DEFAULT CHARSET=utf8mb4 COLLATE=utf8mb4_unicode_ci;

--
-- Dumping data for table `brbbp_user_usergroup_map`
--

INSERT INTO `brbbp_user_usergroup_map` VALUES (73,8),(74,2),(74,6);

--
-- Table structure for table `brbbp_usergroups`
--

CREATE TABLE `brbbp_usergroups` (
  `id` int(10) unsigned NOT NULL AUTO_INCREMENT COMMENT 'Primary Key',
  `parent_id` int(10) unsigned NOT NULL DEFAULT 0 COMMENT 'Adjacency List Reference Id',
  `lft` int(11) NOT NULL DEFAULT 0 COMMENT 'Nested set lft.',
  `rgt` int(11) NOT NULL DEFAULT 0 COMMENT 'Nested set rgt.',
  `title` varchar(100) NOT NULL DEFAULT '',
  PRIMARY KEY (`id`),
  UNIQUE KEY `idx_usergroup_parent_title_lookup` (`parent_id`,`title`),
  KEY `idx_usergroup_title_lookup` (`title`),
  KEY `idx_usergroup_adjacency_lookup` (`parent_id`),
  KEY `idx_usergroup_nested_set_lookup` (`lft`,`rgt`) USING BTREE
) ENGINE=InnoDB AUTO_INCREMENT=10 DEFAULT CHARSET=utf8mb4 COLLATE=utf8mb4_unicode_ci;

--
-- Dumping data for table `brbbp_usergroups`
--

INSERT INTO `brbbp_usergroups` VALUES (1,0,1,18,'Public'),(2,1,8,15,'Registered'),(3,2,9,14,'Author'),(4,3,10,13,'Editor'),(5,4,11,12,'Publisher'),(6,1,4,7,'Manager'),(7,6,5,6,'Administrator'),(8,1,16,17,'Super Users'),(9,1,2,3,'Guest');

--
-- Table structure for table `brbbp_users`
--

CREATE TABLE `brbbp_users` (
  `id` int(11) NOT NULL AUTO_INCREMENT,
  `name` varchar(400) NOT NULL DEFAULT '',
  `username` varchar(150) NOT NULL DEFAULT '',
  `email` varchar(100) NOT NULL DEFAULT '',
  `password` varchar(100) NOT NULL DEFAULT '',
  `block` tinyint(4) NOT NULL DEFAULT 0,
  `sendEmail` tinyint(4) DEFAULT 0,
  `registerDate` datetime NOT NULL,
  `lastvisitDate` datetime DEFAULT NULL,
  `activation` varchar(100) NOT NULL DEFAULT '',
  `params` text NOT NULL,
  `lastResetTime` datetime DEFAULT NULL COMMENT 'Date of last password reset',
  `resetCount` int(11) NOT NULL DEFAULT 0 COMMENT 'Count of password resets since lastResetTime',
  `otpKey` varchar(1000) NOT NULL DEFAULT '' COMMENT 'Two factor authentication encrypted keys',
  `otep` varchar(1000) NOT NULL DEFAULT '' COMMENT 'One time emergency passwords',
  `requireReset` tinyint(4) NOT NULL DEFAULT 0 COMMENT 'Require user to reset password on next login',
  PRIMARY KEY (`id`),
  UNIQUE KEY `idx_username` (`username`),
  KEY `idx_name` (`name`(100)),
  KEY `idx_block` (`block`),
  KEY `email` (`email`)
) ENGINE=InnoDB AUTO_INCREMENT=75 DEFAULT CHARSET=utf8mb4 COLLATE=utf8mb4_unicode_ci;

--
-- Dumping data for table `brbbp_users`
--

INSERT INTO `brbbp_users` VALUES (73,'Λεωνίδας Φραγγίδης','admin','fragidis@mst.ihu.gr','$2y$10$rqUQXXTday798xTR36C62.bIdzjDMfvl39QtaUUTYziwBbCOkr90u',0,1,'2021-12-03 08:36:28','2021-12-04 11:02:53','0','',NULL,0,'','',0),(74,'Φώτης','fotis','fpanag@mst.ihu.gr','$2y$10$rpyif5jRAD0yECy7TGsl9ezephjYXiEu4GfXxUlO.xt79wGaK6QD6',0,0,'2021-12-04 08:59:19',NULL,'','{\"admin_style\":\"\",\"admin_language\":\"el-GR\",\"language\":\"\",\"editor\":\"\",\"timezone\":\"\",\"a11y_mono\":\"0\",\"a11y_contrast\":\"0\",\"a11y_highlight\":\"0\",\"a11y_font\":\"0\"}',NULL,0,'','',0);

--
-- Table structure for table `brbbp_viewlevels`
--

CREATE TABLE `brbbp_viewlevels` (
  `id` int(10) unsigned NOT NULL AUTO_INCREMENT COMMENT 'Primary Key',
  `title` varchar(100) NOT NULL DEFAULT '',
  `ordering` int(11) NOT NULL DEFAULT 0,
  `rules` varchar(5120) NOT NULL COMMENT 'JSON encoded access control.',
  PRIMARY KEY (`id`),
  UNIQUE KEY `idx_assetgroup_title_lookup` (`title`)
) ENGINE=InnoDB AUTO_INCREMENT=7 DEFAULT CHARSET=utf8mb4 COLLATE=utf8mb4_unicode_ci;

--
-- Dumping data for table `brbbp_viewlevels`
--

INSERT INTO `brbbp_viewlevels` VALUES (1,'Public',0,'[1]'),(2,'Registered',2,'[6,2,8]'),(3,'Special',3,'[6,3,8]'),(5,'Guest',1,'[9]'),(6,'Super Users',4,'[8]');

--
-- Table structure for table `brbbp_webauthn_credentials`
--

CREATE TABLE `brbbp_webauthn_credentials` (
  `id` varchar(1000) NOT NULL COMMENT 'Credential ID',
  `user_id` varchar(128) NOT NULL COMMENT 'User handle',
  `label` varchar(190) NOT NULL COMMENT 'Human readable label',
  `credential` mediumtext NOT NULL COMMENT 'Credential source data, JSON format',
  PRIMARY KEY (`id`(100)),
  KEY `user_id` (`user_id`(100))
) ENGINE=InnoDB DEFAULT CHARSET=utf8mb4 COLLATE=utf8mb4_unicode_ci;

--
-- Dumping data for table `brbbp_webauthn_credentials`
--


--
-- Table structure for table `brbbp_workflow_associations`
--

CREATE TABLE `brbbp_workflow_associations` (
  `item_id` int(11) NOT NULL DEFAULT 0 COMMENT 'Extension table id value',
  `stage_id` int(11) NOT NULL COMMENT 'Foreign Key to #__workflow_stages.id',
  `extension` varchar(50) NOT NULL,
  PRIMARY KEY (`item_id`,`extension`),
  KEY `idx_item_stage_extension` (`item_id`,`stage_id`,`extension`),
  KEY `idx_item_id` (`item_id`),
  KEY `idx_stage_id` (`stage_id`),
  KEY `idx_extension` (`extension`)
) ENGINE=InnoDB DEFAULT CHARSET=utf8mb4 COLLATE=utf8mb4_unicode_ci;

--
-- Dumping data for table `brbbp_workflow_associations`
--

INSERT INTO `brbbp_workflow_associations` VALUES (1,1,'com_content.article'),(2,1,'com_content.article'),(3,1,'com_content.article');

--
-- Table structure for table `brbbp_workflow_stages`
--

CREATE TABLE `brbbp_workflow_stages` (
  `id` int(11) NOT NULL AUTO_INCREMENT,
  `asset_id` int(11) DEFAULT 0,
  `ordering` int(11) NOT NULL DEFAULT 0,
  `workflow_id` int(11) NOT NULL,
  `published` tinyint(4) NOT NULL DEFAULT 0,
  `title` varchar(255) NOT NULL,
  `description` text NOT NULL,
  `default` tinyint(4) NOT NULL DEFAULT 0,
  `checked_out_time` datetime DEFAULT NULL,
  `checked_out` int(10) unsigned DEFAULT NULL,
  PRIMARY KEY (`id`),
  KEY `idx_workflow_id` (`workflow_id`),
  KEY `idx_checked_out` (`checked_out`),
  KEY `idx_title` (`title`(191)),
  KEY `idx_asset_id` (`asset_id`),
  KEY `idx_default` (`default`)
) ENGINE=InnoDB AUTO_INCREMENT=2 DEFAULT CHARSET=utf8mb4 COLLATE=utf8mb4_unicode_ci;

--
-- Dumping data for table `brbbp_workflow_stages`
--

INSERT INTO `brbbp_workflow_stages` VALUES (1,57,1,1,1,'COM_WORKFLOW_BASIC_STAGE','',1,NULL,NULL);

--
-- Table structure for table `brbbp_workflow_transitions`
--

CREATE TABLE `brbbp_workflow_transitions` (
  `id` int(11) NOT NULL AUTO_INCREMENT,
  `asset_id` int(11) DEFAULT 0,
  `ordering` int(11) NOT NULL DEFAULT 0,
  `workflow_id` int(11) NOT NULL,
  `published` tinyint(4) NOT NULL DEFAULT 0,
  `title` varchar(255) NOT NULL,
  `description` text NOT NULL,
  `from_stage_id` int(11) NOT NULL,
  `to_stage_id` int(11) NOT NULL,
  `options` text NOT NULL,
  `checked_out_time` datetime DEFAULT NULL,
  `checked_out` int(10) unsigned DEFAULT NULL,
  PRIMARY KEY (`id`),
  KEY `idx_title` (`title`(191)),
  KEY `idx_asset_id` (`asset_id`),
  KEY `idx_checked_out` (`checked_out`),
  KEY `idx_from_stage_id` (`from_stage_id`),
  KEY `idx_to_stage_id` (`to_stage_id`),
  KEY `idx_workflow_id` (`workflow_id`)
) ENGINE=InnoDB AUTO_INCREMENT=8 DEFAULT CHARSET=utf8mb4 COLLATE=utf8mb4_unicode_ci;

--
-- Dumping data for table `brbbp_workflow_transitions`
--

INSERT INTO `brbbp_workflow_transitions` VALUES (1,58,1,1,1,'UNPUBLISH','',-1,1,'{\"publishing\":\"0\"}',NULL,NULL),(2,59,2,1,1,'PUBLISH','',-1,1,'{\"publishing\":\"1\"}',NULL,NULL),(3,60,3,1,1,'TRASH','',-1,1,'{\"publishing\":\"-2\"}',NULL,NULL),(4,61,4,1,1,'ARCHIVE','',-1,1,'{\"publishing\":\"2\"}',NULL,NULL),(5,62,5,1,1,'FEATURE','',-1,1,'{\"featuring\":\"1\"}',NULL,NULL),(6,63,6,1,1,'UNFEATURE','',-1,1,'{\"featuring\":\"0\"}',NULL,NULL),(7,64,7,1,1,'PUBLISH_AND_FEATURE','',-1,1,'{\"publishing\":\"1\",\"featuring\":\"1\"}',NULL,NULL);

--
-- Table structure for table `brbbp_workflows`
--

CREATE TABLE `brbbp_workflows` (
  `id` int(11) NOT NULL AUTO_INCREMENT,
  `asset_id` int(11) DEFAULT 0,
  `published` tinyint(4) NOT NULL DEFAULT 0,
  `title` varchar(255) NOT NULL,
  `description` text NOT NULL,
  `extension` varchar(50) NOT NULL,
  `default` tinyint(4) NOT NULL DEFAULT 0,
  `ordering` int(11) NOT NULL DEFAULT 0,
  `created` datetime NOT NULL,
  `created_by` int(11) NOT NULL DEFAULT 0,
  `modified` datetime NOT NULL,
  `modified_by` int(11) NOT NULL DEFAULT 0,
  `checked_out_time` datetime DEFAULT NULL,
  `checked_out` int(10) unsigned DEFAULT NULL,
  PRIMARY KEY (`id`),
  KEY `idx_asset_id` (`asset_id`),
  KEY `idx_title` (`title`(191)),
  KEY `idx_extension` (`extension`),
  KEY `idx_default` (`default`),
  KEY `idx_created` (`created`),
  KEY `idx_created_by` (`created_by`),
  KEY `idx_modified` (`modified`),
  KEY `idx_modified_by` (`modified_by`),
  KEY `idx_checked_out` (`checked_out`)
) ENGINE=InnoDB AUTO_INCREMENT=2 DEFAULT CHARSET=utf8mb4 COLLATE=utf8mb4_unicode_ci;

--
-- Dumping data for table `brbbp_workflows`
--

INSERT INTO `brbbp_workflows` VALUES (1,56,1,'COM_WORKFLOW_BASIC_WORKFLOW','','com_content.article',1,1,'2021-12-03 08:36:27',73,'2021-12-03 08:36:27',73,NULL,NULL);

--
-- Table structure for table `client`
--

CREATE TABLE `client` (
  `ID` varchar(10) NOT NULL,
  `NAME` varchar(50) NOT NULL,
  `ADDRESS` varchar(100) NOT NULL,
  `CITY` varchar(40) NOT NULL,
  `TK` varchar(5) NOT NULL,
  `PHONE` varchar(11) NOT NULL,
  `FIRSTNAME` varchar(40) NOT NULL,
  `LASTNAME` varchar(50) NOT NULL,
  PRIMARY KEY (`ID`)
) ENGINE=InnoDB DEFAULT CHARSET=utf8 COLLATE=utf8_unicode_ci;

--
-- Dumping data for table `client`
--

INSERT INTO `client` VALUES ('ΕΒ32','Δέλτα ΕΠΕ','Ομονοίας 12','Καβάλα','65201','2510647293','Θεόδωρος','Καλογιάννης'),('ΕΒ33','SISMA SA','Ερυθρού Σταυρού 5','THESSALONIKI','54444','2310756564','JOHN','SMITH'),('ΕΒ34','PerfectSoft','Βενιζέλου 50','Καβάλα','65302','2510123456','Κωνσταντίνος','Σταυρουλάκης'),('ΕΒ35','Samina','Κουντουριώτου 1','Σάμος - Βαθύ','83100','2273012345','Χρήστος','Χρήστου');

--
-- Table structure for table `client_n`
--

CREATE TABLE `client_n` (
  `ID` varchar(10) NOT NULL,
  `NAME` varchar(50) NOT NULL,
  `ADDRESS` varchar(100) NOT NULL,
  `CITY` varchar(40) NOT NULL,
  `PHONE` varchar(11) NOT NULL,
  `FIRSTNAME` varchar(40) NOT NULL,
  `LASTNAME` varchar(50) NOT NULL,
  `TK` varchar(5) NOT NULL,
  PRIMARY KEY (`ID`)
) ENGINE=InnoDB DEFAULT CHARSET=utf8mb4 COLLATE=utf8mb4_general_ci;

--
-- Dumping data for table `client_n`
--

INSERT INTO `client_n` VALUES ('EB32','ΔΕΛΤΑ ΕΠΕ','ΟΜΟΝΟΙΑΣ 12','ΚΑΒΑΛΑ','','ΘΘΘ','ΚΚΚ','65210'),('EB33','ΣΔΦΣΦ','','ΣΓ','ΣΔΓ','ΣΔΓ','ΣΓΔ','ΣΓ');

--
-- Table structure for table `j6fwc_action_log_config`
--

CREATE TABLE `j6fwc_action_log_config` (
  `id` int(10) unsigned NOT NULL AUTO_INCREMENT,
  `type_title` varchar(255) NOT NULL DEFAULT '',
  `type_alias` varchar(255) NOT NULL DEFAULT '',
  `id_holder` varchar(255) DEFAULT NULL,
  `title_holder` varchar(255) DEFAULT NULL,
  `table_name` varchar(255) DEFAULT NULL,
  `text_prefix` varchar(255) DEFAULT NULL,
  PRIMARY KEY (`id`)
) ENGINE=InnoDB AUTO_INCREMENT=21 DEFAULT CHARSET=utf8mb4 COLLATE=utf8mb4_unicode_ci;

--
-- Dumping data for table `j6fwc_action_log_config`
--

INSERT INTO `j6fwc_action_log_config` VALUES (1,'article','com_content.article','id','title','#__content','PLG_ACTIONLOG_JOOMLA'),(2,'article','com_content.form','id','title','#__content','PLG_ACTIONLOG_JOOMLA'),(3,'banner','com_banners.banner','id','name','#__banners','PLG_ACTIONLOG_JOOMLA'),(4,'user_note','com_users.note','id','subject','#__user_notes','PLG_ACTIONLOG_JOOMLA'),(5,'media','com_media.file','','name','','PLG_ACTIONLOG_JOOMLA'),(6,'category','com_categories.category','id','title','#__categories','PLG_ACTIONLOG_JOOMLA'),(7,'menu','com_menus.menu','id','title','#__menu_types','PLG_ACTIONLOG_JOOMLA'),(8,'menu_item','com_menus.item','id','title','#__menu','PLG_ACTIONLOG_JOOMLA'),(9,'newsfeed','com_newsfeeds.newsfeed','id','name','#__newsfeeds','PLG_ACTIONLOG_JOOMLA'),(10,'link','com_redirect.link','id','old_url','#__redirect_links','PLG_ACTIONLOG_JOOMLA'),(11,'tag','com_tags.tag','id','title','#__tags','PLG_ACTIONLOG_JOOMLA'),(12,'style','com_templates.style','id','title','#__template_styles','PLG_ACTIONLOG_JOOMLA'),(13,'plugin','com_plugins.plugin','extension_id','name','#__extensions','PLG_ACTIONLOG_JOOMLA'),(14,'component_config','com_config.component','extension_id','name','','PLG_ACTIONLOG_JOOMLA'),(15,'contact','com_contact.contact','id','name','#__contact_details','PLG_ACTIONLOG_JOOMLA'),(16,'module','com_modules.module','id','title','#__modules','PLG_ACTIONLOG_JOOMLA'),(17,'access_level','com_users.level','id','title','#__viewlevels','PLG_ACTIONLOG_JOOMLA'),(18,'banner_client','com_banners.client','id','name','#__banner_clients','PLG_ACTIONLOG_JOOMLA'),(19,'application_config','com_config.application','','name','','PLG_ACTIONLOG_JOOMLA'),(20,'task','com_scheduler.task','id','title','#__scheduler_tasks','PLG_ACTIONLOG_JOOMLA');

--
-- Table structure for table `j6fwc_action_logs`
--

CREATE TABLE `j6fwc_action_logs` (
  `id` int(10) unsigned NOT NULL AUTO_INCREMENT,
  `message_language_key` varchar(255) NOT NULL DEFAULT '',
  `message` text NOT NULL,
  `log_date` datetime NOT NULL,
  `extension` varchar(50) NOT NULL DEFAULT '',
  `user_id` int(11) NOT NULL DEFAULT 0,
  `item_id` int(11) NOT NULL DEFAULT 0,
  `ip_address` varchar(40) NOT NULL DEFAULT '0.0.0.0',
  PRIMARY KEY (`id`),
  KEY `idx_user_id` (`user_id`),
  KEY `idx_user_id_logdate` (`user_id`,`log_date`),
  KEY `idx_user_id_extension` (`user_id`,`extension`),
  KEY `idx_extension_item_id` (`extension`,`item_id`)
) ENGINE=InnoDB AUTO_INCREMENT=21 DEFAULT CHARSET=utf8mb4 COLLATE=utf8mb4_unicode_ci;

--
-- Dumping data for table `j6fwc_action_logs`
--

INSERT INTO `j6fwc_action_logs` VALUES (1,'PLG_ACTIONLOG_JOOMLA_USER_LOGGED_IN','{\"action\":\"login\",\"userid\":295,\"username\":\"admin\",\"accountlink\":\"index.php?option=com_users&task=user.edit&id=295\",\"app\":\"PLG_ACTIONLOG_JOOMLA_APPLICATION_ADMINISTRATOR\"}','2022-03-04 11:33:55','com_users',295,0,'COM_ACTIONLOGS_DISABLED'),(2,'PLG_ACTIONLOG_JOOMLA_EXTENSION_INSTALLED','{\"action\":\"install\",\"type\":\"PLG_ACTIONLOG_JOOMLA_TYPE_LANGUAGE\",\"id\":225,\"name\":\"Greek (el-GR)\",\"extension_name\":\"Greek (el-GR)\",\"userid\":295,\"username\":\"admin\",\"accountlink\":\"index.php?option=com_users&task=user.edit&id=295\"}','2022-03-04 11:34:43','com_installer',295,225,'COM_ACTIONLOGS_DISABLED'),(3,'PLG_ACTIONLOG_JOOMLA_EXTENSION_INSTALLED','{\"action\":\"install\",\"type\":\"PLG_ACTIONLOG_JOOMLA_TYPE_LANGUAGE\",\"id\":226,\"name\":\"Greek (el-GR)\",\"extension_name\":\"Greek (el-GR)\",\"userid\":295,\"username\":\"admin\",\"accountlink\":\"index.php?option=com_users&task=user.edit&id=295\"}','2022-03-04 11:34:43','com_installer',295,226,'COM_ACTIONLOGS_DISABLED'),(4,'PLG_ACTIONLOG_JOOMLA_EXTENSION_INSTALLED','{\"action\":\"install\",\"type\":\"PLG_ACTIONLOG_JOOMLA_TYPE_LANGUAGE\",\"id\":227,\"name\":\"Greek (el-GR)\",\"extension_name\":\"Greek (el-GR)\",\"userid\":295,\"username\":\"admin\",\"accountlink\":\"index.php?option=com_users&task=user.edit&id=295\"}','2022-03-04 11:34:43','com_installer',295,227,'COM_ACTIONLOGS_DISABLED'),(5,'PLG_ACTIONLOG_JOOMLA_EXTENSION_INSTALLED','{\"action\":\"install\",\"type\":\"PLG_ACTIONLOG_JOOMLA_TYPE_PACKAGE\",\"id\":228,\"name\":\"\\u0395\\u03bb\\u03bb\\u03b7\\u03bd\\u03b9\\u03ba\\u03ac (el-GR) \\u03a0\\u03b1\\u03ba\\u03ad\\u03c4\\u03bf \\u03b3\\u03bb\\u03ce\\u03c3\\u03c3\\u03b1\\u03c2\",\"extension_name\":\"\\u0395\\u03bb\\u03bb\\u03b7\\u03bd\\u03b9\\u03ba\\u03ac (el-GR) \\u03a0\\u03b1\\u03ba\\u03ad\\u03c4\\u03bf \\u03b3\\u03bb\\u03ce\\u03c3\\u03c3\\u03b1\\u03c2\",\"userid\":295,\"username\":\"admin\",\"accountlink\":\"index.php?option=com_users&task=user.edit&id=295\"}','2022-03-04 11:34:43','com_installer',295,228,'COM_ACTIONLOGS_DISABLED'),(6,'PLG_SYSTEM_ACTIONLOGS_CONTENT_ADDED','{\"action\":\"add\",\"type\":\"PLG_ACTIONLOG_JOOMLA_TYPE_ARTICLE\",\"id\":1,\"title\":\"\\u0393\\u03bd\\u03c9\\u03c1\\u03b9\\u03bc\\u03af\\u03b1 \\u03bc\\u03b5 \\u03c4\\u03bf \\u03a4\\u03bc\\u03ae\\u03bc\\u03b1\",\"itemlink\":\"index.php?option=com_content&task=article.edit&id=1\",\"userid\":295,\"username\":\"admin\",\"accountlink\":\"index.php?option=com_users&task=user.edit&id=295\"}','2022-03-04 17:53:38','com_content.article',295,1,'COM_ACTIONLOGS_DISABLED'),(7,'PLG_SYSTEM_ACTIONLOGS_CONTENT_UPDATED','{\"action\":\"update\",\"type\":\"PLG_ACTIONLOG_JOOMLA_TYPE_MENU_ITEM\",\"id\":101,\"title\":\"\\u0391\\u03c1\\u03c7\\u03b9\\u03ba\\u03ae\",\"itemlink\":\"index.php?option=com_menus&task=item.edit&id=101\",\"userid\":295,\"username\":\"admin\",\"accountlink\":\"index.php?option=com_users&task=user.edit&id=295\"}','2022-03-04 17:57:24','com_menus.item',295,101,'COM_ACTIONLOGS_DISABLED'),(8,'PLG_ACTIONLOG_JOOMLA_USER_CHECKIN','{\"action\":\"checkin\",\"type\":\"PLG_ACTIONLOG_JOOMLA_TYPE_USER\",\"id\":295,\"title\":\"admin\",\"itemlink\":\"index.php?option=com_users&task=user.edit&id=295\",\"userid\":295,\"username\":\"admin\",\"accountlink\":\"index.php?option=com_users&task=user.edit&id=295\",\"table\":\"#__menu\"}','2022-03-04 17:57:24','com_checkin',295,295,'COM_ACTIONLOGS_DISABLED'),(9,'PLG_SYSTEM_ACTIONLOGS_CONTENT_ADDED','{\"action\":\"add\",\"type\":\"PLG_ACTIONLOG_JOOMLA_TYPE_ARTICLE\",\"id\":2,\"title\":\"\\u03a3\\u03c4\\u03cc\\u03c7\\u03bf\\u03b9 & \\u0395\\u03c0\\u03b9\\u03b4\\u03b9\\u03ce\\u03be\\u03b5\\u03b9\\u03c2\",\"itemlink\":\"index.php?option=com_content&task=article.edit&id=2\",\"userid\":295,\"username\":\"admin\",\"accountlink\":\"index.php?option=com_users&task=user.edit&id=295\"}','2022-03-04 18:00:49','com_content.article',295,2,'COM_ACTIONLOGS_DISABLED'),(10,'PLG_SYSTEM_ACTIONLOGS_CONTENT_ADDED','{\"action\":\"add\",\"type\":\"PLG_ACTIONLOG_JOOMLA_TYPE_MENU_ITEM\",\"id\":102,\"title\":\"\\u03a3\\u03c4\\u03cc\\u03c7\\u03bf\\u03b9 & \\u0395\\u03c0\\u03b9\\u03b4\\u03b9\\u03ce\\u03be\\u03b5\\u03b9\\u03c2\",\"itemlink\":\"index.php?option=com_menus&task=item.edit&id=102\",\"userid\":295,\"username\":\"admin\",\"accountlink\":\"index.php?option=com_users&task=user.edit&id=295\"}','2022-03-04 18:02:08','com_menus.item',295,102,'COM_ACTIONLOGS_DISABLED'),(11,'PLG_ACTIONLOG_JOOMLA_COMPONENT_CONFIG_UPDATED','{\"action\":\"update\",\"type\":\"PLG_ACTIONLOG_JOOMLA_TYPE_COMPONENT_CONFIG\",\"id\":19,\"title\":\"com_content\",\"extension_name\":\"com_content\",\"itemlink\":\"index.php?option=com_config&task=component.edit&extension_id=19\",\"userid\":295,\"username\":\"admin\",\"accountlink\":\"index.php?option=com_users&task=user.edit&id=295\"}','2022-03-04 18:08:43','com_config.component',295,19,'COM_ACTIONLOGS_DISABLED'),(12,'PLG_SYSTEM_ACTIONLOGS_CONTENT_UPDATED','{\"action\":\"update\",\"type\":\"PLG_ACTIONLOG_JOOMLA_TYPE_MENU_ITEM\",\"id\":101,\"title\":\"\\u0391\\u03c1\\u03c7\\u03b9\\u03ba\\u03ae\",\"itemlink\":\"index.php?option=com_menus&task=item.edit&id=101\",\"userid\":295,\"username\":\"admin\",\"accountlink\":\"index.php?option=com_users&task=user.edit&id=295\"}','2022-03-04 18:10:32','com_menus.item',295,101,'COM_ACTIONLOGS_DISABLED'),(13,'PLG_ACTIONLOG_JOOMLA_USER_CHECKIN','{\"action\":\"checkin\",\"type\":\"PLG_ACTIONLOG_JOOMLA_TYPE_USER\",\"id\":295,\"title\":\"admin\",\"itemlink\":\"index.php?option=com_users&task=user.edit&id=295\",\"userid\":295,\"username\":\"admin\",\"accountlink\":\"index.php?option=com_users&task=user.edit&id=295\",\"table\":\"#__menu\"}','2022-03-04 18:10:32','com_checkin',295,295,'COM_ACTIONLOGS_DISABLED'),(14,'PLG_SYSTEM_ACTIONLOGS_CONTENT_ADDED','{\"action\":\"add\",\"type\":\"PLG_ACTIONLOG_JOOMLA_TYPE_MEDIA\",\"id\":0,\"title\":\"IHU_logo_blue_gr.jpg\",\"itemlink\":\"index.php?option=com_media&path=local-images:\\/\",\"userid\":295,\"username\":\"admin\",\"accountlink\":\"index.php?option=com_users&task=user.edit&id=295\"}','2022-03-04 18:14:03','com_media.file',295,0,'COM_ACTIONLOGS_DISABLED'),(15,'PLG_SYSTEM_ACTIONLOGS_CONTENT_UPDATED','{\"action\":\"update\",\"type\":\"PLG_ACTIONLOG_JOOMLA_TYPE_STYLE\",\"id\":\"11\",\"title\":\"Cassiopeia - Default\",\"extension_name\":\"Cassiopeia - Default\",\"itemlink\":\"index.php?option=com_templates&task=style.edit&id=11\",\"userid\":295,\"username\":\"admin\",\"accountlink\":\"index.php?option=com_users&task=user.edit&id=295\"}','2022-03-04 18:16:02','com_templates.style',295,11,'COM_ACTIONLOGS_DISABLED'),(16,'PLG_SYSTEM_ACTIONLOGS_CONTENT_UPDATED','{\"action\":\"update\",\"type\":\"PLG_ACTIONLOG_JOOMLA_TYPE_MODULE\",\"id\":1,\"title\":\"Main Menu\",\"extension_name\":\"Main Menu\",\"itemlink\":\"index.php?option=com_modules&task=module.edit&id=1\",\"userid\":295,\"username\":\"admin\",\"accountlink\":\"index.php?option=com_users&task=user.edit&id=295\"}','2022-03-04 18:20:15','com_modules.module',295,1,'COM_ACTIONLOGS_DISABLED'),(17,'PLG_ACTIONLOG_JOOMLA_USER_CHECKIN','{\"action\":\"checkin\",\"type\":\"PLG_ACTIONLOG_JOOMLA_TYPE_USER\",\"id\":295,\"title\":\"admin\",\"itemlink\":\"index.php?option=com_users&task=user.edit&id=295\",\"userid\":295,\"username\":\"admin\",\"accountlink\":\"index.php?option=com_users&task=user.edit&id=295\",\"table\":\"#__modules\"}','2022-03-04 18:20:15','com_checkin',295,295,'COM_ACTIONLOGS_DISABLED'),(18,'PLG_SYSTEM_ACTIONLOGS_CONTENT_UPDATED','{\"action\":\"update\",\"type\":\"PLG_ACTIONLOG_JOOMLA_TYPE_MODULE\",\"id\":1,\"title\":\"Main Menu\",\"extension_name\":\"Main Menu\",\"itemlink\":\"index.php?option=com_modules&task=module.edit&id=1\",\"userid\":295,\"username\":\"admin\",\"accountlink\":\"index.php?option=com_users&task=user.edit&id=295\"}','2022-03-04 18:20:59','com_modules.module',295,1,'COM_ACTIONLOGS_DISABLED'),(19,'PLG_ACTIONLOG_JOOMLA_USER_CHECKIN','{\"action\":\"checkin\",\"type\":\"PLG_ACTIONLOG_JOOMLA_TYPE_USER\",\"id\":295,\"title\":\"admin\",\"itemlink\":\"index.php?option=com_users&task=user.edit&id=295\",\"userid\":295,\"username\":\"admin\",\"accountlink\":\"index.php?option=com_users&task=user.edit&id=295\",\"table\":\"#__modules\"}','2022-03-04 18:20:59','com_checkin',295,295,'COM_ACTIONLOGS_DISABLED'),(20,'PLG_SYSTEM_ACTIONLOGS_CONTENT_ADDED','{\"action\":\"add\",\"type\":\"PLG_ACTIONLOG_JOOMLA_TYPE_MODULE\",\"id\":109,\"title\":\"\\u0391\\u03bd\\u03b1\\u03b6\\u03ae\\u03c4\\u03b7\\u03c3\\u03b7\",\"extension_name\":\"\\u0391\\u03bd\\u03b1\\u03b6\\u03ae\\u03c4\\u03b7\\u03c3\\u03b7\",\"itemlink\":\"index.php?option=com_modules&task=module.edit&id=109\",\"userid\":295,\"username\":\"admin\",\"accountlink\":\"index.php?option=com_users&task=user.edit&id=295\"}','2022-03-04 18:22:48','com_modules.module',295,109,'COM_ACTIONLOGS_DISABLED');

--
-- Table structure for table `j6fwc_action_logs_extensions`
--

CREATE TABLE `j6fwc_action_logs_extensions` (
  `id` int(10) unsigned NOT NULL AUTO_INCREMENT,
  `extension` varchar(255) NOT NULL DEFAULT '',
  PRIMARY KEY (`id`)
) ENGINE=InnoDB AUTO_INCREMENT=20 DEFAULT CHARSET=utf8mb4 COLLATE=utf8mb4_unicode_ci;

--
-- Dumping data for table `j6fwc_action_logs_extensions`
--

INSERT INTO `j6fwc_action_logs_extensions` VALUES (1,'com_banners'),(2,'com_cache'),(3,'com_categories'),(4,'com_config'),(5,'com_contact'),(6,'com_content'),(7,'com_installer'),(8,'com_media'),(9,'com_menus'),(10,'com_messages'),(11,'com_modules'),(12,'com_newsfeeds'),(13,'com_plugins'),(14,'com_redirect'),(15,'com_tags'),(16,'com_templates'),(17,'com_users'),(18,'com_checkin'),(19,'com_scheduler');

--
-- Table structure for table `j6fwc_action_logs_users`
--

CREATE TABLE `j6fwc_action_logs_users` (
  `user_id` int(10) unsigned NOT NULL,
  `notify` tinyint(3) unsigned NOT NULL,
  `extensions` text NOT NULL,
  PRIMARY KEY (`user_id`),
  KEY `idx_notify` (`notify`)
) ENGINE=InnoDB DEFAULT CHARSET=utf8mb4 COLLATE=utf8mb4_unicode_ci;

--
-- Dumping data for table `j6fwc_action_logs_users`
--


--
-- Table structure for table `j6fwc_assets`
--

CREATE TABLE `j6fwc_assets` (
  `id` int(10) unsigned NOT NULL AUTO_INCREMENT COMMENT 'Primary Key',
  `parent_id` int(11) NOT NULL DEFAULT 0 COMMENT 'Nested set parent.',
  `lft` int(11) NOT NULL DEFAULT 0 COMMENT 'Nested set lft.',
  `rgt` int(11) NOT NULL DEFAULT 0 COMMENT 'Nested set rgt.',
  `level` int(10) unsigned NOT NULL COMMENT 'The cached level in the nested tree.',
  `name` varchar(50) NOT NULL COMMENT 'The unique name for the asset.\n',
  `title` varchar(100) NOT NULL COMMENT 'The descriptive title for the asset.',
  `rules` varchar(5120) NOT NULL COMMENT 'JSON encoded access control.',
  PRIMARY KEY (`id`),
  UNIQUE KEY `idx_asset_name` (`name`),
  KEY `idx_lft_rgt` (`lft`,`rgt`),
  KEY `idx_parent_id` (`parent_id`)
) ENGINE=InnoDB AUTO_INCREMENT=95 DEFAULT CHARSET=utf8mb4 COLLATE=utf8mb4_unicode_ci;

--
-- Dumping data for table `j6fwc_assets`
--

INSERT INTO `j6fwc_assets` VALUES (1,0,0,173,0,'root.1','Root Asset','{\"core.login.site\":{\"6\":1,\"2\":1},\"core.login.admin\":{\"6\":1},\"core.login.api\":{\"8\":1},\"core.login.offline\":{\"6\":1},\"core.admin\":{\"8\":1},\"core.manage\":{\"7\":1},\"core.create\":{\"6\":1,\"3\":1},\"core.delete\":{\"6\":1},\"core.edit\":{\"6\":1,\"4\":1},\"core.edit.state\":{\"6\":1,\"5\":1},\"core.edit.own\":{\"6\":1,\"3\":1}}'),(2,1,1,2,1,'com_admin','com_admin','{}'),(3,1,3,6,1,'com_banners','com_banners','{\"core.admin\":{\"7\":1},\"core.manage\":{\"6\":1}}'),(4,1,7,8,1,'com_cache','com_cache','{\"core.admin\":{\"7\":1},\"core.manage\":{\"7\":1}}'),(5,1,9,10,1,'com_checkin','com_checkin','{\"core.admin\":{\"7\":1},\"core.manage\":{\"7\":1}}'),(6,1,11,12,1,'com_config','com_config','{}'),(7,1,13,16,1,'com_contact','com_contact','{\"core.admin\":{\"7\":1},\"core.manage\":{\"6\":1}}'),(8,1,17,42,1,'com_content','com_content','{\"core.admin\":{\"7\":1},\"core.manage\":{\"6\":1},\"core.create\":{\"3\":1},\"core.edit\":{\"4\":1},\"core.edit.state\":{\"5\":1},\"core.execute.transition\":{\"6\":1,\"5\":1}}'),(9,1,43,44,1,'com_cpanel','com_cpanel','{}'),(10,1,45,46,1,'com_installer','com_installer','{\"core.manage\":{\"7\":0},\"core.delete\":{\"7\":0},\"core.edit.state\":{\"7\":0}}'),(11,1,47,50,1,'com_languages','com_languages','{\"core.admin\":{\"7\":1}}'),(12,1,51,52,1,'com_login','com_login','{}'),(14,1,53,54,1,'com_massmail','com_massmail','{}'),(15,1,55,56,1,'com_media','com_media','{\"core.admin\":{\"7\":1},\"core.manage\":{\"6\":1},\"core.create\":{\"3\":1},\"core.delete\":{\"5\":1}}'),(16,1,57,60,1,'com_menus','com_menus','{\"core.admin\":{\"7\":1}}'),(17,1,61,62,1,'com_messages','com_messages','{\"core.admin\":{\"7\":1},\"core.manage\":{\"7\":1}}'),(18,1,63,138,1,'com_modules','com_modules','{\"core.admin\":{\"7\":1}}'),(19,1,139,142,1,'com_newsfeeds','com_newsfeeds','{\"core.admin\":{\"7\":1},\"core.manage\":{\"6\":1}}'),(20,1,143,144,1,'com_plugins','com_plugins','{\"core.admin\":{\"7\":1}}'),(21,1,145,146,1,'com_redirect','com_redirect','{\"core.admin\":{\"7\":1}}'),(23,1,147,148,1,'com_templates','com_templates','{\"core.admin\":{\"7\":1}}'),(24,1,153,156,1,'com_users','com_users','{\"core.admin\":{\"7\":1}}'),(26,1,157,158,1,'com_wrapper','com_wrapper','{}'),(27,8,18,23,2,'com_content.category.2','Uncategorised','{}'),(28,3,4,5,2,'com_banners.category.3','Uncategorised','{}'),(29,7,14,15,2,'com_contact.category.4','Uncategorised','{}'),(30,19,140,141,2,'com_newsfeeds.category.5','Uncategorised','{}'),(32,24,154,155,2,'com_users.category.7','Uncategorised','{}'),(33,1,159,160,1,'com_finder','com_finder','{\"core.admin\":{\"7\":1},\"core.manage\":{\"6\":1}}'),(34,1,161,162,1,'com_joomlaupdate','com_joomlaupdate','{}'),(35,1,163,164,1,'com_tags','com_tags','{}'),(36,1,165,166,1,'com_contenthistory','com_contenthistory','{}'),(37,1,167,168,1,'com_ajax','com_ajax','{}'),(38,1,169,170,1,'com_postinstall','com_postinstall','{}'),(39,18,64,65,2,'com_modules.module.1','Main Menu','{}'),(40,18,66,67,2,'com_modules.module.2','Login','{}'),(41,18,68,69,2,'com_modules.module.3','Popular Articles','{}'),(42,18,70,71,2,'com_modules.module.4','Recently Added Articles','{}'),(43,18,72,73,2,'com_modules.module.8','Toolbar','{}'),(44,18,74,75,2,'com_modules.module.9','Notifications','{}'),(45,18,76,77,2,'com_modules.module.10','Logged-in Users','{}'),(46,18,78,79,2,'com_modules.module.12','Admin Menu','{}'),(48,18,84,85,2,'com_modules.module.14','User Status','{}'),(49,18,86,87,2,'com_modules.module.15','Title','{}'),(50,18,88,89,2,'com_modules.module.16','Login Form','{}'),(51,18,90,91,2,'com_modules.module.17','Breadcrumbs','{}'),(52,18,92,93,2,'com_modules.module.79','Multilanguage status','{}'),(53,18,96,97,2,'com_modules.module.86','Joomla Version','{}'),(54,16,58,59,2,'com_menus.menu.1','Main Menu','{}'),(55,18,100,101,2,'com_modules.module.87','Sample Data','{}'),(56,8,24,41,2,'com_content.workflow.1','COM_WORKFLOW_BASIC_WORKFLOW','{}'),(57,56,25,26,3,'com_content.stage.1','COM_WORKFLOW_BASIC_STAGE','{}'),(58,56,27,28,3,'com_content.transition.1','Unpublish','{}'),(59,56,29,30,3,'com_content.transition.2','Publish','{}'),(60,56,31,32,3,'com_content.transition.3','Trash','{}'),(61,56,33,34,3,'com_content.transition.4','Archive','{}'),(62,56,35,36,3,'com_content.transition.5','Feature','{}'),(63,56,37,38,3,'com_content.transition.6','Unfeature','{}'),(64,56,39,40,3,'com_content.transition.7','Publish & Feature','{}'),(65,1,149,150,1,'com_privacy','com_privacy','{}'),(66,1,151,152,1,'com_actionlogs','com_actionlogs','{}'),(67,18,80,81,2,'com_modules.module.88','Latest Actions','{}'),(68,18,82,83,2,'com_modules.module.89','Privacy Dashboard','{}'),(70,18,94,95,2,'com_modules.module.103','Site','{}'),(71,18,98,99,2,'com_modules.module.104','System','{}'),(72,18,102,103,2,'com_modules.module.91','System Dashboard','{}'),(73,18,104,105,2,'com_modules.module.92','Content Dashboard','{}'),(74,18,106,107,2,'com_modules.module.93','Menus Dashboard','{}'),(75,18,108,109,2,'com_modules.module.94','Components Dashboard','{}'),(76,18,110,111,2,'com_modules.module.95','Users Dashboard','{}'),(77,18,112,113,2,'com_modules.module.99','Frontend Link','{}'),(78,18,114,115,2,'com_modules.module.100','Messages','{}'),(79,18,116,117,2,'com_modules.module.101','Post Install Messages','{}'),(80,18,118,119,2,'com_modules.module.102','User Status','{}'),(82,18,120,121,2,'com_modules.module.105','3rd Party','{}'),(83,18,122,123,2,'com_modules.module.106','Help Dashboard','{}'),(84,18,124,125,2,'com_modules.module.107','Privacy Requests','{}'),(85,18,126,127,2,'com_modules.module.108','Privacy Status','{}'),(86,18,128,129,2,'com_modules.module.96','Popular Articles','{}'),(87,18,130,131,2,'com_modules.module.97','Recently Added Articles','{}'),(88,18,132,133,2,'com_modules.module.98','Logged-in Users','{}'),(89,18,134,135,2,'com_modules.module.90','Login Support','{}'),(90,1,171,172,1,'com_scheduler','com_scheduler','{}'),(91,11,48,49,2,'com_languages.language.2','Greek (el-GR)','{}'),(92,27,19,20,3,'com_content.article.1','Γνωριμία με το Τμήμα','{}'),(93,27,21,22,3,'com_content.article.2','Στόχοι & Επιδιώξεις','{}'),(94,18,136,137,2,'com_modules.module.109','Αναζήτηση','{}');

--
-- Table structure for table `j6fwc_associations`
--

CREATE TABLE `j6fwc_associations` (
  `id` int(11) NOT NULL COMMENT 'A reference to the associated item.',
  `context` varchar(50) NOT NULL COMMENT 'The context of the associated item.',
  `key` char(32) NOT NULL COMMENT 'The key for the association computed from an md5 on associated ids.',
  PRIMARY KEY (`context`,`id`),
  KEY `idx_key` (`key`)
) ENGINE=InnoDB DEFAULT CHARSET=utf8mb4 COLLATE=utf8mb4_unicode_ci;

--
-- Dumping data for table `j6fwc_associations`
--


--
-- Table structure for table `j6fwc_banner_clients`
--

CREATE TABLE `j6fwc_banner_clients` (
  `id` int(11) NOT NULL AUTO_INCREMENT,
  `name` varchar(255) NOT NULL DEFAULT '',
  `contact` varchar(255) NOT NULL DEFAULT '',
  `email` varchar(255) NOT NULL DEFAULT '',
  `extrainfo` text NOT NULL,
  `state` tinyint(4) NOT NULL DEFAULT 0,
  `checked_out` int(10) unsigned DEFAULT NULL,
  `checked_out_time` datetime DEFAULT NULL,
  `metakey` text DEFAULT NULL,
  `own_prefix` tinyint(4) NOT NULL DEFAULT 0,
  `metakey_prefix` varchar(400) NOT NULL DEFAULT '',
  `purchase_type` tinyint(4) NOT NULL DEFAULT -1,
  `track_clicks` tinyint(4) NOT NULL DEFAULT -1,
  `track_impressions` tinyint(4) NOT NULL DEFAULT -1,
  PRIMARY KEY (`id`),
  KEY `idx_own_prefix` (`own_prefix`),
  KEY `idx_metakey_prefix` (`metakey_prefix`(100))
) ENGINE=InnoDB DEFAULT CHARSET=utf8mb4 COLLATE=utf8mb4_unicode_ci;

--
-- Dumping data for table `j6fwc_banner_clients`
--


--
-- Table structure for table `j6fwc_banner_tracks`
--

CREATE TABLE `j6fwc_banner_tracks` (
  `track_date` datetime NOT NULL,
  `track_type` int(10) unsigned NOT NULL,
  `banner_id` int(10) unsigned NOT NULL,
  `count` int(10) unsigned NOT NULL DEFAULT 0,
  PRIMARY KEY (`track_date`,`track_type`,`banner_id`),
  KEY `idx_track_date` (`track_date`),
  KEY `idx_track_type` (`track_type`),
  KEY `idx_banner_id` (`banner_id`)
) ENGINE=InnoDB DEFAULT CHARSET=utf8mb4 COLLATE=utf8mb4_unicode_ci;

--
-- Dumping data for table `j6fwc_banner_tracks`
--


--
-- Table structure for table `j6fwc_banners`
--

CREATE TABLE `j6fwc_banners` (
  `id` int(11) NOT NULL AUTO_INCREMENT,
  `cid` int(11) NOT NULL DEFAULT 0,
  `type` int(11) NOT NULL DEFAULT 0,
  `name` varchar(255) NOT NULL DEFAULT '',
  `alias` varchar(400) CHARACTER SET utf8mb4 COLLATE utf8mb4_bin NOT NULL DEFAULT '',
  `imptotal` int(11) NOT NULL DEFAULT 0,
  `impmade` int(11) NOT NULL DEFAULT 0,
  `clicks` int(11) NOT NULL DEFAULT 0,
  `clickurl` varchar(200) NOT NULL DEFAULT '',
  `state` tinyint(4) NOT NULL DEFAULT 0,
  `catid` int(10) unsigned NOT NULL DEFAULT 0,
  `description` text NOT NULL,
  `custombannercode` varchar(2048) NOT NULL,
  `sticky` tinyint(3) unsigned NOT NULL DEFAULT 0,
  `ordering` int(11) NOT NULL DEFAULT 0,
  `metakey` text DEFAULT NULL,
  `params` text NOT NULL,
  `own_prefix` tinyint(4) NOT NULL DEFAULT 0,
  `metakey_prefix` varchar(400) NOT NULL DEFAULT '',
  `purchase_type` tinyint(4) NOT NULL DEFAULT -1,
  `track_clicks` tinyint(4) NOT NULL DEFAULT -1,
  `track_impressions` tinyint(4) NOT NULL DEFAULT -1,
  `checked_out` int(10) unsigned DEFAULT NULL,
  `checked_out_time` datetime DEFAULT NULL,
  `publish_up` datetime DEFAULT NULL,
  `publish_down` datetime DEFAULT NULL,
  `reset` datetime DEFAULT NULL,
  `created` datetime NOT NULL,
  `language` char(7) NOT NULL DEFAULT '',
  `created_by` int(10) unsigned NOT NULL DEFAULT 0,
  `created_by_alias` varchar(255) NOT NULL DEFAULT '',
  `modified` datetime NOT NULL,
  `modified_by` int(10) unsigned NOT NULL DEFAULT 0,
  `version` int(10) unsigned NOT NULL DEFAULT 1,
  PRIMARY KEY (`id`),
  KEY `idx_state` (`state`),
  KEY `idx_own_prefix` (`own_prefix`),
  KEY `idx_metakey_prefix` (`metakey_prefix`(100)),
  KEY `idx_banner_catid` (`catid`),
  KEY `idx_language` (`language`)
) ENGINE=InnoDB DEFAULT CHARSET=utf8mb4 COLLATE=utf8mb4_unicode_ci;

--
-- Dumping data for table `j6fwc_banners`
--


--
-- Table structure for table `j6fwc_categories`
--

CREATE TABLE `j6fwc_categories` (
  `id` int(11) NOT NULL AUTO_INCREMENT,
  `asset_id` int(10) unsigned NOT NULL DEFAULT 0 COMMENT 'FK to the #__assets table.',
  `parent_id` int(10) unsigned NOT NULL DEFAULT 0,
  `lft` int(11) NOT NULL DEFAULT 0,
  `rgt` int(11) NOT NULL DEFAULT 0,
  `level` int(10) unsigned NOT NULL DEFAULT 0,
  `path` varchar(400) NOT NULL DEFAULT '',
  `extension` varchar(50) NOT NULL DEFAULT '',
  `title` varchar(255) NOT NULL DEFAULT '',
  `alias` varchar(400) CHARACTER SET utf8mb4 COLLATE utf8mb4_bin NOT NULL DEFAULT '',
  `note` varchar(255) NOT NULL DEFAULT '',
  `description` mediumtext DEFAULT NULL,
  `published` tinyint(4) NOT NULL DEFAULT 0,
  `checked_out` int(10) unsigned DEFAULT NULL,
  `checked_out_time` datetime DEFAULT NULL,
  `access` int(10) unsigned NOT NULL DEFAULT 0,
  `params` text DEFAULT NULL,
  `metadesc` varchar(1024) NOT NULL DEFAULT '' COMMENT 'The meta description for the page.',
  `metakey` varchar(1024) NOT NULL DEFAULT '' COMMENT 'The keywords for the page.',
  `metadata` varchar(2048) NOT NULL DEFAULT '' COMMENT 'JSON encoded metadata properties.',
  `created_user_id` int(10) unsigned NOT NULL DEFAULT 0,
  `created_time` datetime NOT NULL,
  `modified_user_id` int(10) unsigned NOT NULL DEFAULT 0,
  `modified_time` datetime NOT NULL,
  `hits` int(10) unsigned NOT NULL DEFAULT 0,
  `language` char(7) NOT NULL DEFAULT '',
  `version` int(10) unsigned NOT NULL DEFAULT 1,
  PRIMARY KEY (`id`),
  KEY `cat_idx` (`extension`,`published`,`access`),
  KEY `idx_access` (`access`),
  KEY `idx_checkout` (`checked_out`),
  KEY `idx_path` (`path`(100)),
  KEY `idx_left_right` (`lft`,`rgt`),
  KEY `idx_alias` (`alias`(100)),
  KEY `idx_language` (`language`)
) ENGINE=InnoDB AUTO_INCREMENT=8 DEFAULT CHARSET=utf8mb4 COLLATE=utf8mb4_unicode_ci;

--
-- Dumping data for table `j6fwc_categories`
--

INSERT INTO `j6fwc_categories` VALUES (1,0,0,0,11,0,'','system','ROOT','root','','',1,NULL,NULL,1,'{}','','','{}',295,'2022-03-04 11:29:23',295,'2022-03-04 11:29:23',0,'*',1),(2,27,1,1,2,1,'uncategorised','com_content','Uncategorised','uncategorised','','',1,NULL,NULL,1,'{\"category_layout\":\"\",\"image\":\"\",\"workflow_id\":\"use_default\"}','','','{\"author\":\"\",\"robots\":\"\"}',295,'2022-03-04 11:29:23',295,'2022-03-04 11:29:23',0,'*',1),(3,28,1,3,4,1,'uncategorised','com_banners','Uncategorised','uncategorised','','',1,NULL,NULL,1,'{\"category_layout\":\"\",\"image\":\"\"}','','','{\"author\":\"\",\"robots\":\"\"}',295,'2022-03-04 11:29:23',295,'2022-03-04 11:29:23',0,'*',1),(4,29,1,5,6,1,'uncategorised','com_contact','Uncategorised','uncategorised','','',1,NULL,NULL,1,'{\"category_layout\":\"\",\"image\":\"\"}','','','{\"author\":\"\",\"robots\":\"\"}',295,'2022-03-04 11:29:23',295,'2022-03-04 11:29:23',0,'*',1),(5,30,1,7,8,1,'uncategorised','com_newsfeeds','Uncategorised','uncategorised','','',1,NULL,NULL,1,'{\"category_layout\":\"\",\"image\":\"\"}','','','{\"author\":\"\",\"robots\":\"\"}',295,'2022-03-04 11:29:23',295,'2022-03-04 11:29:23',0,'*',1),(7,32,1,9,10,1,'uncategorised','com_users','Uncategorised','uncategorised','','',1,NULL,NULL,1,'{\"category_layout\":\"\",\"image\":\"\"}','','','{\"author\":\"\",\"robots\":\"\"}',295,'2022-03-04 11:29:23',295,'2022-03-04 11:29:23',0,'*',1);

--
-- Table structure for table `j6fwc_contact_details`
--

CREATE TABLE `j6fwc_contact_details` (
  `id` int(11) NOT NULL AUTO_INCREMENT,
  `name` varchar(255) NOT NULL,
  `alias` varchar(400) CHARACTER SET utf8mb4 COLLATE utf8mb4_bin NOT NULL,
  `con_position` varchar(255) DEFAULT NULL,
  `address` text DEFAULT NULL,
  `suburb` varchar(100) DEFAULT NULL,
  `state` varchar(100) DEFAULT NULL,
  `country` varchar(100) DEFAULT NULL,
  `postcode` varchar(100) DEFAULT NULL,
  `telephone` varchar(255) DEFAULT NULL,
  `fax` varchar(255) DEFAULT NULL,
  `misc` mediumtext DEFAULT NULL,
  `image` varchar(255) DEFAULT NULL,
  `email_to` varchar(255) DEFAULT NULL,
  `default_con` tinyint(3) unsigned NOT NULL DEFAULT 0,
  `published` tinyint(4) NOT NULL DEFAULT 0,
  `checked_out` int(10) unsigned DEFAULT NULL,
  `checked_out_time` datetime DEFAULT NULL,
  `ordering` int(11) NOT NULL DEFAULT 0,
  `params` text NOT NULL,
  `user_id` int(11) NOT NULL DEFAULT 0,
  `catid` int(11) NOT NULL DEFAULT 0,
  `access` int(10) unsigned NOT NULL DEFAULT 0,
  `mobile` varchar(255) NOT NULL DEFAULT '',
  `webpage` varchar(255) NOT NULL DEFAULT '',
  `sortname1` varchar(255) NOT NULL DEFAULT '',
  `sortname2` varchar(255) NOT NULL DEFAULT '',
  `sortname3` varchar(255) NOT NULL DEFAULT '',
  `language` varchar(7) NOT NULL,
  `created` datetime NOT NULL,
  `created_by` int(10) unsigned NOT NULL DEFAULT 0,
  `created_by_alias` varchar(255) NOT NULL DEFAULT '',
  `modified` datetime NOT NULL,
  `modified_by` int(10) unsigned NOT NULL DEFAULT 0,
  `metakey` text DEFAULT NULL,
  `metadesc` text NOT NULL,
  `metadata` text NOT NULL,
  `featured` tinyint(3) unsigned NOT NULL DEFAULT 0 COMMENT 'Set if contact is featured.',
  `publish_up` datetime DEFAULT NULL,
  `publish_down` datetime DEFAULT NULL,
  `version` int(10) unsigned NOT NULL DEFAULT 1,
  `hits` int(10) unsigned NOT NULL DEFAULT 0,
  PRIMARY KEY (`id`),
  KEY `idx_access` (`access`),
  KEY `idx_checkout` (`checked_out`),
  KEY `idx_state` (`published`),
  KEY `idx_catid` (`catid`),
  KEY `idx_createdby` (`created_by`),
  KEY `idx_featured_catid` (`featured`,`catid`),
  KEY `idx_language` (`language`)
) ENGINE=InnoDB DEFAULT CHARSET=utf8mb4 COLLATE=utf8mb4_unicode_ci;

--
-- Dumping data for table `j6fwc_contact_details`
--


--
-- Table structure for table `j6fwc_content`
--

CREATE TABLE `j6fwc_content` (
  `id` int(10) unsigned NOT NULL AUTO_INCREMENT,
  `asset_id` int(10) unsigned NOT NULL DEFAULT 0 COMMENT 'FK to the #__assets table.',
  `title` varchar(255) NOT NULL DEFAULT '',
  `alias` varchar(400) CHARACTER SET utf8mb4 COLLATE utf8mb4_bin NOT NULL DEFAULT '',
  `introtext` mediumtext NOT NULL,
  `fulltext` mediumtext NOT NULL,
  `state` tinyint(4) NOT NULL DEFAULT 0,
  `catid` int(10) unsigned NOT NULL DEFAULT 0,
  `created` datetime NOT NULL,
  `created_by` int(10) unsigned NOT NULL DEFAULT 0,
  `created_by_alias` varchar(255) NOT NULL DEFAULT '',
  `modified` datetime NOT NULL,
  `modified_by` int(10) unsigned NOT NULL DEFAULT 0,
  `checked_out` int(10) unsigned DEFAULT NULL,
  `checked_out_time` datetime DEFAULT NULL,
  `publish_up` datetime DEFAULT NULL,
  `publish_down` datetime DEFAULT NULL,
  `images` text NOT NULL,
  `urls` text NOT NULL,
  `attribs` varchar(5120) NOT NULL,
  `version` int(10) unsigned NOT NULL DEFAULT 1,
  `ordering` int(11) NOT NULL DEFAULT 0,
  `metakey` text DEFAULT NULL,
  `metadesc` text NOT NULL,
  `access` int(10) unsigned NOT NULL DEFAULT 0,
  `hits` int(10) unsigned NOT NULL DEFAULT 0,
  `metadata` text NOT NULL,
  `featured` tinyint(3) unsigned NOT NULL DEFAULT 0 COMMENT 'Set if article is featured.',
  `language` char(7) NOT NULL COMMENT 'The language code for the article.',
  `note` varchar(255) NOT NULL DEFAULT '',
  PRIMARY KEY (`id`),
  KEY `idx_access` (`access`),
  KEY `idx_checkout` (`checked_out`),
  KEY `idx_state` (`state`),
  KEY `idx_catid` (`catid`),
  KEY `idx_createdby` (`created_by`),
  KEY `idx_featured_catid` (`featured`,`catid`),
  KEY `idx_language` (`language`),
  KEY `idx_alias` (`alias`(191))
) ENGINE=InnoDB AUTO_INCREMENT=3 DEFAULT CHARSET=utf8mb4 COLLATE=utf8mb4_unicode_ci;

--
-- Dumping data for table `j6fwc_content`
--

INSERT INTO `j6fwc_content` VALUES (1,92,'Γνωριμία με το Τμήμα','home','<p>Το Τμήμα Διοικητικής Επιστήμης και Τεχνολογίας του Διεθνούς Πανεπιστημίου Ελλάδος είναι ένα νέο σύγχρονο Τμήμα το οποίο δημιουργήθηκε με στόχο την προαγωγή της έρευνας και της διδασκαλίας στο επιστημονικό πεδίο της Διοικητικής Επιστήμης και της Τεχνολογίας, προς όφελος της κοινωνίας και της επιστήμης.</p>\r\n<p>O σκοπός του προγράμματος είναι η δημιουργία στελεχών που θα συνδυάζουν τις επιστημονικές γνώσεις της διοικητικής επιστήμης και τις απαραίτητες οργανωσιακές και ηγετικές ικανότητες, πλαισιωμένες με τις επιστημονικές γνώσεις και τις ικανότητες αξιοποίησης των σύγχρονων τεχνολογιών και ειδικότερα της Πληροφορικής και των Επικοινωνιών. </p>','',1,2,'2022-03-04 17:53:38',295,'','2022-03-04 17:53:38',295,NULL,NULL,'2022-03-04 17:53:38',NULL,'{\"image_intro\":\"\",\"image_intro_alt\":\"\",\"float_intro\":\"\",\"image_intro_caption\":\"\",\"image_fulltext\":\"\",\"image_fulltext_alt\":\"\",\"float_fulltext\":\"\",\"image_fulltext_caption\":\"\"}','{\"urla\":\"\",\"urlatext\":\"\",\"targeta\":\"\",\"urlb\":\"\",\"urlbtext\":\"\",\"targetb\":\"\",\"urlc\":\"\",\"urlctext\":\"\",\"targetc\":\"\"}','{\"article_layout\":\"\",\"show_title\":\"\",\"link_titles\":\"\",\"show_tags\":\"\",\"show_intro\":\"\",\"info_block_position\":\"\",\"info_block_show_title\":\"\",\"show_category\":\"\",\"link_category\":\"\",\"show_parent_category\":\"\",\"link_parent_category\":\"\",\"show_author\":\"\",\"link_author\":\"\",\"show_create_date\":\"\",\"show_modify_date\":\"\",\"show_publish_date\":\"\",\"show_item_navigation\":\"\",\"show_hits\":\"\",\"show_noauth\":\"\",\"urls_position\":\"\",\"alternative_readmore\":\"\",\"article_page_title\":\"\",\"show_publishing_options\":\"\",\"show_article_options\":\"\",\"show_urls_images_backend\":\"\",\"show_urls_images_frontend\":\"\"}',1,1,'','',1,3,'{\"robots\":\"\",\"author\":\"\",\"rights\":\"\"}',0,'*',''),(2,93,'Στόχοι & Επιδιώξεις','goal-and-objective','<p>Το Τμήμα αποσκοπεί: </p>\r\n<ul>\r\n<li>Στην παροχή εκπαίδευσης υψηλού επιπέδου σε προπτυχιακούς και μεταπτυχιακούς φοιτητές στα αντικείμενα της διοικητικής επιστήμης και της τεχνολογίας με στόχο την ανάδειξη των κρίσιμων πλεονεκτημάτων του συνδυασμού τους, δημιουργώντας μελλοντικά μια μάζα επιστημόνων με ευρεία επιστημονική γνώση και αναπτυγμένες δεξιότητες εφαρμογής της σε πρακτικά προβλήματα.</li>\r\n<li>Στη δημιουργία επιστημονικού δυναμικού υψηλού επιπέδου εκπαίδευσης για στελέχωση τόσο της έρευνας όσο και της παροχής υπηρεσιών σε τομείς μοχλούς για την οικονομική ανάπτυξη.</li>\r\n<li>Στη δημιουργία ενός ισχυρού, βιώσιμου και διεθνώς ανταγωνιστικού Τμήματος στο ευρύ φάσμα το βασικού και εφαρμοσμένου διεπιστημονικού πεδίου της Διοικητικής Επιστήμης και Τεχνολογίας.</li>\r\n<li>Στη δημιουργία συνεργειών με τα άλλα συγγενή Τμήματα και τα ερευνητικά εργαστήρια της χώρας</li>\r\n</ul>','',1,2,'2022-03-04 18:00:49',295,'','2022-03-04 18:00:49',295,NULL,NULL,'2022-03-04 18:00:49',NULL,'{\"image_intro\":\"\",\"image_intro_alt\":\"\",\"float_intro\":\"\",\"image_intro_caption\":\"\",\"image_fulltext\":\"\",\"image_fulltext_alt\":\"\",\"float_fulltext\":\"\",\"image_fulltext_caption\":\"\"}','{\"urla\":\"\",\"urlatext\":\"\",\"targeta\":\"\",\"urlb\":\"\",\"urlbtext\":\"\",\"targetb\":\"\",\"urlc\":\"\",\"urlctext\":\"\",\"targetc\":\"\"}','{\"article_layout\":\"\",\"show_title\":\"\",\"link_titles\":\"\",\"show_tags\":\"\",\"show_intro\":\"\",\"info_block_position\":\"\",\"info_block_show_title\":\"\",\"show_category\":\"\",\"link_category\":\"\",\"show_parent_category\":\"\",\"link_parent_category\":\"\",\"show_author\":\"\",\"link_author\":\"\",\"show_create_date\":\"\",\"show_modify_date\":\"\",\"show_publish_date\":\"\",\"show_item_navigation\":\"\",\"show_hits\":\"\",\"show_noauth\":\"\",\"urls_position\":\"\",\"alternative_readmore\":\"\",\"article_page_title\":\"\",\"show_publishing_options\":\"\",\"show_article_options\":\"\",\"show_urls_images_backend\":\"\",\"show_urls_images_frontend\":\"\"}',1,0,'','',1,1,'{\"robots\":\"\",\"author\":\"\",\"rights\":\"\"}',0,'*','');

--
-- Table structure for table `j6fwc_content_frontpage`
--

CREATE TABLE `j6fwc_content_frontpage` (
  `content_id` int(11) NOT NULL DEFAULT 0,
  `ordering` int(11) NOT NULL DEFAULT 0,
  `featured_up` datetime DEFAULT NULL,
  `featured_down` datetime DEFAULT NULL,
  PRIMARY KEY (`content_id`)
) ENGINE=InnoDB DEFAULT CHARSET=utf8mb4 COLLATE=utf8mb4_unicode_ci;

--
-- Dumping data for table `j6fwc_content_frontpage`
--


--
-- Table structure for table `j6fwc_content_rating`
--

CREATE TABLE `j6fwc_content_rating` (
  `content_id` int(11) NOT NULL DEFAULT 0,
  `rating_sum` int(10) unsigned NOT NULL DEFAULT 0,
  `rating_count` int(10) unsigned NOT NULL DEFAULT 0,
  `lastip` varchar(50) NOT NULL DEFAULT '',
  PRIMARY KEY (`content_id`)
) ENGINE=InnoDB DEFAULT CHARSET=utf8mb4 COLLATE=utf8mb4_unicode_ci;

--
-- Dumping data for table `j6fwc_content_rating`
--


--
-- Table structure for table `j6fwc_content_types`
--

CREATE TABLE `j6fwc_content_types` (
  `type_id` int(10) unsigned NOT NULL AUTO_INCREMENT,
  `type_title` varchar(255) NOT NULL DEFAULT '',
  `type_alias` varchar(400) NOT NULL DEFAULT '',
  `table` varchar(2048) NOT NULL DEFAULT '',
  `rules` text NOT NULL,
  `field_mappings` text NOT NULL,
  `router` varchar(255) NOT NULL DEFAULT '',
  `content_history_options` varchar(5120) DEFAULT NULL COMMENT 'JSON string for com_contenthistory options',
  PRIMARY KEY (`type_id`),
  KEY `idx_alias` (`type_alias`(100))
) ENGINE=InnoDB AUTO_INCREMENT=10000 DEFAULT CHARSET=utf8mb4 COLLATE=utf8mb4_unicode_ci;

--
-- Dumping data for table `j6fwc_content_types`
--

INSERT INTO `j6fwc_content_types` VALUES (1,'Article','com_content.article','{\"special\":{\"dbtable\":\"#__content\",\"key\":\"id\",\"type\":\"ArticleTable\",\"prefix\":\"Joomla\\\\Component\\\\Content\\\\Administrator\\\\Table\\\\\",\"config\":\"array()\"},\"common\":{\"dbtable\":\"#__ucm_content\",\"key\":\"ucm_id\",\"type\":\"Corecontent\",\"prefix\":\"Joomla\\\\CMS\\\\Table\\\\\",\"config\":\"array()\"}}','','{\"common\":{\"core_content_item_id\":\"id\",\"core_title\":\"title\",\"core_state\":\"state\",\"core_alias\":\"alias\",\"core_created_time\":\"created\",\"core_modified_time\":\"modified\",\"core_body\":\"introtext\", \"core_hits\":\"hits\",\"core_publish_up\":\"publish_up\",\"core_publish_down\":\"publish_down\",\"core_access\":\"access\", \"core_params\":\"attribs\", \"core_featured\":\"featured\", \"core_metadata\":\"metadata\", \"core_language\":\"language\", \"core_images\":\"images\", \"core_urls\":\"urls\", \"core_version\":\"version\", \"core_ordering\":\"ordering\", \"core_metakey\":\"metakey\", \"core_metadesc\":\"metadesc\", \"core_catid\":\"catid\", \"asset_id\":\"asset_id\", \"note\":\"note\"}, \"special\":{\"fulltext\":\"fulltext\"}}','ContentHelperRoute::getArticleRoute','{\"formFile\":\"administrator\\/components\\/com_content\\/forms\\/article.xml\", \"hideFields\":[\"asset_id\",\"checked_out\",\"checked_out_time\",\"version\"],\"ignoreChanges\":[\"modified_by\", \"modified\", \"checked_out\", \"checked_out_time\", \"version\", \"hits\", \"ordering\"],\"convertToInt\":[\"publish_up\", \"publish_down\", \"featured\", \"ordering\"],\"displayLookup\":[{\"sourceColumn\":\"catid\",\"targetTable\":\"#__categories\",\"targetColumn\":\"id\",\"displayColumn\":\"title\"},{\"sourceColumn\":\"created_by\",\"targetTable\":\"#__users\",\"targetColumn\":\"id\",\"displayColumn\":\"name\"},{\"sourceColumn\":\"access\",\"targetTable\":\"#__viewlevels\",\"targetColumn\":\"id\",\"displayColumn\":\"title\"},{\"sourceColumn\":\"modified_by\",\"targetTable\":\"#__users\",\"targetColumn\":\"id\",\"displayColumn\":\"name\"} ]}'),(2,'Contact','com_contact.contact','{\"special\":{\"dbtable\":\"#__contact_details\",\"key\":\"id\",\"type\":\"ContactTable\",\"prefix\":\"Joomla\\\\Component\\\\Contact\\\\Administrator\\\\Table\\\\\",\"config\":\"array()\"},\"common\":{\"dbtable\":\"#__ucm_content\",\"key\":\"ucm_id\",\"type\":\"Corecontent\",\"prefix\":\"Joomla\\\\CMS\\\\Table\\\\\",\"config\":\"array()\"}}','','{\"common\":{\"core_content_item_id\":\"id\",\"core_title\":\"name\",\"core_state\":\"published\",\"core_alias\":\"alias\",\"core_created_time\":\"created\",\"core_modified_time\":\"modified\",\"core_body\":\"address\", \"core_hits\":\"hits\",\"core_publish_up\":\"publish_up\",\"core_publish_down\":\"publish_down\",\"core_access\":\"access\", \"core_params\":\"params\", \"core_featured\":\"featured\", \"core_metadata\":\"metadata\", \"core_language\":\"language\", \"core_images\":\"image\", \"core_urls\":\"webpage\", \"core_version\":\"version\", \"core_ordering\":\"ordering\", \"core_metakey\":\"metakey\", \"core_metadesc\":\"metadesc\", \"core_catid\":\"catid\", \"asset_id\":\"null\"}, \"special\":{\"con_position\":\"con_position\",\"suburb\":\"suburb\",\"state\":\"state\",\"country\":\"country\",\"postcode\":\"postcode\",\"telephone\":\"telephone\",\"fax\":\"fax\",\"misc\":\"misc\",\"email_to\":\"email_to\",\"default_con\":\"default_con\",\"user_id\":\"user_id\",\"mobile\":\"mobile\",\"sortname1\":\"sortname1\",\"sortname2\":\"sortname2\",\"sortname3\":\"sortname3\"}}','ContactHelperRoute::getContactRoute','{\"formFile\":\"administrator\\/components\\/com_contact\\/forms\\/contact.xml\",\"hideFields\":[\"default_con\",\"checked_out\",\"checked_out_time\",\"version\"],\"ignoreChanges\":[\"modified_by\", \"modified\", \"checked_out\", \"checked_out_time\", \"version\", \"hits\"],\"convertToInt\":[\"publish_up\", \"publish_down\", \"featured\", \"ordering\"], \"displayLookup\":[ {\"sourceColumn\":\"created_by\",\"targetTable\":\"#__users\",\"targetColumn\":\"id\",\"displayColumn\":\"name\"},{\"sourceColumn\":\"catid\",\"targetTable\":\"#__categories\",\"targetColumn\":\"id\",\"displayColumn\":\"title\"},{\"sourceColumn\":\"modified_by\",\"targetTable\":\"#__users\",\"targetColumn\":\"id\",\"displayColumn\":\"name\"},{\"sourceColumn\":\"access\",\"targetTable\":\"#__viewlevels\",\"targetColumn\":\"id\",\"displayColumn\":\"title\"},{\"sourceColumn\":\"user_id\",\"targetTable\":\"#__users\",\"targetColumn\":\"id\",\"displayColumn\":\"name\"} ] }'),(3,'Newsfeed','com_newsfeeds.newsfeed','{\"special\":{\"dbtable\":\"#__newsfeeds\",\"key\":\"id\",\"type\":\"NewsfeedTable\",\"prefix\":\"Joomla\\\\Component\\\\Newsfeeds\\\\Administrator\\\\Table\\\\\",\"config\":\"array()\"},\"common\":{\"dbtable\":\"#__ucm_content\",\"key\":\"ucm_id\",\"type\":\"Corecontent\",\"prefix\":\"Joomla\\\\CMS\\\\Table\\\\\",\"config\":\"array()\"}}','','{\"common\":{\"core_content_item_id\":\"id\",\"core_title\":\"name\",\"core_state\":\"published\",\"core_alias\":\"alias\",\"core_created_time\":\"created\",\"core_modified_time\":\"modified\",\"core_body\":\"description\", \"core_hits\":\"hits\",\"core_publish_up\":\"publish_up\",\"core_publish_down\":\"publish_down\",\"core_access\":\"access\", \"core_params\":\"params\", \"core_featured\":\"featured\", \"core_metadata\":\"metadata\", \"core_language\":\"language\", \"core_images\":\"images\", \"core_urls\":\"link\", \"core_version\":\"version\", \"core_ordering\":\"ordering\", \"core_metakey\":\"metakey\", \"core_metadesc\":\"metadesc\", \"core_catid\":\"catid\", \"asset_id\":\"null\"}, \"special\":{\"numarticles\":\"numarticles\",\"cache_time\":\"cache_time\",\"rtl\":\"rtl\"}}','NewsfeedsHelperRoute::getNewsfeedRoute','{\"formFile\":\"administrator\\/components\\/com_newsfeeds\\/forms\\/newsfeed.xml\",\"hideFields\":[\"asset_id\",\"checked_out\",\"checked_out_time\",\"version\"],\"ignoreChanges\":[\"modified_by\", \"modified\", \"checked_out\", \"checked_out_time\", \"version\", \"hits\"],\"convertToInt\":[\"publish_up\", \"publish_down\", \"featured\", \"ordering\"],\"displayLookup\":[{\"sourceColumn\":\"catid\",\"targetTable\":\"#__categories\",\"targetColumn\":\"id\",\"displayColumn\":\"title\"},{\"sourceColumn\":\"created_by\",\"targetTable\":\"#__users\",\"targetColumn\":\"id\",\"displayColumn\":\"name\"},{\"sourceColumn\":\"access\",\"targetTable\":\"#__viewlevels\",\"targetColumn\":\"id\",\"displayColumn\":\"title\"},{\"sourceColumn\":\"modified_by\",\"targetTable\":\"#__users\",\"targetColumn\":\"id\",\"displayColumn\":\"name\"} ]}'),(4,'User','com_users.user','{\"special\":{\"dbtable\":\"#__users\",\"key\":\"id\",\"type\":\"User\",\"prefix\":\"Joomla\\\\CMS\\\\Table\\\\\",\"config\":\"array()\"},\"common\":{\"dbtable\":\"#__ucm_content\",\"key\":\"ucm_id\",\"type\":\"Corecontent\",\"prefix\":\"Joomla\\\\CMS\\\\Table\\\\\",\"config\":\"array()\"}}','','{\"common\":{\"core_content_item_id\":\"id\",\"core_title\":\"name\",\"core_state\":\"null\",\"core_alias\":\"username\",\"core_created_time\":\"registerDate\",\"core_modified_time\":\"lastvisitDate\",\"core_body\":\"null\", \"core_hits\":\"null\",\"core_publish_up\":\"null\",\"core_publish_down\":\"null\",\"access\":\"null\", \"core_params\":\"params\", \"core_featured\":\"null\", \"core_metadata\":\"null\", \"core_language\":\"null\", \"core_images\":\"null\", \"core_urls\":\"null\", \"core_version\":\"null\", \"core_ordering\":\"null\", \"core_metakey\":\"null\", \"core_metadesc\":\"null\", \"core_catid\":\"null\", \"asset_id\":\"null\"}, \"special\":{}}','',''),(5,'Article Category','com_content.category','{\"special\":{\"dbtable\":\"#__categories\",\"key\":\"id\",\"type\":\"CategoryTable\",\"prefix\":\"Joomla\\\\Component\\\\Categories\\\\Administrator\\\\Table\\\\\",\"config\":\"array()\"},\"common\":{\"dbtable\":\"#__ucm_content\",\"key\":\"ucm_id\",\"type\":\"Corecontent\",\"prefix\":\"Joomla\\\\CMS\\\\Table\\\\\",\"config\":\"array()\"}}','','{\"common\":{\"core_content_item_id\":\"id\",\"core_title\":\"title\",\"core_state\":\"published\",\"core_alias\":\"alias\",\"core_created_time\":\"created_time\",\"core_modified_time\":\"modified_time\",\"core_body\":\"description\", \"core_hits\":\"hits\",\"core_publish_up\":\"null\",\"core_publish_down\":\"null\",\"core_access\":\"access\", \"core_params\":\"params\", \"core_featured\":\"null\", \"core_metadata\":\"metadata\", \"core_language\":\"language\", \"core_images\":\"null\", \"core_urls\":\"null\", \"core_version\":\"version\", \"core_ordering\":\"null\", \"core_metakey\":\"metakey\", \"core_metadesc\":\"metadesc\", \"core_catid\":\"parent_id\", \"asset_id\":\"asset_id\"}, \"special\":{\"parent_id\":\"parent_id\",\"lft\":\"lft\",\"rgt\":\"rgt\",\"level\":\"level\",\"path\":\"path\",\"extension\":\"extension\",\"note\":\"note\"}}','ContentHelperRoute::getCategoryRoute','{\"formFile\":\"administrator\\/components\\/com_categories\\/forms\\/category.xml\", \"hideFields\":[\"asset_id\",\"checked_out\",\"checked_out_time\",\"version\",\"lft\",\"rgt\",\"level\",\"path\",\"extension\"], \"ignoreChanges\":[\"modified_user_id\", \"modified_time\", \"checked_out\", \"checked_out_time\", \"version\", \"hits\", \"path\"],\"convertToInt\":[\"publish_up\", \"publish_down\"], \"displayLookup\":[{\"sourceColumn\":\"created_user_id\",\"targetTable\":\"#__users\",\"targetColumn\":\"id\",\"displayColumn\":\"name\"},{\"sourceColumn\":\"access\",\"targetTable\":\"#__viewlevels\",\"targetColumn\":\"id\",\"displayColumn\":\"title\"},{\"sourceColumn\":\"modified_user_id\",\"targetTable\":\"#__users\",\"targetColumn\":\"id\",\"displayColumn\":\"name\"},{\"sourceColumn\":\"parent_id\",\"targetTable\":\"#__categories\",\"targetColumn\":\"id\",\"displayColumn\":\"title\"}]}'),(6,'Contact Category','com_contact.category','{\"special\":{\"dbtable\":\"#__categories\",\"key\":\"id\",\"type\":\"CategoryTable\",\"prefix\":\"Joomla\\\\Component\\\\Categories\\\\Administrator\\\\Table\\\\\",\"config\":\"array()\"},\"common\":{\"dbtable\":\"#__ucm_content\",\"key\":\"ucm_id\",\"type\":\"Corecontent\",\"prefix\":\"Joomla\\\\CMS\\\\Table\\\\\",\"config\":\"array()\"}}','','{\"common\":{\"core_content_item_id\":\"id\",\"core_title\":\"title\",\"core_state\":\"published\",\"core_alias\":\"alias\",\"core_created_time\":\"created_time\",\"core_modified_time\":\"modified_time\",\"core_body\":\"description\", \"core_hits\":\"hits\",\"core_publish_up\":\"null\",\"core_publish_down\":\"null\",\"core_access\":\"access\", \"core_params\":\"params\", \"core_featured\":\"null\", \"core_metadata\":\"metadata\", \"core_language\":\"language\", \"core_images\":\"null\", \"core_urls\":\"null\", \"core_version\":\"version\", \"core_ordering\":\"null\", \"core_metakey\":\"metakey\", \"core_metadesc\":\"metadesc\", \"core_catid\":\"parent_id\", \"asset_id\":\"asset_id\"}, \"special\":{\"parent_id\":\"parent_id\",\"lft\":\"lft\",\"rgt\":\"rgt\",\"level\":\"level\",\"path\":\"path\",\"extension\":\"extension\",\"note\":\"note\"}}','ContactHelperRoute::getCategoryRoute','{\"formFile\":\"administrator\\/components\\/com_categories\\/forms\\/category.xml\", \"hideFields\":[\"asset_id\",\"checked_out\",\"checked_out_time\",\"version\",\"lft\",\"rgt\",\"level\",\"path\",\"extension\"], \"ignoreChanges\":[\"modified_user_id\", \"modified_time\", \"checked_out\", \"checked_out_time\", \"version\", \"hits\", \"path\"],\"convertToInt\":[\"publish_up\", \"publish_down\"], \"displayLookup\":[{\"sourceColumn\":\"created_user_id\",\"targetTable\":\"#__users\",\"targetColumn\":\"id\",\"displayColumn\":\"name\"},{\"sourceColumn\":\"access\",\"targetTable\":\"#__viewlevels\",\"targetColumn\":\"id\",\"displayColumn\":\"title\"},{\"sourceColumn\":\"modified_user_id\",\"targetTable\":\"#__users\",\"targetColumn\":\"id\",\"displayColumn\":\"name\"},{\"sourceColumn\":\"parent_id\",\"targetTable\":\"#__categories\",\"targetColumn\":\"id\",\"displayColumn\":\"title\"}]}'),(7,'Newsfeeds Category','com_newsfeeds.category','{\"special\":{\"dbtable\":\"#__categories\",\"key\":\"id\",\"type\":\"CategoryTable\",\"prefix\":\"Joomla\\\\Component\\\\Categories\\\\Administrator\\\\Table\\\\\",\"config\":\"array()\"},\"common\":{\"dbtable\":\"#__ucm_content\",\"key\":\"ucm_id\",\"type\":\"Corecontent\",\"prefix\":\"Joomla\\\\CMS\\\\Table\\\\\",\"config\":\"array()\"}}','','{\"common\":{\"core_content_item_id\":\"id\",\"core_title\":\"title\",\"core_state\":\"published\",\"core_alias\":\"alias\",\"core_created_time\":\"created_time\",\"core_modified_time\":\"modified_time\",\"core_body\":\"description\", \"core_hits\":\"hits\",\"core_publish_up\":\"null\",\"core_publish_down\":\"null\",\"core_access\":\"access\", \"core_params\":\"params\", \"core_featured\":\"null\", \"core_metadata\":\"metadata\", \"core_language\":\"language\", \"core_images\":\"null\", \"core_urls\":\"null\", \"core_version\":\"version\", \"core_ordering\":\"null\", \"core_metakey\":\"metakey\", \"core_metadesc\":\"metadesc\", \"core_catid\":\"parent_id\", \"asset_id\":\"asset_id\"}, \"special\":{\"parent_id\":\"parent_id\",\"lft\":\"lft\",\"rgt\":\"rgt\",\"level\":\"level\",\"path\":\"path\",\"extension\":\"extension\",\"note\":\"note\"}}','NewsfeedsHelperRoute::getCategoryRoute','{\"formFile\":\"administrator\\/components\\/com_categories\\/forms\\/category.xml\", \"hideFields\":[\"asset_id\",\"checked_out\",\"checked_out_time\",\"version\",\"lft\",\"rgt\",\"level\",\"path\",\"extension\"], \"ignoreChanges\":[\"modified_user_id\", \"modified_time\", \"checked_out\", \"checked_out_time\", \"version\", \"hits\", \"path\"],\"convertToInt\":[\"publish_up\", \"publish_down\"], \"displayLookup\":[{\"sourceColumn\":\"created_user_id\",\"targetTable\":\"#__users\",\"targetColumn\":\"id\",\"displayColumn\":\"name\"},{\"sourceColumn\":\"access\",\"targetTable\":\"#__viewlevels\",\"targetColumn\":\"id\",\"displayColumn\":\"title\"},{\"sourceColumn\":\"modified_user_id\",\"targetTable\":\"#__users\",\"targetColumn\":\"id\",\"displayColumn\":\"name\"},{\"sourceColumn\":\"parent_id\",\"targetTable\":\"#__categories\",\"targetColumn\":\"id\",\"displayColumn\":\"title\"}]}'),(8,'Tag','com_tags.tag','{\"special\":{\"dbtable\":\"#__tags\",\"key\":\"tag_id\",\"type\":\"TagTable\",\"prefix\":\"Joomla\\\\Component\\\\Tags\\\\Administrator\\\\Table\\\\\",\"config\":\"array()\"},\"common\":{\"dbtable\":\"#__ucm_content\",\"key\":\"ucm_id\",\"type\":\"Corecontent\",\"prefix\":\"Joomla\\\\CMS\\\\Table\\\\\",\"config\":\"array()\"}}','','{\"common\":{\"core_content_item_id\":\"id\",\"core_title\":\"title\",\"core_state\":\"published\",\"core_alias\":\"alias\",\"core_created_time\":\"created_time\",\"core_modified_time\":\"modified_time\",\"core_body\":\"description\", \"core_hits\":\"hits\",\"core_publish_up\":\"null\",\"core_publish_down\":\"null\",\"core_access\":\"access\", \"core_params\":\"params\", \"core_featured\":\"featured\", \"core_metadata\":\"metadata\", \"core_language\":\"language\", \"core_images\":\"images\", \"core_urls\":\"urls\", \"core_version\":\"version\", \"core_ordering\":\"null\", \"core_metakey\":\"metakey\", \"core_metadesc\":\"metadesc\", \"core_catid\":\"null\", \"asset_id\":\"null\"}, \"special\":{\"parent_id\":\"parent_id\",\"lft\":\"lft\",\"rgt\":\"rgt\",\"level\":\"level\",\"path\":\"path\"}}','TagsHelperRoute::getTagRoute','{\"formFile\":\"administrator\\/components\\/com_tags\\/forms\\/tag.xml\", \"hideFields\":[\"checked_out\",\"checked_out_time\",\"version\", \"lft\", \"rgt\", \"level\", \"path\", \"urls\", \"publish_up\", \"publish_down\"],\"ignoreChanges\":[\"modified_user_id\", \"modified_time\", \"checked_out\", \"checked_out_time\", \"version\", \"hits\", \"path\"],\"convertToInt\":[\"publish_up\", \"publish_down\"], \"displayLookup\":[{\"sourceColumn\":\"created_user_id\",\"targetTable\":\"#__users\",\"targetColumn\":\"id\",\"displayColumn\":\"name\"}, {\"sourceColumn\":\"access\",\"targetTable\":\"#__viewlevels\",\"targetColumn\":\"id\",\"displayColumn\":\"title\"}, {\"sourceColumn\":\"modified_user_id\",\"targetTable\":\"#__users\",\"targetColumn\":\"id\",\"displayColumn\":\"name\"}]}'),(9,'Banner','com_banners.banner','{\"special\":{\"dbtable\":\"#__banners\",\"key\":\"id\",\"type\":\"BannerTable\",\"prefix\":\"Joomla\\\\Component\\\\Banners\\\\Administrator\\\\Table\\\\\",\"config\":\"array()\"},\"common\":{\"dbtable\":\"#__ucm_content\",\"key\":\"ucm_id\",\"type\":\"Corecontent\",\"prefix\":\"Joomla\\\\CMS\\\\Table\\\\\",\"config\":\"array()\"}}','','{\"common\":{\"core_content_item_id\":\"id\",\"core_title\":\"name\",\"core_state\":\"published\",\"core_alias\":\"alias\",\"core_created_time\":\"created\",\"core_modified_time\":\"modified\",\"core_body\":\"description\", \"core_hits\":\"null\",\"core_publish_up\":\"publish_up\",\"core_publish_down\":\"publish_down\",\"core_access\":\"access\", \"core_params\":\"params\", \"core_featured\":\"null\", \"core_metadata\":\"metadata\", \"core_language\":\"language\", \"core_images\":\"images\", \"core_urls\":\"link\", \"core_version\":\"version\", \"core_ordering\":\"ordering\", \"core_metakey\":\"metakey\", \"core_metadesc\":\"metadesc\", \"core_catid\":\"catid\", \"asset_id\":\"null\"}, \"special\":{\"imptotal\":\"imptotal\", \"impmade\":\"impmade\", \"clicks\":\"clicks\", \"clickurl\":\"clickurl\", \"custombannercode\":\"custombannercode\", \"cid\":\"cid\", \"purchase_type\":\"purchase_type\", \"track_impressions\":\"track_impressions\", \"track_clicks\":\"track_clicks\"}}','','{\"formFile\":\"administrator\\/components\\/com_banners\\/forms\\/banner.xml\", \"hideFields\":[\"checked_out\",\"checked_out_time\",\"version\", \"reset\"],\"ignoreChanges\":[\"modified_by\", \"modified\", \"checked_out\", \"checked_out_time\", \"version\", \"imptotal\", \"impmade\", \"reset\"], \"convertToInt\":[\"publish_up\", \"publish_down\", \"ordering\"], \"displayLookup\":[{\"sourceColumn\":\"catid\",\"targetTable\":\"#__categories\",\"targetColumn\":\"id\",\"displayColumn\":\"title\"}, {\"sourceColumn\":\"cid\",\"targetTable\":\"#__banner_clients\",\"targetColumn\":\"id\",\"displayColumn\":\"name\"}, {\"sourceColumn\":\"created_by\",\"targetTable\":\"#__users\",\"targetColumn\":\"id\",\"displayColumn\":\"name\"},{\"sourceColumn\":\"modified_by\",\"targetTable\":\"#__users\",\"targetColumn\":\"id\",\"displayColumn\":\"name\"} ]}'),(10,'Banners Category','com_banners.category','{\"special\":{\"dbtable\":\"#__categories\",\"key\":\"id\",\"type\":\"CategoryTable\",\"prefix\":\"Joomla\\\\Component\\\\Categories\\\\Administrator\\\\Table\\\\\",\"config\":\"array()\"},\"common\":{\"dbtable\":\"#__ucm_content\",\"key\":\"ucm_id\",\"type\":\"Corecontent\",\"prefix\":\"Joomla\\\\CMS\\\\Table\\\\\",\"config\":\"array()\"}}','','{\"common\":{\"core_content_item_id\":\"id\",\"core_title\":\"title\",\"core_state\":\"published\",\"core_alias\":\"alias\",\"core_created_time\":\"created_time\",\"core_modified_time\":\"modified_time\",\"core_body\":\"description\", \"core_hits\":\"hits\",\"core_publish_up\":\"null\",\"core_publish_down\":\"null\",\"core_access\":\"access\", \"core_params\":\"params\", \"core_featured\":\"null\", \"core_metadata\":\"metadata\", \"core_language\":\"language\", \"core_images\":\"null\", \"core_urls\":\"null\", \"core_version\":\"version\", \"core_ordering\":\"null\", \"core_metakey\":\"metakey\", \"core_metadesc\":\"metadesc\", \"core_catid\":\"parent_id\", \"asset_id\":\"asset_id\"}, \"special\": {\"parent_id\":\"parent_id\",\"lft\":\"lft\",\"rgt\":\"rgt\",\"level\":\"level\",\"path\":\"path\",\"extension\":\"extension\",\"note\":\"note\"}}','','{\"formFile\":\"administrator\\/components\\/com_categories\\/forms\\/category.xml\", \"hideFields\":[\"asset_id\",\"checked_out\",\"checked_out_time\",\"version\",\"lft\",\"rgt\",\"level\",\"path\",\"extension\"], \"ignoreChanges\":[\"modified_user_id\", \"modified_time\", \"checked_out\", \"checked_out_time\", \"version\", \"hits\", \"path\"], \"convertToInt\":[\"publish_up\", \"publish_down\"], \"displayLookup\":[{\"sourceColumn\":\"created_user_id\",\"targetTable\":\"#__users\",\"targetColumn\":\"id\",\"displayColumn\":\"name\"},{\"sourceColumn\":\"access\",\"targetTable\":\"#__viewlevels\",\"targetColumn\":\"id\",\"displayColumn\":\"title\"},{\"sourceColumn\":\"modified_user_id\",\"targetTable\":\"#__users\",\"targetColumn\":\"id\",\"displayColumn\":\"name\"},{\"sourceColumn\":\"parent_id\",\"targetTable\":\"#__categories\",\"targetColumn\":\"id\",\"displayColumn\":\"title\"}]}'),(11,'Banner Client','com_banners.client','{\"special\":{\"dbtable\":\"#__banner_clients\",\"key\":\"id\",\"type\":\"ClientTable\",\"prefix\":\"Joomla\\\\Component\\\\Banners\\\\Administrator\\\\Table\\\\\"}}','','','','{\"formFile\":\"administrator\\/components\\/com_banners\\/forms\\/client.xml\", \"hideFields\":[\"checked_out\",\"checked_out_time\"], \"ignoreChanges\":[\"checked_out\", \"checked_out_time\"], \"convertToInt\":[], \"displayLookup\":[]}'),(12,'User Notes','com_users.note','{\"special\":{\"dbtable\":\"#__user_notes\",\"key\":\"id\",\"type\":\"NoteTable\",\"prefix\":\"Joomla\\\\Component\\\\Users\\\\Administrator\\\\Table\\\\\"}}','','','','{\"formFile\":\"administrator\\/components\\/com_users\\/forms\\/note.xml\", \"hideFields\":[\"checked_out\",\"checked_out_time\", \"publish_up\", \"publish_down\"],\"ignoreChanges\":[\"modified_user_id\", \"modified_time\", \"checked_out\", \"checked_out_time\"], \"convertToInt\":[\"publish_up\", \"publish_down\"],\"displayLookup\":[{\"sourceColumn\":\"catid\",\"targetTable\":\"#__categories\",\"targetColumn\":\"id\",\"displayColumn\":\"title\"}, {\"sourceColumn\":\"created_user_id\",\"targetTable\":\"#__users\",\"targetColumn\":\"id\",\"displayColumn\":\"name\"}, {\"sourceColumn\":\"user_id\",\"targetTable\":\"#__users\",\"targetColumn\":\"id\",\"displayColumn\":\"name\"}, {\"sourceColumn\":\"modified_user_id\",\"targetTable\":\"#__users\",\"targetColumn\":\"id\",\"displayColumn\":\"name\"}]}'),(13,'User Notes Category','com_users.category','{\"special\":{\"dbtable\":\"#__categories\",\"key\":\"id\",\"type\":\"CategoryTable\",\"prefix\":\"Joomla\\\\Component\\\\Categories\\\\Administrator\\\\Table\\\\\",\"config\":\"array()\"},\"common\":{\"dbtable\":\"#__ucm_content\",\"key\":\"ucm_id\",\"type\":\"Corecontent\",\"prefix\":\"Joomla\\\\CMS\\\\Table\\\\\",\"config\":\"array()\"}}','','{\"common\":{\"core_content_item_id\":\"id\",\"core_title\":\"title\",\"core_state\":\"published\",\"core_alias\":\"alias\",\"core_created_time\":\"created_time\",\"core_modified_time\":\"modified_time\",\"core_body\":\"description\", \"core_hits\":\"hits\",\"core_publish_up\":\"null\",\"core_publish_down\":\"null\",\"core_access\":\"access\", \"core_params\":\"params\", \"core_featured\":\"null\", \"core_metadata\":\"metadata\", \"core_language\":\"language\", \"core_images\":\"null\", \"core_urls\":\"null\", \"core_version\":\"version\", \"core_ordering\":\"null\", \"core_metakey\":\"metakey\", \"core_metadesc\":\"metadesc\", \"core_catid\":\"parent_id\", \"asset_id\":\"asset_id\"}, \"special\":{\"parent_id\":\"parent_id\",\"lft\":\"lft\",\"rgt\":\"rgt\",\"level\":\"level\",\"path\":\"path\",\"extension\":\"extension\",\"note\":\"note\"}}','','{\"formFile\":\"administrator\\/components\\/com_categories\\/forms\\/category.xml\", \"hideFields\":[\"checked_out\",\"checked_out_time\",\"version\",\"lft\",\"rgt\",\"level\",\"path\",\"extension\"], \"ignoreChanges\":[\"modified_user_id\", \"modified_time\", \"checked_out\", \"checked_out_time\", \"version\", \"hits\", \"path\"], \"convertToInt\":[\"publish_up\", \"publish_down\"], \"displayLookup\":[{\"sourceColumn\":\"created_user_id\",\"targetTable\":\"#__users\",\"targetColumn\":\"id\",\"displayColumn\":\"name\"}, {\"sourceColumn\":\"access\",\"targetTable\":\"#__viewlevels\",\"targetColumn\":\"id\",\"displayColumn\":\"title\"},{\"sourceColumn\":\"modified_user_id\",\"targetTable\":\"#__users\",\"targetColumn\":\"id\",\"displayColumn\":\"name\"},{\"sourceColumn\":\"parent_id\",\"targetTable\":\"#__categories\",\"targetColumn\":\"id\",\"displayColumn\":\"title\"}]}');

--
