-- Table structure for table `j6fwc_user_keys`
--

CREATE TABLE `j6fwc_user_keys` (
  `id` int(10) unsigned NOT NULL AUTO_INCREMENT,
  `user_id` varchar(150) NOT NULL,
  `token` varchar(255) NOT NULL,
  `series` varchar(191) NOT NULL,
  `time` varchar(200) NOT NULL,
  `uastring` varchar(255) NOT NULL,
  PRIMARY KEY (`id`),
  UNIQUE KEY `series` (`series`),
  KEY `user_id` (`user_id`)
) ENGINE=InnoDB DEFAULT CHARSET=utf8mb4 COLLATE=utf8mb4_unicode_ci;

--
-- Dumping data for table `j6fwc_user_keys`
--


--
-- Table structure for table `j6fwc_user_notes`
--

CREATE TABLE `j6fwc_user_notes` (
  `id` int(10) unsigned NOT NULL AUTO_INCREMENT,
  `user_id` int(10) unsigned NOT NULL DEFAULT 0,
  `catid` int(10) unsigned NOT NULL DEFAULT 0,
  `subject` varchar(100) NOT NULL DEFAULT '',
  `body` text NOT NULL,
  `state` tinyint(4) NOT NULL DEFAULT 0,
  `checked_out` int(10) unsigned DEFAULT NULL,
  `checked_out_time` datetime DEFAULT NULL,
  `created_user_id` int(10) unsigned NOT NULL DEFAULT 0,
  `created_time` datetime NOT NULL,
  `modified_user_id` int(10) unsigned NOT NULL DEFAULT 0,
  `modified_time` datetime NOT NULL,
  `review_time` datetime DEFAULT NULL,
  `publish_up` datetime DEFAULT NULL,
  `publish_down` datetime DEFAULT NULL,
  PRIMARY KEY (`id`),
  KEY `idx_user_id` (`user_id`),
  KEY `idx_category_id` (`catid`)
) ENGINE=InnoDB DEFAULT CHARSET=utf8mb4 COLLATE=utf8mb4_unicode_ci;

--
-- Dumping data for table `j6fwc_user_notes`
--


--
-- Table structure for table `j6fwc_user_profiles`
--

CREATE TABLE `j6fwc_user_profiles` (
  `user_id` int(11) NOT NULL,
  `profile_key` varchar(100) NOT NULL,
  `profile_value` text NOT NULL,
  `ordering` int(11) NOT NULL DEFAULT 0,
  UNIQUE KEY `idx_user_id_profile_key` (`user_id`,`profile_key`)
) ENGINE=InnoDB DEFAULT CHARSET=utf8mb4 COLLATE=utf8mb4_unicode_ci COMMENT='Simple user profile storage table';

--
-- Dumping data for table `j6fwc_user_profiles`
--


--
-- Table structure for table `j6fwc_user_usergroup_map`
--

CREATE TABLE `j6fwc_user_usergroup_map` (
  `user_id` int(10) unsigned NOT NULL DEFAULT 0 COMMENT 'Foreign Key to #__users.id',
  `group_id` int(10) unsigned NOT NULL DEFAULT 0 COMMENT 'Foreign Key to #__usergroups.id',
  PRIMARY KEY (`user_id`,`group_id`)
) ENGINE=InnoDB DEFAULT CHARSET=utf8mb4 COLLATE=utf8mb4_unicode_ci;

--
-- Dumping data for table `j6fwc_user_usergroup_map`
--

INSERT INTO `j6fwc_user_usergroup_map` VALUES (295,8);

--
-- Table structure for table `j6fwc_usergroups`
--

CREATE TABLE `j6fwc_usergroups` (
  `id` int(10) unsigned NOT NULL AUTO_INCREMENT COMMENT 'Primary Key',
  `parent_id` int(10) unsigned NOT NULL DEFAULT 0 COMMENT 'Adjacency List Reference Id',
  `lft` int(11) NOT NULL DEFAULT 0 COMMENT 'Nested set lft.',
  `rgt` int(11) NOT NULL DEFAULT 0 COMMENT 'Nested set rgt.',
  `title` varchar(100) NOT NULL DEFAULT '',
  PRIMARY KEY (`id`),
  UNIQUE KEY `idx_usergroup_parent_title_lookup` (`parent_id`,`title`),
  KEY `idx_usergroup_title_lookup` (`title`),
  KEY `idx_usergroup_adjacency_lookup` (`parent_id`),
  KEY `idx_usergroup_nested_set_lookup` (`lft`,`rgt`) USING BTREE
) ENGINE=InnoDB AUTO_INCREMENT=10 DEFAULT CHARSET=utf8mb4 COLLATE=utf8mb4_unicode_ci;

--
-- Dumping data for table `j6fwc_usergroups`
--

INSERT INTO `j6fwc_usergroups` VALUES (1,0,1,18,'Public'),(2,1,8,15,'Registered'),(3,2,9,14,'Author'),(4,3,10,13,'Editor'),(5,4,11,12,'Publisher'),(6,1,4,7,'Manager'),(7,6,5,6,'Administrator'),(8,1,16,17,'Super Users'),(9,1,2,3,'Guest');

--
-- Table structure for table `j6fwc_users`
--

CREATE TABLE `j6fwc_users` (
  `id` int(11) NOT NULL AUTO_INCREMENT,
  `name` varchar(400) NOT NULL DEFAULT '',
  `username` varchar(150) NOT NULL DEFAULT '',
  `email` varchar(100) NOT NULL DEFAULT '',
  `password` varchar(100) NOT NULL DEFAULT '',
  `block` tinyint(4) NOT NULL DEFAULT 0,
  `sendEmail` tinyint(4) DEFAULT 0,
  `registerDate` datetime NOT NULL,
  `lastvisitDate` datetime DEFAULT NULL,
  `activation` varchar(100) NOT NULL DEFAULT '',
  `params` text NOT NULL,
  `lastResetTime` datetime DEFAULT NULL COMMENT 'Date of last password reset',
  `resetCount` int(11) NOT NULL DEFAULT 0 COMMENT 'Count of password resets since lastResetTime',
  `otpKey` varchar(1000) NOT NULL DEFAULT '' COMMENT 'Two factor authentication encrypted keys',
  `otep` varchar(1000) NOT NULL DEFAULT '' COMMENT 'One time emergency passwords',
  `requireReset` tinyint(4) NOT NULL DEFAULT 0 COMMENT 'Require user to reset password on next login',
  PRIMARY KEY (`id`),
  UNIQUE KEY `idx_username` (`username`),
  KEY `idx_name` (`name`(100)),
  KEY `idx_block` (`block`),
  KEY `email` (`email`)
) ENGINE=InnoDB AUTO_INCREMENT=296 DEFAULT CHARSET=utf8mb4 COLLATE=utf8mb4_unicode_ci;

--
-- Dumping data for table `j6fwc_users`
--

INSERT INTO `j6fwc_users` VALUES (295,'Λεωνίδας Φραγγίδης','admin','fragidis@mst.ihu.gr','$2y$10$DImuI677iqNcUECHC34.Mes095581ER/uti9taXnb7n0VnawAXP0m',0,1,'2022-03-04 11:29:24','2022-03-04 11:33:55','0','',NULL,0,'','',0);

--
-- Table structure for table `j6fwc_viewlevels`
--

CREATE TABLE `j6fwc_viewlevels` (
  `id` int(10) unsigned NOT NULL AUTO_INCREMENT COMMENT 'Primary Key',
  `title` varchar(100) NOT NULL DEFAULT '',
  `ordering` int(11) NOT NULL DEFAULT 0,
  `rules` varchar(5120) NOT NULL COMMENT 'JSON encoded access control.',
  PRIMARY KEY (`id`),
  UNIQUE KEY `idx_assetgroup_title_lookup` (`title`)
) ENGINE=InnoDB AUTO_INCREMENT=7 DEFAULT CHARSET=utf8mb4 COLLATE=utf8mb4_unicode_ci;

--
-- Dumping data for table `j6fwc_viewlevels`
--

INSERT INTO `j6fwc_viewlevels` VALUES (1,'Public',0,'[1]'),(2,'Registered',2,'[6,2,8]'),(3,'Special',3,'[6,3,8]'),(5,'Guest',1,'[9]'),(6,'Super Users',4,'[8]');

--
-- Table structure for table `j6fwc_webauthn_credentials`
--

CREATE TABLE `j6fwc_webauthn_credentials` (
  `id` varchar(1000) NOT NULL COMMENT 'Credential ID',
  `user_id` varchar(128) NOT NULL COMMENT 'User handle',
  `label` varchar(190) NOT NULL COMMENT 'Human readable label',
  `credential` mediumtext NOT NULL COMMENT 'Credential source data, JSON format',
  PRIMARY KEY (`id`(100)),
  KEY `user_id` (`user_id`(100))
) ENGINE=InnoDB DEFAULT CHARSET=utf8mb4 COLLATE=utf8mb4_unicode_ci;

--
-- Dumping data for table `j6fwc_webauthn_credentials`
--


--
-- Table structure for table `j6fwc_workflow_associations`
--

CREATE TABLE `j6fwc_workflow_associations` (
  `item_id` int(11) NOT NULL DEFAULT 0 COMMENT 'Extension table id value',
  `stage_id` int(11) NOT NULL COMMENT 'Foreign Key to #__workflow_stages.id',
  `extension` varchar(50) NOT NULL,
  PRIMARY KEY (`item_id`,`extension`),
  KEY `idx_item_stage_extension` (`item_id`,`stage_id`,`extension`),
  KEY `idx_item_id` (`item_id`),
  KEY `idx_stage_id` (`stage_id`),
  KEY `idx_extension` (`extension`)
) ENGINE=InnoDB DEFAULT CHARSET=utf8mb4 COLLATE=utf8mb4_unicode_ci;

--
-- Dumping data for table `j6fwc_workflow_associations`
--

INSERT INTO `j6fwc_workflow_associations` VALUES (1,1,'com_content.article'),(2,1,'com_content.article');

--
-- Table structure for table `j6fwc_workflow_stages`
--

CREATE TABLE `j6fwc_workflow_stages` (
  `id` int(11) NOT NULL AUTO_INCREMENT,
  `asset_id` int(11) DEFAULT 0,
  `ordering` int(11) NOT NULL DEFAULT 0,
  `workflow_id` int(11) NOT NULL,
  `published` tinyint(4) NOT NULL DEFAULT 0,
  `title` varchar(255) NOT NULL,
  `description` text NOT NULL,
  `default` tinyint(4) NOT NULL DEFAULT 0,
  `checked_out_time` datetime DEFAULT NULL,
  `checked_out` int(10) unsigned DEFAULT NULL,
  PRIMARY KEY (`id`),
  KEY `idx_workflow_id` (`workflow_id`),
  KEY `idx_checked_out` (`checked_out`),
  KEY `idx_title` (`title`(191)),
  KEY `idx_asset_id` (`asset_id`),
  KEY `idx_default` (`default`)
) ENGINE=InnoDB AUTO_INCREMENT=2 DEFAULT CHARSET=utf8mb4 COLLATE=utf8mb4_unicode_ci;

--
-- Dumping data for table `j6fwc_workflow_stages`
--

INSERT INTO `j6fwc_workflow_stages` VALUES (1,57,1,1,1,'COM_WORKFLOW_BASIC_STAGE','',1,NULL,NULL);

--
-- Table structure for table `j6fwc_workflow_transitions`
--

CREATE TABLE `j6fwc_workflow_transitions` (
  `id` int(11) NOT NULL AUTO_INCREMENT,
  `asset_id` int(11) DEFAULT 0,
  `ordering` int(11) NOT NULL DEFAULT 0,
  `workflow_id` int(11) NOT NULL,
  `published` tinyint(4) NOT NULL DEFAULT 0,
  `title` varchar(255) NOT NULL,
  `description` text NOT NULL,
  `from_stage_id` int(11) NOT NULL,
  `to_stage_id` int(11) NOT NULL,
  `options` text NOT NULL,
  `checked_out_time` datetime DEFAULT NULL,
  `checked_out` int(10) unsigned DEFAULT NULL,
  PRIMARY KEY (`id`),
  KEY `idx_title` (`title`(191)),
  KEY `idx_asset_id` (`asset_id`),
  KEY `idx_checked_out` (`checked_out`),
  KEY `idx_from_stage_id` (`from_stage_id`),
  KEY `idx_to_stage_id` (`to_stage_id`),
  KEY `idx_workflow_id` (`workflow_id`)
) ENGINE=InnoDB AUTO_INCREMENT=8 DEFAULT CHARSET=utf8mb4 COLLATE=utf8mb4_unicode_ci;

--
-- Dumping data for table `j6fwc_workflow_transitions`
--

INSERT INTO `j6fwc_workflow_transitions` VALUES (1,58,1,1,1,'UNPUBLISH','',-1,1,'{\"publishing\":\"0\"}',NULL,NULL),(2,59,2,1,1,'PUBLISH','',-1,1,'{\"publishing\":\"1\"}',NULL,NULL),(3,60,3,1,1,'TRASH','',-1,1,'{\"publishing\":\"-2\"}',NULL,NULL),(4,61,4,1,1,'ARCHIVE','',-1,1,'{\"publishing\":\"2\"}',NULL,NULL),(5,62,5,1,1,'FEATURE','',-1,1,'{\"featuring\":\"1\"}',NULL,NULL),(6,63,6,1,1,'UNFEATURE','',-1,1,'{\"featuring\":\"0\"}',NULL,NULL),(7,64,7,1,1,'PUBLISH_AND_FEATURE','',-1,1,'{\"publishing\":\"1\",\"featuring\":\"1\"}',NULL,NULL);

--
-- Table structure for table `j6fwc_workflows`
--

CREATE TABLE `j6fwc_workflows` (
  `id` int(11) NOT NULL AUTO_INCREMENT,
  `asset_id` int(11) DEFAULT 0,
  `published` tinyint(4) NOT NULL DEFAULT 0,
  `title` varchar(255) NOT NULL,
  `description` text NOT NULL,
  `extension` varchar(50) NOT NULL,
  `default` tinyint(4) NOT NULL DEFAULT 0,
  `ordering` int(11) NOT NULL DEFAULT 0,
  `created` datetime NOT NULL,
  `created_by` int(11) NOT NULL DEFAULT 0,
  `modified` datetime NOT NULL,
  `modified_by` int(11) NOT NULL DEFAULT 0,
  `checked_out_time` datetime DEFAULT NULL,
  `checked_out` int(10) unsigned DEFAULT NULL,
  PRIMARY KEY (`id`),
  KEY `idx_asset_id` (`asset_id`),
  KEY `idx_title` (`title`(191)),
  KEY `idx_extension` (`extension`),
  KEY `idx_default` (`default`),
  KEY `idx_created` (`created`),
  KEY `idx_created_by` (`created_by`),
  KEY `idx_modified` (`modified`),
  KEY `idx_modified_by` (`modified_by`),
  KEY `idx_checked_out` (`checked_out`)
) ENGINE=InnoDB AUTO_INCREMENT=2 DEFAULT CHARSET=utf8mb4 COLLATE=utf8mb4_unicode_ci;

--
-- Dumping data for table `j6fwc_workflows`
--

INSERT INTO `j6fwc_workflows` VALUES (1,56,1,'COM_WORKFLOW_BASIC_WORKFLOW','','com_content.article',1,1,'2022-03-04 11:29:23',295,'2022-03-04 11:29:23',295,NULL,NULL);

--
-- Table structure for table `ordering`
--

CREATE TABLE `ordering` (
  `ID` int(11) NOT NULL,
  `ORDERDATE` date NOT NULL,
  `ADVANCEPAY` float NOT NULL,
  `ID_SALESMAN` varchar(5) NOT NULL,
  `ID_CLIENT` varchar(5) NOT NULL,
  PRIMARY KEY (`ID`),
  KEY `ID_SALESMAN` (`ID_SALESMAN`),
  KEY `ID_CLIENT` (`ID_CLIENT`),
  CONSTRAINT `ordering_ibfk_1` FOREIGN KEY (`ID_SALESMAN`) REFERENCES `salesman` (`ID`),
  CONSTRAINT `ordering_ibfk_2` FOREIGN KEY (`ID_CLIENT`) REFERENCES `client` (`ID`)
) ENGINE=InnoDB DEFAULT CHARSET=utf8 COLLATE=utf8_unicode_ci;

--
-- Dumping data for table `ordering`
--

INSERT INTO `ordering` VALUES (1,'2020-11-20',400,'Α-34','ΕΒ32'),(2,'2020-12-04',0,'Α-35','ΕΒ34'),(3,'2020-12-03',100,'Α-35','ΕΒ34');

--
-- Table structure for table `ordering_n`
--

CREATE TABLE `ordering_n` (
  `ID` int(11) NOT NULL,
  `ORDERDATE` date NOT NULL,
  `ADVANCEPAY` float NOT NULL,
  `ID_SALESMAN` varchar(5) NOT NULL,
  `ID_CLIENT` varchar(5) NOT NULL,
  PRIMARY KEY (`ID`),
  KEY `ID_CLIENT` (`ID_CLIENT`),
  KEY `ID_SALESMAN` (`ID_SALESMAN`,`ID_CLIENT`),
  CONSTRAINT `ordering_n_ibfk_1` FOREIGN KEY (`ID_CLIENT`) REFERENCES `client_n` (`ID`) ON DELETE NO ACTION ON UPDATE NO ACTION
) ENGINE=InnoDB DEFAULT CHARSET=utf8mb4 COLLATE=utf8mb4_general_ci;

--
-- Dumping data for table `ordering_n`
--


--
-- Table structure for table `orderlist`
--

CREATE TABLE `orderlist` (
  `ID` int(11) NOT NULL AUTO_INCREMENT,
  `ID_ORDERING` int(11) NOT NULL,
  `ID_PRODUCT` varchar(10) NOT NULL,
  `PRICE` float NOT NULL,
  `QUANTITY` int(11) NOT NULL,
  PRIMARY KEY (`ID`),
  KEY `ID_PRODUCT` (`ID_PRODUCT`),
  KEY `ID_ORDERING` (`ID_ORDERING`),
  CONSTRAINT `orderlist_ibfk_2` FOREIGN KEY (`ID_ORDERING`) REFERENCES `ordering` (`ID`),
  CONSTRAINT `orderlist_ibfk_3` FOREIGN KEY (`ID_PRODUCT`) REFERENCES `product` (`ID`)
) ENGINE=InnoDB AUTO_INCREMENT=7 DEFAULT CHARSET=utf8 COLLATE=utf8_unicode_ci;

--
-- Dumping data for table `orderlist`
--

INSERT INTO `orderlist` VALUES (2,1,'KKS-221',560,1),(3,1,'PHT-345',120,4),(4,1,'SDB-374',189,2),(5,2,'PSE-501',500,1),(6,3,'OPN-001',400,2);

--
-- Table structure for table `product`
--

CREATE TABLE `product` (
  `ID` varchar(10) NOT NULL,
  `DESCRIPTION` varchar(100) NOT NULL,
  `MANUFACTURER` varchar(50) NOT NULL,
  PRIMARY KEY (`ID`)
) ENGINE=InnoDB DEFAULT CHARSET=utf8 COLLATE=utf8_unicode_ci;

--
-- Dumping data for table `product`
--

INSERT INTO `product` VALUES ('KKS-221','Τηλεόραση','LG'),('OPN-001','OnePlus Nord','OnePlus'),('PHT-345','Φωτογραφική Μηχανή','SONY'),('PSE-501','PLAY STATION 5','SONY'),('SDB-374','Οθόνη LCD','LG');

--
-- Table structure for table `qoxnc_action_log_config`
--

CREATE TABLE `qoxnc_action_log_config` (
  `id` int(10) unsigned NOT NULL AUTO_INCREMENT,
  `type_title` varchar(255) NOT NULL DEFAULT '',
  `type_alias` varchar(255) NOT NULL DEFAULT '',
  `id_holder` varchar(255) DEFAULT NULL,
  `title_holder` varchar(255) DEFAULT NULL,
  `table_name` varchar(255) DEFAULT NULL,
  `text_prefix` varchar(255) DEFAULT NULL,
  PRIMARY KEY (`id`)
) ENGINE=InnoDB AUTO_INCREMENT=21 DEFAULT CHARSET=utf8mb4 COLLATE=utf8mb4_unicode_ci;

--
-- Dumping data for table `qoxnc_action_log_config`
--

INSERT INTO `qoxnc_action_log_config` VALUES (1,'article','com_content.article','id','title','#__content','PLG_ACTIONLOG_JOOMLA'),(2,'article','com_content.form','id','title','#__content','PLG_ACTIONLOG_JOOMLA'),(3,'banner','com_banners.banner','id','name','#__banners','PLG_ACTIONLOG_JOOMLA'),(4,'user_note','com_users.note','id','subject','#__user_notes','PLG_ACTIONLOG_JOOMLA'),(5,'media','com_media.file','','name','','PLG_ACTIONLOG_JOOMLA'),(6,'category','com_categories.category','id','title','#__categories','PLG_ACTIONLOG_JOOMLA'),(7,'menu','com_menus.menu','id','title','#__menu_types','PLG_ACTIONLOG_JOOMLA'),(8,'menu_item','com_menus.item','id','title','#__menu','PLG_ACTIONLOG_JOOMLA'),(9,'newsfeed','com_newsfeeds.newsfeed','id','name','#__newsfeeds','PLG_ACTIONLOG_JOOMLA'),(10,'link','com_redirect.link','id','old_url','#__redirect_links','PLG_ACTIONLOG_JOOMLA'),(11,'tag','com_tags.tag','id','title','#__tags','PLG_ACTIONLOG_JOOMLA'),(12,'style','com_templates.style','id','title','#__template_styles','PLG_ACTIONLOG_JOOMLA'),(13,'plugin','com_plugins.plugin','extension_id','name','#__extensions','PLG_ACTIONLOG_JOOMLA'),(14,'component_config','com_config.component','extension_id','name','','PLG_ACTIONLOG_JOOMLA'),(15,'contact','com_contact.contact','id','name','#__contact_details','PLG_ACTIONLOG_JOOMLA'),(16,'module','com_modules.module','id','title','#__modules','PLG_ACTIONLOG_JOOMLA'),(17,'access_level','com_users.level','id','title','#__viewlevels','PLG_ACTIONLOG_JOOMLA'),(18,'banner_client','com_banners.client','id','name','#__banner_clients','PLG_ACTIONLOG_JOOMLA'),(19,'application_config','com_config.application','','name','','PLG_ACTIONLOG_JOOMLA'),(20,'task','com_scheduler.task','id','title','#__scheduler_tasks','PLG_ACTIONLOG_JOOMLA');

--
-- Table structure for table `qoxnc_action_logs`
--

CREATE TABLE `qoxnc_action_logs` (
  `id` int(10) unsigned NOT NULL AUTO_INCREMENT,
  `message_language_key` varchar(255) NOT NULL DEFAULT '',
  `message` text NOT NULL,
  `log_date` datetime NOT NULL,
  `extension` varchar(50) NOT NULL DEFAULT '',
  `user_id` int(11) NOT NULL DEFAULT 0,
  `item_id` int(11) NOT NULL DEFAULT 0,
  `ip_address` varchar(40) NOT NULL DEFAULT '0.0.0.0',
  PRIMARY KEY (`id`),
  KEY `idx_user_id` (`user_id`),
  KEY `idx_user_id_logdate` (`user_id`,`log_date`),
  KEY `idx_user_id_extension` (`user_id`,`extension`),
  KEY `idx_extension_item_id` (`extension`,`item_id`)
) ENGINE=InnoDB AUTO_INCREMENT=72 DEFAULT CHARSET=utf8mb4 COLLATE=utf8mb4_unicode_ci;

--
-- Dumping data for table `qoxnc_action_logs`
--

INSERT INTO `qoxnc_action_logs` VALUES (1,'PLG_ACTIONLOG_JOOMLA_USER_LOGGED_IN','{\"action\":\"login\",\"userid\":605,\"username\":\"admin\",\"accountlink\":\"index.php?option=com_users&task=user.edit&id=605\",\"app\":\"PLG_ACTIONLOG_JOOMLA_APPLICATION_ADMINISTRATOR\"}','2022-12-15 17:05:32','com_users',605,0,'COM_ACTIONLOGS_DISABLED'),(2,'PLG_ACTIONLOG_JOOMLA_EXTENSION_INSTALLED','{\"action\":\"install\",\"type\":\"PLG_ACTIONLOG_JOOMLA_TYPE_LANGUAGE\",\"id\":229,\"name\":\"Greek (el-GR)\",\"extension_name\":\"Greek (el-GR)\",\"userid\":605,\"username\":\"admin\",\"accountlink\":\"index.php?option=com_users&task=user.edit&id=605\"}','2022-12-15 17:07:23','com_installer',605,229,'COM_ACTIONLOGS_DISABLED'),(3,'PLG_ACTIONLOG_JOOMLA_EXTENSION_INSTALLED','{\"action\":\"install\",\"type\":\"PLG_ACTIONLOG_JOOMLA_TYPE_LANGUAGE\",\"id\":230,\"name\":\"Greek (el-GR)\",\"extension_name\":\"Greek (el-GR)\",\"userid\":605,\"username\":\"admin\",\"accountlink\":\"index.php?option=com_users&task=user.edit&id=605\"}','2022-12-15 17:07:23','com_installer',605,230,'COM_ACTIONLOGS_DISABLED'),(4,'PLG_ACTIONLOG_JOOMLA_EXTENSION_INSTALLED','{\"action\":\"install\",\"type\":\"PLG_ACTIONLOG_JOOMLA_TYPE_LANGUAGE\",\"id\":231,\"name\":\"Greek (el-GR)\",\"extension_name\":\"Greek (el-GR)\",\"userid\":605,\"username\":\"admin\",\"accountlink\":\"index.php?option=com_users&task=user.edit&id=605\"}','2022-12-15 17:07:23','com_installer',605,231,'COM_ACTIONLOGS_DISABLED'),(5,'PLG_ACTIONLOG_JOOMLA_EXTENSION_INSTALLED','{\"action\":\"install\",\"type\":\"PLG_ACTIONLOG_JOOMLA_TYPE_PACKAGE\",\"id\":232,\"name\":\"\\u0395\\u03bb\\u03bb\\u03b7\\u03bd\\u03b9\\u03ba\\u03ac (el-GR) \\u03a0\\u03b1\\u03ba\\u03ad\\u03c4\\u03bf \\u03b3\\u03bb\\u03ce\\u03c3\\u03c3\\u03b1\\u03c2\",\"extension_name\":\"\\u0395\\u03bb\\u03bb\\u03b7\\u03bd\\u03b9\\u03ba\\u03ac (el-GR) \\u03a0\\u03b1\\u03ba\\u03ad\\u03c4\\u03bf \\u03b3\\u03bb\\u03ce\\u03c3\\u03c3\\u03b1\\u03c2\",\"userid\":605,\"username\":\"admin\",\"accountlink\":\"index.php?option=com_users&task=user.edit&id=605\"}','2022-12-15 17:07:23','com_installer',605,232,'COM_ACTIONLOGS_DISABLED'),(6,'PLG_SYSTEM_ACTIONLOGS_CONTENT_ADDED','{\"action\":\"add\",\"type\":\"PLG_ACTIONLOG_JOOMLA_TYPE_ARTICLE\",\"id\":1,\"title\":\"\\u0393\\u03bd\\u03c9\\u03c1\\u03b9\\u03bc\\u03af\\u03b1 \\u03bc\\u03b5 \\u03c4\\u03bf \\u03a4\\u03bc\\u03ae\\u03bc\\u03b1\",\"itemlink\":\"index.php?option=com_content&task=article.edit&id=1\",\"userid\":605,\"username\":\"admin\",\"accountlink\":\"index.php?option=com_users&task=user.edit&id=605\"}','2022-12-15 17:15:52','com_content.article',605,1,'COM_ACTIONLOGS_DISABLED'),(7,'PLG_SYSTEM_ACTIONLOGS_CONTENT_UPDATED','{\"action\":\"update\",\"type\":\"PLG_ACTIONLOG_JOOMLA_TYPE_MENU_ITEM\",\"id\":101,\"title\":\"Home\",\"itemlink\":\"index.php?option=com_menus&task=item.edit&id=101\",\"userid\":605,\"username\":\"admin\",\"accountlink\":\"index.php?option=com_users&task=user.edit&id=605\"}','2022-12-15 17:17:19','com_menus.item',605,101,'COM_ACTIONLOGS_DISABLED'),(8,'PLG_ACTIONLOG_JOOMLA_USER_CHECKIN','{\"action\":\"checkin\",\"type\":\"PLG_ACTIONLOG_JOOMLA_TYPE_USER\",\"id\":605,\"title\":\"admin\",\"itemlink\":\"index.php?option=com_users&task=user.edit&id=605\",\"userid\":605,\"username\":\"admin\",\"accountlink\":\"index.php?option=com_users&task=user.edit&id=605\",\"table\":\"#__menu\"}','2022-12-15 17:17:19','com_checkin',605,605,'COM_ACTIONLOGS_DISABLED'),(9,'PLG_SYSTEM_ACTIONLOGS_CONTENT_ADDED','{\"action\":\"add\",\"type\":\"PLG_ACTIONLOG_JOOMLA_TYPE_ARTICLE\",\"id\":2,\"title\":\"\\u03a3\\u03c4\\u03cc\\u03c7\\u03bf\\u03b9 & \\u0395\\u03c0\\u03b9\\u03b4\\u03b9\\u03ce\\u03be\\u03b5\\u03b9\\u03c2\",\"itemlink\":\"index.php?option=com_content&task=article.edit&id=2\",\"userid\":605,\"username\":\"admin\",\"accountlink\":\"index.php?option=com_users&task=user.edit&id=605\"}','2022-12-15 17:25:17','com_content.article',605,2,'COM_ACTIONLOGS_DISABLED'),(10,'PLG_SYSTEM_ACTIONLOGS_CONTENT_ADDED','{\"action\":\"add\",\"type\":\"PLG_ACTIONLOG_JOOMLA_TYPE_MENU_ITEM\",\"id\":102,\"title\":\"\\u03a3\\u03c4\\u03cc\\u03c7\\u03bf\\u03b9 & \\u0395\\u03c0\\u03b9\\u03b4\\u03b9\\u03ce\\u03be\\u03b5\\u03b9\\u03c2\",\"itemlink\":\"index.php?option=com_menus&task=item.edit&id=102\",\"userid\":605,\"username\":\"admin\",\"accountlink\":\"index.php?option=com_users&task=user.edit&id=605\"}','2022-12-15 17:25:49','com_menus.item',605,102,'COM_ACTIONLOGS_DISABLED'),(11,'PLG_ACTIONLOG_JOOMLA_COMPONENT_CONFIG_UPDATED','{\"action\":\"update\",\"type\":\"PLG_ACTIONLOG_JOOMLA_TYPE_COMPONENT_CONFIG\",\"id\":19,\"title\":\"com_content\",\"extension_name\":\"com_content\",\"itemlink\":\"index.php?option=com_config&task=component.edit&extension_id=19\",\"userid\":605,\"username\":\"admin\",\"accountlink\":\"index.php?option=com_users&task=user.edit&id=605\"}','2022-12-15 17:28:36','com_config.component',605,19,'COM_ACTIONLOGS_DISABLED'),(12,'PLG_SYSTEM_ACTIONLOGS_CONTENT_UPDATED','{\"action\":\"update\",\"type\":\"PLG_ACTIONLOG_JOOMLA_TYPE_MENU_ITEM\",\"id\":101,\"title\":\"\\u0391\\u03c1\\u03c7\\u03b9\\u03ba\\u03ae\",\"itemlink\":\"index.php?option=com_menus&task=item.edit&id=101\",\"userid\":605,\"username\":\"admin\",\"accountlink\":\"index.php?option=com_users&task=user.edit&id=605\"}','2022-12-15 17:29:33','com_menus.item',605,101,'COM_ACTIONLOGS_DISABLED'),(13,'PLG_ACTIONLOG_JOOMLA_USER_CHECKIN','{\"action\":\"checkin\",\"type\":\"PLG_ACTIONLOG_JOOMLA_TYPE_USER\",\"id\":605,\"title\":\"admin\",\"itemlink\":\"index.php?option=com_users&task=user.edit&id=605\",\"userid\":605,\"username\":\"admin\",\"accountlink\":\"index.php?option=com_users&task=user.edit&id=605\",\"table\":\"#__menu\"}','2022-12-15 17:29:33','com_checkin',605,605,'COM_ACTIONLOGS_DISABLED'),(14,'PLG_SYSTEM_ACTIONLOGS_CONTENT_UPDATED','{\"action\":\"update\",\"type\":\"PLG_ACTIONLOG_JOOMLA_TYPE_MENU_ITEM\",\"id\":101,\"title\":\"\\u0391\\u03c1\\u03c7\\u03b9\\u03ba\\u03ae\",\"itemlink\":\"index.php?option=com_menus&task=item.edit&id=101\",\"userid\":605,\"username\":\"admin\",\"accountlink\":\"index.php?option=com_users&task=user.edit&id=605\"}','2022-12-15 17:29:49','com_menus.item',605,101,'COM_ACTIONLOGS_DISABLED'),(15,'PLG_ACTIONLOG_JOOMLA_USER_CHECKIN','{\"action\":\"checkin\",\"type\":\"PLG_ACTIONLOG_JOOMLA_TYPE_USER\",\"id\":605,\"title\":\"admin\",\"itemlink\":\"index.php?option=com_users&task=user.edit&id=605\",\"userid\":605,\"username\":\"admin\",\"accountlink\":\"index.php?option=com_users&task=user.edit&id=605\",\"table\":\"#__menu\"}','2022-12-15 17:29:49','com_checkin',605,605,'COM_ACTIONLOGS_DISABLED'),(16,'PLG_SYSTEM_ACTIONLOGS_CONTENT_ADDED','{\"action\":\"add\",\"type\":\"PLG_ACTIONLOG_JOOMLA_TYPE_MEDIA\",\"id\":0,\"title\":\"IHU_logo_blue_gr.jpg\",\"itemlink\":\"index.php?option=com_media&path=local-images:\\/\",\"userid\":605,\"username\":\"admin\",\"accountlink\":\"index.php?option=com_users&task=user.edit&id=605\"}','2022-12-15 17:32:31','com_media.file',605,0,'COM_ACTIONLOGS_DISABLED'),(17,'PLG_SYSTEM_ACTIONLOGS_CONTENT_UPDATED','{\"action\":\"update\",\"type\":\"PLG_ACTIONLOG_JOOMLA_TYPE_STYLE\",\"id\":\"11\",\"title\":\"Cassiopeia - Default\",\"extension_name\":\"Cassiopeia - Default\",\"itemlink\":\"index.php?option=com_templates&task=style.edit&id=11\",\"userid\":605,\"username\":\"admin\",\"accountlink\":\"index.php?option=com_users&task=user.edit&id=605\"}','2022-12-15 17:32:48','com_templates.style',605,11,'COM_ACTIONLOGS_DISABLED'),(18,'PLG_SYSTEM_ACTIONLOGS_CONTENT_UPDATED','{\"action\":\"update\",\"type\":\"PLG_ACTIONLOG_JOOMLA_TYPE_STYLE\",\"id\":\"11\",\"title\":\"Cassiopeia - Default\",\"extension_name\":\"Cassiopeia - Default\",\"itemlink\":\"index.php?option=com_templates&task=style.edit&id=11\",\"userid\":605,\"username\":\"admin\",\"accountlink\":\"index.php?option=com_users&task=user.edit&id=605\"}','2022-12-15 17:33:22','com_templates.style',605,11,'COM_ACTIONLOGS_DISABLED'),(19,'PLG_SYSTEM_ACTIONLOGS_CONTENT_UPDATED','{\"action\":\"update\",\"type\":\"PLG_ACTIONLOG_JOOMLA_TYPE_MODULE\",\"id\":1,\"title\":\"Main Menu\",\"extension_name\":\"Main Menu\",\"itemlink\":\"index.php?option=com_modules&task=module.edit&id=1\",\"userid\":605,\"username\":\"admin\",\"accountlink\":\"index.php?option=com_users&task=user.edit&id=605\"}','2022-12-15 17:37:12','com_modules.module',605,1,'COM_ACTIONLOGS_DISABLED'),(20,'PLG_ACTIONLOG_JOOMLA_USER_CHECKIN','{\"action\":\"checkin\",\"type\":\"PLG_ACTIONLOG_JOOMLA_TYPE_USER\",\"id\":605,\"title\":\"admin\",\"itemlink\":\"index.php?option=com_users&task=user.edit&id=605\",\"userid\":605,\"username\":\"admin\",\"accountlink\":\"index.php?option=com_users&task=user.edit&id=605\",\"table\":\"#__modules\"}','2022-12-15 17:37:12','com_checkin',605,605,'COM_ACTIONLOGS_DISABLED'),(21,'PLG_SYSTEM_ACTIONLOGS_CONTENT_UPDATED','{\"action\":\"update\",\"type\":\"PLG_ACTIONLOG_JOOMLA_TYPE_MODULE\",\"id\":1,\"title\":\"Main Menu\",\"extension_name\":\"Main Menu\",\"itemlink\":\"index.php?option=com_modules&task=module.edit&id=1\",\"userid\":605,\"username\":\"admin\",\"accountlink\":\"index.php?option=com_users&task=user.edit&id=605\"}','2022-12-15 17:37:32','com_modules.module',605,1,'COM_ACTIONLOGS_DISABLED'),(22,'PLG_ACTIONLOG_JOOMLA_USER_CHECKIN','{\"action\":\"checkin\",\"type\":\"PLG_ACTIONLOG_JOOMLA_TYPE_USER\",\"id\":605,\"title\":\"admin\",\"itemlink\":\"index.php?option=com_users&task=user.edit&id=605\",\"userid\":605,\"username\":\"admin\",\"accountlink\":\"index.php?option=com_users&task=user.edit&id=605\",\"table\":\"#__modules\"}','2022-12-15 17:37:32','com_checkin',605,605,'COM_ACTIONLOGS_DISABLED'),(23,'PLG_SYSTEM_ACTIONLOGS_CONTENT_ADDED','{\"action\":\"add\",\"type\":\"PLG_ACTIONLOG_JOOMLA_TYPE_MODULE\",\"id\":109,\"title\":\"\\u0391\\u03bd\\u03b1\\u03b6\\u03ae\\u03c4\\u03b7\\u03c3\\u03b7\",\"extension_name\":\"\\u0391\\u03bd\\u03b1\\u03b6\\u03ae\\u03c4\\u03b7\\u03c3\\u03b7\",\"itemlink\":\"index.php?option=com_modules&task=module.edit&id=109\",\"userid\":605,\"username\":\"admin\",\"accountlink\":\"index.php?option=com_users&task=user.edit&id=605\"}','2022-12-15 17:40:37','com_modules.module',605,109,'COM_ACTIONLOGS_DISABLED'),(24,'PLG_SYSTEM_ACTIONLOGS_CONTENT_ADDED','{\"action\":\"add\",\"type\":\"PLG_ACTIONLOG_JOOMLA_TYPE_MODULE\",\"id\":110,\"title\":\"Banner\",\"extension_name\":\"Banner\",\"itemlink\":\"index.php?option=com_modules&task=module.edit&id=110\",\"userid\":605,\"username\":\"admin\",\"accountlink\":\"index.php?option=com_users&task=user.edit&id=605\"}','2022-12-15 17:41:56','com_modules.module',605,110,'COM_ACTIONLOGS_DISABLED'),(25,'PLG_SYSTEM_ACTIONLOGS_CONTENT_ADDED','{\"action\":\"add\",\"type\":\"PLG_ACTIONLOG_JOOMLA_TYPE_MEDIA\",\"id\":0,\"title\":\"opening_mst_2019.jpg\",\"itemlink\":\"index.php?option=com_media&path=local-images:\\/photos\",\"userid\":605,\"username\":\"admin\",\"accountlink\":\"index.php?option=com_users&task=user.edit&id=605\"}','2022-12-15 17:42:42','com_media.file',605,0,'COM_ACTIONLOGS_DISABLED'),(26,'PLG_SYSTEM_ACTIONLOGS_CONTENT_UPDATED','{\"action\":\"update\",\"type\":\"PLG_ACTIONLOG_JOOMLA_TYPE_MODULE\",\"id\":17,\"title\":\"Breadcrumbs\",\"extension_name\":\"Breadcrumbs\",\"itemlink\":\"index.php?option=com_modules&task=module.edit&id=17\",\"userid\":605,\"username\":\"admin\",\"accountlink\":\"index.php?option=com_users&task=user.edit&id=605\"}','2022-12-15 17:44:59','com_modules.module',605,17,'COM_ACTIONLOGS_DISABLED'),(27,'PLG_ACTIONLOG_JOOMLA_USER_CHECKIN','{\"action\":\"checkin\",\"type\":\"PLG_ACTIONLOG_JOOMLA_TYPE_USER\",\"id\":605,\"title\":\"admin\",\"itemlink\":\"index.php?option=com_users&task=user.edit&id=605\",\"userid\":605,\"username\":\"admin\",\"accountlink\":\"index.php?option=com_users&task=user.edit&id=605\",\"table\":\"#__modules\"}','2022-12-15 17:44:59','com_checkin',605,605,'COM_ACTIONLOGS_DISABLED'),(28,'PLG_ACTIONLOG_JOOMLA_USER_LOGGED_IN','{\"action\":\"login\",\"userid\":605,\"username\":\"admin\",\"accountlink\":\"index.php?option=com_users&task=user.edit&id=605\",\"app\":\"PLG_ACTIONLOG_JOOMLA_APPLICATION_ADMINISTRATOR\"}','2022-12-16 07:42:46','com_users',605,0,'COM_ACTIONLOGS_DISABLED'),(29,'PLG_SYSTEM_ACTIONLOGS_CONTENT_ADDED','{\"action\":\"add\",\"type\":\"PLG_ACTIONLOG_JOOMLA_TYPE_CATEGORY\",\"id\":8,\"title\":\"\\u0391\\u03bd\\u03b1\\u03ba\\u03bf\\u03b9\\u03bd\\u03ce\\u03c3\\u03b5\\u03b9\\u03c2\",\"itemlink\":\"index.php?option=com_categories&task=category.edit&id=8\",\"userid\":605,\"username\":\"admin\",\"accountlink\":\"index.php?option=com_users&task=user.edit&id=605\"}','2022-12-16 07:42:59','com_categories.category',605,8,'COM_ACTIONLOGS_DISABLED'),(30,'PLG_SYSTEM_ACTIONLOGS_CONTENT_ADDED','{\"action\":\"add\",\"type\":\"PLG_ACTIONLOG_JOOMLA_TYPE_ARTICLE\",\"id\":3,\"title\":\"\\u0391\\u03bd\\u03b1\\u03ba\\u03bf\\u03af\\u03bd\\u03c9\\u03c3\\u03b7 \\u03b3\\u03b9\\u03b1 \\u03c4\\u03b9\\u03c2 \\u039a\\u03b1\\u03c4\\u03b1\\u03c4\\u03b1\\u03ba\\u03c4\\u03ae\\u03c1\\u03b9\\u03b5\\u03c2 \\u0395\\u03be\\u03b5\\u03c4\\u03ac\\u03c3\\u03b5\\u03b9\\u03c2 \\u03a0\\u03c4\\u03c5\\u03c7\\u03b9\\u03bf\\u03cd\\u03c7\\u03c9\\u03bd \\u0391\\u0395\\u0399\",\"itemlink\":\"index.php?option=com_content&task=article.edit&id=3\",\"userid\":605,\"username\":\"admin\",\"accountlink\":\"index.php?option=com_users&task=user.edit&id=605\"}','2022-12-16 07:46:46','com_content.article',605,3,'COM_ACTIONLOGS_DISABLED'),(31,'PLG_SYSTEM_ACTIONLOGS_CONTENT_ADDED','{\"action\":\"add\",\"type\":\"PLG_ACTIONLOG_JOOMLA_TYPE_MODULE\",\"id\":111,\"title\":\"\\u0391\\u03bd\\u03b1\\u03ba\\u03bf\\u03b9\\u03bd\\u03ce\\u03c3\\u03b5\\u03b9\\u03c2\",\"extension_name\":\"\\u0391\\u03bd\\u03b1\\u03ba\\u03bf\\u03b9\\u03bd\\u03ce\\u03c3\\u03b5\\u03b9\\u03c2\",\"itemlink\":\"index.php?option=com_modules&task=module.edit&id=111\",\"userid\":605,\"username\":\"admin\",\"accountlink\":\"index.php?option=com_users&task=user.edit&id=605\"}','2022-12-16 07:48:09','com_modules.module',605,111,'COM_ACTIONLOGS_DISABLED'),(32,'PLG_SYSTEM_ACTIONLOGS_CONTENT_ADDED','{\"action\":\"add\",\"type\":\"PLG_ACTIONLOG_JOOMLA_TYPE_MENU_ITEM\",\"id\":103,\"title\":\"\\u0391\\u03bd\\u03b1\\u03ba\\u03bf\\u03b9\\u03bd\\u03ce\\u03c3\\u03b5\\u03b9\\u03c2\",\"itemlink\":\"index.php?option=com_menus&task=item.edit&id=103\",\"userid\":605,\"username\":\"admin\",\"accountlink\":\"index.php?option=com_users&task=user.edit&id=605\"}','2022-12-16 07:52:19','com_menus.item',605,103,'COM_ACTIONLOGS_DISABLED'),(33,'PLG_ACTIONLOG_JOOMLA_USER_LOGGED_IN','{\"action\":\"login\",\"userid\":605,\"username\":\"admin\",\"accountlink\":\"index.php?option=com_users&task=user.edit&id=605\",\"app\":\"PLG_ACTIONLOG_JOOMLA_APPLICATION_ADMINISTRATOR\"}','2022-12-16 17:21:14','com_users',605,0,'COM_ACTIONLOGS_DISABLED'),(34,'PLG_SYSTEM_ACTIONLOGS_CONTENT_ADDED','{\"action\":\"add\",\"type\":\"PLG_ACTIONLOG_JOOMLA_TYPE_CATEGORY\",\"id\":9,\"title\":\"\\u039c\\u03b5\\u03c4\\u03b1\\u03c0\\u03c4\\u03c5\\u03c7\\u03b9\\u03b1\\u03ba\\u03ac\",\"itemlink\":\"index.php?option=com_categories&task=category.edit&id=9\",\"userid\":605,\"username\":\"admin\",\"accountlink\":\"index.php?option=com_users&task=user.edit&id=605\"}','2022-12-16 17:22:08','com_categories.category',605,9,'COM_ACTIONLOGS_DISABLED'),(35,'PLG_SYSTEM_ACTIONLOGS_CONTENT_ADDED','{\"action\":\"add\",\"type\":\"PLG_ACTIONLOG_JOOMLA_TYPE_MEDIA\",\"id\":0,\"title\":\"mst_msc.jpg\",\"itemlink\":\"index.php?option=com_media&path=local-images:\\/banners\",\"userid\":605,\"username\":\"admin\",\"accountlink\":\"index.php?option=com_users&task=user.edit&id=605\"}','2022-12-16 17:26:55','com_media.file',605,0,'COM_ACTIONLOGS_DISABLED'),(36,'PLG_SYSTEM_ACTIONLOGS_CONTENT_ADDED','{\"action\":\"add\",\"type\":\"PLG_ACTIONLOG_JOOMLA_TYPE_BANNER\",\"id\":1,\"title\":\"\\u039c\\u03b5\\u03c4\\u03b1\\u03c0\\u03c4\\u03c5\\u03c7\\u03b9\\u03b1\\u03ba\\u03ac\",\"itemlink\":\"index.php?option=com_banners&task=banner.edit&id=1\",\"userid\":605,\"username\":\"admin\",\"accountlink\":\"index.php?option=com_users&task=user.edit&id=605\"}','2022-12-16 17:27:13','com_banners.banner',605,1,'COM_ACTIONLOGS_DISABLED'),(37,'PLG_SYSTEM_ACTIONLOGS_CONTENT_ADDED','{\"action\":\"add\",\"type\":\"PLG_ACTIONLOG_JOOMLA_TYPE_MODULE\",\"id\":112,\"title\":\"\\u039c\\u03b5\\u03c4\\u03b1\\u03c0\\u03c4\\u03c5\\u03c7\\u03b9\\u03b1\\u03ba\\u03ac\",\"extension_name\":\"\\u039c\\u03b5\\u03c4\\u03b1\\u03c0\\u03c4\\u03c5\\u03c7\\u03b9\\u03b1\\u03ba\\u03ac\",\"itemlink\":\"index.php?option=com_modules&task=module.edit&id=112\",\"userid\":605,\"username\":\"admin\",\"accountlink\":\"index.php?option=com_users&task=user.edit&id=605\"}','2022-12-16 17:30:13','com_modules.module',605,112,'COM_ACTIONLOGS_DISABLED'),(38,'PLG_SYSTEM_ACTIONLOGS_CONTENT_UPDATED','{\"action\":\"update\",\"type\":\"PLG_ACTIONLOG_JOOMLA_TYPE_MODULE\",\"id\":16,\"title\":\"\\u03a3\\u03cd\\u03bd\\u03b4\\u03b5\\u03c3\\u03b7\",\"extension_name\":\"\\u03a3\\u03cd\\u03bd\\u03b4\\u03b5\\u03c3\\u03b7\",\"itemlink\":\"index.php?option=com_modules&task=module.edit&id=16\",\"userid\":605,\"username\":\"admin\",\"accountlink\":\"index.php?option=com_users&task=user.edit&id=605\"}','2022-12-16 17:38:52','com_modules.module',605,16,'COM_ACTIONLOGS_DISABLED'),(39,'PLG_ACTIONLOG_JOOMLA_USER_CHECKIN','{\"action\":\"checkin\",\"type\":\"PLG_ACTIONLOG_JOOMLA_TYPE_USER\",\"id\":605,\"title\":\"admin\",\"itemlink\":\"index.php?option=com_users&task=user.edit&id=605\",\"userid\":605,\"username\":\"admin\",\"accountlink\":\"index.php?option=com_users&task=user.edit&id=605\",\"table\":\"#__modules\"}','2022-12-16 17:38:52','com_checkin',605,605,'COM_ACTIONLOGS_DISABLED'),(40,'PLG_SYSTEM_ACTIONLOGS_CONTENT_UPDATED','{\"action\":\"update\",\"type\":\"PLG_ACTIONLOG_JOOMLA_TYPE_MODULE\",\"id\":16,\"title\":\"\\u03a3\\u03cd\\u03bd\\u03b4\\u03b5\\u03c3\\u03b7\",\"extension_name\":\"\\u03a3\\u03cd\\u03bd\\u03b4\\u03b5\\u03c3\\u03b7\",\"itemlink\":\"index.php?option=com_modules&task=module.edit&id=16\",\"userid\":605,\"username\":\"admin\",\"accountlink\":\"index.php?option=com_users&task=user.edit&id=605\"}','2022-12-16 17:39:02','com_modules.module',605,16,'COM_ACTIONLOGS_DISABLED'),(41,'PLG_ACTIONLOG_JOOMLA_USER_CHECKIN','{\"action\":\"checkin\",\"type\":\"PLG_ACTIONLOG_JOOMLA_TYPE_USER\",\"id\":605,\"title\":\"admin\",\"itemlink\":\"index.php?option=com_users&task=user.edit&id=605\",\"userid\":605,\"username\":\"admin\",\"accountlink\":\"index.php?option=com_users&task=user.edit&id=605\",\"table\":\"#__modules\"}','2022-12-16 17:39:02','com_checkin',605,605,'COM_ACTIONLOGS_DISABLED'),(42,'PLG_SYSTEM_ACTIONLOGS_CONTENT_UPDATED','{\"action\":\"update\",\"type\":\"PLG_ACTIONLOG_JOOMLA_TYPE_MODULE\",\"id\":16,\"title\":\"\\u03a3\\u03cd\\u03bd\\u03b4\\u03b5\\u03c3\\u03b7\",\"extension_name\":\"\\u03a3\\u03cd\\u03bd\\u03b4\\u03b5\\u03c3\\u03b7\",\"itemlink\":\"index.php?option=com_modules&task=module.edit&id=16\",\"userid\":605,\"username\":\"admin\",\"accountlink\":\"index.php?option=com_users&task=user.edit&id=605\"}','2022-12-16 17:44:37','com_modules.module',605,16,'COM_ACTIONLOGS_DISABLED'),(43,'PLG_ACTIONLOG_JOOMLA_USER_CHECKIN','{\"action\":\"checkin\",\"type\":\"PLG_ACTIONLOG_JOOMLA_TYPE_USER\",\"id\":605,\"title\":\"admin\",\"itemlink\":\"index.php?option=com_users&task=user.edit&id=605\",\"userid\":605,\"username\":\"admin\",\"accountlink\":\"index.php?option=com_users&task=user.edit&id=605\",\"table\":\"#__modules\"}','2022-12-16 17:44:37','com_checkin',605,605,'COM_ACTIONLOGS_DISABLED'),(44,'PLG_SYSTEM_ACTIONLOGS_CONTENT_UPDATED','{\"action\":\"update\",\"type\":\"PLG_ACTIONLOG_JOOMLA_TYPE_MODULE\",\"id\":16,\"title\":\"\\u03a3\\u03cd\\u03bd\\u03b4\\u03b5\\u03c3\\u03b7\",\"extension_name\":\"\\u03a3\\u03cd\\u03bd\\u03b4\\u03b5\\u03c3\\u03b7\",\"itemlink\":\"index.php?option=com_modules&task=module.edit&id=16\",\"userid\":605,\"username\":\"admin\",\"accountlink\":\"index.php?option=com_users&task=user.edit&id=605\"}','2022-12-16 17:46:17','com_modules.module',605,16,'COM_ACTIONLOGS_DISABLED'),(45,'PLG_ACTIONLOG_JOOMLA_USER_CHECKIN','{\"action\":\"checkin\",\"type\":\"PLG_ACTIONLOG_JOOMLA_TYPE_USER\",\"id\":605,\"title\":\"admin\",\"itemlink\":\"index.php?option=com_users&task=user.edit&id=605\",\"userid\":605,\"username\":\"admin\",\"accountlink\":\"index.php?option=com_users&task=user.edit&id=605\",\"table\":\"#__modules\"}','2022-12-16 17:46:17','com_checkin',605,605,'COM_ACTIONLOGS_DISABLED'),(46,'PLG_SYSTEM_ACTIONLOGS_CONTENT_UPDATED','{\"action\":\"update\",\"type\":\"PLG_ACTIONLOG_JOOMLA_TYPE_MODULE\",\"id\":16,\"title\":\"\\u03a3\\u03cd\\u03bd\\u03b4\\u03b5\\u03c3\\u03b7\",\"extension_name\":\"\\u03a3\\u03cd\\u03bd\\u03b4\\u03b5\\u03c3\\u03b7\",\"itemlink\":\"index.php?option=com_modules&task=module.edit&id=16\",\"userid\":605,\"username\":\"admin\",\"accountlink\":\"index.php?option=com_users&task=user.edit&id=605\"}','2022-12-16 17:46:31','com_modules.module',605,16,'COM_ACTIONLOGS_DISABLED'),(47,'PLG_ACTIONLOG_JOOMLA_USER_CHECKIN','{\"action\":\"checkin\",\"type\":\"PLG_ACTIONLOG_JOOMLA_TYPE_USER\",\"id\":605,\"title\":\"admin\",\"itemlink\":\"index.php?option=com_users&task=user.edit&id=605\",\"userid\":605,\"username\":\"admin\",\"accountlink\":\"index.php?option=com_users&task=user.edit&id=605\",\"table\":\"#__modules\"}','2022-12-16 17:46:31','com_checkin',605,605,'COM_ACTIONLOGS_DISABLED'),(48,'PLG_SYSTEM_ACTIONLOGS_CONTENT_UPDATED','{\"action\":\"update\",\"type\":\"PLG_ACTIONLOG_JOOMLA_TYPE_MODULE\",\"id\":16,\"title\":\"\\u03a3\\u03cd\\u03bd\\u03b4\\u03b5\\u03c3\\u03b7\",\"extension_name\":\"\\u03a3\\u03cd\\u03bd\\u03b4\\u03b5\\u03c3\\u03b7\",\"itemlink\":\"index.php?option=com_modules&task=module.edit&id=16\",\"userid\":605,\"username\":\"admin\",\"accountlink\":\"index.php?option=com_users&task=user.edit&id=605\"}','2022-12-16 17:46:40','com_modules.module',605,16,'COM_ACTIONLOGS_DISABLED'),(49,'PLG_ACTIONLOG_JOOMLA_USER_CHECKIN','{\"action\":\"checkin\",\"type\":\"PLG_ACTIONLOG_JOOMLA_TYPE_USER\",\"id\":605,\"title\":\"admin\",\"itemlink\":\"index.php?option=com_users&task=user.edit&id=605\",\"userid\":605,\"username\":\"admin\",\"accountlink\":\"index.php?option=com_users&task=user.edit&id=605\",\"table\":\"#__modules\"}','2022-12-16 17:46:40','com_checkin',605,605,'COM_ACTIONLOGS_DISABLED'),(50,'PLG_SYSTEM_ACTIONLOGS_CONTENT_UPDATED','{\"action\":\"update\",\"type\":\"PLG_ACTIONLOG_JOOMLA_TYPE_MODULE\",\"id\":16,\"title\":\"\\u03a3\\u03cd\\u03bd\\u03b4\\u03b5\\u03c3\\u03b7\",\"extension_name\":\"\\u03a3\\u03cd\\u03bd\\u03b4\\u03b5\\u03c3\\u03b7\",\"itemlink\":\"index.php?option=com_modules&task=module.edit&id=16\",\"userid\":605,\"username\":\"admin\",\"accountlink\":\"index.php?option=com_users&task=user.edit&id=605\"}','2022-12-16 17:47:11','com_modules.module',605,16,'COM_ACTIONLOGS_DISABLED'),(51,'PLG_ACTIONLOG_JOOMLA_USER_CHECKIN','{\"action\":\"checkin\",\"type\":\"PLG_ACTIONLOG_JOOMLA_TYPE_USER\",\"id\":605,\"title\":\"admin\",\"itemlink\":\"index.php?option=com_users&task=user.edit&id=605\",\"userid\":605,\"username\":\"admin\",\"accountlink\":\"index.php?option=com_users&task=user.edit&id=605\",\"table\":\"#__modules\"}','2022-12-16 17:47:11','com_checkin',605,605,'COM_ACTIONLOGS_DISABLED'),(52,'PLG_SYSTEM_ACTIONLOGS_CONTENT_UPDATED','{\"action\":\"update\",\"type\":\"PLG_ACTIONLOG_JOOMLA_TYPE_MODULE\",\"id\":16,\"title\":\"\\u03a3\\u03cd\\u03bd\\u03b4\\u03b5\\u03c3\\u03b7\",\"extension_name\":\"\\u03a3\\u03cd\\u03bd\\u03b4\\u03b5\\u03c3\\u03b7\",\"itemlink\":\"index.php?option=com_modules&task=module.edit&id=16\",\"userid\":605,\"username\":\"admin\",\"accountlink\":\"index.php?option=com_users&task=user.edit&id=605\"}','2022-12-16 17:47:14','com_modules.module',605,16,'COM_ACTIONLOGS_DISABLED'),(53,'PLG_ACTIONLOG_JOOMLA_USER_CHECKIN','{\"action\":\"checkin\",\"type\":\"PLG_ACTIONLOG_JOOMLA_TYPE_USER\",\"id\":605,\"title\":\"admin\",\"itemlink\":\"index.php?option=com_users&task=user.edit&id=605\",\"userid\":605,\"username\":\"admin\",\"accountlink\":\"index.php?option=com_users&task=user.edit&id=605\",\"table\":\"#__modules\"}','2022-12-16 17:47:14','com_checkin',605,605,'COM_ACTIONLOGS_DISABLED'),(54,'PLG_SYSTEM_ACTIONLOGS_CONTENT_UPDATED','{\"action\":\"update\",\"type\":\"PLG_ACTIONLOG_JOOMLA_TYPE_MODULE\",\"id\":111,\"title\":\"\\u0391\\u03bd\\u03b1\\u03ba\\u03bf\\u03b9\\u03bd\\u03ce\\u03c3\\u03b5\\u03b9\\u03c2\",\"extension_name\":\"\\u0391\\u03bd\\u03b1\\u03ba\\u03bf\\u03b9\\u03bd\\u03ce\\u03c3\\u03b5\\u03b9\\u03c2\",\"itemlink\":\"index.php?option=com_modules&task=module.edit&id=111\",\"userid\":605,\"username\":\"admin\",\"accountlink\":\"index.php?option=com_users&task=user.edit&id=605\"}','2022-12-16 17:47:29','com_modules.module',605,111,'COM_ACTIONLOGS_DISABLED'),(55,'PLG_ACTIONLOG_JOOMLA_USER_CHECKIN','{\"action\":\"checkin\",\"type\":\"PLG_ACTIONLOG_JOOMLA_TYPE_USER\",\"id\":605,\"title\":\"admin\",\"itemlink\":\"index.php?option=com_users&task=user.edit&id=605\",\"userid\":605,\"username\":\"admin\",\"accountlink\":\"index.php?option=com_users&task=user.edit&id=605\",\"table\":\"#__modules\"}','2022-12-16 17:47:29','com_checkin',605,605,'COM_ACTIONLOGS_DISABLED'),(56,'PLG_SYSTEM_ACTIONLOGS_CONTENT_UPDATED','{\"action\":\"update\",\"type\":\"PLG_ACTIONLOG_JOOMLA_TYPE_MODULE\",\"id\":112,\"title\":\"\\u039c\\u03b5\\u03c4\\u03b1\\u03c0\\u03c4\\u03c5\\u03c7\\u03b9\\u03b1\\u03ba\\u03ac\",\"extension_name\":\"\\u039c\\u03b5\\u03c4\\u03b1\\u03c0\\u03c4\\u03c5\\u03c7\\u03b9\\u03b1\\u03ba\\u03ac\",\"itemlink\":\"index.php?option=com_modules&task=module.edit&id=112\",\"userid\":605,\"username\":\"admin\",\"accountlink\":\"index.php?option=com_users&task=user.edit&id=605\"}','2022-12-16 17:47:47','com_modules.module',605,112,'COM_ACTIONLOGS_DISABLED'),(57,'PLG_ACTIONLOG_JOOMLA_USER_CHECKIN','{\"action\":\"checkin\",\"type\":\"PLG_ACTIONLOG_JOOMLA_TYPE_USER\",\"id\":605,\"title\":\"admin\",\"itemlink\":\"index.php?option=com_users&task=user.edit&id=605\",\"userid\":605,\"username\":\"admin\",\"accountlink\":\"index.php?option=com_users&task=user.edit&id=605\",\"table\":\"#__modules\"}','2022-12-16 17:47:47','com_checkin',605,605,'COM_ACTIONLOGS_DISABLED'),(58,'PLG_SYSTEM_ACTIONLOGS_CONTENT_UPDATED','{\"action\":\"update\",\"type\":\"PLG_ACTIONLOG_JOOMLA_TYPE_MODULE\",\"id\":112,\"title\":\"\\u039c\\u03b5\\u03c4\\u03b1\\u03c0\\u03c4\\u03c5\\u03c7\\u03b9\\u03b1\\u03ba\\u03ac\",\"extension_name\":\"\\u039c\\u03b5\\u03c4\\u03b1\\u03c0\\u03c4\\u03c5\\u03c7\\u03b9\\u03b1\\u03ba\\u03ac\",\"itemlink\":\"index.php?option=com_modules&task=module.edit&id=112\",\"userid\":605,\"username\":\"admin\",\"accountlink\":\"index.php?option=com_users&task=user.edit&id=605\"}','2022-12-16 17:47:59','com_modules.module',605,112,'COM_ACTIONLOGS_DISABLED'),(59,'PLG_ACTIONLOG_JOOMLA_USER_CHECKIN','{\"action\":\"checkin\",\"type\":\"PLG_ACTIONLOG_JOOMLA_TYPE_USER\",\"id\":605,\"title\":\"admin\",\"itemlink\":\"index.php?option=com_users&task=user.edit&id=605\",\"userid\":605,\"username\":\"admin\",\"accountlink\":\"index.php?option=com_users&task=user.edit&id=605\",\"table\":\"#__modules\"}','2022-12-16 17:47:59','com_checkin',605,605,'COM_ACTIONLOGS_DISABLED'),(60,'PLG_SYSTEM_ACTIONLOGS_CONTENT_UPDATED','{\"action\":\"update\",\"type\":\"PLG_ACTIONLOG_JOOMLA_TYPE_MODULE\",\"id\":112,\"title\":\"\\u039c\\u03b5\\u03c4\\u03b1\\u03c0\\u03c4\\u03c5\\u03c7\\u03b9\\u03b1\\u03ba\\u03ac\",\"extension_name\":\"\\u039c\\u03b5\\u03c4\\u03b1\\u03c0\\u03c4\\u03c5\\u03c7\\u03b9\\u03b1\\u03ba\\u03ac\",\"itemlink\":\"index.php?option=com_modules&task=module.edit&id=112\",\"userid\":605,\"username\":\"admin\",\"accountlink\":\"index.php?option=com_users&task=user.edit&id=605\"}','2022-12-16 17:48:13','com_modules.module',605,112,'COM_ACTIONLOGS_DISABLED'),(61,'PLG_ACTIONLOG_JOOMLA_USER_CHECKIN','{\"action\":\"checkin\",\"type\":\"PLG_ACTIONLOG_JOOMLA_TYPE_USER\",\"id\":605,\"title\":\"admin\",\"itemlink\":\"index.php?option=com_users&task=user.edit&id=605\",\"userid\":605,\"username\":\"admin\",\"accountlink\":\"index.php?option=com_users&task=user.edit&id=605\",\"table\":\"#__modules\"}','2022-12-16 17:48:13','com_checkin',605,605,'COM_ACTIONLOGS_DISABLED'),(62,'PLG_SYSTEM_ACTIONLOGS_CONTENT_UPDATED','{\"action\":\"update\",\"type\":\"PLG_ACTIONLOG_JOOMLA_TYPE_MODULE\",\"id\":111,\"title\":\"\\u0391\\u03bd\\u03b1\\u03ba\\u03bf\\u03b9\\u03bd\\u03ce\\u03c3\\u03b5\\u03b9\\u03c2\",\"extension_name\":\"\\u0391\\u03bd\\u03b1\\u03ba\\u03bf\\u03b9\\u03bd\\u03ce\\u03c3\\u03b5\\u03b9\\u03c2\",\"itemlink\":\"index.php?option=com_modules&task=module.edit&id=111\",\"userid\":605,\"username\":\"admin\",\"accountlink\":\"index.php?option=com_users&task=user.edit&id=605\"}','2022-12-16 17:48:24','com_modules.module',605,111,'COM_ACTIONLOGS_DISABLED'),(63,'PLG_ACTIONLOG_JOOMLA_USER_CHECKIN','{\"action\":\"checkin\",\"type\":\"PLG_ACTIONLOG_JOOMLA_TYPE_USER\",\"id\":605,\"title\":\"admin\",\"itemlink\":\"index.php?option=com_users&task=user.edit&id=605\",\"userid\":605,\"username\":\"admin\",\"accountlink\":\"index.php?option=com_users&task=user.edit&id=605\",\"table\":\"#__modules\"}','2022-12-16 17:48:24','com_checkin',605,605,'COM_ACTIONLOGS_DISABLED'),(64,'PLG_SYSTEM_ACTIONLOGS_CONTENT_UPDATED','{\"action\":\"update\",\"type\":\"PLG_ACTIONLOG_JOOMLA_TYPE_MODULE\",\"id\":16,\"title\":\"\\u03a3\\u03cd\\u03bd\\u03b4\\u03b5\\u03c3\\u03b7\",\"extension_name\":\"\\u03a3\\u03cd\\u03bd\\u03b4\\u03b5\\u03c3\\u03b7\",\"itemlink\":\"index.php?option=com_modules&task=module.edit&id=16\",\"userid\":605,\"username\":\"admin\",\"accountlink\":\"index.php?option=com_users&task=user.edit&id=605\"}','2022-12-16 17:48:34','com_modules.module',605,16,'COM_ACTIONLOGS_DISABLED'),(65,'PLG_ACTIONLOG_JOOMLA_USER_CHECKIN','{\"action\":\"checkin\",\"type\":\"PLG_ACTIONLOG_JOOMLA_TYPE_USER\",\"id\":605,\"title\":\"admin\",\"itemlink\":\"index.php?option=com_users&task=user.edit&id=605\",\"userid\":605,\"username\":\"admin\",\"accountlink\":\"index.php?option=com_users&task=user.edit&id=605\",\"table\":\"#__modules\"}','2022-12-16 17:48:34','com_checkin',605,605,'COM_ACTIONLOGS_DISABLED'),(66,'PLG_SYSTEM_ACTIONLOGS_CONTENT_UPDATED','{\"action\":\"update\",\"type\":\"PLG_ACTIONLOG_JOOMLA_TYPE_MODULE\",\"id\":16,\"title\":\"\\u03a3\\u03cd\\u03bd\\u03b4\\u03b5\\u03c3\\u03b7\",\"extension_name\":\"\\u03a3\\u03cd\\u03bd\\u03b4\\u03b5\\u03c3\\u03b7\",\"itemlink\":\"index.php?option=com_modules&task=module.edit&id=16\",\"userid\":605,\"username\":\"admin\",\"accountlink\":\"index.php?option=com_users&task=user.edit&id=605\"}','2022-12-16 17:48:43','com_modules.module',605,16,'COM_ACTIONLOGS_DISABLED'),(67,'PLG_ACTIONLOG_JOOMLA_USER_CHECKIN','{\"action\":\"checkin\",\"type\":\"PLG_ACTIONLOG_JOOMLA_TYPE_USER\",\"id\":605,\"title\":\"admin\",\"itemlink\":\"index.php?option=com_users&task=user.edit&id=605\",\"userid\":605,\"username\":\"admin\",\"accountlink\":\"index.php?option=com_users&task=user.edit&id=605\",\"table\":\"#__modules\"}','2022-12-16 17:48:43','com_checkin',605,605,'COM_ACTIONLOGS_DISABLED'),(68,'PLG_SYSTEM_ACTIONLOGS_CONTENT_UPDATED','{\"action\":\"update\",\"type\":\"PLG_ACTIONLOG_JOOMLA_TYPE_MODULE\",\"id\":111,\"title\":\"\\u0391\\u03bd\\u03b1\\u03ba\\u03bf\\u03b9\\u03bd\\u03ce\\u03c3\\u03b5\\u03b9\\u03c2\",\"extension_name\":\"\\u0391\\u03bd\\u03b1\\u03ba\\u03bf\\u03b9\\u03bd\\u03ce\\u03c3\\u03b5\\u03b9\\u03c2\",\"itemlink\":\"index.php?option=com_modules&task=module.edit&id=111\",\"userid\":605,\"username\":\"admin\",\"accountlink\":\"index.php?option=com_users&task=user.edit&id=605\"}','2022-12-16 17:48:50','com_modules.module',605,111,'COM_ACTIONLOGS_DISABLED'),(69,'PLG_ACTIONLOG_JOOMLA_USER_CHECKIN','{\"action\":\"checkin\",\"type\":\"PLG_ACTIONLOG_JOOMLA_TYPE_USER\",\"id\":605,\"title\":\"admin\",\"itemlink\":\"index.php?option=com_users&task=user.edit&id=605\",\"userid\":605,\"username\":\"admin\",\"accountlink\":\"index.php?option=com_users&task=user.edit&id=605\",\"table\":\"#__modules\"}','2022-12-16 17:48:50','com_checkin',605,605,'COM_ACTIONLOGS_DISABLED'),(70,'PLG_SYSTEM_ACTIONLOGS_CONTENT_UPDATED','{\"action\":\"update\",\"type\":\"PLG_ACTIONLOG_JOOMLA_TYPE_MODULE\",\"id\":111,\"title\":\"\\u0391\\u03bd\\u03b1\\u03ba\\u03bf\\u03b9\\u03bd\\u03ce\\u03c3\\u03b5\\u03b9\\u03c2\",\"extension_name\":\"\\u0391\\u03bd\\u03b1\\u03ba\\u03bf\\u03b9\\u03bd\\u03ce\\u03c3\\u03b5\\u03b9\\u03c2\",\"itemlink\":\"index.php?option=com_modules&task=module.edit&id=111\",\"userid\":605,\"username\":\"admin\",\"accountlink\":\"index.php?option=com_users&task=user.edit&id=605\"}','2022-12-16 17:52:06','com_modules.module',605,111,'COM_ACTIONLOGS_DISABLED'),(71,'PLG_ACTIONLOG_JOOMLA_USER_CHECKIN','{\"action\":\"checkin\",\"type\":\"PLG_ACTIONLOG_JOOMLA_TYPE_USER\",\"id\":605,\"title\":\"admin\",\"itemlink\":\"index.php?option=com_users&task=user.edit&id=605\",\"userid\":605,\"username\":\"admin\",\"accountlink\":\"index.php?option=com_users&task=user.edit&id=605\",\"table\":\"#__modules\"}','2022-12-16 17:52:06','com_checkin',605,605,'COM_ACTIONLOGS_DISABLED');

--
-- Table structure for table `qoxnc_action_logs_extensions`
--

CREATE TABLE `qoxnc_action_logs_extensions` (
  `id` int(10) unsigned NOT NULL AUTO_INCREMENT,
  `extension` varchar(255) NOT NULL DEFAULT '',
  PRIMARY KEY (`id`)
) ENGINE=InnoDB AUTO_INCREMENT=20 DEFAULT CHARSET=utf8mb4 COLLATE=utf8mb4_unicode_ci;

--
-- Dumping data for table `qoxnc_action_logs_extensions`
--

INSERT INTO `qoxnc_action_logs_extensions` VALUES (1,'com_banners'),(2,'com_cache'),(3,'com_categories'),(4,'com_config'),(5,'com_contact'),(6,'com_content'),(7,'com_installer'),(8,'com_media'),(9,'com_menus'),(10,'com_messages'),(11,'com_modules'),(12,'com_newsfeeds'),(13,'com_plugins'),(14,'com_redirect'),(15,'com_tags'),(16,'com_templates'),(17,'com_users'),(18,'com_checkin'),(19,'com_scheduler');

--
-- Table structure for table `qoxnc_action_logs_users`
--

CREATE TABLE `qoxnc_action_logs_users` (
  `user_id` int(10) unsigned NOT NULL,
  `notify` tinyint(3) unsigned NOT NULL,
  `extensions` text NOT NULL,
  PRIMARY KEY (`user_id`),
  KEY `idx_notify` (`notify`)
) ENGINE=InnoDB DEFAULT CHARSET=utf8mb4 COLLATE=utf8mb4_unicode_ci;

--
-- Dumping data for table `qoxnc_action_logs_users`
--


--
-- Table structure for table `qoxnc_assets`
--

CREATE TABLE `qoxnc_assets` (
  `id` int(10) unsigned NOT NULL AUTO_INCREMENT COMMENT 'Primary Key',
  `parent_id` int(11) NOT NULL DEFAULT 0 COMMENT 'Nested set parent.',
  `lft` int(11) NOT NULL DEFAULT 0 COMMENT 'Nested set lft.',
  `rgt` int(11) NOT NULL DEFAULT 0 COMMENT 'Nested set rgt.',
  `level` int(10) unsigned NOT NULL COMMENT 'The cached level in the nested tree.',
  `name` varchar(50) NOT NULL COMMENT 'The unique name for the asset.\n',
  `title` varchar(100) NOT NULL COMMENT 'The descriptive title for the asset.',
  `rules` varchar(5120) NOT NULL COMMENT 'JSON encoded access control.',
  PRIMARY KEY (`id`),
  UNIQUE KEY `idx_asset_name` (`name`),
  KEY `idx_lft_rgt` (`lft`,`rgt`),
  KEY `idx_parent_id` (`parent_id`)
) ENGINE=InnoDB AUTO_INCREMENT=101 DEFAULT CHARSET=utf8mb4 COLLATE=utf8mb4_unicode_ci;

--
-- Dumping data for table `qoxnc_assets`
--

INSERT INTO `qoxnc_assets` VALUES (1,0,0,185,0,'root.1','Root Asset','{\"core.login.site\":{\"6\":1,\"2\":1},\"core.login.admin\":{\"6\":1},\"core.login.api\":{\"8\":1},\"core.login.offline\":{\"6\":1},\"core.admin\":{\"8\":1},\"core.manage\":{\"7\":1},\"core.create\":{\"6\":1,\"3\":1},\"core.delete\":{\"6\":1},\"core.edit\":{\"6\":1,\"4\":1},\"core.edit.state\":{\"6\":1,\"5\":1},\"core.edit.own\":{\"6\":1,\"3\":1}}'),(2,1,1,2,1,'com_admin','com_admin','{}'),(3,1,3,8,1,'com_banners','com_banners','{\"core.admin\":{\"7\":1},\"core.manage\":{\"6\":1}}'),(4,1,9,10,1,'com_cache','com_cache','{\"core.admin\":{\"7\":1},\"core.manage\":{\"7\":1}}'),(5,1,11,12,1,'com_checkin','com_checkin','{\"core.admin\":{\"7\":1},\"core.manage\":{\"7\":1}}'),(6,1,13,14,1,'com_config','com_config','{}'),(7,1,15,18,1,'com_contact','com_contact','{\"core.admin\":{\"7\":1},\"core.manage\":{\"6\":1}}'),(8,1,19,48,1,'com_content','com_content','{\"core.admin\":{\"7\":1},\"core.manage\":{\"6\":1},\"core.create\":{\"3\":1},\"core.edit\":{\"4\":1},\"core.edit.state\":{\"5\":1},\"core.execute.transition\":{\"6\":1,\"5\":1}}'),(9,1,49,50,1,'com_cpanel','com_cpanel','{}'),(10,1,51,52,1,'com_installer','com_installer','{\"core.manage\":{\"7\":0},\"core.delete\":{\"7\":0},\"core.edit.state\":{\"7\":0}}'),(11,1,53,56,1,'com_languages','com_languages','{\"core.admin\":{\"7\":1}}'),(12,1,57,58,1,'com_login','com_login','{}'),(14,1,59,60,1,'com_massmail','com_massmail','{}'),(15,1,61,62,1,'com_media','com_media','{\"core.admin\":{\"7\":1},\"core.manage\":{\"6\":1},\"core.create\":{\"3\":1},\"core.delete\":{\"5\":1}}'),(16,1,63,66,1,'com_menus','com_menus','{\"core.admin\":{\"7\":1}}'),(17,1,67,68,1,'com_messages','com_messages','{\"core.admin\":{\"7\":1},\"core.manage\":{\"7\":1}}'),(18,1,69,150,1,'com_modules','com_modules','{\"core.admin\":{\"7\":1}}'),(19,1,151,154,1,'com_newsfeeds','com_newsfeeds','{\"core.admin\":{\"7\":1},\"core.manage\":{\"6\":1}}'),(20,1,155,156,1,'com_plugins','com_plugins','{\"core.admin\":{\"7\":1}}'),(21,1,157,158,1,'com_redirect','com_redirect','{\"core.admin\":{\"7\":1}}'),(23,1,159,160,1,'com_templates','com_templates','{\"core.admin\":{\"7\":1}}'),(24,1,165,168,1,'com_users','com_users','{\"core.admin\":{\"7\":1}}'),(26,1,169,170,1,'com_wrapper','com_wrapper','{}'),(27,8,20,25,2,'com_content.category.2','Uncategorised','{}'),(28,3,4,5,2,'com_banners.category.3','Uncategorised','{}'),(29,7,16,17,2,'com_contact.category.4','Uncategorised','{}'),(30,19,152,153,2,'com_newsfeeds.category.5','Uncategorised','{}'),(32,24,166,167,2,'com_users.category.7','Uncategorised','{}'),(33,1,171,172,1,'com_finder','com_finder','{\"core.admin\":{\"7\":1},\"core.manage\":{\"6\":1}}'),(34,1,173,174,1,'com_joomlaupdate','com_joomlaupdate','{}'),(35,1,175,176,1,'com_tags','com_tags','{}'),(36,1,177,178,1,'com_contenthistory','com_contenthistory','{}'),(37,1,179,180,1,'com_ajax','com_ajax','{}'),(38,1,181,182,1,'com_postinstall','com_postinstall','{}'),(39,18,70,71,2,'com_modules.module.1','Main Menu','{}'),(40,18,72,73,2,'com_modules.module.2','Login','{}'),(41,18,74,75,2,'com_modules.module.3','Popular Articles','{}'),(42,18,76,77,2,'com_modules.module.4','Recently Added Articles','{}'),(43,18,78,79,2,'com_modules.module.8','Toolbar','{}'),(44,18,80,81,2,'com_modules.module.9','Notifications','{}'),(45,18,82,83,2,'com_modules.module.10','Logged-in Users','{}'),(46,18,84,85,2,'com_modules.module.12','Admin Menu','{}'),(48,18,90,91,2,'com_modules.module.14','User Status','{}'),(49,18,92,93,2,'com_modules.module.15','Title','{}'),(50,18,94,95,2,'com_modules.module.16','Σύνδεση','{}'),(51,18,96,97,2,'com_modules.module.17','Breadcrumbs','{}'),(52,18,98,99,2,'com_modules.module.79','Multilanguage status','{}'),(53,18,102,103,2,'com_modules.module.86','Joomla Version','{}'),(54,16,64,65,2,'com_menus.menu.1','Main Menu','{}'),(55,18,106,107,2,'com_modules.module.87','Sample Data','{}'),(56,8,26,43,2,'com_content.workflow.1','COM_WORKFLOW_BASIC_WORKFLOW','{}'),(57,56,27,28,3,'com_content.stage.1','COM_WORKFLOW_BASIC_STAGE','{}'),(58,56,29,30,3,'com_content.transition.1','Unpublish','{}'),(59,56,31,32,3,'com_content.transition.2','Publish','{}'),(60,56,33,34,3,'com_content.transition.3','Trash','{}'),(61,56,35,36,3,'com_content.transition.4','Archive','{}'),(62,56,37,38,3,'com_content.transition.5','Feature','{}'),(63,56,39,40,3,'com_content.transition.6','Unfeature','{}'),(64,56,41,42,3,'com_content.transition.7','Publish & Feature','{}'),(65,1,161,162,1,'com_privacy','com_privacy','{}'),(66,1,163,164,1,'com_actionlogs','com_actionlogs','{}'),(67,18,86,87,2,'com_modules.module.88','Latest Actions','{}'),(68,18,88,89,2,'com_modules.module.89','Privacy Dashboard','{}'),(70,18,100,101,2,'com_modules.module.103','Site','{}'),(71,18,104,105,2,'com_modules.module.104','System','{}'),(72,18,108,109,2,'com_modules.module.91','System Dashboard','{}'),(73,18,110,111,2,'com_modules.module.92','Content Dashboard','{}'),(74,18,112,113,2,'com_modules.module.93','Menus Dashboard','{}'),(75,18,114,115,2,'com_modules.module.94','Components Dashboard','{}'),(76,18,116,117,2,'com_modules.module.95','Users Dashboard','{}'),(77,18,118,119,2,'com_modules.module.99','Frontend Link','{}'),(78,18,120,121,2,'com_modules.module.100','Messages','{}'),(79,18,122,123,2,'com_modules.module.101','Post Install Messages','{}'),(80,18,124,125,2,'com_modules.module.102','User Status','{}'),(82,18,126,127,2,'com_modules.module.105','3rd Party','{}'),(83,18,128,129,2,'com_modules.module.106','Help Dashboard','{}'),(84,18,130,131,2,'com_modules.module.107','Privacy Requests','{}'),(85,18,132,133,2,'com_modules.module.108','Privacy Status','{}'),(86,18,134,135,2,'com_modules.module.96','Popular Articles','{}'),(87,18,136,137,2,'com_modules.module.97','Recently Added Articles','{}'),(88,18,138,139,2,'com_modules.module.98','Logged-in Users','{}'),(89,18,140,141,2,'com_modules.module.90','Login Support','{}'),(90,1,183,184,1,'com_scheduler','com_scheduler','{}'),(91,11,54,55,2,'com_languages.language.2','Greek (el-GR)','{}'),(92,27,21,22,3,'com_content.article.1','Γνωριμία με το Τμήμα','{}'),(93,27,23,24,3,'com_content.article.2','Στόχοι & Επιδιώξεις','{}'),(94,18,142,143,2,'com_modules.module.109','Αναζήτηση','{}'),(95,18,144,145,2,'com_modules.module.110','Banner','{}'),(96,8,44,47,2,'com_content.category.8','Ανακοινώσεις','{}'),(97,96,45,46,3,'com_content.article.3','Ανακοίνωση για τις Κατατακτήριες Εξετάσεις Πτυχιούχων ΑΕΙ','{}'),(98,18,146,147,2,'com_modules.module.111','Ανακοινώσεις','{}'),(99,3,6,7,2,'com_banners.category.9','Μεταπτυχιακά','{}'),(100,18,148,149,2,'com_modules.module.112','Μεταπτυχιακά','{}');

--
-- Table structure for table `qoxnc_associations`
--

CREATE TABLE `qoxnc_associations` (
  `id` int(11) NOT NULL COMMENT 'A reference to the associated item.',
  `context` varchar(50) NOT NULL COMMENT 'The context of the associated item.',
  `key` char(32) NOT NULL COMMENT 'The key for the association computed from an md5 on associated ids.',
  PRIMARY KEY (`context`,`id`),
  KEY `idx_key` (`key`)
) ENGINE=InnoDB DEFAULT CHARSET=utf8mb4 COLLATE=utf8mb4_unicode_ci;

--
-- Dumping data for table `qoxnc_associations`
--


--
-- Table structure for table `qoxnc_banner_clients`
--

CREATE TABLE `qoxnc_banner_clients` (
  `id` int(11) NOT NULL AUTO_INCREMENT,
  `name` varchar(255) NOT NULL DEFAULT '',
  `contact` varchar(255) NOT NULL DEFAULT '',
  `email` varchar(255) NOT NULL DEFAULT '',
  `extrainfo` text NOT NULL,
  `state` tinyint(4) NOT NULL DEFAULT 0,
  `checked_out` int(10) unsigned DEFAULT NULL,
  `checked_out_time` datetime DEFAULT NULL,
  `metakey` text DEFAULT NULL,
  `own_prefix` tinyint(4) NOT NULL DEFAULT 0,
  `metakey_prefix` varchar(400) NOT NULL DEFAULT '',
  `purchase_type` tinyint(4) NOT NULL DEFAULT -1,
  `track_clicks` tinyint(4) NOT NULL DEFAULT -1,
  `track_impressions` tinyint(4) NOT NULL DEFAULT -1,
  PRIMARY KEY (`id`),
  KEY `idx_own_prefix` (`own_prefix`),
  KEY `idx_metakey_prefix` (`metakey_prefix`(100))
) ENGINE=InnoDB DEFAULT CHARSET=utf8mb4 COLLATE=utf8mb4_unicode_ci;

--
-- Dumping data for table `qoxnc_banner_clients`
--


--
-- Table structure for table `qoxnc_banner_tracks`
--

CREATE TABLE `qoxnc_banner_tracks` (
  `track_date` datetime NOT NULL,
  `track_type` int(10) unsigned NOT NULL,
  `banner_id` int(10) unsigned NOT NULL,
  `count` int(10) unsigned NOT NULL DEFAULT 0,
  PRIMARY KEY (`track_date`,`track_type`,`banner_id`),
  KEY `idx_track_date` (`track_date`),
  KEY `idx_track_type` (`track_type`),
  KEY `idx_banner_id` (`banner_id`)
) ENGINE=InnoDB DEFAULT CHARSET=utf8mb4 COLLATE=utf8mb4_unicode_ci;

--
-- Dumping data for table `qoxnc_banner_tracks`
--


--
-- Table structure for table `qoxnc_banners`
--

CREATE TABLE `qoxnc_banners` (
  `id` int(11) NOT NULL AUTO_INCREMENT,
  `cid` int(11) NOT NULL DEFAULT 0,
  `type` int(11) NOT NULL DEFAULT 0,
  `name` varchar(255) NOT NULL DEFAULT '',
  `alias` varchar(400) CHARACTER SET utf8mb4 COLLATE utf8mb4_bin NOT NULL DEFAULT '',
  `imptotal` int(11) NOT NULL DEFAULT 0,
  `impmade` int(11) NOT NULL DEFAULT 0,
  `clicks` int(11) NOT NULL DEFAULT 0,
  `clickurl` varchar(200) NOT NULL DEFAULT '',
  `state` tinyint(4) NOT NULL DEFAULT 0,
  `catid` int(10) unsigned NOT NULL DEFAULT 0,
  `description` text NOT NULL,
  `custombannercode` varchar(2048) NOT NULL,
  `sticky` tinyint(3) unsigned NOT NULL DEFAULT 0,
  `ordering` int(11) NOT NULL DEFAULT 0,
  `metakey` text DEFAULT NULL,
  `params` text NOT NULL,
  `own_prefix` tinyint(4) NOT NULL DEFAULT 0,
  `metakey_prefix` varchar(400) NOT NULL DEFAULT '',
  `purchase_type` tinyint(4) NOT NULL DEFAULT -1,
  `track_clicks` tinyint(4) NOT NULL DEFAULT -1,
  `track_impressions` tinyint(4) NOT NULL DEFAULT -1,
  `checked_out` int(10) unsigned DEFAULT NULL,
  `checked_out_time` datetime DEFAULT NULL,
  `publish_up` datetime DEFAULT NULL,
  `publish_down` datetime DEFAULT NULL,
  `reset` datetime DEFAULT NULL,
  `created` datetime NOT NULL,
  `language` char(7) NOT NULL DEFAULT '',
  `created_by` int(10) unsigned NOT NULL DEFAULT 0,
  `created_by_alias` varchar(255) NOT NULL DEFAULT '',
  `modified` datetime NOT NULL,
  `modified_by` int(10) unsigned NOT NULL DEFAULT 0,
  `version` int(10) unsigned NOT NULL DEFAULT 1,
  PRIMARY KEY (`id`),
  KEY `idx_state` (`state`),
  KEY `idx_own_prefix` (`own_prefix`),
  KEY `idx_metakey_prefix` (`metakey_prefix`(100)),
  KEY `idx_banner_catid` (`catid`),
  KEY `idx_language` (`language`)
) ENGINE=InnoDB AUTO_INCREMENT=2 DEFAULT CHARSET=utf8mb4 COLLATE=utf8mb4_unicode_ci;

--
-- Dumping data for table `qoxnc_banners`
--

INSERT INTO `qoxnc_banners` VALUES (1,0,0,'Μεταπτυχιακά','metaptyxiaka',0,1,0,'',1,9,'','',0,1,'','{\"imageurl\":\"images\\/banners\\/mst_msc.jpg#joomlaImage:\\/\\/local-images\\/banners\\/mst_msc.jpg?width=326&height=234\",\"width\":\"\",\"height\":\"\",\"alt\":\"\"}',0,'',-1,0,0,NULL,NULL,NULL,NULL,'2023-11-22 00:00:00','2022-12-16 17:27:13','*',605,'','2022-12-16 17:27:13',605,1);

--
-- Table structure for table `qoxnc_categories`
--

CREATE TABLE `qoxnc_categories` (
  `id` int(11) NOT NULL AUTO_INCREMENT,
  `asset_id` int(10) unsigned NOT NULL DEFAULT 0 COMMENT 'FK to the #__assets table.',
  `parent_id` int(10) unsigned NOT NULL DEFAULT 0,
  `lft` int(11) NOT NULL DEFAULT 0,
  `rgt` int(11) NOT NULL DEFAULT 0,
  `level` int(10) unsigned NOT NULL DEFAULT 0,
  `path` varchar(400) NOT NULL DEFAULT '',
  `extension` varchar(50) NOT NULL DEFAULT '',
  `title` varchar(255) NOT NULL DEFAULT '',
  `alias` varchar(400) CHARACTER SET utf8mb4 COLLATE utf8mb4_bin NOT NULL DEFAULT '',
  `note` varchar(255) NOT NULL DEFAULT '',
  `description` mediumtext DEFAULT NULL,
  `published` tinyint(4) NOT NULL DEFAULT 0,
  `checked_out` int(10) unsigned DEFAULT NULL,
  `checked_out_time` datetime DEFAULT NULL,
  `access` int(10) unsigned NOT NULL DEFAULT 0,
  `params` text DEFAULT NULL,
  `metadesc` varchar(1024) NOT NULL DEFAULT '' COMMENT 'The meta description for the page.',
  `metakey` varchar(1024) NOT NULL DEFAULT '' COMMENT 'The keywords for the page.',
  `metadata` varchar(2048) NOT NULL DEFAULT '' COMMENT 'JSON encoded metadata properties.',
  `created_user_id` int(10) unsigned NOT NULL DEFAULT 0,
  `created_time` datetime NOT NULL,
  `modified_user_id` int(10) unsigned NOT NULL DEFAULT 0,
  `modified_time` datetime NOT NULL,
  `hits` int(10) unsigned NOT NULL DEFAULT 0,
  `language` char(7) NOT NULL DEFAULT '',
  `version` int(10) unsigned NOT NULL DEFAULT 1,
  PRIMARY KEY (`id`),
  KEY `cat_idx` (`extension`,`published`,`access`),
  KEY `idx_access` (`access`),
  KEY `idx_checkout` (`checked_out`),
  KEY `idx_path` (`path`(100)),
  KEY `idx_left_right` (`lft`,`rgt`),
  KEY `idx_alias` (`alias`(100)),
  KEY `idx_language` (`language`)
) ENGINE=InnoDB AUTO_INCREMENT=10 DEFAULT CHARSET=utf8mb4 COLLATE=utf8mb4_unicode_ci;

--
-- Dumping data for table `qoxnc_categories`
--

INSERT INTO `qoxnc_categories` VALUES (1,0,0,0,15,0,'','system','ROOT','root','','',1,NULL,NULL,1,'{}','','','{}',605,'2022-12-15 16:57:52',605,'2022-12-15 16:57:52',0,'*',1),(2,27,1,1,2,1,'uncategorised','com_content','Uncategorised','uncategorised','','',1,NULL,NULL,1,'{\"category_layout\":\"\",\"image\":\"\",\"workflow_id\":\"use_default\"}','','','{\"author\":\"\",\"robots\":\"\"}',605,'2022-12-15 16:57:52',605,'2022-12-15 16:57:52',0,'*',1),(3,28,1,3,4,1,'uncategorised','com_banners','Uncategorised','uncategorised','','',1,NULL,NULL,1,'{\"category_layout\":\"\",\"image\":\"\"}','','','{\"author\":\"\",\"robots\":\"\"}',605,'2022-12-15 16:57:52',605,'2022-12-15 16:57:52',0,'*',1),(4,29,1,5,6,1,'uncategorised','com_contact','Uncategorised','uncategorised','','',1,NULL,NULL,1,'{\"category_layout\":\"\",\"image\":\"\"}','','','{\"author\":\"\",\"robots\":\"\"}',605,'2022-12-15 16:57:52',605,'2022-12-15 16:57:52',0,'*',1),(5,30,1,7,8,1,'uncategorised','com_newsfeeds','Uncategorised','uncategorised','','',1,NULL,NULL,1,'{\"category_layout\":\"\",\"image\":\"\"}','','','{\"author\":\"\",\"robots\":\"\"}',605,'2022-12-15 16:57:52',605,'2022-12-15 16:57:52',0,'*',1),(7,32,1,9,10,1,'uncategorised','com_users','Uncategorised','uncategorised','','',1,NULL,NULL,1,'{\"category_layout\":\"\",\"image\":\"\"}','','','{\"author\":\"\",\"robots\":\"\"}',605,'2022-12-15 16:57:52',605,'2022-12-15 16:57:52',0,'*',1),(8,96,1,11,12,1,'anakoinoseis','com_content','Ανακοινώσεις','anakoinoseis','','',1,NULL,NULL,1,'{\"category_layout\":\"\",\"image\":\"\",\"image_alt\":\"\"}','','','{\"author\":\"\",\"robots\":\"\"}',605,'2022-12-16 07:42:59',605,'2022-12-16 07:42:59',0,'*',1),(9,99,1,13,14,1,'metaptyxiaka','com_banners','Μεταπτυχιακά','metaptyxiaka','','',1,NULL,NULL,1,'{\"category_layout\":\"\",\"image\":\"\",\"image_alt\":\"\"}','','','{\"author\":\"\",\"robots\":\"\"}',605,'2022-12-16 17:22:08',605,'2022-12-16 17:22:08',0,'*',1);

--
-- Table structure for table `qoxnc_contact_details`
--

CREATE TABLE `qoxnc_contact_details` (
  `id` int(11) NOT NULL AUTO_INCREMENT,
  `name` varchar(255) NOT NULL,
  `alias` varchar(400) CHARACTER SET utf8mb4 COLLATE utf8mb4_bin NOT NULL,
  `con_position` varchar(255) DEFAULT NULL,
  `address` text DEFAULT NULL,
  `suburb` varchar(100) DEFAULT NULL,
  `state` varchar(100) DEFAULT NULL,
  `country` varchar(100) DEFAULT NULL,
  `postcode` varchar(100) DEFAULT NULL,
  `telephone` varchar(255) DEFAULT NULL,
  `fax` varchar(255) DEFAULT NULL,
  `misc` mediumtext DEFAULT NULL,
  `image` varchar(255) DEFAULT NULL,
  `email_to` varchar(255) DEFAULT NULL,
  `default_con` tinyint(3) unsigned NOT NULL DEFAULT 0,
  `published` tinyint(4) NOT NULL DEFAULT 0,
  `checked_out` int(10) unsigned DEFAULT NULL,
  `checked_out_time` datetime DEFAULT NULL,
  `ordering` int(11) NOT NULL DEFAULT 0,
  `params` text NOT NULL,
  `user_id` int(11) NOT NULL DEFAULT 0,
  `catid` int(11) NOT NULL DEFAULT 0,
  `access` int(10) unsigned NOT NULL DEFAULT 0,
  `mobile` varchar(255) NOT NULL DEFAULT '',
  `webpage` varchar(255) NOT NULL DEFAULT '',
  `sortname1` varchar(255) NOT NULL DEFAULT '',
  `sortname2` varchar(255) NOT NULL DEFAULT '',
  `sortname3` varchar(255) NOT NULL DEFAULT '',
  `language` varchar(7) NOT NULL,
  `created` datetime NOT NULL,
  `created_by` int(10) unsigned NOT NULL DEFAULT 0,
  `created_by_alias` varchar(255) NOT NULL DEFAULT '',
  `modified` datetime NOT NULL,
  `modified_by` int(10) unsigned NOT NULL DEFAULT 0,
  `metakey` text DEFAULT NULL,
  `metadesc` text NOT NULL,
  `metadata` text NOT NULL,
  `featured` tinyint(3) unsigned NOT NULL DEFAULT 0 COMMENT 'Set if contact is featured.',
  `publish_up` datetime DEFAULT NULL,
  `publish_down` datetime DEFAULT NULL,
  `version` int(10) unsigned NOT NULL DEFAULT 1,
  `hits` int(10) unsigned NOT NULL DEFAULT 0,
  PRIMARY KEY (`id`),
  KEY `idx_access` (`access`),
  KEY `idx_checkout` (`checked_out`),
  KEY `idx_state` (`published`),
  KEY `idx_catid` (`catid`),
  KEY `idx_createdby` (`created_by`),
  KEY `idx_featured_catid` (`featured`,`catid`),
  KEY `idx_language` (`language`)
) ENGINE=InnoDB DEFAULT CHARSET=utf8mb4 COLLATE=utf8mb4_unicode_ci;

--
-- Dumping data for table `qoxnc_contact_details`
--


--
-- Table structure for table `qoxnc_content`
--

CREATE TABLE `qoxnc_content` (
  `id` int(10) unsigned NOT NULL AUTO_INCREMENT,
  `asset_id` int(10) unsigned NOT NULL DEFAULT 0 COMMENT 'FK to the #__assets table.',
  `title` varchar(255) NOT NULL DEFAULT '',
  `alias` varchar(400) CHARACTER SET utf8mb4 COLLATE utf8mb4_bin NOT NULL DEFAULT '',
  `introtext` mediumtext NOT NULL,
  `fulltext` mediumtext NOT NULL,
  `state` tinyint(4) NOT NULL DEFAULT 0,
  `catid` int(10) unsigned NOT NULL DEFAULT 0,
  `created` datetime NOT NULL,
  `created_by` int(10) unsigned NOT NULL DEFAULT 0,
  `created_by_alias` varchar(255) NOT NULL DEFAULT '',
  `modified` datetime NOT NULL,
  `modified_by` int(10) unsigned NOT NULL DEFAULT 0,
  `checked_out` int(10) unsigned DEFAULT NULL,
  `checked_out_time` datetime DEFAULT NULL,
  `publish_up` datetime DEFAULT NULL,
  `publish_down` datetime DEFAULT NULL,
  `images` text NOT NULL,
  `urls` text NOT NULL,
  `attribs` varchar(5120) NOT NULL,
  `version` int(10) unsigned NOT NULL DEFAULT 1,
  `ordering` int(11) NOT NULL DEFAULT 0,
  `metakey` text DEFAULT NULL,
  `metadesc` text NOT NULL,
  `access` int(10) unsigned NOT NULL DEFAULT 0,
  `hits` int(10) unsigned NOT NULL DEFAULT 0,
  `metadata` text NOT NULL,
  `featured` tinyint(3) unsigned NOT NULL DEFAULT 0 COMMENT 'Set if article is featured.',
  `language` char(7) NOT NULL COMMENT 'The language code for the article.',
  `note` varchar(255) NOT NULL DEFAULT '',
  PRIMARY KEY (`id`),
  KEY `idx_access` (`access`),
  KEY `idx_checkout` (`checked_out`),
  KEY `idx_state` (`state`),
  KEY `idx_catid` (`catid`),
  KEY `idx_createdby` (`created_by`),
  KEY `idx_featured_catid` (`featured`,`catid`),
  KEY `idx_language` (`language`),
  KEY `idx_alias` (`alias`(191))
) ENGINE=InnoDB AUTO_INCREMENT=4 DEFAULT CHARSET=utf8mb4 COLLATE=utf8mb4_unicode_ci;

--
-- Dumping data for table `qoxnc_content`
--

INSERT INTO `qoxnc_content` VALUES (1,92,'Γνωριμία με το Τμήμα','home','<p>Το Τμήμα Διοικητικής Επιστήμης και Τεχνολογίας του Διεθνούς Πανεπιστημίου Ελλάδος είναι ένα νέο σύγχρονο Τμήμα το οποίο δημιουργήθηκε με στόχο την προαγωγή της έρευνας και της διδασκαλίας στο επιστημονικό πεδίο της Διοικητικής Επιστήμης και της Τεχνολογίας, προς όφελος της κοινωνίας και της επιστήμης.</p>\r\n<p>O σκοπός του προγράμματος είναι η δημιουργία στελεχών που θα συνδυάζουν τις επιστημονικές γνώσεις της διοικητικής επιστήμης και τις απαραίτητες οργανωσιακές και ηγετικές ικανότητες, πλαισιωμένες με τις επιστημονικές γνώσεις και τις ικανότητες αξιοποίησης των σύγχρονων τεχνολογιών και ειδικότερα της Πληροφορικής και των Επικοινωνιών. </p>','',1,2,'2022-12-15 17:15:52',605,'','2022-12-15 17:15:52',605,NULL,NULL,'2022-12-15 17:15:52',NULL,'{\"image_intro\":\"\",\"image_intro_alt\":\"\",\"float_intro\":\"\",\"image_intro_caption\":\"\",\"image_fulltext\":\"\",\"image_fulltext_alt\":\"\",\"float_fulltext\":\"\",\"image_fulltext_caption\":\"\"}','{\"urla\":\"\",\"urlatext\":\"\",\"targeta\":\"\",\"urlb\":\"\",\"urlbtext\":\"\",\"targetb\":\"\",\"urlc\":\"\",\"urlctext\":\"\",\"targetc\":\"\"}','{\"article_layout\":\"\",\"show_title\":\"\",\"link_titles\":\"\",\"show_tags\":\"\",\"show_intro\":\"\",\"info_block_position\":\"\",\"info_block_show_title\":\"\",\"show_category\":\"\",\"link_category\":\"\",\"show_parent_category\":\"\",\"link_parent_category\":\"\",\"show_author\":\"\",\"link_author\":\"\",\"show_create_date\":\"\",\"show_modify_date\":\"\",\"show_publish_date\":\"\",\"show_item_navigation\":\"\",\"show_hits\":\"\",\"show_noauth\":\"\",\"urls_position\":\"\",\"alternative_readmore\":\"\",\"article_page_title\":\"\",\"show_publishing_options\":\"\",\"show_article_options\":\"\",\"show_urls_images_backend\":\"\",\"show_urls_images_frontend\":\"\"}',1,1,'','',1,2,'{\"robots\":\"\",\"author\":\"\",\"rights\":\"\"}',0,'*',''),(2,93,'Στόχοι & Επιδιώξεις','goal-and-objective','<p>Το Τμήμα αποσκοπεί: </p>\r\n<ul>\r\n<li>Στην παροχή εκπαίδευσης υψηλού επιπέδου σε προπτυχιακούς και μεταπτυχιακούς φοιτητές στα αντικείμενα της διοικητικής επιστήμης και της τεχνολογίας με στόχο την ανάδειξη των κρίσιμων πλεονεκτημάτων του συνδυασμού τους, δημιουργώντας μελλοντικά μια μάζα επιστημόνων με ευρεία επιστημονική γνώση και αναπτυγμένες δεξιότητες εφαρμογής της σε πρακτικά προβλήματα.</li>\r\n<li>Στη δημιουργία επιστημονικού δυναμικού υψηλού επιπέδου εκπαίδευσης για στελέχωση τόσο της έρευνας όσο και της παροχής υπηρεσιών σε τομείς μοχλούς για την οικονομική ανάπτυξη.</li>\r\n<li>Στη δημιουργία ενός ισχυρού, βιώσιμου και διεθνώς ανταγωνιστικού Τμήματος στο ευρύ φάσμα το βασικού και εφαρμοσμένου διεπιστημονικού πεδίου της Διοικητικής Επιστήμης και Τεχνολογίας.</li>\r\n<li>Στη δημιουργία συνεργειών με τα άλλα συγγενή Τμήματα και τα ερευνητικά εργαστήρια της χώρας</li>\r\n</ul>','',1,2,'2022-12-15 17:25:17',605,'','2022-12-15 17:25:17',605,NULL,NULL,'2022-12-15 17:25:17',NULL,'{\"image_intro\":\"\",\"image_intro_alt\":\"\",\"float_intro\":\"\",\"image_intro_caption\":\"\",\"image_fulltext\":\"\",\"image_fulltext_alt\":\"\",\"float_fulltext\":\"\",\"image_fulltext_caption\":\"\"}','{\"urla\":\"\",\"urlatext\":\"\",\"targeta\":\"\",\"urlb\":\"\",\"urlbtext\":\"\",\"targetb\":\"\",\"urlc\":\"\",\"urlctext\":\"\",\"targetc\":\"\"}','{\"article_layout\":\"\",\"show_title\":\"\",\"link_titles\":\"\",\"show_tags\":\"\",\"show_intro\":\"\",\"info_block_position\":\"\",\"info_block_show_title\":\"\",\"show_category\":\"\",\"link_category\":\"\",\"show_parent_category\":\"\",\"link_parent_category\":\"\",\"show_author\":\"\",\"link_author\":\"\",\"show_create_date\":\"\",\"show_modify_date\":\"\",\"show_publish_date\":\"\",\"show_item_navigation\":\"\",\"show_hits\":\"\",\"show_noauth\":\"\",\"urls_position\":\"\",\"alternative_readmore\":\"\",\"article_page_title\":\"\",\"show_publishing_options\":\"\",\"show_article_options\":\"\",\"show_urls_images_backend\":\"\",\"show_urls_images_frontend\":\"\"}',1,0,'','',1,2,'{\"robots\":\"\",\"author\":\"\",\"rights\":\"\"}',0,'*',''),(3,97,'Ανακοίνωση για τις Κατατακτήριες Εξετάσεις Πτυχιούχων ΑΕΙ','anakoinosi-gia-tis-katataktiries-eksetaseis-ptyxioyxon-aei','<p><b><u>Κατατακτήριες Εξετάσεις Πτυχιούχων ΑΕΙ για το Τμήμα Διοικητικής Επιστήμης και Τεχνολογίας για το Ακαδημαϊκό έτος 2022-2023</u></b></p>\r\n<p><strong><u>Χρόνος κατάθεσης δικαιολογητικών</u></strong></p>\r\n<p>Η αίτηση και τα δικαιολογητικά των πτυχιούχων ΑΕΙ που επιθυμούν να δώσουν κατατακτήριες εξετάσεις για την εγγραφή τους στο Τμήμα Διοικητικής Επιστήμης και Τεχνολογίας υποβάλλονται στη γραμματεία του Τμήματος από <strong>1 έως 15 Νοεμβρίου 2022.</strong></p>\r\n<p><strong><u>Δικαιολογητικά</u></strong></p>\r\n<ol>\r\n<li><a href=\"https://www.mst.ihu.gr/wp-content/uploads/2022/10/%CE%91%CE%99%CE%A4%CE%97%CE%A3%CE%97-%CE%93%CE%99%CE%91-%CE%9A%CE%91%CE%A4%CE%91%CE%A4%CE%91%CE%9E%CE%97-%CE%A3%CE%A4%CE%9F-%CE%A4%CE%9C%CE%97%CE%9C%CE%91-2022.docx\">Αίτηση του ενδιαφερόμενου (χορηγείται και από τη γραμματεία)</a></li>\r\n<li>Αντίγραφο πτυχίου ή πιστοποιητικό περάτωσης σπουδών. Προκειμένου για πτυχιούχους εξωτερικού συνυποβάλλεται και βεβαίωση ισοτιμίας του τίτλου σπουδών τους από τον Δ.Ο.Α.Τ.Α.Π. ή από το όργανο που έχει την αρμοδιότητα αναγνώρισης του τίτλου σπουδών.</li>\r\n</ol>\r\n<p><strong><u>Χρόνος διενέργειας των εξετάσεων</u></strong></p>\r\n<p>Οι κατατακτήριες εξετάσεις θα διενεργηθούν κατά το διάστημα από <strong>1 έως 20 Δεκεμβρίου 2022.</strong></p>\r\n<p><strong><u>Μαθήματα και Ύλη Κατατακτηρίων Εξετάσεων</u></strong></p>\r\n<ol>\r\n<li><strong>Γενικά Μαθηματικά</strong></li>\r\n</ol>\r\n<p>Γραμμική άλγεβρα</p>\r\n<p>Πίνακες: Είδη – Ιδιότητες – Πράξεις.</p>\r\n<p>Ορίζουσες: Ιδιότητες.</p>\r\n<p>Συστήματα: Γραμμικά (ν x μ).</p>\r\n<p>Ανάλυση</p>\r\n<p>Συναρτήσεις μιας μεταβλητής.</p>\r\n<p>Όριο συνάρτησης του Χ-&gt; Χo.</p>\r\n<p>Συνέχεια συνάρτησης.</p>\r\n<p>Παράγωγος συνάρτησης.</p>\r\n<p>Μελέτη συνάρτησης.</p>\r\n<ol start=\"2\">\r\n<li><strong>Προγραμματισμός Υπολογιστών</strong></li>\r\n</ol>\r\n<p>Ανάπτυξη, κατανόηση και έλεγχος πηγαίου κώδικα σε γλώσσα προγραμματισμού Java.</p>\r\n<p>Μεταβλητές: Τύποι, εμβέλεια, εκχώρηση τιμής, δέσμευση μνήμης.</p>\r\n<p>Εντολές ελέγχου και επανάληψης, λογικοί τελεστές.</p>\r\n<p>Διαχείριση συμβολοσειρών και χαρακτήρων.</p>\r\n<p>Πίνακες: Ορισμός, αρχικοποίηση, σάρωση, αναζήτηση στοιχείων, ταξινόμηση στοιχείων, αντιγραφή πινάκων.</p>\r\n<p>Αντικειμενοστρέφεια: Κλάσεις, Αντικείμενα, Ιδιότητες, Μέθοδοι, Κατασκευαστές, Παράκαμψη, Υπερφόρτωση, Σύνθεση κλάσεων, Επέκταση κλάσεων – Κληρονομικότητα, Αφηρημένες κλάσεις.</p>\r\n<p>Μέθοδοι: Κλήση, μεταβίβαση τιμών, επιστροφή τιμής, υπερφόρτωση, αναδρομή, μεταβίβαση πινάκων, συναρτήσεις βιβλιοθήκης.</p>\r\n<p>Διαχείριση Αρχείων (Files).</p>\r\n<p>3.<strong>Αρχές Διοίκησης Επιχειρήσεων</strong></p>\r\n<p>Ορισμός του Μάνατζμεντ και οι βασικές λειτουργίες του</p>\r\n<p>Ιστορικές Προσεγγίσεις του Μάνατζμεντ</p>\r\n<p>Το περιβάλλον του Μάνατζμεντ</p>\r\n<p>Ηθική συμπεριφορά στους σύγχρονους οργανισμούς και εταιρική κοινωνική ευθύνη</p>\r\n<p>Ηγεσία και παρακίνηση</p>\r\n<p>Τα παραπάνω μαθήματα δεν αντιστοιχούν σε μαθήματα του Προγράμματος σπουδών του Τμήματος Διοικητικής Επιστήμης και Τεχνολογίας.</p>','',1,8,'2022-12-16 07:46:46',605,'','2022-12-16 07:46:46',605,NULL,NULL,'2022-12-16 07:46:46',NULL,'{\"image_intro\":\"\",\"image_intro_alt\":\"\",\"float_intro\":\"\",\"image_intro_caption\":\"\",\"image_fulltext\":\"\",\"image_fulltext_alt\":\"\",\"float_fulltext\":\"\",\"image_fulltext_caption\":\"\"}','{\"urla\":\"\",\"urlatext\":\"\",\"targeta\":\"\",\"urlb\":\"\",\"urlbtext\":\"\",\"targetb\":\"\",\"urlc\":\"\",\"urlctext\":\"\",\"targetc\":\"\"}','{\"article_layout\":\"\",\"show_title\":\"\",\"link_titles\":\"\",\"show_tags\":\"\",\"show_intro\":\"\",\"info_block_position\":\"\",\"info_block_show_title\":\"\",\"show_category\":\"\",\"link_category\":\"\",\"show_parent_category\":\"\",\"link_parent_category\":\"\",\"show_author\":\"\",\"link_author\":\"\",\"show_create_date\":\"\",\"show_modify_date\":\"\",\"show_publish_date\":\"\",\"show_item_navigation\":\"\",\"show_hits\":\"\",\"show_noauth\":\"\",\"urls_position\":\"\",\"alternative_readmore\":\"\",\"article_page_title\":\"\",\"show_publishing_options\":\"\",\"show_article_options\":\"\",\"show_urls_images_backend\":\"\",\"show_urls_images_frontend\":\"\"}',1,0,'','',1,0,'{\"robots\":\"\",\"author\":\"\",\"rights\":\"\"}',0,'*','');

--
-- Table structure for table `qoxnc_content_frontpage`
--

CREATE TABLE `qoxnc_content_frontpage` (
  `content_id` int(11) NOT NULL DEFAULT 0,
  `ordering` int(11) NOT NULL DEFAULT 0,
  `featured_up` datetime DEFAULT NULL,
  `featured_down` datetime DEFAULT NULL,
  PRIMARY KEY (`content_id`)
) ENGINE=InnoDB DEFAULT CHARSET=utf8mb4 COLLATE=utf8mb4_unicode_ci;

--
-- Dumping data for table `qoxnc_content_frontpage`
--


--
-- Table structure for table `qoxnc_content_rating`
--

CREATE TABLE `qoxnc_content_rating` (
  `content_id` int(11) NOT NULL DEFAULT 0,
  `rating_sum` int(10) unsigned NOT NULL DEFAULT 0,
  `rating_count` int(10) unsigned NOT NULL DEFAULT 0,
  `lastip` varchar(50) NOT NULL DEFAULT '',
  PRIMARY KEY (`content_id`)
) ENGINE=InnoDB DEFAULT CHARSET=utf8mb4 COLLATE=utf8mb4_unicode_ci;

--
-- Dumping data for table `qoxnc_content_rating`
--


--
-- Table structure for table `qoxnc_content_types`
--

CREATE TABLE `qoxnc_content_types` (
  `type_id` int(10) unsigned NOT NULL AUTO_INCREMENT,
  `type_title` varchar(255) NOT NULL DEFAULT '',
  `type_alias` varchar(400) NOT NULL DEFAULT '',
  `table` varchar(2048) NOT NULL DEFAULT '',
  `rules` text NOT NULL,
  `field_mappings` text NOT NULL,
  `router` varchar(255) NOT NULL DEFAULT '',
  `content_history_options` varchar(5120) DEFAULT NULL COMMENT 'JSON string for com_contenthistory options',
  PRIMARY KEY (`type_id`),
  KEY `idx_alias` (`type_alias`(100))
) ENGINE=InnoDB AUTO_INCREMENT=10000 DEFAULT CHARSET=utf8mb4 COLLATE=utf8mb4_unicode_ci;

--
-- Dumping data for table `qoxnc_content_types`
--

INSERT INTO `qoxnc_content_types` VALUES (1,'Article','com_content.article','{\"special\":{\"dbtable\":\"#__content\",\"key\":\"id\",\"type\":\"ArticleTable\",\"prefix\":\"Joomla\\\\Component\\\\Content\\\\Administrator\\\\Table\\\\\",\"config\":\"array()\"},\"common\":{\"dbtable\":\"#__ucm_content\",\"key\":\"ucm_id\",\"type\":\"Corecontent\",\"prefix\":\"Joomla\\\\CMS\\\\Table\\\\\",\"config\":\"array()\"}}','','{\"common\":{\"core_content_item_id\":\"id\",\"core_title\":\"title\",\"core_state\":\"state\",\"core_alias\":\"alias\",\"core_created_time\":\"created\",\"core_modified_time\":\"modified\",\"core_body\":\"introtext\", \"core_hits\":\"hits\",\"core_publish_up\":\"publish_up\",\"core_publish_down\":\"publish_down\",\"core_access\":\"access\", \"core_params\":\"attribs\", \"core_featured\":\"featured\", \"core_metadata\":\"metadata\", \"core_language\":\"language\", \"core_images\":\"images\", \"core_urls\":\"urls\", \"core_version\":\"version\", \"core_ordering\":\"ordering\", \"core_metakey\":\"metakey\", \"core_metadesc\":\"metadesc\", \"core_catid\":\"catid\", \"asset_id\":\"asset_id\", \"note\":\"note\"}, \"special\":{\"fulltext\":\"fulltext\"}}','ContentHelperRoute::getArticleRoute','{\"formFile\":\"administrator\\/components\\/com_content\\/forms\\/article.xml\", \"hideFields\":[\"asset_id\",\"checked_out\",\"checked_out_time\",\"version\"],\"ignoreChanges\":[\"modified_by\", \"modified\", \"checked_out\", \"checked_out_time\", \"version\", \"hits\", \"ordering\"],\"convertToInt\":[\"publish_up\", \"publish_down\", \"featured\", \"ordering\"],\"displayLookup\":[{\"sourceColumn\":\"catid\",\"targetTable\":\"#__categories\",\"targetColumn\":\"id\",\"displayColumn\":\"title\"},{\"sourceColumn\":\"created_by\",\"targetTable\":\"#__users\",\"targetColumn\":\"id\",\"displayColumn\":\"name\"},{\"sourceColumn\":\"access\",\"targetTable\":\"#__viewlevels\",\"targetColumn\":\"id\",\"displayColumn\":\"title\"},{\"sourceColumn\":\"modified_by\",\"targetTable\":\"#__users\",\"targetColumn\":\"id\",\"displayColumn\":\"name\"} ]}'),(2,'Contact','com_contact.contact','{\"special\":{\"dbtable\":\"#__contact_details\",\"key\":\"id\",\"type\":\"ContactTable\",\"prefix\":\"Joomla\\\\Component\\\\Contact\\\\Administrator\\\\Table\\\\\",\"config\":\"array()\"},\"common\":{\"dbtable\":\"#__ucm_content\",\"key\":\"ucm_id\",\"type\":\"Corecontent\",\"prefix\":\"Joomla\\\\CMS\\\\Table\\\\\",\"config\":\"array()\"}}','','{\"common\":{\"core_content_item_id\":\"id\",\"core_title\":\"name\",\"core_state\":\"published\",\"core_alias\":\"alias\",\"core_created_time\":\"created\",\"core_modified_time\":\"modified\",\"core_body\":\"address\", \"core_hits\":\"hits\",\"core_publish_up\":\"publish_up\",\"core_publish_down\":\"publish_down\",\"core_access\":\"access\", \"core_params\":\"params\", \"core_featured\":\"featured\", \"core_metadata\":\"metadata\", \"core_language\":\"language\", \"core_images\":\"image\", \"core_urls\":\"webpage\", \"core_version\":\"version\", \"core_ordering\":\"ordering\", \"core_metakey\":\"metakey\", \"core_metadesc\":\"metadesc\", \"core_catid\":\"catid\", \"asset_id\":\"null\"}, \"special\":{\"con_position\":\"con_position\",\"suburb\":\"suburb\",\"state\":\"state\",\"country\":\"country\",\"postcode\":\"postcode\",\"telephone\":\"telephone\",\"fax\":\"fax\",\"misc\":\"misc\",\"email_to\":\"email_to\",\"default_con\":\"default_con\",\"user_id\":\"user_id\",\"mobile\":\"mobile\",\"sortname1\":\"sortname1\",\"sortname2\":\"sortname2\",\"sortname3\":\"sortname3\"}}','ContactHelperRoute::getContactRoute','{\"formFile\":\"administrator\\/components\\/com_contact\\/forms\\/contact.xml\",\"hideFields\":[\"default_con\",\"checked_out\",\"checked_out_time\",\"version\"],\"ignoreChanges\":[\"modified_by\", \"modified\", \"checked_out\", \"checked_out_time\", \"version\", \"hits\"],\"convertToInt\":[\"publish_up\", \"publish_down\", \"featured\", \"ordering\"], \"displayLookup\":[ {\"sourceColumn\":\"created_by\",\"targetTable\":\"#__users\",\"targetColumn\":\"id\",\"displayColumn\":\"name\"},{\"sourceColumn\":\"catid\",\"targetTable\":\"#__categories\",\"targetColumn\":\"id\",\"displayColumn\":\"title\"},{\"sourceColumn\":\"modified_by\",\"targetTable\":\"#__users\",\"targetColumn\":\"id\",\"displayColumn\":\"name\"},{\"sourceColumn\":\"access\",\"targetTable\":\"#__viewlevels\",\"targetColumn\":\"id\",\"displayColumn\":\"title\"},{\"sourceColumn\":\"user_id\",\"targetTable\":\"#__users\",\"targetColumn\":\"id\",\"displayColumn\":\"name\"} ] }'),(3,'Newsfeed','com_newsfeeds.newsfeed','{\"special\":{\"dbtable\":\"#__newsfeeds\",\"key\":\"id\",\"type\":\"NewsfeedTable\",\"prefix\":\"Joomla\\\\Component\\\\Newsfeeds\\\\Administrator\\\\Table\\\\\",\"config\":\"array()\"},\"common\":{\"dbtable\":\"#__ucm_content\",\"key\":\"ucm_id\",\"type\":\"Corecontent\",\"prefix\":\"Joomla\\\\CMS\\\\Table\\\\\",\"config\":\"array()\"}}','','{\"common\":{\"core_content_item_id\":\"id\",\"core_title\":\"name\",\"core_state\":\"published\",\"core_alias\":\"alias\",\"core_created_time\":\"created\",\"core_modified_time\":\"modified\",\"core_body\":\"description\", \"core_hits\":\"hits\",\"core_publish_up\":\"publish_up\",\"core_publish_down\":\"publish_down\",\"core_access\":\"access\", \"core_params\":\"params\", \"core_featured\":\"featured\", \"core_metadata\":\"metadata\", \"core_language\":\"language\", \"core_images\":\"images\", \"core_urls\":\"link\", \"core_version\":\"version\", \"core_ordering\":\"ordering\", \"core_metakey\":\"metakey\", \"core_metadesc\":\"metadesc\", \"core_catid\":\"catid\", \"asset_id\":\"null\"}, \"special\":{\"numarticles\":\"numarticles\",\"cache_time\":\"cache_time\",\"rtl\":\"rtl\"}}','NewsfeedsHelperRoute::getNewsfeedRoute','{\"formFile\":\"administrator\\/components\\/com_newsfeeds\\/forms\\/newsfeed.xml\",\"hideFields\":[\"asset_id\",\"checked_out\",\"checked_out_time\",\"version\"],\"ignoreChanges\":[\"modified_by\", \"modified\", \"checked_out\", \"checked_out_time\", \"version\", \"hits\"],\"convertToInt\":[\"publish_up\", \"publish_down\", \"featured\", \"ordering\"],\"displayLookup\":[{\"sourceColumn\":\"catid\",\"targetTable\":\"#__categories\",\"targetColumn\":\"id\",\"displayColumn\":\"title\"},{\"sourceColumn\":\"created_by\",\"targetTable\":\"#__users\",\"targetColumn\":\"id\",\"displayColumn\":\"name\"},{\"sourceColumn\":\"access\",\"targetTable\":\"#__viewlevels\",\"targetColumn\":\"id\",\"displayColumn\":\"title\"},{\"sourceColumn\":\"modified_by\",\"targetTable\":\"#__users\",\"targetColumn\":\"id\",\"displayColumn\":\"name\"} ]}'),(4,'User','com_users.user','{\"special\":{\"dbtable\":\"#__users\",\"key\":\"id\",\"type\":\"User\",\"prefix\":\"Joomla\\\\CMS\\\\Table\\\\\",\"config\":\"array()\"},\"common\":{\"dbtable\":\"#__ucm_content\",\"key\":\"ucm_id\",\"type\":\"Corecontent\",\"prefix\":\"Joomla\\\\CMS\\\\Table\\\\\",\"config\":\"array()\"}}','','{\"common\":{\"core_content_item_id\":\"id\",\"core_title\":\"name\",\"core_state\":\"null\",\"core_alias\":\"username\",\"core_created_time\":\"registerDate\",\"core_modified_time\":\"lastvisitDate\",\"core_body\":\"null\", \"core_hits\":\"null\",\"core_publish_up\":\"null\",\"core_publish_down\":\"null\",\"access\":\"null\", \"core_params\":\"params\", \"core_featured\":\"null\", \"core_metadata\":\"null\", \"core_language\":\"null\", \"core_images\":\"null\", \"core_urls\":\"null\", \"core_version\":\"null\", \"core_ordering\":\"null\", \"core_metakey\":\"null\", \"core_metadesc\":\"null\", \"core_catid\":\"null\", \"asset_id\":\"null\"}, \"special\":{}}','',''),(5,'Article Category','com_content.category','{\"special\":{\"dbtable\":\"#__categories\",\"key\":\"id\",\"type\":\"CategoryTable\",\"prefix\":\"Joomla\\\\Component\\\\Categories\\\\Administrator\\\\Table\\\\\",\"config\":\"array()\"},\"common\":{\"dbtable\":\"#__ucm_content\",\"key\":\"ucm_id\",\"type\":\"Corecontent\",\"prefix\":\"Joomla\\\\CMS\\\\Table\\\\\",\"config\":\"array()\"}}','','{\"common\":{\"core_content_item_id\":\"id\",\"core_title\":\"title\",\"core_state\":\"published\",\"core_alias\":\"alias\",\"core_created_time\":\"created_time\",\"core_modified_time\":\"modified_time\",\"core_body\":\"description\", \"core_hits\":\"hits\",\"core_publish_up\":\"null\",\"core_publish_down\":\"null\",\"core_access\":\"access\", \"core_params\":\"params\", \"core_featured\":\"null\", \"core_metadata\":\"metadata\", \"core_language\":\"language\", \"core_images\":\"null\", \"core_urls\":\"null\", \"core_version\":\"version\", \"core_ordering\":\"null\", \"core_metakey\":\"metakey\", \"core_metadesc\":\"metadesc\", \"core_catid\":\"parent_id\", \"asset_id\":\"asset_id\"}, \"special\":{\"parent_id\":\"parent_id\",\"lft\":\"lft\",\"rgt\":\"rgt\",\"level\":\"level\",\"path\":\"path\",\"extension\":\"extension\",\"note\":\"note\"}}','ContentHelperRoute::getCategoryRoute','{\"formFile\":\"administrator\\/components\\/com_categories\\/forms\\/category.xml\", \"hideFields\":[\"asset_id\",\"checked_out\",\"checked_out_time\",\"version\",\"lft\",\"rgt\",\"level\",\"path\",\"extension\"], \"ignoreChanges\":[\"modified_user_id\", \"modified_time\", \"checked_out\", \"checked_out_time\", \"version\", \"hits\", \"path\"],\"convertToInt\":[\"publish_up\", \"publish_down\"], \"displayLookup\":[{\"sourceColumn\":\"created_user_id\",\"targetTable\":\"#__users\",\"targetColumn\":\"id\",\"displayColumn\":\"name\"},{\"sourceColumn\":\"access\",\"targetTable\":\"#__viewlevels\",\"targetColumn\":\"id\",\"displayColumn\":\"title\"},{\"sourceColumn\":\"modified_user_id\",\"targetTable\":\"#__users\",\"targetColumn\":\"id\",\"displayColumn\":\"name\"},{\"sourceColumn\":\"parent_id\",\"targetTable\":\"#__categories\",\"targetColumn\":\"id\",\"displayColumn\":\"title\"}]}'),(6,'Contact Category','com_contact.category','{\"special\":{\"dbtable\":\"#__categories\",\"key\":\"id\",\"type\":\"CategoryTable\",\"prefix\":\"Joomla\\\\Component\\\\Categories\\\\Administrator\\\\Table\\\\\",\"config\":\"array()\"},\"common\":{\"dbtable\":\"#__ucm_content\",\"key\":\"ucm_id\",\"type\":\"Corecontent\",\"prefix\":\"Joomla\\\\CMS\\\\Table\\\\\",\"config\":\"array()\"}}','','{\"common\":{\"core_content_item_id\":\"id\",\"core_title\":\"title\",\"core_state\":\"published\",\"core_alias\":\"alias\",\"core_created_time\":\"created_time\",\"core_modified_time\":\"modified_time\",\"core_body\":\"description\", \"core_hits\":\"hits\",\"core_publish_up\":\"null\",\"core_publish_down\":\"null\",\"core_access\":\"access\", \"core_params\":\"params\", \"core_featured\":\"null\", \"core_metadata\":\"metadata\", \"core_language\":\"language\", \"core_images\":\"null\", \"core_urls\":\"null\", \"core_version\":\"version\", \"core_ordering\":\"null\", \"core_metakey\":\"metakey\", \"core_metadesc\":\"metadesc\", \"core_catid\":\"parent_id\", \"asset_id\":\"asset_id\"}, \"special\":{\"parent_id\":\"parent_id\",\"lft\":\"lft\",\"rgt\":\"rgt\",\"level\":\"level\",\"path\":\"path\",\"extension\":\"extension\",\"note\":\"note\"}}','ContactHelperRoute::getCategoryRoute','{\"formFile\":\"administrator\\/components\\/com_categories\\/forms\\/category.xml\", \"hideFields\":[\"asset_id\",\"checked_out\",\"checked_out_time\",\"version\",\"lft\",\"rgt\",\"level\",\"path\",\"extension\"], \"ignoreChanges\":[\"modified_user_id\", \"modified_time\", \"checked_out\", \"checked_out_time\", \"version\", \"hits\", \"path\"],\"convertToInt\":[\"publish_up\", \"publish_down\"], \"displayLookup\":[{\"sourceColumn\":\"created_user_id\",\"targetTable\":\"#__users\",\"targetColumn\":\"id\",\"displayColumn\":\"name\"},{\"sourceColumn\":\"access\",\"targetTable\":\"#__viewlevels\",\"targetColumn\":\"id\",\"displayColumn\":\"title\"},{\"sourceColumn\":\"modified_user_id\",\"targetTable\":\"#__users\",\"targetColumn\":\"id\",\"displayColumn\":\"name\"},{\"sourceColumn\":\"parent_id\",\"targetTable\":\"#__categories\",\"targetColumn\":\"id\",\"displayColumn\":\"title\"}]}'),(7,'Newsfeeds Category','com_newsfeeds.category','{\"special\":{\"dbtable\":\"#__categories\",\"key\":\"id\",\"type\":\"CategoryTable\",\"prefix\":\"Joomla\\\\Component\\\\Categories\\\\Administrator\\\\Table\\\\\",\"config\":\"array()\"},\"common\":{\"dbtable\":\"#__ucm_content\",\"key\":\"ucm_id\",\"type\":\"Corecontent\",\"prefix\":\"Joomla\\\\CMS\\\\Table\\\\\",\"config\":\"array()\"}}','','{\"common\":{\"core_content_item_id\":\"id\",\"core_title\":\"title\",\"core_state\":\"published\",\"core_alias\":\"alias\",\"core_created_time\":\"created_time\",\"core_modified_time\":\"modified_time\",\"core_body\":\"description\", \"core_hits\":\"hits\",\"core_publish_up\":\"null\",\"core_publish_down\":\"null\",\"core_access\":\"access\", \"core_params\":\"params\", \"core_featured\":\"null\", \"core_metadata\":\"metadata\", \"core_language\":\"language\", \"core_images\":\"null\", \"core_urls\":\"null\", \"core_version\":\"version\", \"core_ordering\":\"null\", \"core_metakey\":\"metakey\", \"core_metadesc\":\"metadesc\", \"core_catid\":\"parent_id\", \"asset_id\":\"asset_id\"}, \"special\":{\"parent_id\":\"parent_id\",\"lft\":\"lft\",\"rgt\":\"rgt\",\"level\":\"level\",\"path\":\"path\",\"extension\":\"extension\",\"note\":\"note\"}}','NewsfeedsHelperRoute::getCategoryRoute','{\"formFile\":\"administrator\\/components\\/com_categories\\/forms\\/category.xml\", \"hideFields\":[\"asset_id\",\"checked_out\",\"checked_out_time\",\"version\",\"lft\",\"rgt\",\"level\",\"path\",\"extension\"], \"ignoreChanges\":[\"modified_user_id\", \"modified_time\", \"checked_out\", \"checked_out_time\", \"version\", \"hits\", \"path\"],\"convertToInt\":[\"publish_up\", \"publish_down\"], \"displayLookup\":[{\"sourceColumn\":\"created_user_id\",\"targetTable\":\"#__users\",\"targetColumn\":\"id\",\"displayColumn\":\"name\"},{\"sourceColumn\":\"access\",\"targetTable\":\"#__viewlevels\",\"targetColumn\":\"id\",\"displayColumn\":\"title\"},{\"sourceColumn\":\"modified_user_id\",\"targetTable\":\"#__users\",\"targetColumn\":\"id\",\"displayColumn\":\"name\"},{\"sourceColumn\":\"parent_id\",\"targetTable\":\"#__categories\",\"targetColumn\":\"id\",\"displayColumn\":\"title\"}]}'),(8,'Tag','com_tags.tag','{\"special\":{\"dbtable\":\"#__tags\",\"key\":\"tag_id\",\"type\":\"TagTable\",\"prefix\":\"Joomla\\\\Component\\\\Tags\\\\Administrator\\\\Table\\\\\",\"config\":\"array()\"},\"common\":{\"dbtable\":\"#__ucm_content\",\"key\":\"ucm_id\",\"type\":\"Corecontent\",\"prefix\":\"Joomla\\\\CMS\\\\Table\\\\\",\"config\":\"array()\"}}','','{\"common\":{\"core_content_item_id\":\"id\",\"core_title\":\"title\",\"core_state\":\"published\",\"core_alias\":\"alias\",\"core_created_time\":\"created_time\",\"core_modified_time\":\"modified_time\",\"core_body\":\"description\", \"core_hits\":\"hits\",\"core_publish_up\":\"null\",\"core_publish_down\":\"null\",\"core_access\":\"access\", \"core_params\":\"params\", \"core_featured\":\"featured\", \"core_metadata\":\"metadata\", \"core_language\":\"language\", \"core_images\":\"images\", \"core_urls\":\"urls\", \"core_version\":\"version\", \"core_ordering\":\"null\", \"core_metakey\":\"metakey\", \"core_metadesc\":\"metadesc\", \"core_catid\":\"null\", \"asset_id\":\"null\"}, \"special\":{\"parent_id\":\"parent_id\",\"lft\":\"lft\",\"rgt\":\"rgt\",\"level\":\"level\",\"path\":\"path\"}}','TagsHelperRoute::getTagRoute','{\"formFile\":\"administrator\\/components\\/com_tags\\/forms\\/tag.xml\", \"hideFields\":[\"checked_out\",\"checked_out_time\",\"version\", \"lft\", \"rgt\", \"level\", \"path\", \"urls\", \"publish_up\", \"publish_down\"],\"ignoreChanges\":[\"modified_user_id\", \"modified_time\", \"checked_out\", \"checked_out_time\", \"version\", \"hits\", \"path\"],\"convertToInt\":[\"publish_up\", \"publish_down\"], \"displayLookup\":[{\"sourceColumn\":\"created_user_id\",\"targetTable\":\"#__users\",\"targetColumn\":\"id\",\"displayColumn\":\"name\"}, {\"sourceColumn\":\"access\",\"targetTable\":\"#__viewlevels\",\"targetColumn\":\"id\",\"displayColumn\":\"title\"}, {\"sourceColumn\":\"modified_user_id\",\"targetTable\":\"#__users\",\"targetColumn\":\"id\",\"displayColumn\":\"name\"}]}'),(9,'Banner','com_banners.banner','{\"special\":{\"dbtable\":\"#__banners\",\"key\":\"id\",\"type\":\"BannerTable\",\"prefix\":\"Joomla\\\\Component\\\\Banners\\\\Administrator\\\\Table\\\\\",\"config\":\"array()\"},\"common\":{\"dbtable\":\"#__ucm_content\",\"key\":\"ucm_id\",\"type\":\"Corecontent\",\"prefix\":\"Joomla\\\\CMS\\\\Table\\\\\",\"config\":\"array()\"}}','','{\"common\":{\"core_content_item_id\":\"id\",\"core_title\":\"name\",\"core_state\":\"published\",\"core_alias\":\"alias\",\"core_created_time\":\"created\",\"core_modified_time\":\"modified\",\"core_body\":\"description\", \"core_hits\":\"null\",\"core_publish_up\":\"publish_up\",\"core_publish_down\":\"publish_down\",\"core_access\":\"access\", \"core_params\":\"params\", \"core_featured\":\"null\", \"core_metadata\":\"metadata\", \"core_language\":\"language\", \"core_images\":\"images\", \"core_urls\":\"link\", \"core_version\":\"version\", \"core_ordering\":\"ordering\", \"core_metakey\":\"metakey\", \"core_metadesc\":\"metadesc\", \"core_catid\":\"catid\", \"asset_id\":\"null\"}, \"special\":{\"imptotal\":\"imptotal\", \"impmade\":\"impmade\", \"clicks\":\"clicks\", \"clickurl\":\"clickurl\", \"custombannercode\":\"custombannercode\", \"cid\":\"cid\", \"purchase_type\":\"purchase_type\", \"track_impressions\":\"track_impressions\", \"track_clicks\":\"track_clicks\"}}','','{\"formFile\":\"administrator\\/components\\/com_banners\\/forms\\/banner.xml\", \"hideFields\":[\"checked_out\",\"checked_out_time\",\"version\", \"reset\"],\"ignoreChanges\":[\"modified_by\", \"modified\", \"checked_out\", \"checked_out_time\", \"version\", \"imptotal\", \"impmade\", \"reset\"], \"convertToInt\":[\"publish_up\", \"publish_down\", \"ordering\"], \"displayLookup\":[{\"sourceColumn\":\"catid\",\"targetTable\":\"#__categories\",\"targetColumn\":\"id\",\"displayColumn\":\"title\"}, {\"sourceColumn\":\"cid\",\"targetTable\":\"#__banner_clients\",\"targetColumn\":\"id\",\"displayColumn\":\"name\"}, {\"sourceColumn\":\"created_by\",\"targetTable\":\"#__users\",\"targetColumn\":\"id\",\"displayColumn\":\"name\"},{\"sourceColumn\":\"modified_by\",\"targetTable\":\"#__users\",\"targetColumn\":\"id\",\"displayColumn\":\"name\"} ]}'),(10,'Banners Category','com_banners.category','{\"special\":{\"dbtable\":\"#__categories\",\"key\":\"id\",\"type\":\"CategoryTable\",\"prefix\":\"Joomla\\\\Component\\\\Categories\\\\Administrator\\\\Table\\\\\",\"config\":\"array()\"},\"common\":{\"dbtable\":\"#__ucm_content\",\"key\":\"ucm_id\",\"type\":\"Corecontent\",\"prefix\":\"Joomla\\\\CMS\\\\Table\\\\\",\"config\":\"array()\"}}','','{\"common\":{\"core_content_item_id\":\"id\",\"core_title\":\"title\",\"core_state\":\"published\",\"core_alias\":\"alias\",\"core_created_time\":\"created_time\",\"core_modified_time\":\"modified_time\",\"core_body\":\"description\", \"core_hits\":\"hits\",\"core_publish_up\":\"null\",\"core_publish_down\":\"null\",\"core_access\":\"access\", \"core_params\":\"params\", \"core_featured\":\"null\", \"core_metadata\":\"metadata\", \"core_language\":\"language\", \"core_images\":\"null\", \"core_urls\":\"null\", \"core_version\":\"version\", \"core_ordering\":\"null\", \"core_metakey\":\"metakey\", \"core_metadesc\":\"metadesc\", \"core_catid\":\"parent_id\", \"asset_id\":\"asset_id\"}, \"special\": {\"parent_id\":\"parent_id\",\"lft\":\"lft\",\"rgt\":\"rgt\",\"level\":\"level\",\"path\":\"path\",\"extension\":\"extension\",\"note\":\"note\"}}','','{\"formFile\":\"administrator\\/components\\/com_categories\\/forms\\/category.xml\", \"hideFields\":[\"asset_id\",\"checked_out\",\"checked_out_time\",\"version\",\"lft\",\"rgt\",\"level\",\"path\",\"extension\"], \"ignoreChanges\":[\"modified_user_id\", \"modified_time\", \"checked_out\", \"checked_out_time\", \"version\", \"hits\", \"path\"], \"convertToInt\":[\"publish_up\", \"publish_down\"], \"displayLookup\":[{\"sourceColumn\":\"created_user_id\",\"targetTable\":\"#__users\",\"targetColumn\":\"id\",\"displayColumn\":\"name\"},{\"sourceColumn\":\"access\",\"targetTable\":\"#__viewlevels\",\"targetColumn\":\"id\",\"displayColumn\":\"title\"},{\"sourceColumn\":\"modified_user_id\",\"targetTable\":\"#__users\",\"targetColumn\":\"id\",\"displayColumn\":\"name\"},{\"sourceColumn\":\"parent_id\",\"targetTable\":\"#__categories\",\"targetColumn\":\"id\",\"displayColumn\":\"title\"}]}'),(11,'Banner Client','com_banners.client','{\"special\":{\"dbtable\":\"#__banner_clients\",\"key\":\"id\",\"type\":\"ClientTable\",\"prefix\":\"Joomla\\\\Component\\\\Banners\\\\Administrator\\\\Table\\\\\"}}','','','','{\"formFile\":\"administrator\\/components\\/com_banners\\/forms\\/client.xml\", \"hideFields\":[\"checked_out\",\"checked_out_time\"], \"ignoreChanges\":[\"checked_out\", \"checked_out_time\"], \"convertToInt\":[], \"displayLookup\":[]}'),(12,'User Notes','com_users.note','{\"special\":{\"dbtable\":\"#__user_notes\",\"key\":\"id\",\"type\":\"NoteTable\",\"prefix\":\"Joomla\\\\Component\\\\Users\\\\Administrator\\\\Table\\\\\"}}','','','','{\"formFile\":\"administrator\\/components\\/com_users\\/forms\\/note.xml\", \"hideFields\":[\"checked_out\",\"checked_out_time\", \"publish_up\", \"publish_down\"],\"ignoreChanges\":[\"modified_user_id\", \"modified_time\", \"checked_out\", \"checked_out_time\"], \"convertToInt\":[\"publish_up\", \"publish_down\"],\"displayLookup\":[{\"sourceColumn\":\"catid\",\"targetTable\":\"#__categories\",\"targetColumn\":\"id\",\"displayColumn\":\"title\"}, {\"sourceColumn\":\"created_user_id\",\"targetTable\":\"#__users\",\"targetColumn\":\"id\",\"displayColumn\":\"name\"}, {\"sourceColumn\":\"user_id\",\"targetTable\":\"#__users\",\"targetColumn\":\"id\",\"displayColumn\":\"name\"}, {\"sourceColumn\":\"modified_user_id\",\"targetTable\":\"#__users\",\"targetColumn\":\"id\",\"displayColumn\":\"name\"}]}'),(13,'User Notes Category','com_users.category','{\"special\":{\"dbtable\":\"#__categories\",\"key\":\"id\",\"type\":\"CategoryTable\",\"prefix\":\"Joomla\\\\Component\\\\Categories\\\\Administrator\\\\Table\\\\\",\"config\":\"array()\"},\"common\":{\"dbtable\":\"#__ucm_content\",\"key\":\"ucm_id\",\"type\":\"Corecontent\",\"prefix\":\"Joomla\\\\CMS\\\\Table\\\\\",\"config\":\"array()\"}}','','{\"common\":{\"core_content_item_id\":\"id\",\"core_title\":\"title\",\"core_state\":\"published\",\"core_alias\":\"alias\",\"core_created_time\":\"created_time\",\"core_modified_time\":\"modified_time\",\"core_body\":\"description\", \"core_hits\":\"hits\",\"core_publish_up\":\"null\",\"core_publish_down\":\"null\",\"core_access\":\"access\", \"core_params\":\"params\", \"core_featured\":\"null\", \"core_metadata\":\"metadata\", \"core_language\":\"language\", \"core_images\":\"null\", \"core_urls\":\"null\", \"core_version\":\"version\", \"core_ordering\":\"null\", \"core_metakey\":\"metakey\", \"core_metadesc\":\"metadesc\", \"core_catid\":\"parent_id\", \"asset_id\":\"asset_id\"}, \"special\":{\"parent_id\":\"parent_id\",\"lft\":\"lft\",\"rgt\":\"rgt\",\"level\":\"level\",\"path\":\"path\",\"extension\":\"extension\",\"note\":\"note\"}}','','{\"formFile\":\"administrator\\/components\\/com_categories\\/forms\\/category.xml\", \"hideFields\":[\"checked_out\",\"checked_out_time\",\"version\",\"lft\",\"rgt\",\"level\",\"path\",\"extension\"], \"ignoreChanges\":[\"modified_user_id\", \"modified_time\", \"checked_out\", \"checked_out_time\", \"version\", \"hits\", \"path\"], \"convertToInt\":[\"publish_up\", \"publish_down\"], \"displayLookup\":[{\"sourceColumn\":\"created_user_id\",\"targetTable\":\"#__users\",\"targetColumn\":\"id\",\"displayColumn\":\"name\"}, {\"sourceColumn\":\"access\",\"targetTable\":\"#__viewlevels\",\"targetColumn\":\"id\",\"displayColumn\":\"title\"},{\"sourceColumn\":\"modified_user_id\",\"targetTable\":\"#__users\",\"targetColumn\":\"id\",\"displayColumn\":\"name\"},{\"sourceColumn\":\"parent_id\",\"targetTable\":\"#__categories\",\"targetColumn\":\"id\",\"displayColumn\":\"title\"}]}');

--
-- Table structure for table `qoxnc_contentitem_tag_map`
--

CREATE TABLE `qoxnc_contentitem_tag_map` (
  `type_alias` varchar(255) NOT NULL DEFAULT '',
  `core_content_id` int(10) unsigned NOT NULL COMMENT 'PK from the core content table',
  `content_item_id` int(11) NOT NULL COMMENT 'PK from the content type table',
  `tag_id` int(10) unsigned NOT NULL COMMENT 'PK from the tag table',
  `tag_date` timestamp NOT NULL DEFAULT current_timestamp() ON UPDATE current_timestamp() COMMENT 'Date of most recent save for this tag-item',
  `type_id` mediumint(9) NOT NULL COMMENT 'PK from the content_type table',
  UNIQUE KEY `uc_ItemnameTagid` (`type_id`,`content_item_id`,`tag_id`),
  KEY `idx_tag_type` (`tag_id`,`type_id`),
  KEY `idx_date_id` (`tag_date`,`tag_id`),
  KEY `idx_core_content_id` (`core_content_id`)
) ENGINE=InnoDB DEFAULT CHARSET=utf8mb4 COLLATE=utf8mb4_unicode_ci COMMENT='Maps items from content tables to tags';

--
-- Dumping data for table `qoxnc_contentitem_tag_map`
--


--
-- Table structure for table `qoxnc_extensions`
--

CREATE TABLE `qoxnc_extensions` (
  `extension_id` int(11) NOT NULL AUTO_INCREMENT,
  `package_id` int(11) NOT NULL DEFAULT 0 COMMENT 'Parent package ID for extensions installed as a package.',
  `name` varchar(100) NOT NULL,
  `type` varchar(20) NOT NULL,
  `element` varchar(100) NOT NULL,
  `changelogurl` text DEFAULT NULL,
  `folder` varchar(100) NOT NULL,
  `client_id` tinyint(4) NOT NULL,
  `enabled` tinyint(4) NOT NULL DEFAULT 0,
  `access` int(10) unsigned NOT NULL DEFAULT 1,
  `protected` tinyint(4) NOT NULL DEFAULT 0 COMMENT 'Flag to indicate if the extension is protected. Protected extensions cannot be disabled.',
  `locked` tinyint(4) NOT NULL DEFAULT 0 COMMENT 'Flag to indicate if the extension is locked. Locked extensions cannot be uninstalled.',
  `manifest_cache` text NOT NULL,
  `params` text NOT NULL,
  `custom_data` text NOT NULL,
  `checked_out` int(10) unsigned DEFAULT NULL,
  `checked_out_time` datetime DEFAULT NULL,
  `ordering` int(11) DEFAULT 0,
  `state` int(11) DEFAULT 0,
  `note` varchar(255) DEFAULT NULL,
  PRIMARY KEY (`extension_id`),
  KEY `element_clientid` (`element`,`client_id`),
  KEY `element_folder_clientid` (`element`,`folder`,`client_id`),
  KEY `extension` (`type`,`element`,`folder`,`client_id`)
) ENGINE=InnoDB AUTO_INCREMENT=233 DEFAULT CHARSET=utf8mb4 COLLATE=utf8mb4_unicode_ci;

--
-- Dumping data for table `qoxnc_extensions`
--

INSERT INTO `qoxnc_extensions` VALUES (1,0,'com_wrapper','component','com_wrapper',NULL,'',1,1,1,0,1,'{\"name\":\"com_wrapper\",\"type\":\"component\",\"creationDate\":\"2006-04\",\"author\":\"Joomla! Project\",\"copyright\":\"(C) 2007 Open Source Matters, Inc.\\n\\t\",\"authorEmail\":\"admin@joomla.org\",\"authorUrl\":\"www.joomla.org\",\"version\":\"4.0.0\",\"description\":\"COM_WRAPPER_XML_DESCRIPTION\",\"group\":\"\",\"filename\":\"wrapper\"}','','',NULL,NULL,0,0,NULL),(2,0,'com_admin','component','com_admin',NULL,'',1,1,1,1,1,'{\"name\":\"com_admin\",\"type\":\"component\",\"creationDate\":\"2006-04\",\"author\":\"Joomla! Project\",\"copyright\":\"(C) 2006 Open Source Matters, Inc.\",\"authorEmail\":\"admin@joomla.org\",\"authorUrl\":\"www.joomla.org\",\"version\":\"4.0.0\",\"description\":\"COM_ADMIN_XML_DESCRIPTION\",\"group\":\"\"}','','',NULL,NULL,0,0,NULL),(3,0,'com_banners','component','com_banners',NULL,'',1,1,1,0,1,'{\"name\":\"com_banners\",\"type\":\"component\",\"creationDate\":\"2006-04\",\"author\":\"Joomla! Project\",\"copyright\":\"(C) 2006 Open Source Matters, Inc.\",\"authorEmail\":\"admin@joomla.org\",\"authorUrl\":\"www.joomla.org\",\"version\":\"4.0.0\",\"description\":\"COM_BANNERS_XML_DESCRIPTION\",\"group\":\"\",\"filename\":\"banners\"}','{\"purchase_type\":\"3\",\"track_impressions\":\"0\",\"track_clicks\":\"0\",\"metakey_prefix\":\"\",\"save_history\":\"1\",\"history_limit\":10}','',NULL,NULL,0,0,NULL),(4,0,'com_cache','component','com_cache',NULL,'',1,1,1,1,1,'{\"name\":\"com_cache\",\"type\":\"component\",\"creationDate\":\"2006-04\",\"author\":\"Joomla! Project\",\"copyright\":\"(C) 2006 Open Source Matters, Inc.\",\"authorEmail\":\"admin@joomla.org\",\"authorUrl\":\"www.joomla.org\",\"version\":\"4.0.0\",\"description\":\"COM_CACHE_XML_DESCRIPTION\",\"group\":\"\"}','','',NULL,NULL,0,0,NULL),(5,0,'com_categories','component','com_categories',NULL,'',1,1,1,1,1,'{\"name\":\"com_categories\",\"type\":\"component\",\"creationDate\":\"2007-12\",\"author\":\"Joomla! Project\",\"copyright\":\"(C) 2007 Open Source Matters, Inc.\",\"authorEmail\":\"admin@joomla.org\",\"authorUrl\":\"www.joomla.org\",\"version\":\"4.0.0\",\"description\":\"COM_CATEGORIES_XML_DESCRIPTION\",\"group\":\"\"}','','',NULL,NULL,0,0,NULL),(6,0,'com_checkin','component','com_checkin',NULL,'',1,1,1,1,1,'{\"name\":\"com_checkin\",\"type\":\"component\",\"creationDate\":\"2006-04\",\"author\":\"Joomla! Project\",\"copyright\":\"(C) 2006 Open Source Matters, Inc.\",\"authorEmail\":\"admin@joomla.org\",\"authorUrl\":\"www.joomla.org\",\"version\":\"4.0.0\",\"description\":\"COM_CHECKIN_XML_DESCRIPTION\",\"group\":\"\"}','','',NULL,NULL,0,0,NULL),(7,0,'com_contact','component','com_contact',NULL,'',1,1,1,0,1,'{\"name\":\"com_contact\",\"type\":\"component\",\"creationDate\":\"2006-04\",\"author\":\"Joomla! Project\",\"copyright\":\"(C) 2006 Open Source Matters, Inc.\",\"authorEmail\":\"admin@joomla.org\",\"authorUrl\":\"www.joomla.org\",\"version\":\"4.0.0\",\"description\":\"COM_CONTACT_XML_DESCRIPTION\",\"group\":\"\",\"filename\":\"contact\"}','{\"contact_layout\":\"_:default\",\"show_contact_category\":\"hide\",\"save_history\":\"1\",\"history_limit\":10,\"show_contact_list\":\"0\",\"presentation_style\":\"sliders\",\"show_tags\":\"1\",\"show_info\":\"1\",\"show_name\":\"1\",\"show_position\":\"1\",\"show_email\":\"0\",\"show_street_address\":\"1\",\"show_suburb\":\"1\",\"show_state\":\"1\",\"show_postcode\":\"1\",\"show_country\":\"1\",\"show_telephone\":\"1\",\"show_mobile\":\"1\",\"show_fax\":\"1\",\"show_webpage\":\"1\",\"show_image\":\"1\",\"show_misc\":\"1\",\"image\":\"\",\"allow_vcard\":\"0\",\"show_articles\":\"0\",\"articles_display_num\":\"10\",\"show_profile\":\"0\",\"show_user_custom_fields\":[\"-1\"],\"show_links\":\"0\",\"linka_name\":\"\",\"linkb_name\":\"\",\"linkc_name\":\"\",\"linkd_name\":\"\",\"linke_name\":\"\",\"contact_icons\":\"0\",\"icon_address\":\"\",\"icon_email\":\"\",\"icon_telephone\":\"\",\"icon_mobile\":\"\",\"icon_fax\":\"\",\"icon_misc\":\"\",\"category_layout\":\"_:default\",\"show_category_title\":\"1\",\"show_description\":\"1\",\"show_description_image\":\"0\",\"maxLevel\":\"-1\",\"show_subcat_desc\":\"1\",\"show_empty_categories\":\"0\",\"show_cat_items\":\"1\",\"show_cat_tags\":\"1\",\"show_base_description\":\"1\",\"maxLevelcat\":\"-1\",\"show_subcat_desc_cat\":\"1\",\"show_empty_categories_cat\":\"0\",\"show_cat_items_cat\":\"1\",\"filter_field\":\"0\",\"show_pagination_limit\":\"0\",\"show_headings\":\"1\",\"show_image_heading\":\"0\",\"show_position_headings\":\"1\",\"show_email_headings\":\"0\",\"show_telephone_headings\":\"1\",\"show_mobile_headings\":\"0\",\"show_fax_headings\":\"0\",\"show_suburb_headings\":\"1\",\"show_state_headings\":\"1\",\"show_country_headings\":\"1\",\"show_pagination\":\"2\",\"show_pagination_results\":\"1\",\"initial_sort\":\"ordering\",\"captcha\":\"\",\"show_email_form\":\"1\",\"show_email_copy\":\"0\",\"banned_email\":\"\",\"banned_subject\":\"\",\"banned_text\":\"\",\"validate_session\":\"1\",\"custom_reply\":\"0\",\"redirect\":\"\",\"show_feed_link\":\"1\",\"sef_ids\":1,\"custom_fields_enable\":\"1\"}','',NULL,NULL,0,0,NULL),(8,0,'com_cpanel','component','com_cpanel',NULL,'',1,1,1,1,1,'{\"name\":\"com_cpanel\",\"type\":\"component\",\"creationDate\":\"2007-06\",\"author\":\"Joomla! Project\",\"copyright\":\"(C) 2007 Open Source Matters, Inc.\",\"authorEmail\":\"admin@joomla.org\",\"authorUrl\":\"www.joomla.org\",\"version\":\"4.0.0\",\"description\":\"COM_CPANEL_XML_DESCRIPTION\",\"group\":\"\"}','','',NULL,NULL,0,0,NULL),(9,0,'com_installer','component','com_installer',NULL,'',1,1,1,1,1,'{\"name\":\"com_installer\",\"type\":\"component\",\"creationDate\":\"2006-04\",\"author\":\"Joomla! Project\",\"copyright\":\"(C) 2006 Open Source Matters, Inc.\",\"authorEmail\":\"admin@joomla.org\",\"authorUrl\":\"www.joomla.org\",\"version\":\"4.0.0\",\"description\":\"COM_INSTALLER_XML_DESCRIPTION\",\"group\":\"\"}','{\"cachetimeout\":\"6\",\"minimum_stability\":\"4\"}','',NULL,NULL,0,0,NULL),(10,0,'com_languages','component','com_languages',NULL,'',1,1,1,1,1,'{\"name\":\"com_languages\",\"type\":\"component\",\"creationDate\":\"2006-04\",\"author\":\"Joomla! Project\",\"copyright\":\"(C) 2006 Open Source Matters, Inc.\",\"authorEmail\":\"admin@joomla.org\",\"authorUrl\":\"www.joomla.org\",\"version\":\"4.0.0\",\"description\":\"COM_LANGUAGES_XML_DESCRIPTION\",\"group\":\"\"}','{\"administrator\":\"el-GR\",\"site\":\"el-GR\"}','',NULL,NULL,0,0,NULL),(11,0,'com_login','component','com_login',NULL,'',1,1,1,1,1,'{\"name\":\"com_login\",\"type\":\"component\",\"creationDate\":\"2006-04\",\"author\":\"Joomla! Project\",\"copyright\":\"(C) 2006 Open Source Matters, Inc.\",\"authorEmail\":\"admin@joomla.org\",\"authorUrl\":\"www.joomla.org\",\"version\":\"4.0.0\",\"description\":\"COM_LOGIN_XML_DESCRIPTION\",\"group\":\"\"}','','',NULL,NULL,0,0,NULL),(12,0,'com_media','component','com_media',NULL,'',1,1,0,1,1,'{\"name\":\"com_media\",\"type\":\"component\",\"creationDate\":\"2006-04\",\"author\":\"Joomla! Project\",\"copyright\":\"(C) 2006 Open Source Matters, Inc.\",\"authorEmail\":\"admin@joomla.org\",\"authorUrl\":\"www.joomla.org\",\"version\":\"3.0.0\",\"description\":\"COM_MEDIA_XML_DESCRIPTION\",\"group\":\"\",\"filename\":\"media\"}','{\"upload_maxsize\":\"10\",\"file_path\":\"images\",\"image_path\":\"images\",\"restrict_uploads\":\"1\",\"allowed_media_usergroup\":\"3\",\"restrict_uploads_extensions\":\"bmp,gif,jpg,jpeg,png,webp,ico,mp3,m4a,mp4a,ogg,mp4,mp4v,mpeg,mov,odg,odp,ods,odt,pdf,png,ppt,txt,xcf,xls,csv\",\"check_mime\":\"1\",\"image_extensions\":\"bmp,gif,jpg,png,jpeg,webp\",\"audio_extensions\":\"mp3,m4a,mp4a,ogg\",\"video_extensions\":\"mp4,mp4v,mpeg,mov,webm\",\"doc_extensions\":\"odg,odp,ods,odt,pdf,ppt,txt,xcf,xls,csv\",\"ignore_extensions\":\"\",\"upload_mime\":\"image\\/jpeg,image\\/gif,image\\/png,image\\/bmp,image\\/webp,audio\\/ogg,audio\\/mpeg,audio\\/mp4,video\\/mp4,video\\/webm,video\\/mpeg,video\\/quicktime,application\\/msword,application\\/excel,application\\/pdf,application\\/powerpoint,text\\/plain,application\\/x-zip\"}','',NULL,NULL,0,0,NULL),(13,0,'com_menus','component','com_menus',NULL,'',1,1,1,1,1,'{\"name\":\"com_menus\",\"type\":\"component\",\"creationDate\":\"2006-04\",\"author\":\"Joomla! Project\",\"copyright\":\"(C) 2006 Open Source Matters, Inc.\",\"authorEmail\":\"admin@joomla.org\",\"authorUrl\":\"www.joomla.org\",\"version\":\"4.0.0\",\"description\":\"COM_MENUS_XML_DESCRIPTION\",\"group\":\"\",\"filename\":\"menus\"}','{\"page_title\":\"\",\"show_page_heading\":0,\"page_heading\":\"\",\"pageclass_sfx\":\"\"}','',NULL,NULL,0,0,NULL),(14,0,'com_messages','component','com_messages',NULL,'',1,1,1,1,1,'{\"name\":\"com_messages\",\"type\":\"component\",\"creationDate\":\"2006-04\",\"author\":\"Joomla! Project\",\"copyright\":\"(C) 2006 Open Source Matters, Inc.\",\"authorEmail\":\"admin@joomla.org\",\"authorUrl\":\"www.joomla.org\",\"version\":\"4.0.0\",\"description\":\"COM_MESSAGES_XML_DESCRIPTION\",\"group\":\"\"}','','',NULL,NULL,0,0,NULL),(15,0,'com_modules','component','com_modules',NULL,'',1,1,1,1,1,'{\"name\":\"com_modules\",\"type\":\"component\",\"creationDate\":\"2006-04\",\"author\":\"Joomla! Project\",\"copyright\":\"(C) 2006 Open Source Matters, Inc.\",\"authorEmail\":\"admin@joomla.org\",\"authorUrl\":\"www.joomla.org\",\"version\":\"4.0.0\",\"description\":\"COM_MODULES_XML_DESCRIPTION\",\"group\":\"\",\"filename\":\"modules\"}','','',NULL,NULL,0,0,NULL),(16,0,'com_newsfeeds','component','com_newsfeeds',NULL,'',1,1,1,0,1,'{\"name\":\"com_newsfeeds\",\"type\":\"component\",\"creationDate\":\"2006-04\",\"author\":\"Joomla! Project\",\"copyright\":\"(C) 2006 Open Source Matters, Inc.\",\"authorEmail\":\"admin@joomla.org\",\"authorUrl\":\"www.joomla.org\",\"version\":\"4.0.0\",\"description\":\"COM_NEWSFEEDS_XML_DESCRIPTION\",\"group\":\"\",\"filename\":\"newsfeeds\"}','{\"newsfeed_layout\":\"_:default\",\"save_history\":\"1\",\"history_limit\":5,\"show_feed_image\":\"1\",\"show_feed_description\":\"1\",\"show_item_description\":\"1\",\"feed_character_count\":\"0\",\"feed_display_order\":\"des\",\"float_first\":\"right\",\"float_second\":\"right\",\"show_tags\":\"1\",\"category_layout\":\"_:default\",\"show_category_title\":\"1\",\"show_description\":\"1\",\"show_description_image\":\"1\",\"maxLevel\":\"-1\",\"show_empty_categories\":\"0\",\"show_subcat_desc\":\"1\",\"show_cat_items\":\"1\",\"show_cat_tags\":\"1\",\"show_base_description\":\"1\",\"maxLevelcat\":\"-1\",\"show_empty_categories_cat\":\"0\",\"show_subcat_desc_cat\":\"1\",\"show_cat_items_cat\":\"1\",\"filter_field\":\"1\",\"show_pagination_limit\":\"1\",\"show_headings\":\"1\",\"show_articles\":\"0\",\"show_link\":\"1\",\"show_pagination\":\"1\",\"show_pagination_results\":\"1\",\"sef_ids\":1}','',NULL,NULL,0,0,NULL),(17,0,'com_plugins','component','com_plugins',NULL,'',1,1,1,1,1,'{\"name\":\"com_plugins\",\"type\":\"component\",\"creationDate\":\"2006-04\",\"author\":\"Joomla! Project\",\"copyright\":\"(C) 2006 Open Source Matters, Inc.\",\"authorEmail\":\"admin@joomla.org\",\"authorUrl\":\"www.joomla.org\",\"version\":\"4.0.0\",\"description\":\"COM_PLUGINS_XML_DESCRIPTION\",\"group\":\"\"}','','',NULL,NULL,0,0,NULL),(18,0,'com_templates','component','com_templates',NULL,'',1,1,1,1,1,'{\"name\":\"com_templates\",\"type\":\"component\",\"creationDate\":\"2006-04\",\"author\":\"Joomla! Project\",\"copyright\":\"(C) 2006 Open Source Matters, Inc.\",\"authorEmail\":\"admin@joomla.org\",\"authorUrl\":\"www.joomla.org\",\"version\":\"4.0.0\",\"description\":\"COM_TEMPLATES_XML_DESCRIPTION\",\"group\":\"\"}','{\"template_positions_display\":\"0\",\"upload_limit\":\"10\",\"image_formats\":\"gif,bmp,jpg,jpeg,png,webp\",\"source_formats\":\"txt,less,ini,xml,js,php,css,scss,sass,json\",\"font_formats\":\"woff,woff2,ttf,otf\",\"compressed_formats\":\"zip\"}','',NULL,NULL,0,0,NULL),(19,0,'com_content','component','com_content',NULL,'',1,1,0,1,1,'{\"name\":\"com_content\",\"type\":\"component\",\"creationDate\":\"2006-04\",\"author\":\"Joomla! Project\",\"copyright\":\"(C) 2006 Open Source Matters, Inc.\",\"authorEmail\":\"admin@joomla.org\",\"authorUrl\":\"www.joomla.org\",\"version\":\"4.0.0\",\"description\":\"COM_CONTENT_XML_DESCRIPTION\",\"group\":\"\",\"filename\":\"content\"}','{\"article_layout\":\"_:default\",\"show_title\":\"1\",\"link_titles\":\"1\",\"show_intro\":\"1\",\"info_block_position\":\"0\",\"info_block_show_title\":\"0\",\"show_category\":\"0\",\"link_category\":\"1\",\"show_parent_category\":\"0\",\"link_parent_category\":\"0\",\"show_associations\":\"0\",\"flags\":\"1\",\"show_author\":\"0\",\"link_author\":\"0\",\"show_create_date\":\"0\",\"show_modify_date\":\"0\",\"show_publish_date\":\"0\",\"show_item_navigation\":\"0\",\"show_readmore\":\"0\",\"show_readmore_title\":\"1\",\"readmore_limit\":100,\"show_tags\":\"0\",\"record_hits\":\"0\",\"show_hits\":\"0\",\"show_noauth\":\"0\",\"urls_position\":0,\"captcha\":\"\",\"show_publishing_options\":\"1\",\"show_article_options\":\"1\",\"show_configure_edit_options\":\"1\",\"show_permissions\":\"1\",\"show_associations_edit\":\"1\",\"save_history\":\"1\",\"history_limit\":10,\"show_urls_images_frontend\":\"0\",\"show_urls_images_backend\":\"1\",\"targeta\":0,\"targetb\":0,\"targetc\":0,\"float_intro\":\"left\",\"float_fulltext\":\"left\",\"category_layout\":\"_:blog\",\"show_category_title\":\"0\",\"show_description\":\"0\",\"show_description_image\":\"0\",\"maxLevel\":\"1\",\"show_empty_categories\":\"0\",\"show_no_articles\":\"1\",\"show_category_heading_title_text\":\"1\",\"show_subcat_desc\":\"1\",\"show_cat_num_articles\":\"0\",\"show_cat_tags\":\"1\",\"show_base_description\":\"1\",\"maxLevelcat\":\"-1\",\"show_empty_categories_cat\":\"0\",\"show_subcat_desc_cat\":\"1\",\"show_cat_num_articles_cat\":\"1\",\"num_leading_articles\":1,\"blog_class_leading\":\"\",\"num_intro_articles\":4,\"blog_class\":\"\",\"num_columns\":1,\"multi_column_order\":\"0\",\"num_links\":4,\"show_subcategory_content\":\"0\",\"link_intro_image\":\"0\",\"show_pagination_limit\":\"1\",\"filter_field\":\"hide\",\"show_headings\":\"1\",\"list_show_date\":\"0\",\"date_format\":\"\",\"list_show_hits\":\"1\",\"list_show_author\":\"1\",\"display_num\":\"10\",\"orderby_pri\":\"order\",\"orderby_sec\":\"rdate\",\"order_date\":\"published\",\"show_pagination\":\"2\",\"show_pagination_results\":\"1\",\"show_featured\":\"show\",\"show_feed_link\":\"1\",\"feed_summary\":\"0\",\"feed_show_readmore\":\"0\",\"sef_ids\":1,\"custom_fields_enable\":\"1\",\"workflow_enabled\":\"0\"}','',NULL,NULL,0,0,NULL),(20,0,'com_config','component','com_config',NULL,'',1,1,0,1,1,'{\"name\":\"com_config\",\"type\":\"component\",\"creationDate\":\"2006-04\",\"author\":\"Joomla! Project\",\"copyright\":\"(C) 2006 Open Source Matters, Inc.\",\"authorEmail\":\"admin@joomla.org\",\"authorUrl\":\"www.joomla.org\",\"version\":\"4.0.0\",\"description\":\"COM_CONFIG_XML_DESCRIPTION\",\"group\":\"\",\"filename\":\"config\"}','{\"filters\":{\"1\":{\"filter_type\":\"NH\",\"filter_tags\":\"\",\"filter_attributes\":\"\"},\"9\":{\"filter_type\":\"NH\",\"filter_tags\":\"\",\"filter_attributes\":\"\"},\"6\":{\"filter_type\":\"BL\",\"filter_tags\":\"\",\"filter_attributes\":\"\"},\"7\":{\"filter_type\":\"BL\",\"filter_tags\":\"\",\"filter_attributes\":\"\"},\"2\":{\"filter_type\":\"NH\",\"filter_tags\":\"\",\"filter_attributes\":\"\"},\"3\":{\"filter_type\":\"BL\",\"filter_tags\":\"\",\"filter_attributes\":\"\"},\"4\":{\"filter_type\":\"BL\",\"filter_tags\":\"\",\"filter_attributes\":\"\"},\"5\":{\"filter_type\":\"BL\",\"filter_tags\":\"\",\"filter_attributes\":\"\"},\"8\":{\"filter_type\":\"NONE\",\"filter_tags\":\"\",\"filter_attributes\":\"\"}}}','',NULL,NULL,0,0,NULL),(21,0,'com_redirect','component','com_redirect',NULL,'',1,1,0,0,1,'{\"name\":\"com_redirect\",\"type\":\"component\",\"creationDate\":\"2006-04\",\"author\":\"Joomla! Project\",\"copyright\":\"(C) 2006 Open Source Matters, Inc.\",\"authorEmail\":\"admin@joomla.org\",\"authorUrl\":\"www.joomla.org\",\"version\":\"4.0.0\",\"description\":\"COM_REDIRECT_XML_DESCRIPTION\",\"group\":\"\"}','','',NULL,NULL,0,0,NULL),(22,0,'com_users','component','com_users',NULL,'',1,1,0,1,1,'{\"name\":\"com_users\",\"type\":\"component\",\"creationDate\":\"2006-04\",\"author\":\"Joomla! Project\",\"copyright\":\"(C) 2006 Open Source Matters, Inc.\",\"authorEmail\":\"admin@joomla.org\",\"authorUrl\":\"www.joomla.org\",\"version\":\"4.0.0\",\"description\":\"COM_USERS_XML_DESCRIPTION\",\"group\":\"\",\"filename\":\"users\"}','{\"allowUserRegistration\":\"0\",\"new_usertype\":\"2\",\"guest_usergroup\":\"9\",\"sendpassword\":\"0\",\"useractivation\":\"2\",\"mail_to_admin\":\"1\",\"captcha\":\"\",\"frontend_userparams\":\"1\",\"site_language\":\"0\",\"change_login_name\":\"0\",\"reset_count\":\"10\",\"reset_time\":\"1\",\"minimum_length\":\"12\",\"minimum_integers\":\"0\",\"minimum_symbols\":\"0\",\"minimum_uppercase\":\"0\",\"save_history\":\"1\",\"history_limit\":5,\"mailSubjectPrefix\":\"\",\"mailBodySuffix\":\"\"}','',NULL,NULL,0,0,NULL),(23,0,'com_finder','component','com_finder',NULL,'',1,1,0,0,1,'{\"name\":\"com_finder\",\"type\":\"component\",\"creationDate\":\"2011-08\",\"author\":\"Joomla! Project\",\"copyright\":\"(C) 2011 Open Source Matters, Inc.\",\"authorEmail\":\"admin@joomla.org\",\"authorUrl\":\"www.joomla.org\",\"version\":\"4.0.0\",\"description\":\"COM_FINDER_XML_DESCRIPTION\",\"group\":\"\",\"filename\":\"finder\"}','{\"enabled\":\"0\",\"show_description\":\"1\",\"description_length\":255,\"allow_empty_query\":\"0\",\"show_url\":\"1\",\"show_autosuggest\":\"1\",\"show_suggested_query\":\"1\",\"show_explained_query\":\"1\",\"show_advanced\":\"1\",\"show_advanced_tips\":\"1\",\"expand_advanced\":\"0\",\"show_date_filters\":\"0\",\"sort_order\":\"relevance\",\"sort_direction\":\"desc\",\"highlight_terms\":\"1\",\"opensearch_name\":\"\",\"opensearch_description\":\"\",\"batch_size\":\"50\",\"title_multiplier\":\"1.7\",\"text_multiplier\":\"0.7\",\"meta_multiplier\":\"1.2\",\"path_multiplier\":\"2.0\",\"misc_multiplier\":\"0.3\",\"stem\":\"1\",\"stemmer\":\"snowball\",\"enable_logging\":\"0\"}','',NULL,NULL,0,0,NULL),(24,0,'com_joomlaupdate','component','com_joomlaupdate',NULL,'',1,1,0,1,1,'{\"name\":\"com_joomlaupdate\",\"type\":\"component\",\"creationDate\":\"2021-08\",\"author\":\"Joomla! Project\",\"copyright\":\"(C) 2012 Open Source Matters, Inc.\",\"authorEmail\":\"admin@joomla.org\",\"authorUrl\":\"www.joomla.org\",\"version\":\"4.0.3\",\"description\":\"COM_JOOMLAUPDATE_XML_DESCRIPTION\",\"group\":\"\"}','{\"updatesource\":\"default\",\"customurl\":\"\"}','',NULL,NULL,0,0,NULL),(25,0,'com_tags','component','com_tags',NULL,'',1,1,1,0,1,'{\"name\":\"com_tags\",\"type\":\"component\",\"creationDate\":\"2013-12\",\"author\":\"Joomla! Project\",\"copyright\":\"(C) 2013 Open Source Matters, Inc.\",\"authorEmail\":\"admin@joomla.org\",\"authorUrl\":\"www.joomla.org\",\"version\":\"4.0.0\",\"description\":\"COM_TAGS_XML_DESCRIPTION\",\"group\":\"\",\"filename\":\"tags\"}','{\"tag_layout\":\"_:default\",\"save_history\":\"1\",\"history_limit\":5,\"show_tag_title\":\"0\",\"tag_list_show_tag_image\":\"0\",\"tag_list_show_tag_description\":\"0\",\"tag_list_image\":\"\",\"tag_list_orderby\":\"title\",\"tag_list_orderby_direction\":\"ASC\",\"show_headings\":\"0\",\"tag_list_show_date\":\"0\",\"tag_list_show_item_image\":\"0\",\"tag_list_show_item_description\":\"0\",\"tag_list_item_maximum_characters\":0,\"return_any_or_all\":\"1\",\"include_children\":\"0\",\"maximum\":200,\"tag_list_language_filter\":\"all\",\"tags_layout\":\"_:default\",\"all_tags_orderby\":\"title\",\"all_tags_orderby_direction\":\"ASC\",\"all_tags_show_tag_image\":\"0\",\"all_tags_show_tag_description\":\"0\",\"all_tags_tag_maximum_characters\":20,\"all_tags_show_tag_hits\":\"0\",\"filter_field\":\"1\",\"show_pagination_limit\":\"1\",\"show_pagination\":\"2\",\"show_pagination_results\":\"1\",\"tag_field_ajax_mode\":\"1\",\"show_feed_link\":\"1\"}','',NULL,NULL,0,0,NULL),(26,0,'com_contenthistory','component','com_contenthistory',NULL,'',1,1,1,0,1,'{\"name\":\"com_contenthistory\",\"type\":\"component\",\"creationDate\":\"2013-05\",\"author\":\"Joomla! Project\",\"copyright\":\"(C) 2013 Open Source Matters, Inc.\",\"authorEmail\":\"admin@joomla.org\",\"authorUrl\":\"www.joomla.org\",\"version\":\"4.0.0\",\"description\":\"COM_CONTENTHISTORY_XML_DESCRIPTION\",\"group\":\"\",\"filename\":\"contenthistory\"}','','',NULL,NULL,0,0,NULL),(27,0,'com_ajax','component','com_ajax',NULL,'',1,1,1,1,1,'{\"name\":\"com_ajax\",\"type\":\"component\",\"creationDate\":\"2013-08\",\"author\":\"Joomla! Project\",\"copyright\":\"(C) 2013 Open Source Matters, Inc.\",\"authorEmail\":\"admin@joomla.org\",\"authorUrl\":\"www.joomla.org\",\"version\":\"4.0.0\",\"description\":\"COM_AJAX_XML_DESCRIPTION\",\"group\":\"\",\"filename\":\"ajax\"}','','',NULL,NULL,0,0,NULL),(28,0,'com_postinstall','component','com_postinstall',NULL,'',1,1,1,1,1,'{\"name\":\"com_postinstall\",\"type\":\"component\",\"creationDate\":\"2013-09\",\"author\":\"Joomla! Project\",\"copyright\":\"(C) 2013 Open Source Matters, Inc.\",\"authorEmail\":\"admin@joomla.org\",\"authorUrl\":\"www.joomla.org\",\"version\":\"4.0.0\",\"description\":\"COM_POSTINSTALL_XML_DESCRIPTION\",\"group\":\"\"}','','',NULL,NULL,0,0,NULL),(29,0,'com_fields','component','com_fields',NULL,'',1,1,1,0,1,'{\"name\":\"com_fields\",\"type\":\"component\",\"creationDate\":\"2016-03\",\"author\":\"Joomla! Project\",\"copyright\":\"(C) 2016 Open Source Matters, Inc.\",\"authorEmail\":\"admin@joomla.org\",\"authorUrl\":\"www.joomla.org\",\"version\":\"4.0.0\",\"description\":\"COM_FIELDS_XML_DESCRIPTION\",\"group\":\"\",\"filename\":\"fields\"}','','',NULL,NULL,0,0,NULL),(30,0,'com_associations','component','com_associations',NULL,'',1,1,1,0,1,'{\"name\":\"com_associations\",\"type\":\"component\",\"creationDate\":\"2017-01\",\"author\":\"Joomla! Project\",\"copyright\":\"(C) 2017 Open Source Matters, Inc.\",\"authorEmail\":\"admin@joomla.org\",\"authorUrl\":\"www.joomla.org\",\"version\":\"4.0.0\",\"description\":\"COM_ASSOCIATIONS_XML_DESCRIPTION\",\"group\":\"\"}','','',NULL,NULL,0,0,NULL),(31,0,'com_privacy','component','com_privacy',NULL,'',1,1,1,0,1,'{\"name\":\"com_privacy\",\"type\":\"component\",\"creationDate\":\"2018-05\",\"author\":\"Joomla! Project\",\"copyright\":\"(C) 2018 Open Source Matters, Inc.\",\"authorEmail\":\"admin@joomla.org\",\"authorUrl\":\"www.joomla.org\",\"version\":\"3.9.0\",\"description\":\"COM_PRIVACY_XML_DESCRIPTION\",\"group\":\"\",\"filename\":\"privacy\"}','','',NULL,NULL,0,0,NULL),(32,0,'com_actionlogs','component','com_actionlogs',NULL,'',1,1,1,0,1,'{\"name\":\"com_actionlogs\",\"type\":\"component\",\"creationDate\":\"2018-05\",\"author\":\"Joomla! Project\",\"copyright\":\"(C) 2018 Open Source Matters, Inc.\",\"authorEmail\":\"admin@joomla.org\",\"authorUrl\":\"www.joomla.org\",\"version\":\"3.9.0\",\"description\":\"COM_ACTIONLOGS_XML_DESCRIPTION\",\"group\":\"\"}','{\"ip_logging\":0,\"csv_delimiter\":\",\",\"loggable_extensions\":[\"com_banners\",\"com_cache\",\"com_categories\",\"com_checkin\",\"com_config\",\"com_contact\",\"com_content\",\"com_installer\",\"com_media\",\"com_menus\",\"com_messages\",\"com_modules\",\"com_newsfeeds\",\"com_plugins\",\"com_redirect\",\"com_scheduler\",\"com_tags\",\"com_templates\",\"com_users\"]}','',NULL,NULL,0,0,NULL),(33,0,'com_workflow','component','com_workflow',NULL,'',1,1,0,1,1,'{\"name\":\"com_workflow\",\"type\":\"component\",\"creationDate\":\"2017-06\",\"author\":\"Joomla! Project\",\"copyright\":\"(C) 2018 Open Source Matters, Inc.\",\"authorEmail\":\"admin@joomla.org\",\"authorUrl\":\"www.joomla.org\",\"version\":\"4.0.0\",\"description\":\"COM_WORKFLOW_XML_DESCRIPTION\",\"group\":\"\"}','{}','',NULL,NULL,0,0,NULL),(34,0,'com_mails','component','com_mails',NULL,'',1,1,1,1,1,'{\"name\":\"com_mails\",\"type\":\"component\",\"creationDate\":\"2019-01\",\"author\":\"Joomla! Project\",\"copyright\":\"(C) 2019 Open Source Matters, Inc.\",\"authorEmail\":\"admin@joomla.org\",\"authorUrl\":\"www.joomla.org\",\"version\":\"4.0.0\",\"description\":\"COM_MAILS_XML_DESCRIPTION\",\"group\":\"\"}','','',NULL,NULL,0,0,NULL),(35,0,'com_scheduler','component','com_scheduler',NULL,'',1,1,1,0,1,'{\"name\":\"com_scheduler\",\"type\":\"component\",\"creationDate\":\"2021-07\",\"author\":\"Joomla! Project\",\"copyright\":\"(C) 2021 Open Source Matters, Inc.\",\"authorEmail\":\"admin@joomla.org\",\"authorUrl\":\"www.joomla.org\",\"version\":\"4.1.0\",\"description\":\"COM_SCHEDULER_XML_DESCRIPTION\",\"group\":\"\"}','{}','',NULL,NULL,0,0,NULL),(36,0,'lib_joomla','library','joomla',NULL,'',0,1,1,1,1,'{\"name\":\"lib_joomla\",\"type\":\"library\",\"creationDate\":\"2008-01\",\"author\":\"Joomla! Project\",\"copyright\":\"(C) 2008 Open Source Matters, Inc.\",\"authorEmail\":\"admin@joomla.org\",\"authorUrl\":\"https:\\/\\/www.joomla.org\",\"version\":\"13.1\",\"description\":\"LIB_JOOMLA_XML_DESCRIPTION\",\"group\":\"\",\"filename\":\"joomla\"}','','',NULL,NULL,0,0,NULL),(37,0,'lib_phpass','library','phpass',NULL,'',0,1,1,1,1,'{\"name\":\"lib_phpass\",\"type\":\"library\",\"creationDate\":\"2004-01\",\"author\":\"Solar Designer\",\"copyright\":\"\",\"authorEmail\":\"solar@openwall.com\",\"authorUrl\":\"https:\\/\\/www.openwall.com\\/phpass\\/\",\"version\":\"0.3\",\"description\":\"LIB_PHPASS_XML_DESCRIPTION\",\"group\":\"\",\"filename\":\"phpass\"}','','',NULL,NULL,0,0,NULL),(38,0,'mod_articles_archive','module','mod_articles_archive',NULL,'',0,1,1,0,1,'{\"name\":\"mod_articles_archive\",\"type\":\"module\",\"creationDate\":\"2006-07\",\"author\":\"Joomla! Project\",\"copyright\":\"(C) 2006 Open Source Matters, Inc.\",\"authorEmail\":\"admin@joomla.org\",\"authorUrl\":\"www.joomla.org\",\"version\":\"3.0.0\",\"description\":\"MOD_ARTICLES_ARCHIVE_XML_DESCRIPTION\",\"group\":\"\",\"filename\":\"mod_articles_archive\"}','','',NULL,NULL,0,0,NULL),(39,0,'mod_articles_latest','module','mod_articles_latest',NULL,'',0,1,1,0,1,'{\"name\":\"mod_articles_latest\",\"type\":\"module\",\"creationDate\":\"2004-07\",\"author\":\"Joomla! Project\",\"copyright\":\"(C) 2005 Open Source Matters, Inc.\",\"authorEmail\":\"admin@joomla.org\",\"authorUrl\":\"www.joomla.org\",\"version\":\"3.0.0\",\"description\":\"MOD_LATEST_NEWS_XML_DESCRIPTION\",\"group\":\"\",\"filename\":\"mod_articles_latest\"}','','',NULL,NULL,0,0,NULL),(40,0,'mod_articles_popular','module','mod_articles_popular',NULL,'',0,1,1,0,1,'{\"name\":\"mod_articles_popular\",\"type\":\"module\",\"creationDate\":\"2006-07\",\"author\":\"Joomla! Project\",\"copyright\":\"(C) 2006 Open Source Matters, Inc.\",\"authorEmail\":\"admin@joomla.org\",\"authorUrl\":\"www.joomla.org\",\"version\":\"3.0.0\",\"description\":\"MOD_POPULAR_XML_DESCRIPTION\",\"group\":\"\",\"filename\":\"mod_articles_popular\"}','','',NULL,NULL,0,0,NULL),(41,0,'mod_banners','module','mod_banners',NULL,'',0,1,1,0,1,'{\"name\":\"mod_banners\",\"type\":\"module\",\"creationDate\":\"2006-07\",\"author\":\"Joomla! Project\",\"copyright\":\"(C) 2006 Open Source Matters, Inc.\",\"authorEmail\":\"admin@joomla.org\",\"authorUrl\":\"www.joomla.org\",\"version\":\"3.0.0\",\"description\":\"MOD_BANNERS_XML_DESCRIPTION\",\"group\":\"\",\"filename\":\"mod_banners\"}','','',NULL,NULL,0,0,NULL),(42,0,'mod_breadcrumbs','module','mod_breadcrumbs',NULL,'',0,1,1,0,1,'{\"name\":\"mod_breadcrumbs\",\"type\":\"module\",\"creationDate\":\"2006-07\",\"author\":\"Joomla! Project\",\"copyright\":\"(C) 2006 Open Source Matters, Inc.\",\"authorEmail\":\"admin@joomla.org\",\"authorUrl\":\"www.joomla.org\",\"version\":\"3.0.0\",\"description\":\"MOD_BREADCRUMBS_XML_DESCRIPTION\",\"group\":\"\",\"filename\":\"mod_breadcrumbs\"}','','',NULL,NULL,0,0,NULL),(43,0,'mod_custom','module','mod_custom',NULL,'',0,1,1,0,1,'{\"name\":\"mod_custom\",\"type\":\"module\",\"creationDate\":\"2004-07\",\"author\":\"Joomla! Project\",\"copyright\":\"(C) 2005 Open Source Matters, Inc.\",\"authorEmail\":\"admin@joomla.org\",\"authorUrl\":\"www.joomla.org\",\"version\":\"3.0.0\",\"description\":\"MOD_CUSTOM_XML_DESCRIPTION\",\"group\":\"\",\"filename\":\"mod_custom\"}','','',NULL,NULL,0,0,NULL),(44,0,'mod_feed','module','mod_feed',NULL,'',0,1,1,0,1,'{\"name\":\"mod_feed\",\"type\":\"module\",\"creationDate\":\"2005-07\",\"author\":\"Joomla! Project\",\"copyright\":\"(C) 2005 Open Source Matters, Inc.\",\"authorEmail\":\"admin@joomla.org\",\"authorUrl\":\"www.joomla.org\",\"version\":\"3.0.0\",\"description\":\"MOD_FEED_XML_DESCRIPTION\",\"group\":\"\",\"filename\":\"mod_feed\"}','','',NULL,NULL,0,0,NULL),(45,0,'mod_footer','module','mod_footer',NULL,'',0,1,1,0,1,'{\"name\":\"mod_footer\",\"type\":\"module\",\"creationDate\":\"2006-07\",\"author\":\"Joomla! Project\",\"copyright\":\"(C) 2006 Open Source Matters, Inc.\",\"authorEmail\":\"admin@joomla.org\",\"authorUrl\":\"www.joomla.org\",\"version\":\"3.0.0\",\"description\":\"MOD_FOOTER_XML_DESCRIPTION\",\"group\":\"\",\"filename\":\"mod_footer\"}','','',NULL,NULL,0,0,NULL),(46,0,'mod_login','module','mod_login',NULL,'',0,1,1,0,1,'{\"name\":\"mod_login\",\"type\":\"module\",\"creationDate\":\"2006-07\",\"author\":\"Joomla! Project\",\"copyright\":\"(C) 2006 Open Source Matters, Inc.\",\"authorEmail\":\"admin@joomla.org\",\"authorUrl\":\"www.joomla.org\",\"version\":\"3.0.0\",\"description\":\"MOD_LOGIN_XML_DESCRIPTION\",\"group\":\"\",\"filename\":\"mod_login\"}','','',NULL,NULL,0,0,NULL),(47,0,'mod_menu','module','mod_menu',NULL,'',0,1,1,0,1,'{\"name\":\"mod_menu\",\"type\":\"module\",\"creationDate\":\"2004-07\",\"author\":\"Joomla! Project\",\"copyright\":\"(C) 2005 Open Source Matters, Inc.\",\"authorEmail\":\"admin@joomla.org\",\"authorUrl\":\"www.joomla.org\",\"version\":\"3.0.0\",\"description\":\"MOD_MENU_XML_DESCRIPTION\",\"group\":\"\",\"filename\":\"mod_menu\"}','','',NULL,NULL,0,0,NULL),(48,0,'mod_articles_news','module','mod_articles_news',NULL,'',0,1,1,0,1,'{\"name\":\"mod_articles_news\",\"type\":\"module\",\"creationDate\":\"2006-07\",\"author\":\"Joomla! Project\",\"copyright\":\"(C) 2006 Open Source Matters, Inc.\",\"authorEmail\":\"admin@joomla.org\",\"authorUrl\":\"www.joomla.org\",\"version\":\"3.0.0\",\"description\":\"MOD_ARTICLES_NEWS_XML_DESCRIPTION\",\"group\":\"\",\"filename\":\"mod_articles_news\"}','','',NULL,NULL,0,0,NULL),(49,0,'mod_random_image','module','mod_random_image',NULL,'',0,1,1,0,1,'{\"name\":\"mod_random_image\",\"type\":\"module\",\"creationDate\":\"2006-07\",\"author\":\"Joomla! Project\",\"copyright\":\"(C) 2006 Open Source Matters, Inc.\",\"authorEmail\":\"admin@joomla.org\",\"authorUrl\":\"www.joomla.org\",\"version\":\"3.0.0\",\"description\":\"MOD_RANDOM_IMAGE_XML_DESCRIPTION\",\"group\":\"\",\"filename\":\"mod_random_image\"}','','',NULL,NULL,0,0,NULL),(50,0,'mod_related_items','module','mod_related_items',NULL,'',0,1,1,0,1,'{\"name\":\"mod_related_items\",\"type\":\"module\",\"creationDate\":\"2004-07\",\"author\":\"Joomla! Project\",\"copyright\":\"(C) 2005 Open Source Matters, Inc.\",\"authorEmail\":\"admin@joomla.org\",\"authorUrl\":\"www.joomla.org\",\"version\":\"3.0.0\",\"description\":\"MOD_RELATED_XML_DESCRIPTION\",\"group\":\"\",\"filename\":\"mod_related_items\"}','','',NULL,NULL,0,0,NULL),(51,0,'mod_stats','module','mod_stats',NULL,'',0,1,1,0,1,'{\"name\":\"mod_stats\",\"type\":\"module\",\"creationDate\":\"2004-07\",\"author\":\"Joomla! Project\",\"copyright\":\"(C) 2005 Open Source Matters, Inc.\",\"authorEmail\":\"admin@joomla.org\",\"authorUrl\":\"www.joomla.org\",\"version\":\"3.0.0\",\"description\":\"MOD_STATS_XML_DESCRIPTION\",\"group\":\"\",\"filename\":\"mod_stats\"}','','',NULL,NULL,0,0,NULL),(52,0,'mod_syndicate','module','mod_syndicate',NULL,'',0,1,1,0,1,'{\"name\":\"mod_syndicate\",\"type\":\"module\",\"creationDate\":\"2006-05\",\"author\":\"Joomla! Project\",\"copyright\":\"(C) 2006 Open Source Matters, Inc.\",\"authorEmail\":\"admin@joomla.org\",\"authorUrl\":\"www.joomla.org\",\"version\":\"3.0.0\",\"description\":\"MOD_SYNDICATE_XML_DESCRIPTION\",\"group\":\"\",\"filename\":\"mod_syndicate\"}','','',NULL,NULL,0,0,NULL),(53,0,'mod_users_latest','module','mod_users_latest',NULL,'',0,1,1,0,1,'{\"name\":\"mod_users_latest\",\"type\":\"module\",\"creationDate\":\"2009-12\",\"author\":\"Joomla! Project\",\"copyright\":\"(C) 2009 Open Source Matters, Inc.\",\"authorEmail\":\"admin@joomla.org\",\"authorUrl\":\"www.joomla.org\",\"version\":\"3.0.0\",\"description\":\"MOD_USERS_LATEST_XML_DESCRIPTION\",\"group\":\"\",\"filename\":\"mod_users_latest\"}','','',NULL,NULL,0,0,NULL),(54,0,'mod_whosonline','module','mod_whosonline',NULL,'',0,1,1,0,1,'{\"name\":\"mod_whosonline\",\"type\":\"module\",\"creationDate\":\"2004-07\",\"author\":\"Joomla! Project\",\"copyright\":\"(C) 2005 Open Source Matters, Inc.\",\"authorEmail\":\"admin@joomla.org\",\"authorUrl\":\"www.joomla.org\",\"version\":\"3.0.0\",\"description\":\"MOD_WHOSONLINE_XML_DESCRIPTION\",\"group\":\"\",\"filename\":\"mod_whosonline\"}','','',NULL,NULL,0,0,NULL),(55,0,'mod_wrapper','module','mod_wrapper',NULL,'',0,1,1,0,1,'{\"name\":\"mod_wrapper\",\"type\":\"module\",\"creationDate\":\"2004-10\",\"author\":\"Joomla! Project\",\"copyright\":\"(C) 2005 Open Source Matters, Inc.\",\"authorEmail\":\"admin@joomla.org\",\"authorUrl\":\"www.joomla.org\",\"version\":\"3.0.0\",\"description\":\"MOD_WRAPPER_XML_DESCRIPTION\",\"group\":\"\",\"filename\":\"mod_wrapper\"}','','',NULL,NULL,0,0,NULL),(56,0,'mod_articles_category','module','mod_articles_category',NULL,'',0,1,1,0,1,'{\"name\":\"mod_articles_category\",\"type\":\"module\",\"creationDate\":\"2010-02\",\"author\":\"Joomla! Project\",\"copyright\":\"(C) 2010 Open Source Matters, Inc.\",\"authorEmail\":\"admin@joomla.org\",\"authorUrl\":\"www.joomla.org\",\"version\":\"3.0.0\",\"description\":\"MOD_ARTICLES_CATEGORY_XML_DESCRIPTION\",\"group\":\"\",\"filename\":\"mod_articles_category\"}','','',NULL,NULL,0,0,NULL),(57,0,'mod_articles_categories','module','mod_articles_categories',NULL,'',0,1,1,0,1,'{\"name\":\"mod_articles_categories\",\"type\":\"module\",\"creationDate\":\"2010-02\",\"author\":\"Joomla! Project\",\"copyright\":\"(C) 2010 Open Source Matters, Inc.\",\"authorEmail\":\"admin@joomla.org\",\"authorUrl\":\"www.joomla.org\",\"version\":\"3.0.0\",\"description\":\"MOD_ARTICLES_CATEGORIES_XML_DESCRIPTION\",\"group\":\"\",\"filename\":\"mod_articles_categories\"}','','',NULL,NULL,0,0,NULL),(58,0,'mod_languages','module','mod_languages',NULL,'',0,1,1,0,1,'{\"name\":\"mod_languages\",\"type\":\"module\",\"creationDate\":\"2010-02\",\"author\":\"Joomla! Project\",\"copyright\":\"(C) 2010 Open Source Matters, Inc.\",\"authorEmail\":\"admin@joomla.org\",\"authorUrl\":\"www.joomla.org\",\"version\":\"3.5.0\",\"description\":\"MOD_LANGUAGES_XML_DESCRIPTION\",\"group\":\"\",\"filename\":\"mod_languages\"}','','',NULL,NULL,0,0,NULL),(59,0,'mod_finder','module','mod_finder',NULL,'',0,1,0,0,1,'{\"name\":\"mod_finder\",\"type\":\"module\",\"creationDate\":\"2011-08\",\"author\":\"Joomla! Project\",\"copyright\":\"(C) 2011 Open Source Matters, Inc.\",\"authorEmail\":\"admin@joomla.org\",\"authorUrl\":\"www.joomla.org\",\"version\":\"3.0.0\",\"description\":\"MOD_FINDER_XML_DESCRIPTION\",\"group\":\"\",\"filename\":\"mod_finder\"}','','',NULL,NULL,0,0,NULL),(60,0,'mod_custom','module','mod_custom',NULL,'',1,1,1,0,1,'{\"name\":\"mod_custom\",\"type\":\"module\",\"creationDate\":\"2004-07\",\"author\":\"Joomla! Project\",\"copyright\":\"(C) 2005 Open Source Matters, Inc.\",\"authorEmail\":\"admin@joomla.org\",\"authorUrl\":\"www.joomla.org\",\"version\":\"3.0.0\",\"description\":\"MOD_CUSTOM_XML_DESCRIPTION\",\"group\":\"\",\"filename\":\"mod_custom\"}','','',NULL,NULL,0,0,NULL),(61,0,'mod_feed','module','mod_feed',NULL,'',1,1,1,0,1,'{\"name\":\"mod_feed\",\"type\":\"module\",\"creationDate\":\"2005-07\",\"author\":\"Joomla! Project\",\"copyright\":\"(C) 2005 Open Source Matters, Inc.\",\"authorEmail\":\"admin@joomla.org\",\"authorUrl\":\"www.joomla.org\",\"version\":\"3.0.0\",\"description\":\"MOD_FEED_XML_DESCRIPTION\",\"group\":\"\",\"filename\":\"mod_feed\"}','','',NULL,NULL,0,0,NULL),(62,0,'mod_latest','module','mod_latest',NULL,'',1,1,1,0,1,'{\"name\":\"mod_latest\",\"type\":\"module\",\"creationDate\":\"2004-07\",\"author\":\"Joomla! Project\",\"copyright\":\"(C) 2005 Open Source Matters, Inc.\",\"authorEmail\":\"admin@joomla.org\",\"authorUrl\":\"www.joomla.org\",\"version\":\"3.0.0\",\"description\":\"MOD_LATEST_XML_DESCRIPTION\",\"group\":\"\",\"filename\":\"mod_latest\"}','','',NULL,NULL,0,0,NULL),(63,0,'mod_logged','module','mod_logged',NULL,'',1,1,1,0,1,'{\"name\":\"mod_logged\",\"type\":\"module\",\"creationDate\":\"2005-01\",\"author\":\"Joomla! Project\",\"copyright\":\"(C) 2005 Open Source Matters, Inc.\",\"authorEmail\":\"admin@joomla.org\",\"authorUrl\":\"www.joomla.org\",\"version\":\"3.0.0\",\"description\":\"MOD_LOGGED_XML_DESCRIPTION\",\"group\":\"\",\"filename\":\"mod_logged\"}','','',NULL,NULL,0,0,NULL),(64,0,'mod_login','module','mod_login',NULL,'',1,1,1,0,1,'{\"name\":\"mod_login\",\"type\":\"module\",\"creationDate\":\"2005-03\",\"author\":\"Joomla! Project\",\"copyright\":\"(C) 2005 Open Source Matters, Inc.\",\"authorEmail\":\"admin@joomla.org\",\"authorUrl\":\"www.joomla.org\",\"version\":\"3.0.0\",\"description\":\"MOD_LOGIN_XML_DESCRIPTION\",\"group\":\"\",\"filename\":\"mod_login\"}','','',NULL,NULL,0,0,NULL),(65,0,'mod_loginsupport','module','mod_loginsupport',NULL,'',1,1,1,0,1,'{\"name\":\"mod_loginsupport\",\"type\":\"module\",\"creationDate\":\"2019-06\",\"author\":\"Joomla! Project\",\"copyright\":\"(C) 2019 Open Source Matters, Inc.\",\"authorEmail\":\"admin@joomla.org\",\"authorUrl\":\"www.joomla.org\",\"version\":\"4.0.0\",\"description\":\"MOD_LOGINSUPPORT_XML_DESCRIPTION\",\"group\":\"\",\"filename\":\"mod_loginsupport\"}','','',NULL,NULL,0,0,NULL),(66,0,'mod_menu','module','mod_menu',NULL,'',1,1,1,0,1,'{\"name\":\"mod_menu\",\"type\":\"module\",\"creationDate\":\"2006-03\",\"author\":\"Joomla! Project\",\"copyright\":\"(C) 2006 Open Source Matters, Inc.\",\"authorEmail\":\"admin@joomla.org\",\"authorUrl\":\"www.joomla.org\",\"version\":\"3.0.0\",\"description\":\"MOD_MENU_XML_DESCRIPTION\",\"group\":\"\",\"filename\":\"mod_menu\"}','','',NULL,NULL,0,0,NULL),(67,0,'mod_popular','module','mod_popular',NULL,'',1,1,1,0,1,'{\"name\":\"mod_popular\",\"type\":\"module\",\"creationDate\":\"2004-07\",\"author\":\"Joomla! Project\",\"copyright\":\"(C) 2005 Open Source Matters, Inc.\",\"authorEmail\":\"admin@joomla.org\",\"authorUrl\":\"www.joomla.org\",\"version\":\"3.0.0\",\"description\":\"MOD_POPULAR_XML_DESCRIPTION\",\"group\":\"\",\"filename\":\"mod_popular\"}','','',NULL,NULL,0,0,NULL),(68,0,'mod_quickicon','module','mod_quickicon',NULL,'',1,1,1,0,1,'{\"name\":\"mod_quickicon\",\"type\":\"module\",\"creationDate\":\"2005-11\",\"author\":\"Joomla! Project\",\"copyright\":\"(C) 2005 Open Source Matters, Inc.\",\"authorEmail\":\"admin@joomla.org\",\"authorUrl\":\"www.joomla.org\",\"version\":\"3.0.0\",\"description\":\"MOD_QUICKICON_XML_DESCRIPTION\",\"group\":\"\",\"filename\":\"mod_quickicon\"}','','',NULL,NULL,0,0,NULL),(69,0,'mod_frontend','module','mod_frontend',NULL,'',1,1,1,0,1,'{\"name\":\"mod_frontend\",\"type\":\"module\",\"creationDate\":\"2019-07\",\"author\":\"Joomla! Project\",\"copyright\":\"(C) 2019 Open Source Matters, Inc.\",\"authorEmail\":\"admin@joomla.org\",\"authorUrl\":\"www.joomla.org\",\"version\":\"4.0.0\",\"description\":\"MOD_FRONTEND_XML_DESCRIPTION\",\"group\":\"\",\"filename\":\"mod_frontend\"}','','',NULL,NULL,0,0,NULL),(70,0,'mod_messages','module','mod_messages',NULL,'',1,1,1,0,1,'{\"name\":\"mod_messages\",\"type\":\"module\",\"creationDate\":\"2019-07\",\"author\":\"Joomla! Project\",\"copyright\":\"(C) 2019 Open Source Matters, Inc.\",\"authorEmail\":\"admin@joomla.org\",\"authorUrl\":\"www.joomla.org\",\"version\":\"4.0.0\",\"description\":\"MOD_MESSAGES_XML_DESCRIPTION\",\"group\":\"\",\"filename\":\"mod_messages\"}','','',NULL,NULL,0,0,NULL),(71,0,'mod_post_installation_messages','module','mod_post_installation_messages',NULL,'',1,1,1,0,1,'{\"name\":\"mod_post_installation_messages\",\"type\":\"module\",\"creationDate\":\"2019-07\",\"author\":\"Joomla! Project\",\"copyright\":\"(C) 2019 Open Source Matters, Inc.\",\"authorEmail\":\"admin@joomla.org\",\"authorUrl\":\"www.joomla.org\",\"version\":\"4.0.0\",\"description\":\"MOD_POST_INSTALLATION_MESSAGES_XML_DESCRIPTION\",\"group\":\"\",\"filename\":\"mod_post_installation_messages\"}','','',NULL,NULL,0,0,NULL),(72,0,'mod_user','module','mod_user',NULL,'',1,1,1,0,1,'{\"name\":\"mod_user\",\"type\":\"module\",\"creationDate\":\"2019-07\",\"author\":\"Joomla! Project\",\"copyright\":\"(C) 2019 Open Source Matters, Inc.\",\"authorEmail\":\"admin@joomla.org\",\"authorUrl\":\"www.joomla.org\",\"version\":\"4.0.0\",\"description\":\"MOD_USER_XML_DESCRIPTION\",\"group\":\"\",\"filename\":\"mod_user\"}','','',NULL,NULL,0,0,NULL),(73,0,'mod_title','module','mod_title',NULL,'',1,1,1,0,1,'{\"name\":\"mod_title\",\"type\":\"module\",\"creationDate\":\"2005-11\",\"author\":\"Joomla! Project\",\"copyright\":\"(C) 2005 Open Source Matters, Inc.\",\"authorEmail\":\"admin@joomla.org\",\"authorUrl\":\"www.joomla.org\",\"version\":\"3.0.0\",\"description\":\"MOD_TITLE_XML_DESCRIPTION\",\"group\":\"\",\"filename\":\"mod_title\"}','','',NULL,NULL,0,0,NULL),(74,0,'mod_toolbar','module','mod_toolbar',NULL,'',1,1,1,0,1,'{\"name\":\"mod_toolbar\",\"type\":\"module\",\"creationDate\":\"2005-11\",\"author\":\"Joomla! Project\",\"copyright\":\"(C) 2005 Open Source Matters, Inc.\",\"authorEmail\":\"admin@joomla.org\",\"authorUrl\":\"www.joomla.org\",\"version\":\"3.0.0\",\"description\":\"MOD_TOOLBAR_XML_DESCRIPTION\",\"group\":\"\",\"filename\":\"mod_toolbar\"}','','',NULL,NULL,0,0,NULL),(75,0,'mod_multilangstatus','module','mod_multilangstatus',NULL,'',1,1,1,0,1,'{\"name\":\"mod_multilangstatus\",\"type\":\"module\",\"creationDate\":\"2011-09\",\"author\":\"Joomla! Project\",\"copyright\":\"(C) 2011 Open Source Matters, Inc.\",\"authorEmail\":\"admin@joomla.org\",\"authorUrl\":\"www.joomla.org\",\"version\":\"3.0.0\",\"description\":\"MOD_MULTILANGSTATUS_XML_DESCRIPTION\",\"group\":\"\",\"filename\":\"mod_multilangstatus\"}','{\"cache\":\"0\"}','',NULL,NULL,0,0,NULL),(76,0,'mod_version','module','mod_version',NULL,'',1,1,1,0,1,'{\"name\":\"mod_version\",\"type\":\"module\",\"creationDate\":\"2012-01\",\"author\":\"Joomla! Project\",\"copyright\":\"(C) 2012 Open Source Matters, Inc.\",\"authorEmail\":\"admin@joomla.org\",\"authorUrl\":\"www.joomla.org\",\"version\":\"3.0.0\",\"description\":\"MOD_VERSION_XML_DESCRIPTION\",\"group\":\"\",\"filename\":\"mod_version\"}','{\"cache\":\"0\"}','',NULL,NULL,0,0,NULL),(77,0,'mod_stats_admin','module','mod_stats_admin',NULL,'',1,1,1,0,1,'{\"name\":\"mod_stats_admin\",\"type\":\"module\",\"creationDate\":\"2004-07\",\"author\":\"Joomla! Project\",\"copyright\":\"(C) 2005 Open Source Matters, Inc.\",\"authorEmail\":\"admin@joomla.org\",\"authorUrl\":\"www.joomla.org\",\"version\":\"3.0.0\",\"description\":\"MOD_STATS_XML_DESCRIPTION\",\"group\":\"\",\"filename\":\"mod_stats_admin\"}','{\"serverinfo\":\"0\",\"siteinfo\":\"0\",\"counter\":\"0\",\"increase\":\"0\",\"cache\":\"1\",\"cache_time\":\"900\",\"cachemode\":\"static\"}','',NULL,NULL,0,0,NULL),(78,0,'mod_tags_popular','module','mod_tags_popular',NULL,'',0,1,1,0,1,'{\"name\":\"mod_tags_popular\",\"type\":\"module\",\"creationDate\":\"2013-01\",\"author\":\"Joomla! Project\",\"copyright\":\"(C) 2013 Open Source Matters, Inc.\",\"authorEmail\":\"admin@joomla.org\",\"authorUrl\":\"www.joomla.org\",\"version\":\"3.1.0\",\"description\":\"MOD_TAGS_POPULAR_XML_DESCRIPTION\",\"group\":\"\",\"filename\":\"mod_tags_popular\"}','{\"maximum\":\"5\",\"timeframe\":\"alltime\",\"owncache\":\"1\"}','',NULL,NULL,0,0,NULL),(79,0,'mod_tags_similar','module','mod_tags_similar',NULL,'',0,1,1,0,1,'{\"name\":\"mod_tags_similar\",\"type\":\"module\",\"creationDate\":\"2013-01\",\"author\":\"Joomla! Project\",\"copyright\":\"(C) 2013 Open Source Matters, Inc.\",\"authorEmail\":\"admin@joomla.org\",\"authorUrl\":\"www.joomla.org\",\"version\":\"3.1.0\",\"description\":\"MOD_TAGS_SIMILAR_XML_DESCRIPTION\",\"group\":\"\",\"filename\":\"mod_tags_similar\"}','{\"maximum\":\"5\",\"matchtype\":\"any\",\"owncache\":\"1\"}','',NULL,NULL,0,0,NULL),(80,0,'mod_sampledata','module','mod_sampledata',NULL,'',1,1,1,0,1,'{\"name\":\"mod_sampledata\",\"type\":\"module\",\"creationDate\":\"2017-07\",\"author\":\"Joomla! Project\",\"copyright\":\"(C) 2017 Open Source Matters, Inc.\",\"authorEmail\":\"admin@joomla.org\",\"authorUrl\":\"www.joomla.org\",\"version\":\"3.8.0\",\"description\":\"MOD_SAMPLEDATA_XML_DESCRIPTION\",\"group\":\"\",\"filename\":\"mod_sampledata\"}','{}','',NULL,NULL,0,0,NULL),(81,0,'mod_latestactions','module','mod_latestactions',NULL,'',1,1,1,0,1,'{\"name\":\"mod_latestactions\",\"type\":\"module\",\"creationDate\":\"2018-05\",\"author\":\"Joomla! Project\",\"copyright\":\"(C) 2018 Open Source Matters, Inc.\",\"authorEmail\":\"admin@joomla.org\",\"authorUrl\":\"www.joomla.org\",\"version\":\"3.9.0\",\"description\":\"MOD_LATESTACTIONS_XML_DESCRIPTION\",\"group\":\"\",\"filename\":\"mod_latestactions\"}','{}','',NULL,NULL,0,0,NULL),(82,0,'mod_privacy_dashboard','module','mod_privacy_dashboard',NULL,'',1,1,1,0,1,'{\"name\":\"mod_privacy_dashboard\",\"type\":\"module\",\"creationDate\":\"2018-06\",\"author\":\"Joomla! Project\",\"copyright\":\"(C) 2018 Open Source Matters, Inc.\",\"authorEmail\":\"admin@joomla.org\",\"authorUrl\":\"www.joomla.org\",\"version\":\"3.9.0\",\"description\":\"MOD_PRIVACY_DASHBOARD_XML_DESCRIPTION\",\"group\":\"\",\"filename\":\"mod_privacy_dashboard\"}','{}','',NULL,NULL,0,0,NULL),(83,0,'mod_submenu','module','mod_submenu',NULL,'',1,1,1,0,1,'{\"name\":\"mod_submenu\",\"type\":\"module\",\"creationDate\":\"2006-02\",\"author\":\"Joomla! Project\",\"copyright\":\"(C) 2006 Open Source Matters, Inc.\",\"authorEmail\":\"admin@joomla.org\",\"authorUrl\":\"www.joomla.org\",\"version\":\"3.0.0\",\"description\":\"MOD_SUBMENU_XML_DESCRIPTION\",\"group\":\"\",\"filename\":\"mod_submenu\"}','{}','',NULL,NULL,0,0,NULL),(84,0,'mod_privacy_status','module','mod_privacy_status',NULL,'',1,1,1,0,1,'{\"name\":\"mod_privacy_status\",\"type\":\"module\",\"creationDate\":\"2019-07\",\"author\":\"Joomla! Project\",\"copyright\":\"(C) 2019 Open Source Matters, Inc.\",\"authorEmail\":\"admin@joomla.org\",\"authorUrl\":\"www.joomla.org\",\"version\":\"4.0.0\",\"description\":\"MOD_PRIVACY_STATUS_XML_DESCRIPTION\",\"group\":\"\",\"filename\":\"mod_privacy_status\"}','{}','',NULL,NULL,0,0,NULL),(85,0,'plg_actionlog_joomla','plugin','joomla',NULL,'actionlog',0,1,1,0,1,'{\"name\":\"plg_actionlog_joomla\",\"type\":\"plugin\",\"creationDate\":\"2018-05\",\"author\":\"Joomla! Project\",\"copyright\":\"(C) 2018 Open Source Matters, Inc.\",\"authorEmail\":\"admin@joomla.org\",\"authorUrl\":\"www.joomla.org\",\"version\":\"3.9.0\",\"description\":\"PLG_ACTIONLOG_JOOMLA_XML_DESCRIPTION\",\"group\":\"\",\"filename\":\"joomla\"}','{}','',NULL,NULL,1,0,NULL),(86,0,'plg_api-authentication_basic','plugin','basic',NULL,'api-authentication',0,0,1,0,1,'{\"name\":\"plg_api-authentication_basic\",\"type\":\"plugin\",\"creationDate\":\"2005-11\",\"author\":\"Joomla! Project\",\"copyright\":\"(C) 2019 Open Source Matters, Inc.\",\"authorEmail\":\"admin@joomla.org\",\"authorUrl\":\"www.joomla.org\",\"version\":\"4.0.0\",\"description\":\"PLG_API-AUTHENTICATION_BASIC_XML_DESCRIPTION\",\"group\":\"\",\"filename\":\"basic\"}','{}','',NULL,NULL,1,0,NULL),(87,0,'plg_api-authentication_token','plugin','token',NULL,'api-authentication',0,1,1,0,1,'{\"name\":\"plg_api-authentication_token\",\"type\":\"plugin\",\"creationDate\":\"2019-11\",\"author\":\"Joomla! Project\",\"copyright\":\"(C) 2020 Open Source Matters, Inc.\",\"authorEmail\":\"admin@joomla.org\",\"authorUrl\":\"www.joomla.org\",\"version\":\"4.0.0\",\"description\":\"PLG_API-AUTHENTICATION_TOKEN_XML_DESCRIPTION\",\"group\":\"\",\"filename\":\"token\"}','{}','',NULL,NULL,2,0,NULL),(88,0,'plg_authentication_cookie','plugin','cookie',NULL,'authentication',0,1,1,0,1,'{\"name\":\"plg_authentication_cookie\",\"type\":\"plugin\",\"creationDate\":\"2013-07\",\"author\":\"Joomla! Project\",\"copyright\":\"(C) 2013 Open Source Matters, Inc.\",\"authorEmail\":\"admin@joomla.org\",\"authorUrl\":\"www.joomla.org\",\"version\":\"3.0.0\",\"description\":\"PLG_AUTHENTICATION_COOKIE_XML_DESCRIPTION\",\"group\":\"\",\"filename\":\"cookie\"}','','',NULL,NULL,1,0,NULL),(89,0,'plg_authentication_joomla','plugin','joomla',NULL,'authentication',0,1,1,1,1,'{\"name\":\"plg_authentication_joomla\",\"type\":\"plugin\",\"creationDate\":\"2005-11\",\"author\":\"Joomla! Project\",\"copyright\":\"(C) 2005 Open Source Matters, Inc.\",\"authorEmail\":\"admin@joomla.org\",\"authorUrl\":\"www.joomla.org\",\"version\":\"3.0.0\",\"description\":\"PLG_AUTHENTICATION_JOOMLA_XML_DESCRIPTION\",\"group\":\"\",\"filename\":\"joomla\"}','','',NULL,NULL,2,0,NULL),(90,0,'plg_authentication_ldap','plugin','ldap',NULL,'authentication',0,0,1,0,1,'{\"name\":\"plg_authentication_ldap\",\"type\":\"plugin\",\"creationDate\":\"2005-11\",\"author\":\"Joomla! Project\",\"copyright\":\"(C) 2005 Open Source Matters, Inc.\",\"authorEmail\":\"admin@joomla.org\",\"authorUrl\":\"www.joomla.org\",\"version\":\"3.0.0\",\"description\":\"PLG_LDAP_XML_DESCRIPTION\",\"group\":\"\",\"filename\":\"ldap\"}','{\"host\":\"\",\"port\":\"389\",\"use_ldapV3\":\"0\",\"negotiate_tls\":\"0\",\"no_referrals\":\"0\",\"auth_method\":\"bind\",\"base_dn\":\"\",\"search_string\":\"\",\"users_dn\":\"\",\"username\":\"admin\",\"password\":\"bobby7\",\"ldap_fullname\":\"fullName\",\"ldap_email\":\"mail\",\"ldap_uid\":\"uid\"}','',NULL,NULL,3,0,NULL),(91,0,'plg_behaviour_taggable','plugin','taggable',NULL,'behaviour',0,1,1,0,1,'{\"name\":\"plg_behaviour_taggable\",\"type\":\"plugin\",\"creationDate\":\"2015-08\",\"author\":\"Joomla! Project\",\"copyright\":\"(C) 2016 Open Source Matters, Inc.\",\"authorEmail\":\"admin@joomla.org\",\"authorUrl\":\"www.joomla.org\",\"version\":\"4.0.0\",\"description\":\"PLG_BEHAVIOUR_TAGGABLE_XML_DESCRIPTION\",\"group\":\"\",\"filename\":\"taggable\"}','{}','',NULL,NULL,1,0,NULL),(92,0,'plg_behaviour_versionable','plugin','versionable',NULL,'behaviour',0,1,1,0,1,'{\"name\":\"plg_behaviour_versionable\",\"type\":\"plugin\",\"creationDate\":\"2015-08\",\"author\":\"Joomla! Project\",\"copyright\":\"(C) 2016 Open Source Matters, Inc.\",\"authorEmail\":\"admin@joomla.org\",\"authorUrl\":\"www.joomla.org\",\"version\":\"4.0.0\",\"description\":\"PLG_BEHAVIOUR_VERSIONABLE_XML_DESCRIPTION\",\"group\":\"\",\"filename\":\"versionable\"}','{}','',NULL,NULL,2,0,NULL),(93,0,'plg_captcha_recaptcha','plugin','recaptcha',NULL,'captcha',0,0,1,0,1,'{\"name\":\"plg_captcha_recaptcha\",\"type\":\"plugin\",\"creationDate\":\"2011-12\",\"author\":\"Joomla! Project\",\"copyright\":\"(C) 2011 Open Source Matters, Inc.\",\"authorEmail\":\"admin@joomla.org\",\"authorUrl\":\"www.joomla.org\",\"version\":\"3.4.0\",\"description\":\"PLG_CAPTCHA_RECAPTCHA_XML_DESCRIPTION\",\"group\":\"\",\"filename\":\"recaptcha\"}','{\"public_key\":\"\",\"private_key\":\"\",\"theme\":\"clean\"}','',NULL,NULL,1,0,NULL),(94,0,'plg_captcha_recaptcha_invisible','plugin','recaptcha_invisible',NULL,'captcha',0,0,1,0,1,'{\"name\":\"plg_captcha_recaptcha_invisible\",\"type\":\"plugin\",\"creationDate\":\"2017-11\",\"author\":\"Joomla! Project\",\"copyright\":\"(C) 2017 Open Source Matters, Inc.\",\"authorEmail\":\"admin@joomla.org\",\"authorUrl\":\"www.joomla.org\",\"version\":\"3.8\",\"description\":\"PLG_CAPTCHA_RECAPTCHA_INVISIBLE_XML_DESCRIPTION\",\"group\":\"\",\"filename\":\"recaptcha_invisible\"}','{\"public_key\":\"\",\"private_key\":\"\",\"theme\":\"clean\"}','',NULL,NULL,2,0,NULL),(95,0,'plg_content_confirmconsent','plugin','confirmconsent',NULL,'content',0,0,1,0,1,'{\"name\":\"plg_content_confirmconsent\",\"type\":\"plugin\",\"creationDate\":\"2018-05\",\"author\":\"Joomla! Project\",\"copyright\":\"(C) 2018 Open Source Matters, Inc.\",\"authorEmail\":\"admin@joomla.org\",\"authorUrl\":\"www.joomla.org\",\"version\":\"3.9.0\",\"description\":\"PLG_CONTENT_CONFIRMCONSENT_XML_DESCRIPTION\",\"group\":\"\",\"filename\":\"confirmconsent\"}','{}','',NULL,NULL,1,0,NULL),(96,0,'plg_content_contact','plugin','contact',NULL,'content',0,1,1,0,1,'{\"name\":\"plg_content_contact\",\"type\":\"plugin\",\"creationDate\":\"2014-01\",\"author\":\"Joomla! Project\",\"copyright\":\"(C) 2014 Open Source Matters, Inc.\",\"authorEmail\":\"admin@joomla.org\",\"authorUrl\":\"www.joomla.org\",\"version\":\"3.2.2\",\"description\":\"PLG_CONTENT_CONTACT_XML_DESCRIPTION\",\"group\":\"\",\"filename\":\"contact\"}','','',NULL,NULL,2,0,NULL),(97,0,'plg_content_emailcloak','plugin','emailcloak',NULL,'content',0,1,1,0,1,'{\"name\":\"plg_content_emailcloak\",\"type\":\"plugin\",\"creationDate\":\"2005-11\",\"author\":\"Joomla! Project\",\"copyright\":\"(C) 2005 Open Source Matters, Inc.\",\"authorEmail\":\"admin@joomla.org\",\"authorUrl\":\"www.joomla.org\",\"version\":\"3.0.0\",\"description\":\"PLG_CONTENT_EMAILCLOAK_XML_DESCRIPTION\",\"group\":\"\",\"filename\":\"emailcloak\"}','{\"mode\":\"1\"}','',NULL,NULL,3,0,NULL),(98,0,'plg_content_fields','plugin','fields',NULL,'content',0,1,1,0,1,'{\"name\":\"plg_content_fields\",\"type\":\"plugin\",\"creationDate\":\"2017-02\",\"author\":\"Joomla! Project\",\"copyright\":\"(C) 2017 Open Source Matters, Inc.\",\"authorEmail\":\"admin@joomla.org\",\"authorUrl\":\"www.joomla.org\",\"version\":\"3.7.0\",\"description\":\"PLG_CONTENT_FIELDS_XML_DESCRIPTION\",\"group\":\"\",\"filename\":\"fields\"}','','',NULL,NULL,4,0,NULL),(99,0,'plg_content_finder','plugin','finder',NULL,'content',0,1,1,0,1,'{\"name\":\"plg_content_finder\",\"type\":\"plugin\",\"creationDate\":\"2011-12\",\"author\":\"Joomla! Project\",\"copyright\":\"(C) 2011 Open Source Matters, Inc.\",\"authorEmail\":\"admin@joomla.org\",\"authorUrl\":\"www.joomla.org\",\"version\":\"3.0.0\",\"description\":\"PLG_CONTENT_FINDER_XML_DESCRIPTION\",\"group\":\"\",\"filename\":\"finder\"}','','',NULL,NULL,5,0,NULL),(100,0,'plg_content_joomla','plugin','joomla',NULL,'content',0,1,1,0,1,'{\"name\":\"plg_content_joomla\",\"type\":\"plugin\",\"creationDate\":\"2010-11\",\"author\":\"Joomla! Project\",\"copyright\":\"(C) 2010 Open Source Matters, Inc.\",\"authorEmail\":\"admin@joomla.org\",\"authorUrl\":\"www.joomla.org\",\"version\":\"3.0.0\",\"description\":\"PLG_CONTENT_JOOMLA_XML_DESCRIPTION\",\"group\":\"\",\"filename\":\"joomla\"}','','',NULL,NULL,6,0,NULL),(101,0,'plg_content_loadmodule','plugin','loadmodule',NULL,'content',0,1,1,0,1,'{\"name\":\"plg_content_loadmodule\",\"type\":\"plugin\",\"creationDate\":\"2005-11\",\"author\":\"Joomla! Project\",\"copyright\":\"(C) 2005 Open Source Matters, Inc.\",\"authorEmail\":\"admin@joomla.org\",\"authorUrl\":\"www.joomla.org\",\"version\":\"3.0.0\",\"description\":\"PLG_LOADMODULE_XML_DESCRIPTION\",\"group\":\"\",\"filename\":\"loadmodule\"}','{\"style\":\"xhtml\"}','',NULL,NULL,7,0,NULL),(102,0,'plg_content_pagebreak','plugin','pagebreak',NULL,'content',0,1,1,0,1,'{\"name\":\"plg_content_pagebreak\",\"type\":\"plugin\",\"creationDate\":\"2005-11\",\"author\":\"Joomla! Project\",\"copyright\":\"(C) 2005 Open Source Matters, Inc.\",\"authorEmail\":\"admin@joomla.org\",\"authorUrl\":\"www.joomla.org\",\"version\":\"3.0.0\",\"description\":\"PLG_CONTENT_PAGEBREAK_XML_DESCRIPTION\",\"group\":\"\",\"filename\":\"pagebreak\"}','{\"title\":\"1\",\"multipage_toc\":\"1\",\"showall\":\"1\"}','',NULL,NULL,8,0,NULL),(103,0,'plg_content_pagenavigation','plugin','pagenavigation',NULL,'content',0,1,1,0,1,'{\"name\":\"plg_content_pagenavigation\",\"type\":\"plugin\",\"creationDate\":\"2006-01\",\"author\":\"Joomla! Project\",\"copyright\":\"(C) 2006 Open Source Matters, Inc.\",\"authorEmail\":\"admin@joomla.org\",\"authorUrl\":\"www.joomla.org\",\"version\":\"3.0.0\",\"description\":\"PLG_PAGENAVIGATION_XML_DESCRIPTION\",\"group\":\"\",\"filename\":\"pagenavigation\"}','{\"position\":\"1\"}','',NULL,NULL,9,0,NULL),(104,0,'plg_content_vote','plugin','vote',NULL,'content',0,0,1,0,1,'{\"name\":\"plg_content_vote\",\"type\":\"plugin\",\"creationDate\":\"2005-11\",\"author\":\"Joomla! Project\",\"copyright\":\"(C) 2005 Open Source Matters, Inc.\",\"authorEmail\":\"admin@joomla.org\",\"authorUrl\":\"www.joomla.org\",\"version\":\"3.0.0\",\"description\":\"PLG_VOTE_XML_DESCRIPTION\",\"group\":\"\",\"filename\":\"vote\"}','','',NULL,NULL,10,0,NULL),(105,0,'plg_editors-xtd_article','plugin','article',NULL,'editors-xtd',0,1,1,0,1,'{\"name\":\"plg_editors-xtd_article\",\"type\":\"plugin\",\"creationDate\":\"2009-10\",\"author\":\"Joomla! Project\",\"copyright\":\"(C) 2009 Open Source Matters, Inc.\",\"authorEmail\":\"admin@joomla.org\",\"authorUrl\":\"www.joomla.org\",\"version\":\"3.0.0\",\"description\":\"PLG_ARTICLE_XML_DESCRIPTION\",\"group\":\"\",\"filename\":\"article\"}','','',NULL,NULL,1,0,NULL),(106,0,'plg_editors-xtd_contact','plugin','contact',NULL,'editors-xtd',0,1,1,0,1,'{\"name\":\"plg_editors-xtd_contact\",\"type\":\"plugin\",\"creationDate\":\"2016-10\",\"author\":\"Joomla! Project\",\"copyright\":\"(C) 2016 Open Source Matters, Inc.\",\"authorEmail\":\"admin@joomla.org\",\"authorUrl\":\"www.joomla.org\",\"version\":\"3.7.0\",\"description\":\"PLG_EDITORS-XTD_CONTACT_XML_DESCRIPTION\",\"group\":\"\",\"filename\":\"contact\"}','','',NULL,NULL,2,0,NULL),(107,0,'plg_editors-xtd_fields','plugin','fields',NULL,'editors-xtd',0,1,1,0,1,'{\"name\":\"plg_editors-xtd_fields\",\"type\":\"plugin\",\"creationDate\":\"2017-02\",\"author\":\"Joomla! Project\",\"copyright\":\"(C) 2017 Open Source Matters, Inc.\",\"authorEmail\":\"admin@joomla.org\",\"authorUrl\":\"www.joomla.org\",\"version\":\"3.7.0\",\"description\":\"PLG_EDITORS-XTD_FIELDS_XML_DESCRIPTION\",\"group\":\"\",\"filename\":\"fields\"}','','',NULL,NULL,3,0,NULL),(108,0,'plg_editors-xtd_image','plugin','image',NULL,'editors-xtd',0,1,1,0,1,'{\"name\":\"plg_editors-xtd_image\",\"type\":\"plugin\",\"creationDate\":\"2004-08\",\"author\":\"Joomla! Project\",\"copyright\":\"(C) 2005 Open Source Matters, Inc.\",\"authorEmail\":\"admin@joomla.org\",\"authorUrl\":\"www.joomla.org\",\"version\":\"3.0.0\",\"description\":\"PLG_IMAGE_XML_DESCRIPTION\",\"group\":\"\",\"filename\":\"image\"}','','',NULL,NULL,4,0,NULL),(109,0,'plg_editors-xtd_menu','plugin','menu',NULL,'editors-xtd',0,1,1,0,1,'{\"name\":\"plg_editors-xtd_menu\",\"type\":\"plugin\",\"creationDate\":\"2016-08\",\"author\":\"Joomla! Project\",\"copyright\":\"(C) 2016 Open Source Matters, Inc.\",\"authorEmail\":\"admin@joomla.org\",\"authorUrl\":\"www.joomla.org\",\"version\":\"3.7.0\",\"description\":\"PLG_EDITORS-XTD_MENU_XML_DESCRIPTION\",\"group\":\"\",\"filename\":\"menu\"}','','',NULL,NULL,5,0,NULL),(110,0,'plg_editors-xtd_module','plugin','module',NULL,'editors-xtd',0,1,1,0,1,'{\"name\":\"plg_editors-xtd_module\",\"type\":\"plugin\",\"creationDate\":\"2015-10\",\"author\":\"Joomla! Project\",\"copyright\":\"(C) 2015 Open Source Matters, Inc.\",\"authorEmail\":\"admin@joomla.org\",\"authorUrl\":\"www.joomla.org\",\"version\":\"3.5.0\",\"description\":\"PLG_MODULE_XML_DESCRIPTION\",\"group\":\"\",\"filename\":\"module\"}','','',NULL,NULL,6,0,NULL),(111,0,'plg_editors-xtd_pagebreak','plugin','pagebreak',NULL,'editors-xtd',0,1,1,0,1,'{\"name\":\"plg_editors-xtd_pagebreak\",\"type\":\"plugin\",\"creationDate\":\"2004-08\",\"author\":\"Joomla! Project\",\"copyright\":\"(C) 2005 Open Source Matters, Inc.\",\"authorEmail\":\"admin@joomla.org\",\"authorUrl\":\"www.joomla.org\",\"version\":\"3.0.0\",\"description\":\"PLG_EDITORSXTD_PAGEBREAK_XML_DESCRIPTION\",\"group\":\"\",\"filename\":\"pagebreak\"}','','',NULL,NULL,7,0,NULL),(112,0,'plg_editors-xtd_readmore','plugin','readmore',NULL,'editors-xtd',0,1,1,0,1,'{\"name\":\"plg_editors-xtd_readmore\",\"type\":\"plugin\",\"creationDate\":\"2006-03\",\"author\":\"Joomla! Project\",\"copyright\":\"(C) 2006 Open Source Matters, Inc.\",\"authorEmail\":\"admin@joomla.org\",\"authorUrl\":\"www.joomla.org\",\"version\":\"3.0.0\",\"description\":\"PLG_READMORE_XML_DESCRIPTION\",\"group\":\"\",\"filename\":\"readmore\"}','','',NULL,NULL,8,0,NULL),(113,0,'plg_editors_codemirror','plugin','codemirror',NULL,'editors',0,1,1,0,1,'{\"name\":\"plg_editors_codemirror\",\"type\":\"plugin\",\"creationDate\":\"28 March 2011\",\"author\":\"Marijn Haverbeke\",\"copyright\":\"Copyright (C) 2014 - 2021 by Marijn Haverbeke <marijnh@gmail.com> and others\",\"authorEmail\":\"marijnh@gmail.com\",\"authorUrl\":\"https:\\/\\/codemirror.net\\/\",\"version\":\"5.65.6\",\"description\":\"PLG_CODEMIRROR_XML_DESCRIPTION\",\"group\":\"\",\"filename\":\"codemirror\"}','{\"lineNumbers\":\"1\",\"lineWrapping\":\"1\",\"matchTags\":\"1\",\"matchBrackets\":\"1\",\"marker-gutter\":\"1\",\"autoCloseTags\":\"1\",\"autoCloseBrackets\":\"1\",\"autoFocus\":\"1\",\"theme\":\"default\",\"tabmode\":\"indent\"}','',NULL,NULL,1,0,NULL),(114,0,'plg_editors_none','plugin','none',NULL,'editors',0,1,1,1,1,'{\"name\":\"plg_editors_none\",\"type\":\"plugin\",\"creationDate\":\"2005-09\",\"author\":\"Joomla! Project\",\"copyright\":\"(C) 2005 Open Source Matters, Inc.\",\"authorEmail\":\"admin@joomla.org\",\"authorUrl\":\"www.joomla.org\",\"version\":\"3.0.0\",\"description\":\"PLG_NONE_XML_DESCRIPTION\",\"group\":\"\",\"filename\":\"none\"}','','',NULL,NULL,2,0,NULL),(115,0,'plg_editors_tinymce','plugin','tinymce',NULL,'editors',0,1,1,0,1,'{\"name\":\"plg_editors_tinymce\",\"type\":\"plugin\",\"creationDate\":\"2005-08\",\"author\":\"Tiny Technologies, Inc\",\"copyright\":\"Tiny Technologies, Inc\",\"authorEmail\":\"N\\/A\",\"authorUrl\":\"https:\\/\\/www.tiny.cloud\",\"version\":\"5.10.5\",\"description\":\"PLG_TINY_XML_DESCRIPTION\",\"group\":\"\",\"filename\":\"tinymce\"}','{\"configuration\":{\"toolbars\":{\"2\":{\"toolbar1\":[\"bold\",\"underline\",\"strikethrough\",\"|\",\"undo\",\"redo\",\"|\",\"bullist\",\"numlist\",\"|\",\"pastetext\"]},\"1\":{\"menu\":[\"edit\",\"insert\",\"view\",\"format\",\"table\",\"tools\"],\"toolbar1\":[\"bold\",\"italic\",\"underline\",\"strikethrough\",\"|\",\"alignleft\",\"aligncenter\",\"alignright\",\"alignjustify\",\"|\",\"formatselect\",\"|\",\"bullist\",\"numlist\",\"|\",\"outdent\",\"indent\",\"|\",\"undo\",\"redo\",\"|\",\"link\",\"unlink\",\"anchor\",\"code\",\"|\",\"hr\",\"table\",\"|\",\"subscript\",\"superscript\",\"|\",\"charmap\",\"pastetext\",\"preview\"]},\"0\":{\"menu\":[\"edit\",\"insert\",\"view\",\"format\",\"table\",\"tools\"],\"toolbar1\":[\"bold\",\"italic\",\"underline\",\"strikethrough\",\"|\",\"alignleft\",\"aligncenter\",\"alignright\",\"alignjustify\",\"|\",\"styleselect\",\"|\",\"formatselect\",\"fontselect\",\"fontsizeselect\",\"|\",\"searchreplace\",\"|\",\"bullist\",\"numlist\",\"|\",\"outdent\",\"indent\",\"|\",\"undo\",\"redo\",\"|\",\"link\",\"unlink\",\"anchor\",\"image\",\"|\",\"code\",\"|\",\"forecolor\",\"backcolor\",\"|\",\"fullscreen\",\"|\",\"table\",\"|\",\"subscript\",\"superscript\",\"|\",\"charmap\",\"emoticons\",\"media\",\"hr\",\"ltr\",\"rtl\",\"|\",\"cut\",\"copy\",\"paste\",\"pastetext\",\"|\",\"visualchars\",\"visualblocks\",\"nonbreaking\",\"blockquote\",\"template\",\"|\",\"print\",\"preview\",\"codesample\",\"insertdatetime\",\"removeformat\"]}},\"setoptions\":{\"2\":{\"access\":[\"1\"],\"skin\":\"0\",\"skin_admin\":\"0\",\"mobile\":\"0\",\"drag_drop\":\"1\",\"path\":\"\",\"entity_encoding\":\"raw\",\"lang_mode\":\"1\",\"text_direction\":\"ltr\",\"content_css\":\"1\",\"content_css_custom\":\"\",\"relative_urls\":\"1\",\"newlines\":\"0\",\"use_config_textfilters\":\"0\",\"invalid_elements\":\"script,applet,iframe\",\"valid_elements\":\"\",\"extended_elements\":\"\",\"resizing\":\"1\",\"resize_horizontal\":\"1\",\"element_path\":\"1\",\"wordcount\":\"1\",\"image_advtab\":\"0\",\"advlist\":\"1\",\"autosave\":\"1\",\"contextmenu\":\"1\",\"custom_plugin\":\"\",\"custom_button\":\"\"},\"1\":{\"access\":[\"6\",\"2\"],\"skin\":\"0\",\"skin_admin\":\"0\",\"mobile\":\"0\",\"drag_drop\":\"1\",\"path\":\"\",\"entity_encoding\":\"raw\",\"lang_mode\":\"1\",\"text_direction\":\"ltr\",\"content_css\":\"1\",\"content_css_custom\":\"\",\"relative_urls\":\"1\",\"newlines\":\"0\",\"use_config_textfilters\":\"0\",\"invalid_elements\":\"script,applet,iframe\",\"valid_elements\":\"\",\"extended_elements\":\"\",\"resizing\":\"1\",\"resize_horizontal\":\"1\",\"element_path\":\"1\",\"wordcount\":\"1\",\"image_advtab\":\"0\",\"advlist\":\"1\",\"autosave\":\"1\",\"contextmenu\":\"1\",\"custom_plugin\":\"\",\"custom_button\":\"\"},\"0\":{\"access\":[\"7\",\"4\",\"8\"],\"skin\":\"0\",\"skin_admin\":\"0\",\"mobile\":\"0\",\"drag_drop\":\"1\",\"path\":\"\",\"entity_encoding\":\"raw\",\"lang_mode\":\"1\",\"text_direction\":\"ltr\",\"content_css\":\"1\",\"content_css_custom\":\"\",\"relative_urls\":\"1\",\"newlines\":\"0\",\"use_config_textfilters\":\"0\",\"invalid_elements\":\"script,applet,iframe\",\"valid_elements\":\"\",\"extended_elements\":\"\",\"resizing\":\"1\",\"resize_horizontal\":\"1\",\"element_path\":\"1\",\"wordcount\":\"1\",\"image_advtab\":\"1\",\"advlist\":\"1\",\"autosave\":\"1\",\"contextmenu\":\"1\",\"custom_plugin\":\"\",\"custom_button\":\"\"}}},\"sets_amount\":3,\"html_height\":\"550\",\"html_width\":\"750\"}','',NULL,NULL,3,0,NULL),(116,0,'plg_extension_finder','plugin','finder',NULL,'extension',0,1,1,0,1,'{\"name\":\"plg_extension_finder\",\"type\":\"plugin\",\"creationDate\":\"2018-06\",\"author\":\"Joomla! Project\",\"copyright\":\"(C) 2019 Open Source Matters, Inc.\",\"authorEmail\":\"admin@joomla.org\",\"authorUrl\":\"www.joomla.org\",\"version\":\"4.0.0\",\"description\":\"PLG_EXTENSION_FINDER_XML_DESCRIPTION\",\"group\":\"\",\"filename\":\"finder\"}','','',NULL,NULL,1,0,NULL),(117,0,'plg_extension_joomla','plugin','joomla',NULL,'extension',0,1,1,0,1,'{\"name\":\"plg_extension_joomla\",\"type\":\"plugin\",\"creationDate\":\"2010-05\",\"author\":\"Joomla! Project\",\"copyright\":\"(C) 2010 Open Source Matters, Inc.\",\"authorEmail\":\"admin@joomla.org\",\"authorUrl\":\"www.joomla.org\",\"version\":\"3.0.0\",\"description\":\"PLG_EXTENSION_JOOMLA_XML_DESCRIPTION\",\"group\":\"\",\"filename\":\"joomla\"}','','',NULL,NULL,2,0,NULL),(118,0,'plg_extension_namespacemap','plugin','namespacemap',NULL,'extension',0,1,1,1,1,'{\"name\":\"plg_extension_namespacemap\",\"type\":\"plugin\",\"creationDate\":\"2017-05\",\"author\":\"Joomla! Project\",\"copyright\":\"(C) 2017 Open Source Matters, Inc.\",\"authorEmail\":\"admin@joomla.org\",\"authorUrl\":\"www.joomla.org\",\"version\":\"4.0.0\",\"description\":\"PLG_EXTENSION_NAMESPACEMAP_XML_DESCRIPTION\",\"group\":\"\",\"filename\":\"namespacemap\"}','{}','',NULL,NULL,3,0,NULL),(119,0,'plg_fields_calendar','plugin','calendar',NULL,'fields',0,1,1,0,1,'{\"name\":\"plg_fields_calendar\",\"type\":\"plugin\",\"creationDate\":\"2016-03\",\"author\":\"Joomla! Project\",\"copyright\":\"(C) 2016 Open Source Matters, Inc.\",\"authorEmail\":\"admin@joomla.org\",\"authorUrl\":\"www.joomla.org\",\"version\":\"3.7.0\",\"description\":\"PLG_FIELDS_CALENDAR_XML_DESCRIPTION\",\"group\":\"\",\"filename\":\"calendar\"}','','',NULL,NULL,1,0,NULL),(120,0,'plg_fields_checkboxes','plugin','checkboxes',NULL,'fields',0,1,1,0,1,'{\"name\":\"plg_fields_checkboxes\",\"type\":\"plugin\",\"creationDate\":\"2016-03\",\"author\":\"Joomla! Project\",\"copyright\":\"(C) 2016 Open Source Matters, Inc.\",\"authorEmail\":\"admin@joomla.org\",\"authorUrl\":\"www.joomla.org\",\"version\":\"3.7.0\",\"description\":\"PLG_FIELDS_CHECKBOXES_XML_DESCRIPTION\",\"group\":\"\",\"filename\":\"checkboxes\"}','','',NULL,NULL,2,0,NULL),(121,0,'plg_fields_color','plugin','color',NULL,'fields',0,1,1,0,1,'{\"name\":\"plg_fields_color\",\"type\":\"plugin\",\"creationDate\":\"2016-03\",\"author\":\"Joomla! Project\",\"copyright\":\"(C) 2016 Open Source Matters, Inc.\",\"authorEmail\":\"admin@joomla.org\",\"authorUrl\":\"www.joomla.org\",\"version\":\"3.7.0\",\"description\":\"PLG_FIELDS_COLOR_XML_DESCRIPTION\",\"group\":\"\",\"filename\":\"color\"}','','',NULL,NULL,3,0,NULL),(122,0,'plg_fields_editor','plugin','editor',NULL,'fields',0,1,1,0,1,'{\"name\":\"plg_fields_editor\",\"type\":\"plugin\",\"creationDate\":\"2016-03\",\"author\":\"Joomla! Project\",\"copyright\":\"(C) 2016 Open Source Matters, Inc.\",\"authorEmail\":\"admin@joomla.org\",\"authorUrl\":\"www.joomla.org\",\"version\":\"3.7.0\",\"description\":\"PLG_FIELDS_EDITOR_XML_DESCRIPTION\",\"group\":\"\",\"filename\":\"editor\"}','{\"buttons\":0,\"width\":\"100%\",\"height\":\"250px\",\"filter\":\"JComponentHelper::filterText\"}','',NULL,NULL,4,0,NULL),(123,0,'plg_fields_imagelist','plugin','imagelist',NULL,'fields',0,1,1,0,1,'{\"name\":\"plg_fields_imagelist\",\"type\":\"plugin\",\"creationDate\":\"2016-03\",\"author\":\"Joomla! Project\",\"copyright\":\"(C) 2016 Open Source Matters, Inc.\",\"authorEmail\":\"admin@joomla.org\",\"authorUrl\":\"www.joomla.org\",\"version\":\"3.7.0\",\"description\":\"PLG_FIELDS_IMAGELIST_XML_DESCRIPTION\",\"group\":\"\",\"filename\":\"imagelist\"}','','',NULL,NULL,5,0,NULL),(124,0,'plg_fields_integer','plugin','integer',NULL,'fields',0,1,1,0,1,'{\"name\":\"plg_fields_integer\",\"type\":\"plugin\",\"creationDate\":\"2016-03\",\"author\":\"Joomla! Project\",\"copyright\":\"(C) 2016 Open Source Matters, Inc.\",\"authorEmail\":\"admin@joomla.org\",\"authorUrl\":\"www.joomla.org\",\"version\":\"3.7.0\",\"description\":\"PLG_FIELDS_INTEGER_XML_DESCRIPTION\",\"group\":\"\",\"filename\":\"integer\"}','{\"multiple\":\"0\",\"first\":\"1\",\"last\":\"100\",\"step\":\"1\"}','',NULL,NULL,6,0,NULL),(125,0,'plg_fields_list','plugin','list',NULL,'fields',0,1,1,0,1,'{\"name\":\"plg_fields_list\",\"type\":\"plugin\",\"creationDate\":\"2016-03\",\"author\":\"Joomla! Project\",\"copyright\":\"(C) 2016 Open Source Matters, Inc.\",\"authorEmail\":\"admin@joomla.org\",\"authorUrl\":\"www.joomla.org\",\"version\":\"3.7.0\",\"description\":\"PLG_FIELDS_LIST_XML_DESCRIPTION\",\"group\":\"\",\"filename\":\"list\"}','','',NULL,NULL,7,0,NULL),(126,0,'plg_fields_media','plugin','media',NULL,'fields',0,1,1,0,1,'{\"name\":\"plg_fields_media\",\"type\":\"plugin\",\"creationDate\":\"2016-03\",\"author\":\"Joomla! Project\",\"copyright\":\"(C) 2016 Open Source Matters, Inc.\",\"authorEmail\":\"admin@joomla.org\",\"authorUrl\":\"www.joomla.org\",\"version\":\"3.7.0\",\"description\":\"PLG_FIELDS_MEDIA_XML_DESCRIPTION\",\"group\":\"\",\"filename\":\"media\"}','','',NULL,NULL,8,0,NULL),(127,0,'plg_fields_radio','plugin','radio',NULL,'fields',0,1,1,0,1,'{\"name\":\"plg_fields_radio\",\"type\":\"plugin\",\"creationDate\":\"2016-03\",\"author\":\"Joomla! Project\",\"copyright\":\"(C) 2016 Open Source Matters, Inc.\",\"authorEmail\":\"admin@joomla.org\",\"authorUrl\":\"www.joomla.org\",\"version\":\"3.7.0\",\"description\":\"PLG_FIELDS_RADIO_XML_DESCRIPTION\",\"group\":\"\",\"filename\":\"radio\"}','','',NULL,NULL,9,0,NULL),(128,0,'plg_fields_sql','plugin','sql',NULL,'fields',0,1,1,0,1,'{\"name\":\"plg_fields_sql\",\"type\":\"plugin\",\"creationDate\":\"2016-03\",\"author\":\"Joomla! Project\",\"copyright\":\"(C) 2016 Open Source Matters, Inc.\",\"authorEmail\":\"admin@joomla.org\",\"authorUrl\":\"www.joomla.org\",\"version\":\"3.7.0\",\"description\":\"PLG_FIELDS_SQL_XML_DESCRIPTION\",\"group\":\"\",\"filename\":\"sql\"}','','',NULL,NULL,10,0,NULL),(129,0,'plg_fields_subform','plugin','subform',NULL,'fields',0,1,1,0,1,'{\"name\":\"plg_fields_subform\",\"type\":\"plugin\",\"creationDate\":\"2017-06\",\"author\":\"Joomla! Project\",\"copyright\":\"(C) 2019 Open Source Matters, Inc.\",\"authorEmail\":\"admin@joomla.org\",\"authorUrl\":\"www.joomla.org\",\"version\":\"4.0.0\",\"description\":\"PLG_FIELDS_SUBFORM_XML_DESCRIPTION\",\"group\":\"\",\"filename\":\"subform\"}','','',NULL,NULL,11,0,NULL),(130,0,'plg_fields_text','plugin','text',NULL,'fields',0,1,1,0,1,'{\"name\":\"plg_fields_text\",\"type\":\"plugin\",\"creationDate\":\"2016-03\",\"author\":\"Joomla! Project\",\"copyright\":\"(C) 2016 Open Source Matters, Inc.\",\"authorEmail\":\"admin@joomla.org\",\"authorUrl\":\"www.joomla.org\",\"version\":\"3.7.0\",\"description\":\"PLG_FIELDS_TEXT_XML_DESCRIPTION\",\"group\":\"\",\"filename\":\"text\"}','','',NULL,NULL,12,0,NULL),(131,0,'plg_fields_textarea','plugin','textarea',NULL,'fields',0,1,1,0,1,'{\"name\":\"plg_fields_textarea\",\"type\":\"plugin\",\"creationDate\":\"2016-03\",\"author\":\"Joomla! Project\",\"copyright\":\"(C) 2016 Open Source Matters, Inc.\",\"authorEmail\":\"admin@joomla.org\",\"authorUrl\":\"www.joomla.org\",\"version\":\"3.7.0\",\"description\":\"PLG_FIELDS_TEXTAREA_XML_DESCRIPTION\",\"group\":\"\",\"filename\":\"textarea\"}','{\"rows\":10,\"cols\":10,\"maxlength\":\"\",\"filter\":\"JComponentHelper::filterText\"}','',NULL,NULL,13,0,NULL),(132,0,'plg_fields_url','plugin','url',NULL,'fields',0,1,1,0,1,'{\"name\":\"plg_fields_url\",\"type\":\"plugin\",\"creationDate\":\"2016-03\",\"author\":\"Joomla! Project\",\"copyright\":\"(C) 2016 Open Source Matters, Inc.\",\"authorEmail\":\"admin@joomla.org\",\"authorUrl\":\"www.joomla.org\",\"version\":\"3.7.0\",\"description\":\"PLG_FIELDS_URL_XML_DESCRIPTION\",\"group\":\"\",\"filename\":\"url\"}','','',NULL,NULL,14,0,NULL),(133,0,'plg_fields_user','plugin','user',NULL,'fields',0,1,1,0,1,'{\"name\":\"plg_fields_user\",\"type\":\"plugin\",\"creationDate\":\"2016-03\",\"author\":\"Joomla! Project\",\"copyright\":\"(C) 2016 Open Source Matters, Inc.\",\"authorEmail\":\"admin@joomla.org\",\"authorUrl\":\"www.joomla.org\",\"version\":\"3.7.0\",\"description\":\"PLG_FIELDS_USER_XML_DESCRIPTION\",\"group\":\"\",\"filename\":\"user\"}','','',NULL,NULL,15,0,NULL),(134,0,'plg_fields_usergrouplist','plugin','usergrouplist',NULL,'fields',0,1,1,0,1,'{\"name\":\"plg_fields_usergrouplist\",\"type\":\"plugin\",\"creationDate\":\"2016-03\",\"author\":\"Joomla! Project\",\"copyright\":\"(C) 2016 Open Source Matters, Inc.\",\"authorEmail\":\"admin@joomla.org\",\"authorUrl\":\"www.joomla.org\",\"version\":\"3.7.0\",\"description\":\"PLG_FIELDS_USERGROUPLIST_XML_DESCRIPTION\",\"group\":\"\",\"filename\":\"usergrouplist\"}','','',NULL,NULL,16,0,NULL),(135,0,'plg_filesystem_local','plugin','local',NULL,'filesystem',0,1,1,0,1,'{\"name\":\"plg_filesystem_local\",\"type\":\"plugin\",\"creationDate\":\"2017-04\",\"author\":\"Joomla! Project\",\"copyright\":\"(C) 2017 Open Source Matters, Inc.\",\"authorEmail\":\"admin@joomla.org\",\"authorUrl\":\"www.joomla.org\",\"version\":\"4.0.0\",\"description\":\"PLG_FILESYSTEM_LOCAL_XML_DESCRIPTION\",\"group\":\"\",\"filename\":\"local\"}','{}','',NULL,NULL,1,0,NULL),(136,0,'plg_finder_categories','plugin','categories',NULL,'finder',0,1,1,0,1,'{\"name\":\"plg_finder_categories\",\"type\":\"plugin\",\"creationDate\":\"2011-08\",\"author\":\"Joomla! Project\",\"copyright\":\"(C) 2011 Open Source Matters, Inc.\",\"authorEmail\":\"admin@joomla.org\",\"authorUrl\":\"www.joomla.org\",\"version\":\"3.0.0\",\"description\":\"PLG_FINDER_CATEGORIES_XML_DESCRIPTION\",\"group\":\"\",\"filename\":\"categories\"}','','',NULL,NULL,1,0,NULL),(137,0,'plg_finder_contacts','plugin','contacts',NULL,'finder',0,1,1,0,1,'{\"name\":\"plg_finder_contacts\",\"type\":\"plugin\",\"creationDate\":\"2011-08\",\"author\":\"Joomla! Project\",\"copyright\":\"(C) 2011 Open Source Matters, Inc.\",\"authorEmail\":\"admin@joomla.org\",\"authorUrl\":\"www.joomla.org\",\"version\":\"3.0.0\",\"description\":\"PLG_FINDER_CONTACTS_XML_DESCRIPTION\",\"group\":\"\",\"filename\":\"contacts\"}','','',NULL,NULL,2,0,NULL),(138,0,'plg_finder_content','plugin','content',NULL,'finder',0,1,1,0,1,'{\"name\":\"plg_finder_content\",\"type\":\"plugin\",\"creationDate\":\"2011-08\",\"author\":\"Joomla! Project\",\"copyright\":\"(C) 2011 Open Source Matters, Inc.\",\"authorEmail\":\"admin@joomla.org\",\"authorUrl\":\"www.joomla.org\",\"version\":\"3.0.0\",\"description\":\"PLG_FINDER_CONTENT_XML_DESCRIPTION\",\"group\":\"\",\"filename\":\"content\"}','','',NULL,NULL,3,0,NULL),(139,0,'plg_finder_newsfeeds','plugin','newsfeeds',NULL,'finder',0,1,1,0,1,'{\"name\":\"plg_finder_newsfeeds\",\"type\":\"plugin\",\"creationDate\":\"2011-08\",\"author\":\"Joomla! Project\",\"copyright\":\"(C) 2011 Open Source Matters, Inc.\",\"authorEmail\":\"admin@joomla.org\",\"authorUrl\":\"www.joomla.org\",\"version\":\"3.0.0\",\"description\":\"PLG_FINDER_NEWSFEEDS_XML_DESCRIPTION\",\"group\":\"\",\"filename\":\"newsfeeds\"}','','',NULL,NULL,4,0,NULL),(140,0,'plg_finder_tags','plugin','tags',NULL,'finder',0,1,1,0,1,'{\"name\":\"plg_finder_tags\",\"type\":\"plugin\",\"creationDate\":\"2013-02\",\"author\":\"Joomla! Project\",\"copyright\":\"(C) 2013 Open Source Matters, Inc.\",\"authorEmail\":\"admin@joomla.org\",\"authorUrl\":\"www.joomla.org\",\"version\":\"3.0.0\",\"description\":\"PLG_FINDER_TAGS_XML_DESCRIPTION\",\"group\":\"\",\"filename\":\"tags\"}','','',NULL,NULL,5,0,NULL),(141,0,'plg_installer_folderinstaller','plugin','folderinstaller',NULL,'installer',0,1,1,0,1,'{\"name\":\"plg_installer_folderinstaller\",\"type\":\"plugin\",\"creationDate\":\"2016-05\",\"author\":\"Joomla! Project\",\"copyright\":\"(C) 2016 Open Source Matters, Inc.\",\"authorEmail\":\"admin@joomla.org\",\"authorUrl\":\"www.joomla.org\",\"version\":\"3.6.0\",\"description\":\"PLG_INSTALLER_FOLDERINSTALLER_PLUGIN_XML_DESCRIPTION\",\"group\":\"\",\"filename\":\"folderinstaller\"}','','',NULL,NULL,2,0,NULL),(142,0,'plg_installer_override','plugin','override',NULL,'installer',0,1,1,0,1,'{\"name\":\"plg_installer_override\",\"type\":\"plugin\",\"creationDate\":\"2018-06\",\"author\":\"Joomla! Project\",\"copyright\":\"(C) 2018 Open Source Matters, Inc.\",\"authorEmail\":\"admin@joomla.org\",\"authorUrl\":\"www.joomla.org\",\"version\":\"4.0.0\",\"description\":\"PLG_INSTALLER_OVERRIDE_PLUGIN_XML_DESCRIPTION\",\"group\":\"\",\"filename\":\"override\"}','','',NULL,NULL,4,0,NULL),(143,0,'plg_installer_packageinstaller','plugin','packageinstaller',NULL,'installer',0,1,1,0,1,'{\"name\":\"plg_installer_packageinstaller\",\"type\":\"plugin\",\"creationDate\":\"2016-05\",\"author\":\"Joomla! Project\",\"copyright\":\"(C) 2016 Open Source Matters, Inc.\",\"authorEmail\":\"admin@joomla.org\",\"authorUrl\":\"www.joomla.org\",\"version\":\"3.6.0\",\"description\":\"PLG_INSTALLER_PACKAGEINSTALLER_PLUGIN_XML_DESCRIPTION\",\"group\":\"\",\"filename\":\"packageinstaller\"}','','',NULL,NULL,1,0,NULL),(144,0,'plg_installer_urlinstaller','plugin','urlinstaller',NULL,'installer',0,1,1,0,1,'{\"name\":\"plg_installer_urlinstaller\",\"type\":\"plugin\",\"creationDate\":\"2016-05\",\"author\":\"Joomla! Project\",\"copyright\":\"(C) 2016 Open Source Matters, Inc.\",\"authorEmail\":\"admin@joomla.org\",\"authorUrl\":\"www.joomla.org\",\"version\":\"3.6.0\",\"description\":\"PLG_INSTALLER_URLINSTALLER_PLUGIN_XML_DESCRIPTION\",\"group\":\"\",\"filename\":\"urlinstaller\"}','','',NULL,NULL,3,0,NULL),(145,0,'plg_installer_webinstaller','plugin','webinstaller',NULL,'installer',0,1,1,0,1,'{\"name\":\"plg_installer_webinstaller\",\"type\":\"plugin\",\"creationDate\":\"2017-04\",\"author\":\"Joomla! Project\",\"copyright\":\"(C) 2018 Open Source Matters, Inc.\",\"authorEmail\":\"admin@joomla.org\",\"authorUrl\":\"www.joomla.org\",\"version\":\"4.0.0\",\"description\":\"PLG_INSTALLER_WEBINSTALLER_XML_DESCRIPTION\",\"group\":\"\",\"filename\":\"webinstaller\"}','{\"tab_position\":\"1\"}','',NULL,NULL,5,0,NULL),(146,0,'plg_media-action_crop','plugin','crop',NULL,'media-action',0,1,1,0,1,'{\"name\":\"plg_media-action_crop\",\"type\":\"plugin\",\"creationDate\":\"2017-01\",\"author\":\"Joomla! Project\",\"copyright\":\"(C) 2017 Open Source Matters, Inc.\",\"authorEmail\":\"admin@joomla.org\",\"authorUrl\":\"www.joomla.org\",\"version\":\"4.0.0\",\"description\":\"PLG_MEDIA-ACTION_CROP_XML_DESCRIPTION\",\"group\":\"\",\"filename\":\"crop\"}','{}','',NULL,NULL,1,0,NULL),(147,0,'plg_media-action_resize','plugin','resize',NULL,'media-action',0,1,1,0,1,'{\"name\":\"plg_media-action_resize\",\"type\":\"plugin\",\"creationDate\":\"2017-01\",\"author\":\"Joomla! Project\",\"copyright\":\"(C) 2017 Open Source Matters, Inc.\",\"authorEmail\":\"admin@joomla.org\",\"authorUrl\":\"www.joomla.org\",\"version\":\"4.0.0\",\"description\":\"PLG_MEDIA-ACTION_RESIZE_XML_DESCRIPTION\",\"group\":\"\",\"filename\":\"resize\"}','{}','',NULL,NULL,2,0,NULL),(148,0,'plg_media-action_rotate','plugin','rotate',NULL,'media-action',0,1,1,0,1,'{\"name\":\"plg_media-action_rotate\",\"type\":\"plugin\",\"creationDate\":\"2017-01\",\"author\":\"Joomla! Project\",\"copyright\":\"(C) 2017 Open Source Matters, Inc.\",\"authorEmail\":\"admin@joomla.org\",\"authorUrl\":\"www.joomla.org\",\"version\":\"4.0.0\",\"description\":\"PLG_MEDIA-ACTION_ROTATE_XML_DESCRIPTION\",\"group\":\"\",\"filename\":\"rotate\"}','{}','',NULL,NULL,3,0,NULL),(149,0,'plg_privacy_actionlogs','plugin','actionlogs',NULL,'privacy',0,1,1,0,1,'{\"name\":\"plg_privacy_actionlogs\",\"type\":\"plugin\",\"creationDate\":\"2018-07\",\"author\":\"Joomla! Project\",\"copyright\":\"(C) 2018 Open Source Matters, Inc.\",\"authorEmail\":\"admin@joomla.org\",\"authorUrl\":\"www.joomla.org\",\"version\":\"3.9.0\",\"description\":\"PLG_PRIVACY_ACTIONLOGS_XML_DESCRIPTION\",\"group\":\"\",\"filename\":\"actionlogs\"}','{}','',NULL,NULL,1,0,NULL),(150,0,'plg_privacy_consents','plugin','consents',NULL,'privacy',0,1,1,0,1,'{\"name\":\"plg_privacy_consents\",\"type\":\"plugin\",\"creationDate\":\"2018-07\",\"author\":\"Joomla! Project\",\"copyright\":\"(C) 2018 Open Source Matters, Inc.\",\"authorEmail\":\"admin@joomla.org\",\"authorUrl\":\"www.joomla.org\",\"version\":\"3.9.0\",\"description\":\"PLG_PRIVACY_CONSENTS_XML_DESCRIPTION\",\"group\":\"\",\"filename\":\"consents\"}','{}','',NULL,NULL,2,0,NULL),(151,0,'plg_privacy_contact','plugin','contact',NULL,'privacy',0,1,1,0,1,'{\"name\":\"plg_privacy_contact\",\"type\":\"plugin\",\"creationDate\":\"2018-07\",\"author\":\"Joomla! Project\",\"copyright\":\"(C) 2018 Open Source Matters, Inc.\",\"authorEmail\":\"admin@joomla.org\",\"authorUrl\":\"www.joomla.org\",\"version\":\"3.9.0\",\"description\":\"PLG_PRIVACY_CONTACT_XML_DESCRIPTION\",\"group\":\"\",\"filename\":\"contact\"}','{}','',NULL,NULL,3,0,NULL),(152,0,'plg_privacy_content','plugin','content',NULL,'privacy',0,1,1,0,1,'{\"name\":\"plg_privacy_content\",\"type\":\"plugin\",\"creationDate\":\"2018-07\",\"author\":\"Joomla! Project\",\"copyright\":\"(C) 2018 Open Source Matters, Inc.\",\"authorEmail\":\"admin@joomla.org\",\"authorUrl\":\"www.joomla.org\",\"version\":\"3.9.0\",\"description\":\"PLG_PRIVACY_CONTENT_XML_DESCRIPTION\",\"group\":\"\",\"filename\":\"content\"}','{}','',NULL,NULL,4,0,NULL),(153,0,'plg_privacy_message','plugin','message',NULL,'privacy',0,1,1,0,1,'{\"name\":\"plg_privacy_message\",\"type\":\"plugin\",\"creationDate\":\"2018-07\",\"author\":\"Joomla! Project\",\"copyright\":\"(C) 2018 Open Source Matters, Inc.\",\"authorEmail\":\"admin@joomla.org\",\"authorUrl\":\"www.joomla.org\",\"version\":\"3.9.0\",\"description\":\"PLG_PRIVACY_MESSAGE_XML_DESCRIPTION\",\"group\":\"\",\"filename\":\"message\"}','{}','',NULL,NULL,5,0,NULL),(154,0,'plg_privacy_user','plugin','user',NULL,'privacy',0,1,1,0,1,'{\"name\":\"plg_privacy_user\",\"type\":\"plugin\",\"creationDate\":\"2018-05\",\"author\":\"Joomla! Project\",\"copyright\":\"(C) 2018 Open Source Matters, Inc.\",\"authorEmail\":\"admin@joomla.org\",\"authorUrl\":\"www.joomla.org\",\"version\":\"3.9.0\",\"description\":\"PLG_PRIVACY_USER_XML_DESCRIPTION\",\"group\":\"\",\"filename\":\"user\"}','{}','',NULL,NULL,6,0,NULL),(155,0,'plg_quickicon_joomlaupdate','plugin','joomlaupdate',NULL,'quickicon',0,1,1,0,1,'{\"name\":\"plg_quickicon_joomlaupdate\",\"type\":\"plugin\",\"creationDate\":\"2011-08\",\"author\":\"Joomla! Project\",\"copyright\":\"(C) 2011 Open Source Matters, Inc.\",\"authorEmail\":\"admin@joomla.org\",\"authorUrl\":\"www.joomla.org\",\"version\":\"3.0.0\",\"description\":\"PLG_QUICKICON_JOOMLAUPDATE_XML_DESCRIPTION\",\"group\":\"\",\"filename\":\"joomlaupdate\"}','','',NULL,NULL,1,0,NULL),(156,0,'plg_quickicon_extensionupdate','plugin','extensionupdate',NULL,'quickicon',0,1,1,0,1,'{\"name\":\"plg_quickicon_extensionupdate\",\"type\":\"plugin\",\"creationDate\":\"2011-08\",\"author\":\"Joomla! Project\",\"copyright\":\"(C) 2011 Open Source Matters, Inc.\",\"authorEmail\":\"admin@joomla.org\",\"authorUrl\":\"www.joomla.org\",\"version\":\"3.0.0\",\"description\":\"PLG_QUICKICON_EXTENSIONUPDATE_XML_DESCRIPTION\",\"group\":\"\",\"filename\":\"extensionupdate\"}','','',NULL,NULL,2,0,NULL),(157,0,'plg_quickicon_overridecheck','plugin','overridecheck',NULL,'quickicon',0,1,1,0,1,'{\"name\":\"plg_quickicon_overridecheck\",\"type\":\"plugin\",\"creationDate\":\"2018-06\",\"author\":\"Joomla! Project\",\"copyright\":\"(C) 2018 Open Source Matters, Inc.\",\"authorEmail\":\"admin@joomla.org\",\"authorUrl\":\"www.joomla.org\",\"version\":\"4.0.0\",\"description\":\"PLG_QUICKICON_OVERRIDECHECK_XML_DESCRIPTION\",\"group\":\"\",\"filename\":\"overridecheck\"}','','',NULL,NULL,3,0,NULL),(158,0,'plg_quickicon_downloadkey','plugin','downloadkey',NULL,'quickicon',0,1,1,0,1,'{\"name\":\"plg_quickicon_downloadkey\",\"type\":\"plugin\",\"creationDate\":\"2019-10\",\"author\":\"Joomla! Project\",\"copyright\":\"(C) 2019 Open Source Matters, Inc.\",\"authorEmail\":\"admin@joomla.org\",\"authorUrl\":\"www.joomla.org\",\"version\":\"4.0.0\",\"description\":\"PLG_QUICKICON_DOWNLOADKEY_XML_DESCRIPTION\",\"group\":\"\",\"filename\":\"downloadkey\"}','','',NULL,NULL,4,0,NULL),(159,0,'plg_quickicon_privacycheck','plugin','privacycheck',NULL,'quickicon',0,1,1,0,1,'{\"name\":\"plg_quickicon_privacycheck\",\"type\":\"plugin\",\"creationDate\":\"2018-06\",\"author\":\"Joomla! Project\",\"copyright\":\"(C) 2018 Open Source Matters, Inc.\",\"authorEmail\":\"admin@joomla.org\",\"authorUrl\":\"www.joomla.org\",\"version\":\"3.9.0\",\"description\":\"PLG_QUICKICON_PRIVACYCHECK_XML_DESCRIPTION\",\"group\":\"\",\"filename\":\"privacycheck\"}','{}','',NULL,NULL,5,0,NULL),(160,0,'plg_quickicon_phpversioncheck','plugin','phpversioncheck',NULL,'quickicon',0,1,1,0,1,'{\"name\":\"plg_quickicon_phpversioncheck\",\"type\":\"plugin\",\"creationDate\":\"2016-08\",\"author\":\"Joomla! Project\",\"copyright\":\"(C) 2016 Open Source Matters, Inc.\",\"authorEmail\":\"admin@joomla.org\",\"authorUrl\":\"www.joomla.org\",\"version\":\"3.7.0\",\"description\":\"PLG_QUICKICON_PHPVERSIONCHECK_XML_DESCRIPTION\",\"group\":\"\",\"filename\":\"phpversioncheck\"}','','',NULL,NULL,6,0,NULL),(161,0,'plg_sampledata_blog','plugin','blog',NULL,'sampledata',0,1,1,0,1,'{\"name\":\"plg_sampledata_blog\",\"type\":\"plugin\",\"creationDate\":\"2017-07\",\"author\":\"Joomla! Project\",\"copyright\":\"(C) 2017 Open Source Matters, Inc.\",\"authorEmail\":\"admin@joomla.org\",\"authorUrl\":\"www.joomla.org\",\"version\":\"3.8.0\",\"description\":\"PLG_SAMPLEDATA_BLOG_XML_DESCRIPTION\",\"group\":\"\",\"filename\":\"blog\"}','','',NULL,NULL,1,0,NULL),(162,0,'plg_sampledata_multilang','plugin','multilang',NULL,'sampledata',0,1,1,0,1,'{\"name\":\"plg_sampledata_multilang\",\"type\":\"plugin\",\"creationDate\":\"2018-07\",\"author\":\"Joomla! Project\",\"copyright\":\"(C) 2018 Open Source Matters, Inc.\",\"authorEmail\":\"admin@joomla.org\",\"authorUrl\":\"www.joomla.org\",\"version\":\"4.0.0\",\"description\":\"PLG_SAMPLEDATA_MULTILANG_XML_DESCRIPTION\",\"group\":\"\",\"filename\":\"multilang\"}','','',NULL,NULL,2,0,NULL),(163,0,'plg_system_accessibility','plugin','accessibility',NULL,'system',0,0,1,0,1,'{\"name\":\"plg_system_accessibility\",\"type\":\"plugin\",\"creationDate\":\"2020-02-15\",\"author\":\"Joomla! Project\",\"copyright\":\"(C) 2020 Open Source Matters, Inc.\",\"authorEmail\":\"admin@joomla.org\",\"authorUrl\":\"www.joomla.org\",\"version\":\"4.0.0\",\"description\":\"PLG_SYSTEM_ACCESSIBILITY_XML_DESCRIPTION\",\"group\":\"\",\"filename\":\"accessibility\"}','{}','',NULL,NULL,1,0,NULL),(164,0,'plg_system_actionlogs','plugin','actionlogs',NULL,'system',0,1,1,0,1,'{\"name\":\"plg_system_actionlogs\",\"type\":\"plugin\",\"creationDate\":\"2018-05\",\"author\":\"Joomla! Project\",\"copyright\":\"(C) 2018 Open Source Matters, Inc.\",\"authorEmail\":\"admin@joomla.org\",\"authorUrl\":\"www.joomla.org\",\"version\":\"3.9.0\",\"description\":\"PLG_SYSTEM_ACTIONLOGS_XML_DESCRIPTION\",\"group\":\"\",\"filename\":\"actionlogs\"}','{}','',NULL,NULL,2,0,NULL),(165,0,'plg_system_cache','plugin','cache',NULL,'system',0,0,1,0,1,'{\"name\":\"plg_system_cache\",\"type\":\"plugin\",\"creationDate\":\"2007-02\",\"author\":\"Joomla! Project\",\"copyright\":\"(C) 2007 Open Source Matters, Inc.\",\"authorEmail\":\"admin@joomla.org\",\"authorUrl\":\"www.joomla.org\",\"version\":\"3.0.0\",\"description\":\"PLG_CACHE_XML_DESCRIPTION\",\"group\":\"\",\"filename\":\"cache\"}','{\"browsercache\":\"0\",\"cachetime\":\"15\"}','',NULL,NULL,3,0,NULL),(166,0,'plg_system_debug','plugin','debug',NULL,'system',0,1,1,0,1,'{\"name\":\"plg_system_debug\",\"type\":\"plugin\",\"creationDate\":\"2006-12\",\"author\":\"Joomla! Project\",\"copyright\":\"(C) 2006 Open Source Matters, Inc.\",\"authorEmail\":\"admin@joomla.org\",\"authorUrl\":\"www.joomla.org\",\"version\":\"3.0.0\",\"description\":\"PLG_DEBUG_XML_DESCRIPTION\",\"group\":\"\",\"filename\":\"debug\"}','{\"profile\":\"1\",\"queries\":\"1\",\"memory\":\"1\",\"language_files\":\"1\",\"language_strings\":\"1\",\"strip-first\":\"1\",\"strip-prefix\":\"\",\"strip-suffix\":\"\"}','',NULL,NULL,4,0,NULL),(167,0,'plg_system_fields','plugin','fields',NULL,'system',0,1,1,0,1,'{\"name\":\"plg_system_fields\",\"type\":\"plugin\",\"creationDate\":\"2016-03\",\"author\":\"Joomla! Project\",\"copyright\":\"(C) 2016 Open Source Matters, Inc.\",\"authorEmail\":\"admin@joomla.org\",\"authorUrl\":\"www.joomla.org\",\"version\":\"3.7.0\",\"description\":\"PLG_SYSTEM_FIELDS_XML_DESCRIPTION\",\"group\":\"\",\"filename\":\"fields\"}','','',NULL,NULL,5,0,NULL),(168,0,'plg_system_highlight','plugin','highlight',NULL,'system',0,1,1,0,1,'{\"name\":\"plg_system_highlight\",\"type\":\"plugin\",\"creationDate\":\"2011-08\",\"author\":\"Joomla! Project\",\"copyright\":\"(C) 2011 Open Source Matters, Inc.\",\"authorEmail\":\"admin@joomla.org\",\"authorUrl\":\"www.joomla.org\",\"version\":\"3.0.0\",\"description\":\"PLG_SYSTEM_HIGHLIGHT_XML_DESCRIPTION\",\"group\":\"\",\"filename\":\"highlight\"}','','',NULL,NULL,6,0,NULL),(169,0,'plg_system_httpheaders','plugin','httpheaders',NULL,'system',0,1,1,0,1,'{\"name\":\"plg_system_httpheaders\",\"type\":\"plugin\",\"creationDate\":\"2017-10\",\"author\":\"Joomla! Project\",\"copyright\":\"(C) 2018 Open Source Matters, Inc.\",\"authorEmail\":\"admin@joomla.org\",\"authorUrl\":\"www.joomla.org\",\"version\":\"4.0.0\",\"description\":\"PLG_SYSTEM_HTTPHEADERS_XML_DESCRIPTION\",\"group\":\"\",\"filename\":\"httpheaders\"}','{}','',NULL,NULL,7,0,NULL),(170,0,'plg_system_jooa11y','plugin','jooa11y',NULL,'system',0,1,1,0,1,'{\"name\":\"plg_system_jooa11y\",\"type\":\"plugin\",\"creationDate\":\"2022-02\",\"author\":\"Joomla! Project\",\"copyright\":\"(C) 2021 Open Source Matters, Inc.\",\"authorEmail\":\"admin@joomla.org\",\"authorUrl\":\"www.joomla.org\",\"version\":\"4.2.0\",\"description\":\"PLG_SYSTEM_JOOA11Y_XML_DESCRIPTION\",\"group\":\"\",\"filename\":\"jooa11y\"}','','',NULL,NULL,8,0,NULL),(171,0,'plg_system_languagecode','plugin','languagecode',NULL,'system',0,0,1,0,1,'{\"name\":\"plg_system_languagecode\",\"type\":\"plugin\",\"creationDate\":\"2011-11\",\"author\":\"Joomla! Project\",\"copyright\":\"(C) 2011 Open Source Matters, Inc.\",\"authorEmail\":\"admin@joomla.org\",\"authorUrl\":\"www.joomla.org\",\"version\":\"3.0.0\",\"description\":\"PLG_SYSTEM_LANGUAGECODE_XML_DESCRIPTION\",\"group\":\"\",\"filename\":\"languagecode\"}','','',NULL,NULL,9,0,NULL),(172,0,'plg_system_languagefilter','plugin','languagefilter',NULL,'system',0,0,1,0,1,'{\"name\":\"plg_system_languagefilter\",\"type\":\"plugin\",\"creationDate\":\"2010-07\",\"author\":\"Joomla! Project\",\"copyright\":\"(C) 2010 Open Source Matters, Inc.\",\"authorEmail\":\"admin@joomla.org\",\"authorUrl\":\"www.joomla.org\",\"version\":\"3.0.0\",\"description\":\"PLG_SYSTEM_LANGUAGEFILTER_XML_DESCRIPTION\",\"group\":\"\",\"filename\":\"languagefilter\"}','','',NULL,NULL,10,0,NULL),(173,0,'plg_system_log','plugin','log',NULL,'system',0,1,1,0,1,'{\"name\":\"plg_system_log\",\"type\":\"plugin\",\"creationDate\":\"2007-04\",\"author\":\"Joomla! Project\",\"copyright\":\"(C) 2007 Open Source Matters, Inc.\",\"authorEmail\":\"admin@joomla.org\",\"authorUrl\":\"www.joomla.org\",\"version\":\"3.0.0\",\"description\":\"PLG_LOG_XML_DESCRIPTION\",\"group\":\"\",\"filename\":\"log\"}','','',NULL,NULL,11,0,NULL),(174,0,'plg_system_logout','plugin','logout',NULL,'system',0,1,1,0,1,'{\"name\":\"plg_system_logout\",\"type\":\"plugin\",\"creationDate\":\"2009-04\",\"author\":\"Joomla! Project\",\"copyright\":\"(C) 2009 Open Source Matters, Inc.\",\"authorEmail\":\"admin@joomla.org\",\"authorUrl\":\"www.joomla.org\",\"version\":\"3.0.0\",\"description\":\"PLG_SYSTEM_LOGOUT_XML_DESCRIPTION\",\"group\":\"\",\"filename\":\"logout\"}','','',NULL,NULL,12,0,NULL),(175,0,'plg_system_logrotation','plugin','logrotation',NULL,'system',0,1,1,0,1,'{\"name\":\"plg_system_logrotation\",\"type\":\"plugin\",\"creationDate\":\"2018-05\",\"author\":\"Joomla! Project\",\"copyright\":\"(C) 2018 Open Source Matters, Inc.\",\"authorEmail\":\"admin@joomla.org\",\"authorUrl\":\"www.joomla.org\",\"version\":\"3.9.0\",\"description\":\"PLG_SYSTEM_LOGROTATION_XML_DESCRIPTION\",\"group\":\"\",\"filename\":\"logrotation\"}','{\"lastrun\":1697984757}','',NULL,NULL,13,0,NULL),(176,0,'plg_system_privacyconsent','plugin','privacyconsent',NULL,'system',0,0,1,0,1,'{\"name\":\"plg_system_privacyconsent\",\"type\":\"plugin\",\"creationDate\":\"2018-04\",\"author\":\"Joomla! Project\",\"copyright\":\"(C) 2018 Open Source Matters, Inc.\",\"authorEmail\":\"admin@joomla.org\",\"authorUrl\":\"www.joomla.org\",\"version\":\"3.9.0\",\"description\":\"PLG_SYSTEM_PRIVACYCONSENT_XML_DESCRIPTION\",\"group\":\"\",\"filename\":\"privacyconsent\"}','{}','',NULL,NULL,14,0,NULL),(177,0,'plg_system_redirect','plugin','redirect',NULL,'system',0,0,1,0,1,'{\"name\":\"plg_system_redirect\",\"type\":\"plugin\",\"creationDate\":\"2009-04\",\"author\":\"Joomla! Project\",\"copyright\":\"(C) 2009 Open Source Matters, Inc.\",\"authorEmail\":\"admin@joomla.org\",\"authorUrl\":\"www.joomla.org\",\"version\":\"3.0.0\",\"description\":\"PLG_SYSTEM_REDIRECT_XML_DESCRIPTION\",\"group\":\"\",\"filename\":\"redirect\"}','','',NULL,NULL,15,0,NULL),(178,0,'plg_system_remember','plugin','remember',NULL,'system',0,1,1,0,1,'{\"name\":\"plg_system_remember\",\"type\":\"plugin\",\"creationDate\":\"2007-04\",\"author\":\"Joomla! Project\",\"copyright\":\"(C) 2007 Open Source Matters, Inc.\",\"authorEmail\":\"admin@joomla.org\",\"authorUrl\":\"www.joomla.org\",\"version\":\"3.0.0\",\"description\":\"PLG_REMEMBER_XML_DESCRIPTION\",\"group\":\"\",\"filename\":\"remember\"}','','',NULL,NULL,16,0,NULL),(179,0,'plg_system_schedulerunner','plugin','schedulerunner',NULL,'system',0,1,1,0,1,'{\"name\":\"plg_system_schedulerunner\",\"type\":\"plugin\",\"creationDate\":\"2021-08\",\"author\":\"Joomla! Project\",\"copyright\":\"(C) 2021 Open Source Matters, Inc.\",\"authorEmail\":\"admin@joomla.org\",\"authorUrl\":\"www.joomla.org\",\"version\":\"4.1\",\"description\":\"PLG_SYSTEM_SCHEDULERUNNER_XML_DESCRIPTION\",\"group\":\"\",\"filename\":\"schedulerunner\"}','{}','',NULL,NULL,17,0,NULL),(180,0,'plg_system_sef','plugin','sef',NULL,'system',0,1,1,0,1,'{\"name\":\"plg_system_sef\",\"type\":\"plugin\",\"creationDate\":\"2007-12\",\"author\":\"Joomla! Project\",\"copyright\":\"(C) 2007 Open Source Matters, Inc.\",\"authorEmail\":\"admin@joomla.org\",\"authorUrl\":\"www.joomla.org\",\"version\":\"3.0.0\",\"description\":\"PLG_SEF_XML_DESCRIPTION\",\"group\":\"\",\"filename\":\"sef\"}','','',NULL,NULL,18,0,NULL),(181,0,'plg_system_sessiongc','plugin','sessiongc',NULL,'system',0,1,1,0,1,'{\"name\":\"plg_system_sessiongc\",\"type\":\"plugin\",\"creationDate\":\"2018-02\",\"author\":\"Joomla! Project\",\"copyright\":\"(C) 2018 Open Source Matters, Inc.\",\"authorEmail\":\"admin@joomla.org\",\"authorUrl\":\"www.joomla.org\",\"version\":\"3.8.6\",\"description\":\"PLG_SYSTEM_SESSIONGC_XML_DESCRIPTION\",\"group\":\"\",\"filename\":\"sessiongc\"}','','',NULL,NULL,19,0,NULL),(182,0,'plg_system_shortcut','plugin','shortcut',NULL,'system',0,1,1,0,1,'{\"name\":\"plg_system_shortcut\",\"type\":\"plugin\",\"creationDate\":\"2022-06\",\"author\":\"Joomla! Project\",\"copyright\":\"(C) 2022 Open Source Matters, Inc.\",\"authorEmail\":\"admin@joomla.org\",\"authorUrl\":\"www.joomla.org\",\"version\":\"4.2.0\",\"description\":\"PLG_SYSTEM_SHORTCUT_XML_DESCRIPTION\",\"group\":\"\",\"filename\":\"shortcut\"}','{}','',NULL,NULL,0,0,NULL),(183,0,'plg_system_skipto','plugin','skipto',NULL,'system',0,1,1,0,1,'{\"name\":\"plg_system_skipto\",\"type\":\"plugin\",\"creationDate\":\"2020-02\",\"author\":\"Joomla! Project\",\"copyright\":\"(C) 2019 Open Source Matters, Inc.\",\"authorEmail\":\"admin@joomla.org\",\"authorUrl\":\"www.joomla.org\",\"version\":\"4.0.0\",\"description\":\"PLG_SYSTEM_SKIPTO_XML_DESCRIPTION\",\"group\":\"\",\"filename\":\"skipto\"}','{}','',NULL,NULL,20,0,NULL),(184,0,'plg_system_stats','plugin','stats',NULL,'system',0,0,1,0,1,'{\"name\":\"plg_system_stats\",\"type\":\"plugin\",\"creationDate\":\"2013-11\",\"author\":\"Joomla! Project\",\"copyright\":\"(C) 2013 Open Source Matters, Inc.\",\"authorEmail\":\"admin@joomla.org\",\"authorUrl\":\"www.joomla.org\",\"version\":\"3.5.0\",\"description\":\"PLG_SYSTEM_STATS_XML_DESCRIPTION\",\"group\":\"\",\"filename\":\"stats\"}','{\"mode\":3,\"lastrun\":1671124000,\"unique_id\":\"57dd429a5d34afe43957b23dc24b7f58ad388677\",\"interval\":12}','',NULL,NULL,21,0,NULL),(185,0,'plg_system_task_notification','plugin','tasknotification',NULL,'system',0,1,1,0,1,'{\"name\":\"plg_system_task_notification\",\"type\":\"plugin\",\"creationDate\":\"2021-09\",\"author\":\"Joomla! Project\",\"copyright\":\"(C) 2021 Open Source Matters, Inc.\",\"authorEmail\":\"admin@joomla.org\",\"authorUrl\":\"www.joomla.org\",\"version\":\"4.1\",\"description\":\"PLG_SYSTEM_TASK_NOTIFICATION_XML_DESCRIPTION\",\"group\":\"\",\"filename\":\"tasknotification\"}','','',NULL,NULL,22,0,NULL),(186,0,'plg_system_updatenotification','plugin','updatenotification',NULL,'system',0,1,1,0,1,'{\"name\":\"plg_system_updatenotification\",\"type\":\"plugin\",\"creationDate\":\"2015-05\",\"author\":\"Joomla! Project\",\"copyright\":\"(C) 2015 Open Source Matters, Inc.\",\"authorEmail\":\"admin@joomla.org\",\"authorUrl\":\"www.joomla.org\",\"version\":\"3.5.0\",\"description\":\"PLG_SYSTEM_UPDATENOTIFICATION_XML_DESCRIPTION\",\"group\":\"\",\"filename\":\"updatenotification\"}','{\"lastrun\":1697984757}','',NULL,NULL,23,0,NULL),(187,0,'plg_system_webauthn','plugin','webauthn',NULL,'system',0,1,1,0,1,'{\"name\":\"plg_system_webauthn\",\"type\":\"plugin\",\"creationDate\":\"2019-07-02\",\"author\":\"Joomla! Project\",\"copyright\":\"(C) 2020 Open Source Matters, Inc.\",\"authorEmail\":\"admin@joomla.org\",\"authorUrl\":\"www.joomla.org\",\"version\":\"4.0.0\",\"description\":\"PLG_SYSTEM_WEBAUTHN_DESCRIPTION\",\"group\":\"\",\"filename\":\"webauthn\"}','{}','',NULL,NULL,24,0,NULL),(188,0,'plg_task_check_files','plugin','checkfiles',NULL,'task',0,1,1,0,1,'{\"name\":\"plg_task_check_files\",\"type\":\"plugin\",\"creationDate\":\"2021-08\",\"author\":\"Joomla! Project\",\"copyright\":\"(C) 2021 Open Source Matters, Inc.\",\"authorEmail\":\"admin@joomla.org\",\"authorUrl\":\"www.joomla.org\",\"version\":\"4.1\",\"description\":\"PLG_TASK_CHECK_FILES_XML_DESCRIPTION\",\"group\":\"\",\"filename\":\"checkfiles\"}','{}','',NULL,NULL,1,0,NULL),(189,0,'plg_task_demo_tasks','plugin','demotasks',NULL,'task',0,1,1,0,1,'{\"name\":\"plg_task_demo_tasks\",\"type\":\"plugin\",\"creationDate\":\"2021-07\",\"author\":\"Joomla! Project\",\"copyright\":\"(C) 2021 Open Source Matters, Inc.\",\"authorEmail\":\"admin@joomla.org\",\"authorUrl\":\"www.joomla.org\",\"version\":\"4.1\",\"description\":\"PLG_TASK_DEMO_TASKS_XML_DESCRIPTION\",\"group\":\"\",\"filename\":\"demotasks\"}','{}','',NULL,NULL,2,0,NULL),(190,0,'plg_task_requests','plugin','requests',NULL,'task',0,1,1,0,1,'{\"name\":\"plg_task_requests\",\"type\":\"plugin\",\"creationDate\":\"2021-08\",\"author\":\"Joomla! Project\",\"copyright\":\"(C) 2021 Open Source Matters, Inc.\",\"authorEmail\":\"admin@joomla.org\",\"authorUrl\":\"www.joomla.org\",\"version\":\"4.1\",\"description\":\"PLG_TASK_REQUESTS_XML_DESCRIPTION\",\"group\":\"\",\"filename\":\"requests\"}','{}','',NULL,NULL,3,0,NULL),(191,0,'plg_task_site_status','plugin','sitestatus',NULL,'task',0,1,1,0,1,'{\"name\":\"plg_task_site_status\",\"type\":\"plugin\",\"creationDate\":\"2021-08\",\"author\":\"Joomla! Project\",\"copyright\":\"(C) 2021 Open Source Matters, Inc.\",\"authorEmail\":\"admin@joomla.org\",\"authorUrl\":\"www.joomla.org\",\"version\":\"4.1\",\"description\":\"PLG_TASK_SITE_STATUS_XML_DESCRIPTION\",\"group\":\"\",\"filename\":\"sitestatus\"}','{}','',NULL,NULL,4,0,NULL),(192,0,'plg_multifactorauth_totp','plugin','totp',NULL,'multifactorauth',0,1,1,0,1,'{\"name\":\"plg_multifactorauth_totp\",\"type\":\"plugin\",\"creationDate\":\"2013-08\",\"author\":\"Joomla! Project\",\"copyright\":\"(C) 2013 Open Source Matters, Inc.\",\"authorEmail\":\"admin@joomla.org\",\"authorUrl\":\"www.joomla.org\",\"version\":\"3.2.0\",\"description\":\"PLG_MULTIFACTORAUTH_TOTP_XML_DESCRIPTION\",\"group\":\"\",\"filename\":\"totp\"}','','',NULL,NULL,1,0,NULL),(193,0,'plg_multifactorauth_yubikey','plugin','yubikey',NULL,'multifactorauth',0,1,1,0,1,'{\"name\":\"plg_multifactorauth_yubikey\",\"type\":\"plugin\",\"creationDate\":\"2013-09\",\"author\":\"Joomla! Project\",\"copyright\":\"(C) 2013 Open Source Matters, Inc.\",\"authorEmail\":\"admin@joomla.org\",\"authorUrl\":\"www.joomla.org\",\"version\":\"3.2.0\",\"description\":\"PLG_MULTIFACTORAUTH_YUBIKEY_XML_DESCRIPTION\",\"group\":\"\",\"filename\":\"yubikey\"}','','',NULL,NULL,2,0,NULL),(194,0,'plg_multifactorauth_webauthn','plugin','webauthn',NULL,'multifactorauth',0,1,1,0,1,'{\"name\":\"plg_multifactorauth_webauthn\",\"type\":\"plugin\",\"creationDate\":\"2022-05\",\"author\":\"Joomla! Project\",\"copyright\":\"(C) 2022 Open Source Matters, Inc.\",\"authorEmail\":\"admin@joomla.org\",\"authorUrl\":\"www.joomla.org\",\"version\":\"4.2.0\",\"description\":\"PLG_MULTIFACTORAUTH_WEBAUTHN_XML_DESCRIPTION\",\"group\":\"\",\"filename\":\"webauthn\"}','','',NULL,NULL,3,0,NULL),(195,0,'plg_multifactorauth_email','plugin','email',NULL,'multifactorauth',0,1,1,0,1,'{\"name\":\"plg_multifactorauth_email\",\"type\":\"plugin\",\"creationDate\":\"2022-05\",\"author\":\"Joomla! Project\",\"copyright\":\"(C) 2022 Open Source Matters, Inc.\",\"authorEmail\":\"admin@joomla.org\",\"authorUrl\":\"www.joomla.org\",\"version\":\"4.2.0\",\"description\":\"PLG_MULTIFACTORAUTH_EMAIL_XML_DESCRIPTION\",\"group\":\"\",\"filename\":\"email\"}','','',NULL,NULL,4,0,NULL),(196,0,'plg_multifactorauth_fixed','plugin','fixed',NULL,'multifactorauth',0,0,1,0,1,'{\"name\":\"plg_multifactorauth_fixed\",\"type\":\"plugin\",\"creationDate\":\"2022-05\",\"author\":\"Joomla! Project\",\"copyright\":\"(C) 2022 Open Source Matters, Inc.\",\"authorEmail\":\"admin@joomla.org\",\"authorUrl\":\"www.joomla.org\",\"version\":\"4.2.0\",\"description\":\"PLG_MULTIFACTORAUTH_FIXED_XML_DESCRIPTION\",\"group\":\"\",\"filename\":\"fixed\"}','','',NULL,NULL,5,0,NULL),(197,0,'plg_user_contactcreator','plugin','contactcreator',NULL,'user',0,0,1,0,1,'{\"name\":\"plg_user_contactcreator\",\"type\":\"plugin\",\"creationDate\":\"2009-08\",\"author\":\"Joomla! Project\",\"copyright\":\"(C) 2009 Open Source Matters, Inc.\",\"authorEmail\":\"admin@joomla.org\",\"authorUrl\":\"www.joomla.org\",\"version\":\"3.0.0\",\"description\":\"PLG_CONTACTCREATOR_XML_DESCRIPTION\",\"group\":\"\",\"filename\":\"contactcreator\"}','{\"autowebpage\":\"\",\"category\":\"4\",\"autopublish\":\"0\"}','',NULL,NULL,1,0,NULL),(198,0,'plg_user_joomla','plugin','joomla',NULL,'user',0,1,1,0,1,'{\"name\":\"plg_user_joomla\",\"type\":\"plugin\",\"creationDate\":\"2006-12\",\"author\":\"Joomla! Project\",\"copyright\":\"(C) 2006 Open Source Matters, Inc.\",\"authorEmail\":\"admin@joomla.org\",\"authorUrl\":\"www.joomla.org\",\"version\":\"3.0.0\",\"description\":\"PLG_USER_JOOMLA_XML_DESCRIPTION\",\"group\":\"\",\"filename\":\"joomla\"}','{\"autoregister\":\"1\",\"mail_to_user\":\"1\",\"forceLogout\":\"1\"}','',NULL,NULL,2,0,NULL),(199,0,'plg_user_profile','plugin','profile',NULL,'user',0,0,1,0,1,'{\"name\":\"plg_user_profile\",\"type\":\"plugin\",\"creationDate\":\"2008-01\",\"author\":\"Joomla! Project\",\"copyright\":\"(C) 2008 Open Source Matters, Inc.\",\"authorEmail\":\"admin@joomla.org\",\"authorUrl\":\"www.joomla.org\",\"version\":\"3.0.0\",\"description\":\"PLG_USER_PROFILE_XML_DESCRIPTION\",\"group\":\"\",\"filename\":\"profile\"}','{\"register-require_address1\":\"1\",\"register-require_address2\":\"1\",\"register-require_city\":\"1\",\"register-require_region\":\"1\",\"register-require_country\":\"1\",\"register-require_postal_code\":\"1\",\"register-require_phone\":\"1\",\"register-require_website\":\"1\",\"register-require_favoritebook\":\"1\",\"register-require_aboutme\":\"1\",\"register-require_tos\":\"1\",\"register-require_dob\":\"1\",\"profile-require_address1\":\"1\",\"profile-require_address2\":\"1\",\"profile-require_city\":\"1\",\"profile-require_region\":\"1\",\"profile-require_country\":\"1\",\"profile-require_postal_code\":\"1\",\"profile-require_phone\":\"1\",\"profile-require_website\":\"1\",\"profile-require_favoritebook\":\"1\",\"profile-require_aboutme\":\"1\",\"profile-require_tos\":\"1\",\"profile-require_dob\":\"1\"}','',NULL,NULL,3,0,NULL),(200,0,'plg_user_terms','plugin','terms',NULL,'user',0,0,1,0,1,'{\"name\":\"plg_user_terms\",\"type\":\"plugin\",\"creationDate\":\"2018-06\",\"author\":\"Joomla! Project\",\"copyright\":\"(C) 2018 Open Source Matters, Inc.\",\"authorEmail\":\"admin@joomla.org\",\"authorUrl\":\"www.joomla.org\",\"version\":\"3.9.0\",\"description\":\"PLG_USER_TERMS_XML_DESCRIPTION\",\"group\":\"\",\"filename\":\"terms\"}','{}','',NULL,NULL,4,0,NULL),(201,0,'plg_user_token','plugin','token',NULL,'user',0,1,1,0,1,'{\"name\":\"plg_user_token\",\"type\":\"plugin\",\"creationDate\":\"2019-11\",\"author\":\"Joomla! Project\",\"copyright\":\"(C) 2020 Open Source Matters, Inc.\",\"authorEmail\":\"admin@joomla.org\",\"authorUrl\":\"www.joomla.org\",\"version\":\"3.9.0\",\"description\":\"PLG_USER_TOKEN_XML_DESCRIPTION\",\"group\":\"\",\"filename\":\"token\"}','{}','',NULL,NULL,5,0,NULL),(202,0,'plg_webservices_banners','plugin','banners',NULL,'webservices',0,1,1,0,1,'{\"name\":\"plg_webservices_banners\",\"type\":\"plugin\",\"creationDate\":\"2019-09\",\"author\":\"Joomla! Project\",\"copyright\":\"(C) 2019 Open Source Matters, Inc.\",\"authorEmail\":\"admin@joomla.org\",\"authorUrl\":\"www.joomla.org\",\"version\":\"4.0.0\",\"description\":\"PLG_WEBSERVICES_BANNERS_XML_DESCRIPTION\",\"group\":\"\",\"filename\":\"banners\"}','{}','',NULL,NULL,1,0,NULL),(203,0,'plg_webservices_config','plugin','config',NULL,'webservices',0,1,1,0,1,'{\"name\":\"plg_webservices_config\",\"type\":\"plugin\",\"creationDate\":\"2019-09\",\"author\":\"Joomla! Project\",\"copyright\":\"(C) 2019 Open Source Matters, Inc.\",\"authorEmail\":\"admin@joomla.org\",\"authorUrl\":\"www.joomla.org\",\"version\":\"4.0.0\",\"description\":\"PLG_WEBSERVICES_CONFIG_XML_DESCRIPTION\",\"group\":\"\",\"filename\":\"config\"}','{}','',NULL,NULL,2,0,NULL),(204,0,'plg_webservices_contact','plugin','contact',NULL,'webservices',0,1,1,0,1,'{\"name\":\"plg_webservices_contact\",\"type\":\"plugin\",\"creationDate\":\"2019-09\",\"author\":\"Joomla! Project\",\"copyright\":\"(C) 2019 Open Source Matters, Inc.\",\"authorEmail\":\"admin@joomla.org\",\"authorUrl\":\"www.joomla.org\",\"version\":\"4.0.0\",\"description\":\"PLG_WEBSERVICES_CONTACT_XML_DESCRIPTION\",\"group\":\"\",\"filename\":\"contact\"}','{}','',NULL,NULL,3,0,NULL),(205,0,'plg_webservices_content','plugin','content',NULL,'webservices',0,1,1,0,1,'{\"name\":\"plg_webservices_content\",\"type\":\"plugin\",\"creationDate\":\"2019-09\",\"author\":\"Joomla! Project\",\"copyright\":\"(C) 2019 Open Source Matters, Inc.\",\"authorEmail\":\"admin@joomla.org\",\"authorUrl\":\"www.joomla.org\",\"version\":\"4.0.0\",\"description\":\"PLG_WEBSERVICES_CONTENT_XML_DESCRIPTION\",\"group\":\"\",\"filename\":\"content\"}','{}','',NULL,NULL,4,0,NULL),(206,0,'plg_webservices_installer','plugin','installer',NULL,'webservices',0,1,1,0,1,'{\"name\":\"plg_webservices_installer\",\"type\":\"plugin\",\"creationDate\":\"2020-06\",\"author\":\"Joomla! Project\",\"copyright\":\"(C) 2020 Open Source Matters, Inc.\",\"authorEmail\":\"admin@joomla.org\",\"authorUrl\":\"www.joomla.org\",\"version\":\"4.0.0\",\"description\":\"PLG_WEBSERVICES_INSTALLER_XML_DESCRIPTION\",\"group\":\"\",\"filename\":\"installer\"}','{}','',NULL,NULL,5,0,NULL),(207,0,'plg_webservices_languages','plugin','languages',NULL,'webservices',0,1,1,0,1,'{\"name\":\"plg_webservices_languages\",\"type\":\"plugin\",\"creationDate\":\"2019-09\",\"author\":\"Joomla! Project\",\"copyright\":\"(C) 2019 Open Source Matters, Inc.\",\"authorEmail\":\"admin@joomla.org\",\"authorUrl\":\"www.joomla.org\",\"version\":\"4.0.0\",\"description\":\"PLG_WEBSERVICES_LANGUAGES_XML_DESCRIPTION\",\"group\":\"\",\"filename\":\"languages\"}','{}','',NULL,NULL,6,0,NULL),(208,0,'plg_webservices_media','plugin','media',NULL,'webservices',0,1,1,0,1,'{\"name\":\"plg_webservices_media\",\"type\":\"plugin\",\"creationDate\":\"2021-05\",\"author\":\"Joomla! Project\",\"copyright\":\"(C) 2021 Open Source Matters, Inc.\",\"authorEmail\":\"admin@joomla.org\",\"authorUrl\":\"www.joomla.org\",\"version\":\"4.1.0\",\"description\":\"PLG_WEBSERVICES_MEDIA_XML_DESCRIPTION\",\"group\":\"\",\"filename\":\"media\"}','{}','',NULL,NULL,7,0,NULL),(209,0,'plg_webservices_menus','plugin','menus',NULL,'webservices',0,1,1,0,1,'{\"name\":\"plg_webservices_menus\",\"type\":\"plugin\",\"creationDate\":\"2019-09\",\"author\":\"Joomla! Project\",\"copyright\":\"(C) 2019 Open Source Matters, Inc.\",\"authorEmail\":\"admin@joomla.org\",\"authorUrl\":\"www.joomla.org\",\"version\":\"4.0.0\",\"description\":\"PLG_WEBSERVICES_MENUS_XML_DESCRIPTION\",\"group\":\"\",\"filename\":\"menus\"}','{}','',NULL,NULL,7,0,NULL),(210,0,'plg_webservices_messages','plugin','messages',NULL,'webservices',0,1,1,0,1,'{\"name\":\"plg_webservices_messages\",\"type\":\"plugin\",\"creationDate\":\"2019-09\",\"author\":\"Joomla! Project\",\"copyright\":\"(C) 2019 Open Source Matters, Inc.\",\"authorEmail\":\"admin@joomla.org\",\"authorUrl\":\"www.joomla.org\",\"version\":\"4.0.0\",\"description\":\"PLG_WEBSERVICES_MESSAGES_XML_DESCRIPTION\",\"group\":\"\",\"filename\":\"messages\"}','{}','',NULL,NULL,8,0,NULL),(211,0,'plg_webservices_modules','plugin','modules',NULL,'webservices',0,1,1,0,1,'{\"name\":\"plg_webservices_modules\",\"type\":\"plugin\",\"creationDate\":\"2019-09\",\"author\":\"Joomla! Project\",\"copyright\":\"(C) 2019 Open Source Matters, Inc.\",\"authorEmail\":\"admin@joomla.org\",\"authorUrl\":\"www.joomla.org\",\"version\":\"4.0.0\",\"description\":\"PLG_WEBSERVICES_MODULES_XML_DESCRIPTION\",\"group\":\"\",\"filename\":\"modules\"}','{}','',NULL,NULL,9,0,NULL),(212,0,'plg_webservices_newsfeeds','plugin','newsfeeds',NULL,'webservices',0,1,1,0,1,'{\"name\":\"plg_webservices_newsfeeds\",\"type\":\"plugin\",\"creationDate\":\"2019-09\",\"author\":\"Joomla! Project\",\"copyright\":\"(C) 2019 Open Source Matters, Inc.\",\"authorEmail\":\"admin@joomla.org\",\"authorUrl\":\"www.joomla.org\",\"version\":\"4.0.0\",\"description\":\"PLG_WEBSERVICES_NEWSFEEDS_XML_DESCRIPTION\",\"group\":\"\",\"filename\":\"newsfeeds\"}','{}','',NULL,NULL,10,0,NULL),(213,0,'plg_webservices_plugins','plugin','plugins',NULL,'webservices',0,1,1,0,1,'{\"name\":\"plg_webservices_plugins\",\"type\":\"plugin\",\"creationDate\":\"2019-09\",\"author\":\"Joomla! Project\",\"copyright\":\"(C) 2019 Open Source Matters, Inc.\",\"authorEmail\":\"admin@joomla.org\",\"authorUrl\":\"www.joomla.org\",\"version\":\"4.0.0\",\"description\":\"PLG_WEBSERVICES_PLUGINS_XML_DESCRIPTION\",\"group\":\"\",\"filename\":\"plugins\"}','{}','',NULL,NULL,11,0,NULL),(214,0,'plg_webservices_privacy','plugin','privacy',NULL,'webservices',0,1,1,0,1,'{\"name\":\"plg_webservices_privacy\",\"type\":\"plugin\",\"creationDate\":\"2019-09\",\"author\":\"Joomla! Project\",\"copyright\":\"(C) 2019 Open Source Matters, Inc.\",\"authorEmail\":\"admin@joomla.org\",\"authorUrl\":\"www.joomla.org\",\"version\":\"4.0.0\",\"description\":\"PLG_WEBSERVICES_PRIVACY_XML_DESCRIPTION\",\"group\":\"\",\"filename\":\"privacy\"}','{}','',NULL,NULL,12,0,NULL),(215,0,'plg_webservices_redirect','plugin','redirect',NULL,'webservices',0,1,1,0,1,'{\"name\":\"plg_webservices_redirect\",\"type\":\"plugin\",\"creationDate\":\"2019-09\",\"author\":\"Joomla! Project\",\"copyright\":\"(C) 2019 Open Source Matters, Inc.\",\"authorEmail\":\"admin@joomla.org\",\"authorUrl\":\"www.joomla.org\",\"version\":\"4.0.0\",\"description\":\"PLG_WEBSERVICES_REDIRECT_XML_DESCRIPTION\",\"group\":\"\",\"filename\":\"redirect\"}','{}','',NULL,NULL,13,0,NULL),(216,0,'plg_webservices_tags','plugin','tags',NULL,'webservices',0,1,1,0,1,'{\"name\":\"plg_webservices_tags\",\"type\":\"plugin\",\"creationDate\":\"2019-09\",\"author\":\"Joomla! Project\",\"copyright\":\"(C) 2019 Open Source Matters, Inc.\",\"authorEmail\":\"admin@joomla.org\",\"authorUrl\":\"www.joomla.org\",\"version\":\"4.0.0\",\"description\":\"PLG_WEBSERVICES_TAGS_XML_DESCRIPTION\",\"group\":\"\",\"filename\":\"tags\"}','{}','',NULL,NULL,14,0,NULL),(217,0,'plg_webservices_templates','plugin','templates',NULL,'webservices',0,1,1,0,1,'{\"name\":\"plg_webservices_templates\",\"type\":\"plugin\",\"creationDate\":\"2019-09\",\"author\":\"Joomla! Project\",\"copyright\":\"(C) 2019 Open Source Matters, Inc.\",\"authorEmail\":\"admin@joomla.org\",\"authorUrl\":\"www.joomla.org\",\"version\":\"4.0.0\",\"description\":\"PLG_WEBSERVICES_TEMPLATES_XML_DESCRIPTION\",\"group\":\"\",\"filename\":\"templates\"}','{}','',NULL,NULL,15,0,NULL),(218,0,'plg_webservices_users','plugin','users',NULL,'webservices',0,1,1,0,1,'{\"name\":\"plg_webservices_users\",\"type\":\"plugin\",\"creationDate\":\"2019-09\",\"author\":\"Joomla! Project\",\"copyright\":\"(C) 2019 Open Source Matters, Inc.\",\"authorEmail\":\"admin@joomla.org\",\"authorUrl\":\"www.joomla.org\",\"version\":\"4.0.0\",\"description\":\"PLG_WEBSERVICES_USERS_XML_DESCRIPTION\",\"group\":\"\",\"filename\":\"users\"}','{}','',NULL,NULL,16,0,NULL),(219,0,'plg_workflow_featuring','plugin','featuring',NULL,'workflow',0,1,1,0,1,'{\"name\":\"plg_workflow_featuring\",\"type\":\"plugin\",\"creationDate\":\"2020-03\",\"author\":\"Joomla! Project\",\"copyright\":\"(C) 2020 Open Source Matters, Inc.\",\"authorEmail\":\"admin@joomla.org\",\"authorUrl\":\"www.joomla.org\",\"version\":\"4.0.0\",\"description\":\"PLG_WORKFLOW_FEATURING_XML_DESCRIPTION\",\"group\":\"\",\"filename\":\"featuring\"}','{}','',NULL,NULL,1,0,NULL),(220,0,'plg_workflow_notification','plugin','notification',NULL,'workflow',0,1,1,0,1,'{\"name\":\"plg_workflow_notification\",\"type\":\"plugin\",\"creationDate\":\"2020-05\",\"author\":\"Joomla! Project\",\"copyright\":\"(C) 2020 Open Source Matters, Inc.\",\"authorEmail\":\"admin@joomla.org\",\"authorUrl\":\"www.joomla.org\",\"version\":\"4.0.0\",\"description\":\"PLG_WORKFLOW_NOTIFICATION_XML_DESCRIPTION\",\"group\":\"\",\"filename\":\"notification\"}','{}','',NULL,NULL,2,0,NULL),(221,0,'plg_workflow_publishing','plugin','publishing',NULL,'workflow',0,1,1,0,1,'{\"name\":\"plg_workflow_publishing\",\"type\":\"plugin\",\"creationDate\":\"2020-03\",\"author\":\"Joomla! Project\",\"copyright\":\"(C) 2020 Open Source Matters, Inc.\",\"authorEmail\":\"admin@joomla.org\",\"authorUrl\":\"www.joomla.org\",\"version\":\"4.0.0\",\"description\":\"PLG_WORKFLOW_PUBLISHING_XML_DESCRIPTION\",\"group\":\"\",\"filename\":\"publishing\"}','{}','',NULL,NULL,3,0,NULL),(222,0,'atum','template','atum',NULL,'',1,1,1,0,1,'{\"name\":\"atum\",\"type\":\"template\",\"creationDate\":\"2016-09\",\"author\":\"Joomla! Project\",\"copyright\":\"(C) 2016 Open Source Matters, Inc.\",\"authorEmail\":\"admin@joomla.org\",\"authorUrl\":\"\",\"version\":\"1.0\",\"description\":\"TPL_ATUM_XML_DESCRIPTION\",\"group\":\"\",\"inheritable\":true,\"filename\":\"templateDetails\"}','','',NULL,NULL,0,0,NULL),(223,0,'cassiopeia','template','cassiopeia',NULL,'',0,1,1,0,1,'{\"name\":\"cassiopeia\",\"type\":\"template\",\"creationDate\":\"2017-02\",\"author\":\"Joomla! Project\",\"copyright\":\"(C) 2017 Open Source Matters, Inc.\",\"authorEmail\":\"admin@joomla.org\",\"authorUrl\":\"\",\"version\":\"1.0\",\"description\":\"TPL_CASSIOPEIA_XML_DESCRIPTION\",\"group\":\"\",\"inheritable\":true,\"filename\":\"templateDetails\"}','{\"logoFile\":\"\",\"fluidContainer\":\"0\",\"sidebarLeftWidth\":\"3\",\"sidebarRightWidth\":\"3\"}','',NULL,NULL,0,0,NULL),(224,0,'files_joomla','file','joomla',NULL,'',0,1,1,1,1,'{\"name\":\"files_joomla\",\"type\":\"file\",\"creationDate\":\"2022-12\",\"author\":\"Joomla! Project\",\"copyright\":\"(C) 2019 Open Source Matters, Inc.\",\"authorEmail\":\"admin@joomla.org\",\"authorUrl\":\"www.joomla.org\",\"version\":\"4.2.6\",\"description\":\"FILES_JOOMLA_XML_DESCRIPTION\",\"group\":\"\"}','','',NULL,NULL,0,0,NULL),(225,0,'English (en-GB) Language Pack','package','pkg_en-GB',NULL,'',0,1,1,1,1,'{\"name\":\"English (en-GB) Language Pack\",\"type\":\"package\",\"creationDate\":\"2022-12\",\"author\":\"Joomla! Project\",\"copyright\":\"(C) 2019 Open Source Matters, Inc.\",\"authorEmail\":\"admin@joomla.org\",\"authorUrl\":\"www.joomla.org\",\"version\":\"4.2.6.1\",\"description\":\"en-GB language pack\",\"group\":\"\",\"filename\":\"pkg_en-GB\"}','','',NULL,NULL,0,0,NULL),(226,225,'English (en-GB)','language','en-GB',NULL,'',0,1,1,1,1,'{\"name\":\"English (en-GB)\",\"type\":\"language\",\"creationDate\":\"2022-12\",\"author\":\"Joomla! Project\",\"copyright\":\"(C) 2006 Open Source Matters, Inc.\",\"authorEmail\":\"admin@joomla.org\",\"authorUrl\":\"www.joomla.org\",\"version\":\"4.2.6\",\"description\":\"en-GB site language\",\"group\":\"\"}','','',NULL,NULL,0,0,NULL),(227,225,'English (en-GB)','language','en-GB',NULL,'',1,1,1,1,1,'{\"name\":\"English (en-GB)\",\"type\":\"language\",\"creationDate\":\"2022-12\",\"author\":\"Joomla! Project\",\"copyright\":\"(C) 2005 Open Source Matters, Inc.\",\"authorEmail\":\"admin@joomla.org\",\"authorUrl\":\"www.joomla.org\",\"version\":\"4.2.6\",\"description\":\"en-GB administrator language\",\"group\":\"\"}','','',NULL,NULL,0,0,NULL),(228,225,'English (en-GB)','language','en-GB',NULL,'',3,1,1,1,1,'{\"name\":\"English (en-GB)\",\"type\":\"language\",\"creationDate\":\"2022-12\",\"author\":\"Joomla! Project\",\"copyright\":\"(C) 2020 Open Source Matters, Inc.\",\"authorEmail\":\"admin@joomla.org\",\"authorUrl\":\"www.joomla.org\",\"version\":\"4.2.6\",\"description\":\"en-GB api language\",\"group\":\"\"}','','',NULL,NULL,0,0,NULL),(229,232,'Greek (el-GR)','language','el-GR','','',0,1,0,0,0,'{\"name\":\"Greek (el-GR)\",\"type\":\"language\",\"creationDate\":\"12-2022\",\"author\":\"\\u039f\\u03bc\\u03ac\\u03b4\\u03b1 \\u039c\\u03b5\\u03c4\\u03ac\\u03c6\\u03c1\\u03b1\\u03c3\\u03b7\\u03c2: joomla. gr\",\"copyright\":\"Copyright (C) 2005 - 2022 joomla.gr \\u03ba\\u03b1\\u03b9 Open Source Matters. All rights reserved.\",\"authorEmail\":\"contact@joomla.gr\",\"authorUrl\":\"https:\\/\\/www.joomla.gr\",\"version\":\"4.2.6.1\",\"description\":\"greek language pack for Joomla! 4\",\"group\":\"\",\"filename\":\"install\"}','{}','',NULL,NULL,0,0,NULL),(230,232,'Greek (el-GR)','language','el-GR','','',1,1,0,0,0,'{\"name\":\"Greek (el-GR)\",\"type\":\"language\",\"creationDate\":\"12-2022\",\"author\":\"\\u039f\\u03bc\\u03ac\\u03b4\\u03b1 \\u039c\\u03b5\\u03c4\\u03ac\\u03c6\\u03c1\\u03b1\\u03c3\\u03b7\\u03c2: joomla. gr\",\"copyright\":\"Copyright (C) 2005 - 2022 joomla.gr \\u03ba\\u03b1\\u03b9 Open Source Matters. All rights reserved.\",\"authorEmail\":\"contact@joomla.gr\",\"authorUrl\":\"https:\\/\\/www.joomla.gr\",\"version\":\"4.2.6.1\",\"description\":\"greek language pack for Joomla! 4\",\"group\":\"\",\"filename\":\"install\"}','{}','',NULL,NULL,0,0,NULL),(231,232,'Greek (el-GR)','language','el-GR','','',3,1,0,0,0,'{\"name\":\"Greek (el-GR)\",\"type\":\"language\",\"creationDate\":\"12-2022\",\"author\":\"\\u039f\\u03bc\\u03ac\\u03b4\\u03b1 \\u039c\\u03b5\\u03c4\\u03ac\\u03c6\\u03c1\\u03b1\\u03c3\\u03b7\\u03c2: joomla. gr\",\"copyright\":\"Copyright (C) 2020 - 2022 joomla.gr \\u03ba\\u03b1\\u03b9 Open Source Matters. All rights reserved.\",\"authorEmail\":\"contact@joomla.gr\",\"authorUrl\":\"https:\\/\\/www.joomla.gr\",\"version\":\"4.2.6.1\",\"description\":\"el-GR api language\",\"group\":\"\",\"filename\":\"install\"}','{}','',NULL,NULL,0,0,NULL),(232,0,'Ελληνικά (el-GR) Πακέτο γλώσσας','package','pkg_el-GR','','',0,1,1,0,0,'{\"name\":\"\\u0395\\u03bb\\u03bb\\u03b7\\u03bd\\u03b9\\u03ba\\u03ac (el-GR) \\u03a0\\u03b1\\u03ba\\u03ad\\u03c4\\u03bf \\u03b3\\u03bb\\u03ce\\u03c3\\u03c3\\u03b1\\u03c2\",\"type\":\"package\",\"creationDate\":\"12-2022\",\"author\":\"\\u039f\\u03bc\\u03ac\\u03b4\\u03b1 \\u039c\\u03b5\\u03c4\\u03ac\\u03c6\\u03c1\\u03b1\\u03c3\\u03b7\\u03c2: joomla. gr\",\"copyright\":\"Copyright (C) 2005 - 2022 Open Source Matters, Inc. All rights reserved.\",\"authorEmail\":\"contact@joomla.gr\",\"authorUrl\":\"https:\\/\\/www.joomla.gr\",\"version\":\"4.2.6.1\",\"description\":\"el-GR language pack\",\"group\":\"\",\"filename\":\"pkg_el-GR\"}','{}','',NULL,NULL,0,0,NULL);

--
-- Table structure for table `qoxnc_fields`
--

CREATE TABLE `qoxnc_fields` (
  `id` int(10) unsigned NOT NULL AUTO_INCREMENT,
  `asset_id` int(10) unsigned NOT NULL DEFAULT 0,
  `context` varchar(255) NOT NULL DEFAULT '',
  `group_id` int(10) unsigned NOT NULL DEFAULT 0,
  `title` varchar(255) NOT NULL DEFAULT '',
  `name` varchar(255) NOT NULL DEFAULT '',
  `label` varchar(255) NOT NULL DEFAULT '',
  `default_value` text DEFAULT NULL,
  `type` varchar(255) NOT NULL DEFAULT 'text',
  `note` varchar(255) NOT NULL DEFAULT '',
  `description` text NOT NULL,
  `state` tinyint(4) NOT NULL DEFAULT 0,
  `required` tinyint(4) NOT NULL DEFAULT 0,
  `only_use_in_subform` tinyint(4) NOT NULL DEFAULT 0,
  `checked_out` int(10) unsigned DEFAULT NULL,
  `checked_out_time` datetime DEFAULT NULL,
  `ordering` int(11) NOT NULL DEFAULT 0,
  `params` text NOT NULL,
  `fieldparams` text NOT NULL,
  `language` char(7) NOT NULL DEFAULT '',
  `created_time` datetime NOT NULL,
  `created_user_id` int(10) unsigned NOT NULL DEFAULT 0,
  `modified_time` datetime NOT NULL,
  `modified_by` int(10) unsigned NOT NULL DEFAULT 0,
  `access` int(11) NOT NULL DEFAULT 1,
  PRIMARY KEY (`id`),
  KEY `idx_checkout` (`checked_out`),
  KEY `idx_state` (`state`),
  KEY `idx_created_user_id` (`created_user_id`),
  KEY `idx_access` (`access`),
  KEY `idx_context` (`context`(191)),
  KEY `idx_language` (`language`)
) ENGINE=InnoDB DEFAULT CHARSET=utf8mb4 COLLATE=utf8mb4_unicode_ci;

--
-- Dumping data for table `qoxnc_fields`
--


--
-- Table structure for table `qoxnc_fields_categories`
--

CREATE TABLE `qoxnc_fields_categories` (
  `field_id` int(11) NOT NULL DEFAULT 0,
  `category_id` int(11) NOT NULL DEFAULT 0,
  PRIMARY KEY (`field_id`,`category_id`)
) ENGINE=InnoDB DEFAULT CHARSET=utf8mb4 COLLATE=utf8mb4_unicode_ci;

--
-- Dumping data for table `qoxnc_fields_categories`
--


--
-- Table structure for table `qoxnc_fields_groups`
--

CREATE TABLE `qoxnc_fields_groups` (
  `id` int(10) unsigned NOT NULL AUTO_INCREMENT,
  `asset_id` int(10) unsigned NOT NULL DEFAULT 0,
  `context` varchar(255) NOT NULL DEFAULT '',
  `title` varchar(255) NOT NULL DEFAULT '',
  `note` varchar(255) NOT NULL DEFAULT '',
  `description` text NOT NULL,
  `state` tinyint(4) NOT NULL DEFAULT 0,
  `checked_out` int(10) unsigned DEFAULT NULL,
  `checked_out_time` datetime DEFAULT NULL,
  `ordering` int(11) NOT NULL DEFAULT 0,
  `params` text NOT NULL,
  `language` char(7) NOT NULL DEFAULT '',
  `created` datetime NOT NULL,
  `created_by` int(10) unsigned NOT NULL DEFAULT 0,
  `modified` datetime NOT NULL,
  `modified_by` int(10) unsigned NOT NULL DEFAULT 0,
  `access` int(11) NOT NULL DEFAULT 1,
  PRIMARY KEY (`id`),
  KEY `idx_checkout` (`checked_out`),
  KEY `idx_state` (`state`),
  KEY `idx_created_by` (`created_by`),
  KEY `idx_access` (`access`),
  KEY `idx_context` (`context`(191)),
  KEY `idx_language` (`language`)
) ENGINE=InnoDB DEFAULT CHARSET=utf8mb4 COLLATE=utf8mb4_unicode_ci;

--
-- Dumping data for table `qoxnc_fields_groups`
--


--
-- Table structure for table `qoxnc_fields_values`
--

CREATE TABLE `qoxnc_fields_values` (
  `field_id` int(10) unsigned NOT NULL,
  `item_id` varchar(255) NOT NULL COMMENT 'Allow references to items which have strings as ids, eg. none db systems.',
  `value` text DEFAULT NULL,
  KEY `idx_field_id` (`field_id`),
  KEY `idx_item_id` (`item_id`(191))
) ENGINE=InnoDB DEFAULT CHARSET=utf8mb4 COLLATE=utf8mb4_unicode_ci;

--
-- Dumping data for table `qoxnc_fields_values`
--


--
-- Table structure for table `qoxnc_finder_filters`
--

CREATE TABLE `qoxnc_finder_filters` (
  `filter_id` int(10) unsigned NOT NULL AUTO_INCREMENT,
  `title` varchar(255) NOT NULL,
  `alias` varchar(255) NOT NULL,
  `state` tinyint(4) NOT NULL DEFAULT 1,
  `created` datetime NOT NULL,
  `created_by` int(10) unsigned NOT NULL DEFAULT 0,
  `created_by_alias` varchar(255) NOT NULL DEFAULT '',
  `modified` datetime NOT NULL,
  `modified_by` int(10) unsigned NOT NULL DEFAULT 0,
  `checked_out` int(10) unsigned DEFAULT NULL,
  `checked_out_time` datetime DEFAULT NULL,
  `map_count` int(10) unsigned NOT NULL DEFAULT 0,
  `data` text DEFAULT NULL,
  `params` mediumtext DEFAULT NULL,
  PRIMARY KEY (`filter_id`)
) ENGINE=InnoDB DEFAULT CHARSET=utf8mb4 COLLATE=utf8mb4_unicode_ci;

--
-- Dumping data for table `qoxnc_finder_filters`
--


--
-- Table structure for table `qoxnc_finder_links`
--

CREATE TABLE `qoxnc_finder_links` (
  `link_id` int(10) unsigned NOT NULL AUTO_INCREMENT,
  `url` varchar(255) NOT NULL,
  `route` varchar(400) NOT NULL,
  `title` varchar(400) DEFAULT NULL,
  `description` text DEFAULT NULL,
  `indexdate` datetime NOT NULL,
  `md5sum` varchar(32) DEFAULT NULL,
  `published` tinyint(4) NOT NULL DEFAULT 1,
  `state` int(11) NOT NULL DEFAULT 1,
  `access` int(11) NOT NULL DEFAULT 0,
  `language` char(7) NOT NULL DEFAULT '',
  `publish_start_date` datetime DEFAULT NULL,
  `publish_end_date` datetime DEFAULT NULL,
  `start_date` datetime DEFAULT NULL,
  `end_date` datetime DEFAULT NULL,
  `list_price` double unsigned NOT NULL DEFAULT 0,
  `sale_price` double unsigned NOT NULL DEFAULT 0,
  `type_id` int(11) NOT NULL,
  `object` mediumblob DEFAULT NULL,
  PRIMARY KEY (`link_id`),
  KEY `idx_type` (`type_id`),
  KEY `idx_title` (`title`(100)),
  KEY `idx_md5` (`md5sum`),
  KEY `idx_url` (`url`(75)),
  KEY `idx_language` (`language`),
  KEY `idx_published_list` (`published`,`state`,`access`,`publish_start_date`,`publish_end_date`,`list_price`),
  KEY `idx_published_sale` (`published`,`state`,`access`,`publish_start_date`,`publish_end_date`,`sale_price`)
) ENGINE=InnoDB AUTO_INCREMENT=5 DEFAULT CHARSET=utf8mb4 COLLATE=utf8mb4_unicode_ci;

--
-- Dumping data for table `qoxnc_finder_links`
--

INSERT INTO `qoxnc_finder_links` VALUES (1,'index.php?option=com_content&view=article&id=1','index.php?option=com_content&view=article&id=1:home&catid=2','Γνωριμία με το Τμήμα',' Το Τμήμα Διοικητικής Επιστήμης και Τεχνολογίας του Διεθνούς Πανεπιστημίου Ελλάδος είναι ένα νέο σύγχρονο Τμήμα το οποίο δημιουργήθηκε με στόχο την προαγωγή της έρευνας και της διδασκαλίας στο επιστημονικό πεδίο της Διοικητικής Επιστήμης και της Τεχνολογίας, προς όφελος της κοινωνίας και της επιστήμης. O σκοπός του προγράμματος είναι η δημιουργία στελεχών που θα συνδυάζουν τις επιστημονικές γνώσεις της διοικητικής επιστήμης και τις απαραίτητες οργανωσιακές και ηγετικές ικανότητες, πλαισιωμένες με τις επιστημονικές γνώσεις και τις ικανότητες αξιοποίησης των σύγχρονων τεχνολογιών και ειδικότερα της Πληροφορικής και των Επικοινωνιών. ','2022-12-15 17:15:52','959859864fa364f89884c525039ca4b3',1,1,1,'*','2022-12-15 17:15:52',NULL,'2022-12-15 17:15:52',NULL,0,0,3,'O:52:\"Joomla\\Component\\Finder\\Administrator\\Indexer\\Result\":19:{i:0;i:1;i:1;s:5:\"el-GR\";i:2;s:1186:\" Το Τμήμα Διοικητικής Επιστήμης και Τεχνολογίας του Διεθνούς Πανεπιστημίου Ελλάδος είναι ένα νέο σύγχρονο Τμήμα το οποίο δημιουργήθηκε με στόχο την προαγωγή της έρευνας και της διδασκαλίας στο επιστημονικό πεδίο της Διοικητικής Επιστήμης και της Τεχνολογίας, προς όφελος της κοινωνίας και της επιστήμης. O σκοπός του προγράμματος είναι η δημιουργία στελεχών που θα συνδυάζουν τις επιστημονικές γνώσεις της διοικητικής επιστήμης και τις απαραίτητες οργανωσιακές και ηγετικές ικανότητες, πλαισιωμένες με τις επιστημονικές γνώσεις και τις ικανότητες αξιοποίησης των σύγχρονων τεχνολογιών και ειδικότερα της Πληροφορικής και των Επικοινωνιών. \";i:3;a:25:{s:2:\"id\";i:1;s:5:\"alias\";s:4:\"home\";s:7:\"summary\";s:1201:\"<p>Το Τμήμα Διοικητικής Επιστήμης και Τεχνολογίας του Διεθνούς Πανεπιστημίου Ελλάδος είναι ένα νέο σύγχρονο Τμήμα το οποίο δημιουργήθηκε με στόχο την προαγωγή της έρευνας και της διδασκαλίας στο επιστημονικό πεδίο της Διοικητικής Επιστήμης και της Τεχνολογίας, προς όφελος της κοινωνίας και της επιστήμης.</p>\r\n<p>O σκοπός του προγράμματος είναι η δημιουργία στελεχών που θα συνδυάζουν τις επιστημονικές γνώσεις της διοικητικής επιστήμης και τις απαραίτητες οργανωσιακές και ηγετικές ικανότητες, πλαισιωμένες με τις επιστημονικές γνώσεις και τις ικανότητες αξιοποίησης των σύγχρονων τεχνολογιών και ειδικότερα της Πληροφορικής και των Επικοινωνιών. </p>\";s:4:\"body\";s:0:\"\";s:6:\"images\";s:173:\"{\"image_intro\":\"\",\"image_intro_alt\":\"\",\"float_intro\":\"\",\"image_intro_caption\":\"\",\"image_fulltext\":\"\",\"image_fulltext_alt\":\"\",\"float_fulltext\":\"\",\"image_fulltext_caption\":\"\"}\";s:5:\"catid\";i:2;s:10:\"created_by\";i:605;s:16:\"created_by_alias\";s:0:\"\";s:8:\"modified\";s:19:\"2022-12-15 17:15:52\";s:11:\"modified_by\";i:605;s:6:\"params\";O:24:\"Joomla\\Registry\\Registry\":3:{s:7:\"\0*\0data\";O:8:\"stdClass\":86:{s:14:\"article_layout\";s:9:\"_:default\";s:10:\"show_title\";s:1:\"1\";s:11:\"link_titles\";s:1:\"1\";s:10:\"show_intro\";s:1:\"1\";s:19:\"info_block_position\";s:1:\"0\";s:21:\"info_block_show_title\";s:1:\"1\";s:13:\"show_category\";s:1:\"1\";s:13:\"link_category\";s:1:\"1\";s:20:\"show_parent_category\";s:1:\"0\";s:20:\"link_parent_category\";s:1:\"0\";s:17:\"show_associations\";s:1:\"0\";s:5:\"flags\";s:1:\"1\";s:11:\"show_author\";s:1:\"1\";s:11:\"link_author\";s:1:\"0\";s:16:\"show_create_date\";s:1:\"0\";s:16:\"show_modify_date\";s:1:\"0\";s:17:\"show_publish_date\";s:1:\"1\";s:20:\"show_item_navigation\";s:1:\"1\";s:13:\"show_readmore\";s:1:\"1\";s:19:\"show_readmore_title\";s:1:\"1\";s:14:\"readmore_limit\";i:100;s:9:\"show_tags\";s:1:\"1\";s:11:\"record_hits\";s:1:\"1\";s:9:\"show_hits\";s:1:\"1\";s:11:\"show_noauth\";s:1:\"0\";s:13:\"urls_position\";i:0;s:7:\"captcha\";s:0:\"\";s:23:\"show_publishing_options\";s:1:\"1\";s:20:\"show_article_options\";s:1:\"1\";s:27:\"show_configure_edit_options\";s:1:\"1\";s:16:\"show_permissions\";s:1:\"1\";s:22:\"show_associations_edit\";s:1:\"1\";s:12:\"save_history\";s:1:\"1\";s:13:\"history_limit\";i:10;s:25:\"show_urls_images_frontend\";s:1:\"0\";s:24:\"show_urls_images_backend\";s:1:\"1\";s:7:\"targeta\";i:0;s:7:\"targetb\";i:0;s:7:\"targetc\";i:0;s:11:\"float_intro\";s:4:\"left\";s:14:\"float_fulltext\";s:4:\"left\";s:15:\"category_layout\";s:6:\"_:blog\";s:19:\"show_category_title\";s:1:\"0\";s:16:\"show_description\";s:1:\"0\";s:22:\"show_description_image\";s:1:\"0\";s:8:\"maxLevel\";s:1:\"1\";s:21:\"show_empty_categories\";s:1:\"0\";s:16:\"show_no_articles\";s:1:\"1\";s:32:\"show_category_heading_title_text\";s:1:\"1\";s:16:\"show_subcat_desc\";s:1:\"1\";s:21:\"show_cat_num_articles\";s:1:\"0\";s:13:\"show_cat_tags\";s:1:\"1\";s:21:\"show_base_description\";s:1:\"1\";s:11:\"maxLevelcat\";s:2:\"-1\";s:25:\"show_empty_categories_cat\";s:1:\"0\";s:20:\"show_subcat_desc_cat\";s:1:\"1\";s:25:\"show_cat_num_articles_cat\";s:1:\"1\";s:20:\"num_leading_articles\";i:1;s:18:\"blog_class_leading\";s:0:\"\";s:18:\"num_intro_articles\";i:4;s:10:\"blog_class\";s:0:\"\";s:11:\"num_columns\";i:1;s:18:\"multi_column_order\";s:1:\"0\";s:9:\"num_links\";i:4;s:24:\"show_subcategory_content\";s:1:\"0\";s:16:\"link_intro_image\";s:1:\"0\";s:21:\"show_pagination_limit\";s:1:\"1\";s:12:\"filter_field\";s:4:\"hide\";s:13:\"show_headings\";s:1:\"1\";s:14:\"list_show_date\";s:1:\"0\";s:11:\"date_format\";s:0:\"\";s:14:\"list_show_hits\";s:1:\"1\";s:16:\"list_show_author\";s:1:\"1\";s:11:\"display_num\";s:2:\"10\";s:11:\"orderby_pri\";s:5:\"order\";s:11:\"orderby_sec\";s:5:\"rdate\";s:10:\"order_date\";s:9:\"published\";s:15:\"show_pagination\";s:1:\"2\";s:23:\"show_pagination_results\";s:1:\"1\";s:13:\"show_featured\";s:4:\"show\";s:14:\"show_feed_link\";s:1:\"1\";s:12:\"feed_summary\";s:1:\"0\";s:18:\"feed_show_readmore\";s:1:\"0\";s:7:\"sef_ids\";i:1;s:20:\"custom_fields_enable\";s:1:\"1\";s:16:\"workflow_enabled\";s:1:\"0\";}s:14:\"\0*\0initialized\";b:1;s:9:\"separator\";s:1:\".\";}s:7:\"metakey\";s:0:\"\";s:8:\"metadesc\";s:0:\"\";s:8:\"metadata\";O:24:\"Joomla\\Registry\\Registry\":3:{s:7:\"\0*\0data\";O:8:\"stdClass\":3:{s:6:\"robots\";s:0:\"\";s:6:\"author\";s:0:\"\";s:6:\"rights\";s:0:\"\";}s:14:\"\0*\0initialized\";b:1;s:9:\"separator\";s:1:\".\";}s:7:\"version\";i:1;s:8:\"ordering\";i:0;s:8:\"category\";s:13:\"Uncategorised\";s:9:\"cat_state\";i:1;s:10:\"cat_access\";i:1;s:4:\"slug\";s:6:\"1:home\";s:7:\"catslug\";s:15:\"2:uncategorised\";s:6:\"author\";s:4:\"ΛΦ\";s:6:\"layout\";s:7:\"article\";s:7:\"context\";s:19:\"com_content.article\";s:10:\"metaauthor\";N;}i:4;N;i:5;a:5:{i:1;a:3:{i:0;s:5:\"title\";i:1;s:8:\"subtitle\";i:2;s:2:\"id\";}i:2;a:2:{i:0;s:7:\"summary\";i:1;s:4:\"body\";}i:3;a:8:{i:0;s:4:\"meta\";i:1;s:10:\"list_price\";i:2;s:10:\"sale_price\";i:3;s:7:\"metakey\";i:4;s:8:\"metadesc\";i:5;s:10:\"metaauthor\";i:6;s:6:\"author\";i:7;s:16:\"created_by_alias\";}i:4;a:2:{i:0;s:4:\"path\";i:1;s:5:\"alias\";}i:5;a:1:{i:0;s:8:\"comments\";}}i:6;s:1:\"*\";i:7;N;i:8;N;i:9;s:19:\"2022-12-15 17:15:52\";i:10;N;i:11;s:59:\"index.php?option=com_content&view=article&id=1:home&catid=2\";i:12;N;i:13;s:19:\"2022-12-15 17:15:52\";i:14;i:1;i:15;a:4:{s:4:\"Type\";a:1:{i:0;O:8:\"stdClass\":6:{s:5:\"title\";s:7:\"Article\";s:5:\"state\";i:1;s:6:\"access\";i:1;s:8:\"language\";s:0:\"\";s:6:\"nested\";b:0;s:2:\"id\";i:3;}}s:6:\"Author\";a:1:{i:0;O:8:\"stdClass\":6:{s:5:\"title\";s:4:\"ΛΦ\";s:5:\"state\";i:1;s:6:\"access\";i:1;s:8:\"language\";s:0:\"\";s:6:\"nested\";b:0;s:2:\"id\";i:5;}}s:8:\"Category\";a:1:{i:0;O:8:\"stdClass\":6:{s:5:\"title\";s:13:\"Uncategorised\";s:5:\"state\";i:1;s:6:\"access\";i:1;s:8:\"language\";s:1:\"*\";s:6:\"nested\";b:1;s:2:\"id\";i:7;}}s:8:\"Language\";a:1:{i:0;O:8:\"stdClass\":6:{s:5:\"title\";s:1:\"*\";s:5:\"state\";i:1;s:6:\"access\";i:1;s:8:\"language\";s:0:\"\";s:6:\"nested\";b:0;s:2:\"id\";i:9;}}}i:16;s:37:\"Γνωριμία με το Τμήμα\";i:17;i:3;i:18;s:46:\"index.php?option=com_content&view=article&id=1\";}'),(2,'index.php?option=com_content&view=article&id=2','index.php?option=com_content&view=article&id=2:goal-and-objective&catid=2','Στόχοι & Επιδιώξεις',' Το Τμήμα αποσκοπεί: Στην παροχή εκπαίδευσης υψηλού επιπέδου σε προπτυχιακούς και μεταπτυχιακούς φοιτητές στα αντικείμενα της διοικητικής επιστήμης και της τεχνολογίας με στόχο την ανάδειξη των κρίσιμων πλεονεκτημάτων του συνδυασμού τους, δημιουργώντας μελλοντικά μια μάζα επιστημόνων με ευρεία επιστημονική γνώση και αναπτυγμένες δεξιότητες εφαρμογής της σε πρακτικά προβλήματα. Στη δημιουργία επιστημονικού δυναμικού υψηλού επιπέδου εκπαίδευσης για στελέχωση τόσο της έρευνας όσο και της παροχής υπηρεσιών σε τομείς μοχλούς για την οικονομική ανάπτυξη. Στη δημιουργία ενός ισχυρού, βιώσιμου και διεθνώς ανταγωνιστικού Τμήματος στο ευρύ φάσμα το βασικού και εφαρμοσμένου διεπιστημονικού πεδίου της Διοικητικής Επιστήμης και Τεχνολογίας. Στη δημιουργία συνεργειών με τα άλλα συγγενή Τμήματα και τα ερευνητικά εργαστήρια της χώρας ','2022-12-15 17:25:17','7404af07a71e5edcd9428358fe8c7aea',1,1,1,'*','2022-12-15 17:25:17',NULL,'2022-12-15 17:25:17',NULL,0,0,3,'O:52:\"Joomla\\Component\\Finder\\Administrator\\Indexer\\Result\":19:{i:0;i:1;i:1;s:5:\"el-GR\";i:2;s:1544:\" Το Τμήμα αποσκοπεί: Στην παροχή εκπαίδευσης υψηλού επιπέδου σε προπτυχιακούς και μεταπτυχιακούς φοιτητές στα αντικείμενα της διοικητικής επιστήμης και της τεχνολογίας με στόχο την ανάδειξη των κρίσιμων πλεονεκτημάτων του συνδυασμού τους, δημιουργώντας μελλοντικά μια μάζα επιστημόνων με ευρεία επιστημονική γνώση και αναπτυγμένες δεξιότητες εφαρμογής της σε πρακτικά προβλήματα. Στη δημιουργία επιστημονικού δυναμικού υψηλού επιπέδου εκπαίδευσης για στελέχωση τόσο της έρευνας όσο και της παροχής υπηρεσιών σε τομείς μοχλούς για την οικονομική ανάπτυξη. Στη δημιουργία ενός ισχυρού, βιώσιμου και διεθνώς ανταγωνιστικού Τμήματος στο ευρύ φάσμα το βασικού και εφαρμοσμένου διεπιστημονικού πεδίου της Διοικητικής Επιστήμης και Τεχνολογίας. Στη δημιουργία συνεργειών με τα άλλα συγγενή Τμήματα και τα ερευνητικά εργαστήρια της χώρας \";i:3;a:25:{s:2:\"id\";i:2;s:5:\"alias\";s:18:\"goal and objective\";s:7:\"summary\";s:1604:\"<p>Το Τμήμα αποσκοπεί: </p>\r\n<ul>\r\n<li>Στην παροχή εκπαίδευσης υψηλού επιπέδου σε προπτυχιακούς και μεταπτυχιακούς φοιτητές στα αντικείμενα της διοικητικής επιστήμης και της τεχνολογίας με στόχο την ανάδειξη των κρίσιμων πλεονεκτημάτων του συνδυασμού τους, δημιουργώντας μελλοντικά μια μάζα επιστημόνων με ευρεία επιστημονική γνώση και αναπτυγμένες δεξιότητες εφαρμογής της σε πρακτικά προβλήματα.</li>\r\n<li>Στη δημιουργία επιστημονικού δυναμικού υψηλού επιπέδου εκπαίδευσης για στελέχωση τόσο της έρευνας όσο και της παροχής υπηρεσιών σε τομείς μοχλούς για την οικονομική ανάπτυξη.</li>\r\n<li>Στη δημιουργία ενός ισχυρού, βιώσιμου και διεθνώς ανταγωνιστικού Τμήματος στο ευρύ φάσμα το βασικού και εφαρμοσμένου διεπιστημονικού πεδίου της Διοικητικής Επιστήμης και Τεχνολογίας.</li>\r\n<li>Στη δημιουργία συνεργειών με τα άλλα συγγενή Τμήματα και τα ερευνητικά εργαστήρια της χώρας</li>\r\n</ul>\";s:4:\"body\";s:0:\"\";s:6:\"images\";s:173:\"{\"image_intro\":\"\",\"image_intro_alt\":\"\",\"float_intro\":\"\",\"image_intro_caption\":\"\",\"image_fulltext\":\"\",\"image_fulltext_alt\":\"\",\"float_fulltext\":\"\",\"image_fulltext_caption\":\"\"}\";s:5:\"catid\";i:2;s:10:\"created_by\";i:605;s:16:\"created_by_alias\";s:0:\"\";s:8:\"modified\";s:19:\"2022-12-15 17:25:17\";s:11:\"modified_by\";i:605;s:6:\"params\";O:24:\"Joomla\\Registry\\Registry\":3:{s:7:\"\0*\0data\";O:8:\"stdClass\":86:{s:14:\"article_layout\";s:9:\"_:default\";s:10:\"show_title\";s:1:\"1\";s:11:\"link_titles\";s:1:\"1\";s:10:\"show_intro\";s:1:\"1\";s:19:\"info_block_position\";s:1:\"0\";s:21:\"info_block_show_title\";s:1:\"1\";s:13:\"show_category\";s:1:\"1\";s:13:\"link_category\";s:1:\"1\";s:20:\"show_parent_category\";s:1:\"0\";s:20:\"link_parent_category\";s:1:\"0\";s:17:\"show_associations\";s:1:\"0\";s:5:\"flags\";s:1:\"1\";s:11:\"show_author\";s:1:\"1\";s:11:\"link_author\";s:1:\"0\";s:16:\"show_create_date\";s:1:\"0\";s:16:\"show_modify_date\";s:1:\"0\";s:17:\"show_publish_date\";s:1:\"1\";s:20:\"show_item_navigation\";s:1:\"1\";s:13:\"show_readmore\";s:1:\"1\";s:19:\"show_readmore_title\";s:1:\"1\";s:14:\"readmore_limit\";i:100;s:9:\"show_tags\";s:1:\"1\";s:11:\"record_hits\";s:1:\"1\";s:9:\"show_hits\";s:1:\"1\";s:11:\"show_noauth\";s:1:\"0\";s:13:\"urls_position\";i:0;s:7:\"captcha\";s:0:\"\";s:23:\"show_publishing_options\";s:1:\"1\";s:20:\"show_article_options\";s:1:\"1\";s:27:\"show_configure_edit_options\";s:1:\"1\";s:16:\"show_permissions\";s:1:\"1\";s:22:\"show_associations_edit\";s:1:\"1\";s:12:\"save_history\";s:1:\"1\";s:13:\"history_limit\";i:10;s:25:\"show_urls_images_frontend\";s:1:\"0\";s:24:\"show_urls_images_backend\";s:1:\"1\";s:7:\"targeta\";i:0;s:7:\"targetb\";i:0;s:7:\"targetc\";i:0;s:11:\"float_intro\";s:4:\"left\";s:14:\"float_fulltext\";s:4:\"left\";s:15:\"category_layout\";s:6:\"_:blog\";s:19:\"show_category_title\";s:1:\"0\";s:16:\"show_description\";s:1:\"0\";s:22:\"show_description_image\";s:1:\"0\";s:8:\"maxLevel\";s:1:\"1\";s:21:\"show_empty_categories\";s:1:\"0\";s:16:\"show_no_articles\";s:1:\"1\";s:32:\"show_category_heading_title_text\";s:1:\"1\";s:16:\"show_subcat_desc\";s:1:\"1\";s:21:\"show_cat_num_articles\";s:1:\"0\";s:13:\"show_cat_tags\";s:1:\"1\";s:21:\"show_base_description\";s:1:\"1\";s:11:\"maxLevelcat\";s:2:\"-1\";s:25:\"show_empty_categories_cat\";s:1:\"0\";s:20:\"show_subcat_desc_cat\";s:1:\"1\";s:25:\"show_cat_num_articles_cat\";s:1:\"1\";s:20:\"num_leading_articles\";i:1;s:18:\"blog_class_leading\";s:0:\"\";s:18:\"num_intro_articles\";i:4;s:10:\"blog_class\";s:0:\"\";s:11:\"num_columns\";i:1;s:18:\"multi_column_order\";s:1:\"0\";s:9:\"num_links\";i:4;s:24:\"show_subcategory_content\";s:1:\"0\";s:16:\"link_intro_image\";s:1:\"0\";s:21:\"show_pagination_limit\";s:1:\"1\";s:12:\"filter_field\";s:4:\"hide\";s:13:\"show_headings\";s:1:\"1\";s:14:\"list_show_date\";s:1:\"0\";s:11:\"date_format\";s:0:\"\";s:14:\"list_show_hits\";s:1:\"1\";s:16:\"list_show_author\";s:1:\"1\";s:11:\"display_num\";s:2:\"10\";s:11:\"orderby_pri\";s:5:\"order\";s:11:\"orderby_sec\";s:5:\"rdate\";s:10:\"order_date\";s:9:\"published\";s:15:\"show_pagination\";s:1:\"2\";s:23:\"show_pagination_results\";s:1:\"1\";s:13:\"show_featured\";s:4:\"show\";s:14:\"show_feed_link\";s:1:\"1\";s:12:\"feed_summary\";s:1:\"0\";s:18:\"feed_show_readmore\";s:1:\"0\";s:7:\"sef_ids\";i:1;s:20:\"custom_fields_enable\";s:1:\"1\";s:16:\"workflow_enabled\";s:1:\"0\";}s:14:\"\0*\0initialized\";b:1;s:9:\"separator\";s:1:\".\";}s:7:\"metakey\";s:0:\"\";s:8:\"metadesc\";s:0:\"\";s:8:\"metadata\";O:24:\"Joomla\\Registry\\Registry\":3:{s:7:\"\0*\0data\";O:8:\"stdClass\":3:{s:6:\"robots\";s:0:\"\";s:6:\"author\";s:0:\"\";s:6:\"rights\";s:0:\"\";}s:14:\"\0*\0initialized\";b:1;s:9:\"separator\";s:1:\".\";}s:7:\"version\";i:1;s:8:\"ordering\";i:0;s:8:\"category\";s:13:\"Uncategorised\";s:9:\"cat_state\";i:1;s:10:\"cat_access\";i:1;s:4:\"slug\";s:20:\"2:goal-and-objective\";s:7:\"catslug\";s:15:\"2:uncategorised\";s:6:\"author\";s:4:\"ΛΦ\";s:6:\"layout\";s:7:\"article\";s:7:\"context\";s:19:\"com_content.article\";s:10:\"metaauthor\";N;}i:4;N;i:5;a:5:{i:1;a:3:{i:0;s:5:\"title\";i:1;s:8:\"subtitle\";i:2;s:2:\"id\";}i:2;a:2:{i:0;s:7:\"summary\";i:1;s:4:\"body\";}i:3;a:8:{i:0;s:4:\"meta\";i:1;s:10:\"list_price\";i:2;s:10:\"sale_price\";i:3;s:7:\"metakey\";i:4;s:8:\"metadesc\";i:5;s:10:\"metaauthor\";i:6;s:6:\"author\";i:7;s:16:\"created_by_alias\";}i:4;a:2:{i:0;s:4:\"path\";i:1;s:5:\"alias\";}i:5;a:1:{i:0;s:8:\"comments\";}}i:6;s:1:\"*\";i:7;N;i:8;N;i:9;s:19:\"2022-12-15 17:25:17\";i:10;N;i:11;s:73:\"index.php?option=com_content&view=article&id=2:goal-and-objective&catid=2\";i:12;N;i:13;s:19:\"2022-12-15 17:25:17\";i:14;i:1;i:15;a:4:{s:4:\"Type\";a:1:{i:0;O:8:\"stdClass\":6:{s:5:\"title\";s:7:\"Article\";s:5:\"state\";i:1;s:6:\"access\";i:1;s:8:\"language\";s:0:\"\";s:6:\"nested\";b:0;s:2:\"id\";i:3;}}s:6:\"Author\";a:1:{i:0;O:8:\"stdClass\":6:{s:5:\"title\";s:4:\"ΛΦ\";s:5:\"state\";i:1;s:6:\"access\";i:1;s:8:\"language\";s:0:\"\";s:6:\"nested\";b:0;s:2:\"id\";i:5;}}s:8:\"Category\";a:1:{i:0;O:8:\"stdClass\":6:{s:5:\"title\";s:13:\"Uncategorised\";s:5:\"state\";i:1;s:6:\"access\";i:1;s:8:\"language\";s:1:\"*\";s:6:\"nested\";b:1;s:2:\"id\";i:7;}}s:8:\"Language\";a:1:{i:0;O:8:\"stdClass\":6:{s:5:\"title\";s:1:\"*\";s:5:\"state\";i:1;s:6:\"access\";i:1;s:8:\"language\";s:0:\"\";s:6:\"nested\";b:0;s:2:\"id\";i:9;}}}i:16;s:35:\"Στόχοι & Επιδιώξεις\";i:17;i:3;i:18;s:46:\"index.php?option=com_content&view=article&id=2\";}'),(3,'index.php?option=com_content&view=category&id=8','index.php?option=com_content&view=category&id=8','Ανακοινώσεις','','2022-12-16 07:42:59','139e4a48584f37fafbc5f02629fc61cb',1,1,1,'*',NULL,NULL,'2022-12-16 07:42:59',NULL,0,0,1,'O:52:\"Joomla\\Component\\Finder\\Administrator\\Indexer\\Result\":19:{i:0;i:1;i:1;s:5:\"el-GR\";i:2;s:0:\"\";i:3;a:17:{s:2:\"id\";i:8;s:5:\"alias\";s:12:\"anakoinoseis\";s:9:\"extension\";s:11:\"com_content\";s:7:\"metakey\";s:0:\"\";s:8:\"metadesc\";s:0:\"\";s:8:\"metadata\";O:24:\"Joomla\\Registry\\Registry\":3:{s:7:\"\0*\0data\";O:8:\"stdClass\":2:{s:6:\"author\";s:0:\"\";s:6:\"robots\";s:0:\"\";}s:14:\"\0*\0initialized\";b:1;s:9:\"separator\";s:1:\".\";}s:3:\"lft\";i:11;s:9:\"parent_id\";i:1;s:5:\"level\";i:1;s:6:\"params\";O:24:\"Joomla\\Registry\\Registry\":3:{s:7:\"\0*\0data\";O:8:\"stdClass\":3:{s:15:\"category_layout\";s:0:\"\";s:5:\"image\";s:0:\"\";s:9:\"image_alt\";s:0:\"\";}s:14:\"\0*\0initialized\";b:1;s:9:\"separator\";s:1:\".\";}s:7:\"summary\";s:0:\"\";s:10:\"created_by\";i:605;s:8:\"modified\";s:19:\"2022-12-16 07:42:59\";s:11:\"modified_by\";i:605;s:4:\"slug\";s:14:\"8:anakoinoseis\";s:6:\"layout\";s:8:\"category\";s:10:\"metaauthor\";N;}i:4;N;i:5;a:5:{i:1;a:3:{i:0;s:5:\"title\";i:1;s:8:\"subtitle\";i:2;s:2:\"id\";}i:2;a:2:{i:0;s:7:\"summary\";i:1;s:4:\"body\";}i:3;a:8:{i:0;s:4:\"meta\";i:1;s:10:\"list_price\";i:2;s:10:\"sale_price\";i:3;s:4:\"link\";i:4;s:7:\"metakey\";i:5;s:8:\"metadesc\";i:6;s:10:\"metaauthor\";i:7;s:6:\"author\";}i:4;a:2:{i:0;s:4:\"path\";i:1;s:5:\"alias\";}i:5;a:1:{i:0;s:8:\"comments\";}}i:6;s:1:\"*\";i:7;N;i:8;N;i:9;N;i:10;N;i:11;s:47:\"index.php?option=com_content&view=category&id=8\";i:12;N;i:13;s:19:\"2022-12-16 07:42:59\";i:14;i:1;i:15;a:2:{s:4:\"Type\";a:1:{i:0;O:8:\"stdClass\":6:{s:5:\"title\";s:8:\"Category\";s:5:\"state\";i:1;s:6:\"access\";i:1;s:8:\"language\";s:0:\"\";s:6:\"nested\";b:0;s:2:\"id\";i:10;}}s:8:\"Language\";a:1:{i:0;O:8:\"stdClass\":6:{s:5:\"title\";s:1:\"*\";s:5:\"state\";i:1;s:6:\"access\";i:1;s:8:\"language\";s:0:\"\";s:6:\"nested\";b:0;s:2:\"id\";i:9;}}}i:16;s:24:\"Ανακοινώσεις\";i:17;i:1;i:18;s:47:\"index.php?option=com_content&view=category&id=8\";}'),(4,'index.php?option=com_content&view=article&id=3','index.php?option=com_content&view=article&id=3:anakoinosi-gia-tis-katataktiries-eksetaseis-ptyxioyxon-aei&catid=8','Ανακοίνωση για τις Κατατακτήριες Εξετάσεις Πτυχιούχων ΑΕΙ',' Κατατακτήριες Εξετάσεις Πτυχιούχων ΑΕΙ για το Τμήμα Διοικητικής Επιστήμης και Τεχνολογίας για το Ακαδημαϊκό έτος 2022-2023 Χρόνος κατάθεσης δικαιολογητικών Η αίτηση και τα δικαιολογητικά των πτυχιούχων ΑΕΙ που επιθυμούν να δώσουν κατατακτήριες εξετάσεις για την εγγραφή τους στο Τμήμα Διοικητικής Επιστήμης και Τεχνολογίας υποβάλλονται στη γραμματεία του Τμήματος από 1 έως 15 Νοεμβρίου 2022. Δικαιολογητικά Αίτηση του ενδιαφερόμενου (χορηγείται και από τη γραμματεία) Αντίγραφο πτυχίου ή πιστοποιητικό περάτωσης σπουδών. Προκειμένου για πτυχιούχους εξωτερικού συνυποβάλλεται και βεβαίωση ισοτιμίας του τίτλου σπουδών τους από τον Δ.Ο.Α.Τ.Α.Π. ή από το όργανο που έχει την αρμοδιότητα αναγνώρισης του τίτλου σπουδών. Χρόνος διενέργειας των εξετάσεων Οι κατατακτήριες εξετάσεις θα διενεργηθούν κατά το διάστημα από 1 έως 20 Δεκεμβρίου 2022. Μαθήματα και Ύλη Κατατακτηρίων Εξετάσεων Γενικά Μαθηματικά Γραμμική άλγεβρα Πίνακες: Είδη – Ιδιότητες – Πράξεις. Ορίζουσες: Ιδιότητες. Συστήματα: Γραμμικά (ν x μ). Ανάλυση Συναρτήσεις μιας μεταβλητής. Όριο συνάρτησης του Χ-> Χo. Συνέχειασυνάρτησης. Παράγωγος συνάρτησης. Μελέτη συνάρτησης. Προγραμματισμός Υπολογιστών Ανάπτυξη, κατανόηση και έλεγχος πηγαίου κώδικα σε γλώσσα προγραμματισμού Java. Μεταβλητές: Τύποι, εμβέλεια, εκχώρηση τιμής, δέσμευση μνήμης. Εντολές ελέγχου και επανάληψης, λογικοί τελεστές. Διαχείριση συμβολοσειρών και χαρακτήρων. Πίνακες: Ορισμός, αρχικοποίηση, σάρωση, αναζήτηση στοιχείων, ταξινόμηση στοιχείων, αντιγραφή πινάκων. Αντικειμενοστρέφεια: Κλάσεις, Αντικείμενα, Ιδιότητες, Μέθοδοι, Κατασκευαστές, Παράκαμψη, Υπερφόρτωση, Σύνθεση κλάσεων, Επέκταση κλάσεων – Κληρονομικότητα, Αφηρημένες κλάσεις. Μέθοδοι: Κλήση, μεταβίβαση τιμών, επιστροφή τιμής, υπερφόρτωση, αναδρομή, μεταβίβαση πινάκων, συναρτήσεις βιβλιοθήκης. Διαχείριση Αρχείων (Files). 3.Αρχές Διοίκησης Επιχειρήσεων Ορισμός του Μάνατζμεντ και οι βασικές λειτουργίες του Ιστορικές Προσεγγίσεις του Μάνατζμεντ Το περιβάλλον του Μάνατζμεντ Ηθική συμπεριφορά στους σύγχρονους οργανισμούς και εταιρική κοινωνική ευθύνη Ηγεσία και παρακίνηση Τα παραπάνω μαθήματα δεν αντιστοιχούν σε μαθήματα του Προγράμματος σπουδών του ΤμήματοςΔιοικητικής Επιστήμης και Τεχνολογίας. ','2022-12-16 07:46:46','014d8419dcc3c227eea417dd35c7d19f',1,1,1,'*','2022-12-16 07:46:46',NULL,'2022-12-16 07:46:46',NULL,0,0,3,'O:52:\"Joomla\\Component\\Finder\\Administrator\\Indexer\\Result\":19:{i:0;i:1;i:1;s:5:\"el-GR\";i:2;s:4017:\" Κατατακτήριες Εξετάσεις Πτυχιούχων ΑΕΙ για το Τμήμα Διοικητικής Επιστήμης και Τεχνολογίας για το Ακαδημαϊκό έτος 2022-2023 Χρόνος κατάθεσης δικαιολογητικών Η αίτηση και τα δικαιολογητικά των πτυχιούχων ΑΕΙ που επιθυμούν να δώσουν κατατακτήριες εξετάσεις για την εγγραφή τους στο Τμήμα Διοικητικής Επιστήμης και Τεχνολογίας υποβάλλονται στη γραμματεία του Τμήματος από 1 έως 15 Νοεμβρίου 2022. Δικαιολογητικά Αίτηση του ενδιαφερόμενου (χορηγείται και από τη γραμματεία) Αντίγραφο πτυχίου ή πιστοποιητικό περάτωσης σπουδών. Προκειμένου για πτυχιούχους εξωτερικού συνυποβάλλεται και βεβαίωση ισοτιμίας του τίτλου σπουδών τους από τον Δ.Ο.Α.Τ.Α.Π. ή από το όργανο που έχει την αρμοδιότητα αναγνώρισης του τίτλου σπουδών. Χρόνος διενέργειας των εξετάσεων Οι κατατακτήριες εξετάσεις θα διενεργηθούν κατά το διάστημα από 1 έως 20 Δεκεμβρίου 2022. Μαθήματα και Ύλη Κατατακτηρίων Εξετάσεων Γενικά Μαθηματικά Γραμμική άλγεβρα Πίνακες: Είδη – Ιδιότητες – Πράξεις. Ορίζουσες: Ιδιότητες. Συστήματα: Γραμμικά (ν x μ). Ανάλυση Συναρτήσεις μιας μεταβλητής. Όριο συνάρτησης του Χ-> Χo. Συνέχειασυνάρτησης. Παράγωγος συνάρτησης. Μελέτη συνάρτησης. Προγραμματισμός Υπολογιστών Ανάπτυξη, κατανόηση και έλεγχος πηγαίου κώδικα σε γλώσσα προγραμματισμού Java. Μεταβλητές: Τύποι, εμβέλεια, εκχώρηση τιμής, δέσμευση μνήμης. Εντολές ελέγχου και επανάληψης, λογικοί τελεστές. Διαχείριση συμβολοσειρών και χαρακτήρων. Πίνακες: Ορισμός, αρχικοποίηση, σάρωση, αναζήτηση στοιχείων, ταξινόμηση στοιχείων, αντιγραφή πινάκων. Αντικειμενοστρέφεια: Κλάσεις, Αντικείμενα, Ιδιότητες, Μέθοδοι, Κατασκευαστές, Παράκαμψη, Υπερφόρτωση, Σύνθεση κλάσεων, Επέκταση κλάσεων – Κληρονομικότητα, Αφηρημένες κλάσεις. Μέθοδοι: Κλήση, μεταβίβαση τιμών, επιστροφή τιμής, υπερφόρτωση, αναδρομή, μεταβίβαση πινάκων, συναρτήσεις βιβλιοθήκης. Διαχείριση Αρχείων (Files). 3.Αρχές Διοίκησης Επιχειρήσεων Ορισμός του Μάνατζμεντ και οι βασικές λειτουργίες του Ιστορικές Προσεγγίσεις του Μάνατζμεντ Το περιβάλλον του Μάνατζμεντ Ηθική συμπεριφορά στους σύγχρονους οργανισμούς και εταιρική κοινωνική ευθύνη Ηγεσία και παρακίνηση Τα παραπάνω μαθήματα δεν αντιστοιχούν σε μαθήματα του Προγράμματος σπουδών του ΤμήματοςΔιοικητικής Επιστήμης και Τεχνολογίας. \";i:3;a:25:{s:2:\"id\";i:3;s:5:\"alias\";s:58:\"anakoinosi gia tis katataktiries eksetaseis ptyxioyxon aei\";s:7:\"summary\";s:4790:\"<p><b><u>Κατατακτήριες Εξετάσεις Πτυχιούχων ΑΕΙ για το Τμήμα Διοικητικής Επιστήμης και Τεχνολογίας για το Ακαδημαϊκό έτος 2022-2023</u></b></p>\r\n<p><strong><u>Χρόνος κατάθεσης δικαιολογητικών</u></strong></p>\r\n<p>Η αίτηση και τα δικαιολογητικά των πτυχιούχων ΑΕΙ που επιθυμούν να δώσουν κατατακτήριες εξετάσεις για την εγγραφή τους στο Τμήμα Διοικητικής Επιστήμης και Τεχνολογίας υποβάλλονται στη γραμματεία του Τμήματος από <strong>1 έως 15 Νοεμβρίου 2022.</strong></p>\r\n<p><strong><u>Δικαιολογητικά</u></strong></p>\r\n<ol>\r\n<li><a href=\"https://www.mst.ihu.gr/wp-content/uploads/2022/10/%CE%91%CE%99%CE%A4%CE%97%CE%A3%CE%97-%CE%93%CE%99%CE%91-%CE%9A%CE%91%CE%A4%CE%91%CE%A4%CE%91%CE%9E%CE%97-%CE%A3%CE%A4%CE%9F-%CE%A4%CE%9C%CE%97%CE%9C%CE%91-2022.docx\">Αίτηση του ενδιαφερόμενου (χορηγείται και από τη γραμματεία)</a></li>\r\n<li>Αντίγραφο πτυχίου ή πιστοποιητικό περάτωσης σπουδών. Προκειμένου για πτυχιούχους εξωτερικού συνυποβάλλεται και βεβαίωση ισοτιμίας του τίτλου σπουδών τους από τον Δ.Ο.Α.Τ.Α.Π. ή από το όργανο που έχει την αρμοδιότητα αναγνώρισης του τίτλου σπουδών.</li>\r\n</ol>\r\n<p><strong><u>Χρόνος διενέργειας των εξετάσεων</u></strong></p>\r\n<p>Οι κατατακτήριες εξετάσεις θα διενεργηθούν κατά το διάστημα από <strong>1 έως 20 Δεκεμβρίου 2022.</strong></p>\r\n<p><strong><u>Μαθήματα και Ύλη Κατατακτηρίων Εξετάσεων</u></strong></p>\r\n<ol>\r\n<li><strong>Γενικά Μαθηματικά</strong></li>\r\n</ol>\r\n<p>Γραμμική άλγεβρα</p>\r\n<p>Πίνακες: Είδη – Ιδιότητες – Πράξεις.</p>\r\n<p>Ορίζουσες: Ιδιότητες.</p>\r\n<p>Συστήματα: Γραμμικά (ν x μ).</p>\r\n<p>Ανάλυση</p>\r\n<p>Συναρτήσεις μιας μεταβλητής.</p>\r\n<p>Όριο συνάρτησης του Χ-&gt; Χo.</p>\r\n<p>Συνέχεια συνάρτησης.</p>\r\n<p>Παράγωγος συνάρτησης.</p>\r\n<p>Μελέτη συνάρτησης.</p>\r\n<ol start=\"2\">\r\n<li><strong>Προγραμματισμός Υπολογιστών</strong></li>\r\n</ol>\r\n<p>Ανάπτυξη, κατανόηση και έλεγχος πηγαίου κώδικα σε γλώσσα προγραμματισμού Java.</p>\r\n<p>Μεταβλητές: Τύποι, εμβέλεια, εκχώρηση τιμής, δέσμευση μνήμης.</p>\r\n<p>Εντολές ελέγχου και επανάληψης, λογικοί τελεστές.</p>\r\n<p>Διαχείριση συμβολοσειρών και χαρακτήρων.</p>\r\n<p>Πίνακες: Ορισμός, αρχικοποίηση, σάρωση, αναζήτηση στοιχείων, ταξινόμηση στοιχείων, αντιγραφή πινάκων.</p>\r\n<p>Αντικειμενοστρέφεια: Κλάσεις, Αντικείμενα, Ιδιότητες, Μέθοδοι, Κατασκευαστές, Παράκαμψη, Υπερφόρτωση, Σύνθεση κλάσεων, Επέκταση κλάσεων – Κληρονομικότητα, Αφηρημένες κλάσεις.</p>\r\n<p>Μέθοδοι: Κλήση, μεταβίβαση τιμών, επιστροφή τιμής, υπερφόρτωση, αναδρομή, μεταβίβαση πινάκων, συναρτήσεις βιβλιοθήκης.</p>\r\n<p>Διαχείριση Αρχείων (Files).</p>\r\n<p>3.<strong>Αρχές Διοίκησης Επιχειρήσεων</strong></p>\r\n<p>Ορισμός του Μάνατζμεντ και οι βασικές λειτουργίες του</p>\r\n<p>Ιστορικές Προσεγγίσεις του Μάνατζμεντ</p>\r\n<p>Το περιβάλλον του Μάνατζμεντ</p>\r\n<p>Ηθική συμπεριφορά στους σύγχρονους οργανισμούς και εταιρική κοινωνική ευθύνη</p>\r\n<p>Ηγεσία και παρακίνηση</p>\r\n<p>Τα παραπάνω μαθήματα δεν αντιστοιχούν σε μαθήματα του Προγράμματος σπουδών του Τμήματος Διοικητικής Επιστήμης και Τεχνολογίας.</p>\";s:4:\"body\";s:0:\"\";s:6:\"images\";s:173:\"{\"image_intro\":\"\",\"image_intro_alt\":\"\",\"float_intro\":\"\",\"image_intro_caption\":\"\",\"image_fulltext\":\"\",\"image_fulltext_alt\":\"\",\"float_fulltext\":\"\",\"image_fulltext_caption\":\"\"}\";s:5:\"catid\";i:8;s:10:\"created_by\";i:605;s:16:\"created_by_alias\";s:0:\"\";s:8:\"modified\";s:19:\"2022-12-16 07:46:46\";s:11:\"modified_by\";i:605;s:6:\"params\";O:24:\"Joomla\\Registry\\Registry\":3:{s:7:\"\0*\0data\";O:8:\"stdClass\":86:{s:14:\"article_layout\";s:9:\"_:default\";s:10:\"show_title\";s:1:\"1\";s:11:\"link_titles\";s:1:\"1\";s:10:\"show_intro\";s:1:\"1\";s:19:\"info_block_position\";s:1:\"0\";s:21:\"info_block_show_title\";s:1:\"0\";s:13:\"show_category\";s:1:\"0\";s:13:\"link_category\";s:1:\"1\";s:20:\"show_parent_category\";s:1:\"0\";s:20:\"link_parent_category\";s:1:\"0\";s:17:\"show_associations\";s:1:\"0\";s:5:\"flags\";s:1:\"1\";s:11:\"show_author\";s:1:\"0\";s:11:\"link_author\";s:1:\"0\";s:16:\"show_create_date\";s:1:\"0\";s:16:\"show_modify_date\";s:1:\"0\";s:17:\"show_publish_date\";s:1:\"0\";s:20:\"show_item_navigation\";s:1:\"0\";s:13:\"show_readmore\";s:1:\"0\";s:19:\"show_readmore_title\";s:1:\"1\";s:14:\"readmore_limit\";i:100;s:9:\"show_tags\";s:1:\"0\";s:11:\"record_hits\";s:1:\"0\";s:9:\"show_hits\";s:1:\"0\";s:11:\"show_noauth\";s:1:\"0\";s:13:\"urls_position\";i:0;s:7:\"captcha\";s:0:\"\";s:23:\"show_publishing_options\";s:1:\"1\";s:20:\"show_article_options\";s:1:\"1\";s:27:\"show_configure_edit_options\";s:1:\"1\";s:16:\"show_permissions\";s:1:\"1\";s:22:\"show_associations_edit\";s:1:\"1\";s:12:\"save_history\";s:1:\"1\";s:13:\"history_limit\";i:10;s:25:\"show_urls_images_frontend\";s:1:\"0\";s:24:\"show_urls_images_backend\";s:1:\"1\";s:7:\"targeta\";i:0;s:7:\"targetb\";i:0;s:7:\"targetc\";i:0;s:11:\"float_intro\";s:4:\"left\";s:14:\"float_fulltext\";s:4:\"left\";s:15:\"category_layout\";s:6:\"_:blog\";s:19:\"show_category_title\";s:1:\"0\";s:16:\"show_description\";s:1:\"0\";s:22:\"show_description_image\";s:1:\"0\";s:8:\"maxLevel\";s:1:\"1\";s:21:\"show_empty_categories\";s:1:\"0\";s:16:\"show_no_articles\";s:1:\"1\";s:32:\"show_category_heading_title_text\";s:1:\"1\";s:16:\"show_subcat_desc\";s:1:\"1\";s:21:\"show_cat_num_articles\";s:1:\"0\";s:13:\"show_cat_tags\";s:1:\"1\";s:21:\"show_base_description\";s:1:\"1\";s:11:\"maxLevelcat\";s:2:\"-1\";s:25:\"show_empty_categories_cat\";s:1:\"0\";s:20:\"show_subcat_desc_cat\";s:1:\"1\";s:25:\"show_cat_num_articles_cat\";s:1:\"1\";s:20:\"num_leading_articles\";i:1;s:18:\"blog_class_leading\";s:0:\"\";s:18:\"num_intro_articles\";i:4;s:10:\"blog_class\";s:0:\"\";s:11:\"num_columns\";i:1;s:18:\"multi_column_order\";s:1:\"0\";s:9:\"num_links\";i:4;s:24:\"show_subcategory_content\";s:1:\"0\";s:16:\"link_intro_image\";s:1:\"0\";s:21:\"show_pagination_limit\";s:1:\"1\";s:12:\"filter_field\";s:4:\"hide\";s:13:\"show_headings\";s:1:\"1\";s:14:\"list_show_date\";s:1:\"0\";s:11:\"date_format\";s:0:\"\";s:14:\"list_show_hits\";s:1:\"1\";s:16:\"list_show_author\";s:1:\"1\";s:11:\"display_num\";s:2:\"10\";s:11:\"orderby_pri\";s:5:\"order\";s:11:\"orderby_sec\";s:5:\"rdate\";s:10:\"order_date\";s:9:\"published\";s:15:\"show_pagination\";s:1:\"2\";s:23:\"show_pagination_results\";s:1:\"1\";s:13:\"show_featured\";s:4:\"show\";s:14:\"show_feed_link\";s:1:\"1\";s:12:\"feed_summary\";s:1:\"0\";s:18:\"feed_show_readmore\";s:1:\"0\";s:7:\"sef_ids\";i:1;s:20:\"custom_fields_enable\";s:1:\"1\";s:16:\"workflow_enabled\";s:1:\"0\";}s:14:\"\0*\0initialized\";b:1;s:9:\"separator\";s:1:\".\";}s:7:\"metakey\";s:0:\"\";s:8:\"metadesc\";s:0:\"\";s:8:\"metadata\";O:24:\"Joomla\\Registry\\Registry\":3:{s:7:\"\0*\0data\";O:8:\"stdClass\":3:{s:6:\"robots\";s:0:\"\";s:6:\"author\";s:0:\"\";s:6:\"rights\";s:0:\"\";}s:14:\"\0*\0initialized\";b:1;s:9:\"separator\";s:1:\".\";}s:7:\"version\";i:1;s:8:\"ordering\";i:0;s:8:\"category\";s:24:\"Ανακοινώσεις\";s:9:\"cat_state\";i:1;s:10:\"cat_access\";i:1;s:4:\"slug\";s:60:\"3:anakoinosi-gia-tis-katataktiries-eksetaseis-ptyxioyxon-aei\";s:7:\"catslug\";s:14:\"8:anakoinoseis\";s:6:\"author\";s:4:\"ΛΦ\";s:6:\"layout\";s:7:\"article\";s:7:\"context\";s:19:\"com_content.article\";s:10:\"metaauthor\";N;}i:4;N;i:5;a:5:{i:1;a:3:{i:0;s:5:\"title\";i:1;s:8:\"subtitle\";i:2;s:2:\"id\";}i:2;a:2:{i:0;s:7:\"summary\";i:1;s:4:\"body\";}i:3;a:8:{i:0;s:4:\"meta\";i:1;s:10:\"list_price\";i:2;s:10:\"sale_price\";i:3;s:7:\"metakey\";i:4;s:8:\"metadesc\";i:5;s:10:\"metaauthor\";i:6;s:6:\"author\";i:7;s:16:\"created_by_alias\";}i:4;a:2:{i:0;s:4:\"path\";i:1;s:5:\"alias\";}i:5;a:1:{i:0;s:8:\"comments\";}}i:6;s:1:\"*\";i:7;N;i:8;N;i:9;s:19:\"2022-12-16 07:46:46\";i:10;N;i:11;s:113:\"index.php?option=com_content&view=article&id=3:anakoinosi-gia-tis-katataktiries-eksetaseis-ptyxioyxon-aei&catid=8\";i:12;N;i:13;s:19:\"2022-12-16 07:46:46\";i:14;i:1;i:15;a:4:{s:4:\"Type\";a:1:{i:0;O:8:\"stdClass\":6:{s:5:\"title\";s:7:\"Article\";s:5:\"state\";i:1;s:6:\"access\";i:1;s:8:\"language\";s:0:\"\";s:6:\"nested\";b:0;s:2:\"id\";i:3;}}s:6:\"Author\";a:1:{i:0;O:8:\"stdClass\":6:{s:5:\"title\";s:4:\"ΛΦ\";s:5:\"state\";i:1;s:6:\"access\";i:1;s:8:\"language\";s:0:\"\";s:6:\"nested\";b:0;s:2:\"id\";i:5;}}s:8:\"Category\";a:1:{i:0;O:8:\"stdClass\":6:{s:5:\"title\";s:24:\"Ανακοινώσεις\";s:5:\"state\";i:1;s:6:\"access\";i:1;s:8:\"language\";s:1:\"*\";s:6:\"nested\";b:1;s:2:\"id\";i:11;}}s:8:\"Language\";a:1:{i:0;O:8:\"stdClass\":6:{s:5:\"title\";s:1:\"*\";s:5:\"state\";i:1;s:6:\"access\";i:1;s:8:\"language\";s:0:\"\";s:6:\"nested\";b:0;s:2:\"id\";i:9;}}}i:16;s:108:\"Ανακοίνωση για τις Κατατακτήριες Εξετάσεις Πτυχιούχων ΑΕΙ\";i:17;i:3;i:18;s:46:\"index.php?option=com_content&view=article&id=3\";}');

--
-- Table structure for table `qoxnc_finder_links_terms`
--

CREATE TABLE `qoxnc_finder_links_terms` (
  `link_id` int(10) unsigned NOT NULL,
  `term_id` int(10) unsigned NOT NULL,
  `weight` float unsigned NOT NULL DEFAULT 0,
  PRIMARY KEY (`link_id`,`term_id`),
  KEY `idx_term_weight` (`term_id`,`weight`),
  KEY `idx_link_term_weight` (`link_id`,`term_id`,`weight`)
) ENGINE=InnoDB DEFAULT CHARSET=utf8mb4 COLLATE=utf8mb4_unicode_ci;

--
-- Dumping data for table `qoxnc_finder_links_terms`
--

INSERT INTO `qoxnc_finder_links_terms` VALUES (4,1,0.14),(1,1,0.17),(1,2,0.5334),(1,3,0.04669),(1,4,0.14),(1,5,0.32669),(2,5,0.32669),(1,6,0.51331),(1,7,0.51331),(1,8,0.90661),(1,9,0.65338),(1,10,0.60669),(1,11,0.46669),(2,11,1.40007),(1,12,0.51331),(1,13,0.37331),(2,14,1.02662),(4,14,1.02662),(1,14,1.53993),(1,15,0.46662),(1,16,0.46669),(1,17,0.32669),(1,18,0.56),(2,19,0.84),(4,19,1.26),(1,19,1.68),(1,20,1.21338),(1,21,0.56),(1,22,0.04669),(4,22,0.04669),(1,23,0.37331),(1,24,0.09331),(4,24,0.09331),(1,25,0.93338),(2,26,1.12),(1,26,1.26),(4,26,1.82),(1,27,0.42),(1,28,0.15996),(2,28,0.15996),(4,28,0.15996),(2,29,0.27993),(1,29,0.41323),(1,30,0.14),(1,31,0.23331),(1,32,0.56),(1,33,0.60669),(1,34,0.23331),(1,35,0.56),(1,36,0.56),(1,37,0.14),(4,37,0.28),(1,38,0.37331),(1,39,0.56),(4,39,0.56),(1,40,0.18669),(1,41,0.28),(1,42,0.37331),(1,43,0.14),(2,43,0.14),(4,43,0.14),(1,44,0.23331),(2,44,0.23331),(1,45,0.46669),(1,46,0.37331),(1,47,0.42),(1,48,1.02662),(2,48,1.02662),(4,48,1.53993),(1,49,0.51331),(1,50,0.14),(2,50,0.28),(4,50,0.28),(2,51,0.98),(1,51,1.12),(4,52,0.34),(1,52,0.56),(2,53,0.23331),(4,53,0.46662),(1,53,1.03323),(2,54,0.18662),(1,54,0.41323),(4,54,0.46655),(2,55,0.14),(1,55,0.28),(4,55,1.54),(2,56,0.14),(1,56,0.28),(4,56,0.28),(1,57,0.28),(2,64,0.17),(2,65,0.4),(2,66,0.5334),(2,67,1.2),(2,68,0.18669),(2,69,0.37331),(2,70,0.37331),(4,70,0.37331),(2,71,0.56),(2,72,0.65331),(2,73,0.51331),(4,73,0.51331),(2,74,0.42),(2,75,0.32669),(2,76,0.37331),(2,77,0.28),(4,77,0.9),(2,78,0.23331),(2,79,0.46669),(2,80,0.60669),(2,81,0.32669),(2,82,0.7),(2,83,0.42),(2,84,1.02662),(2,85,0.18669),(2,86,1.13339),(2,87,0.74662),(2,88,0.56),(2,89,0.60669),(2,90,0.51331),(2,91,0.46669),(2,92,0.46669),(2,93,0.28),(2,94,0.18669),(2,95,0.42),(2,96,0.56),(2,97,0.32669),(2,98,0.37331),(2,99,0.18669),(2,100,0.46669),(2,101,0.65331),(2,102,0.14),(2,103,0.32669),(2,104,0.46669),(2,105,0.28),(2,106,0.32669),(2,107,0.28),(2,108,0.65331),(2,109,0.37331),(2,110,0.46669),(2,111,0.60669),(4,112,0.18662),(2,112,0.27993),(2,113,0.14),(2,114,0.42),(4,115,0.14),(2,115,0.42),(2,116,0.18669),(2,117,0.68),(2,118,0.32669),(2,119,0.46669),(2,120,0.46669),(2,121,0.18662),(4,121,0.18662),(2,122,0.32669),(2,123,0.37331),(4,123,0.37331),(2,124,0.28),(2,125,0.18669),(4,125,0.37338),(2,126,0.18669),(2,127,0.42),(2,128,0.56),(2,129,0.23331),(2,130,0.37331),(2,131,0.23331),(2,132,0.14),(3,191,0.17),(3,192,1.6),(3,193,1.36),(4,194,0.14),(4,195,0.14),(4,196,0.56),(4,197,0.63),(4,198,0.17),(4,199,0.32669),(4,200,0.4),(4,201,1.3334),(4,202,1.3334),(4,203,0.23331),(4,204,0.4),(4,205,0.18669),(4,206,1.7334),(4,207,1.3334),(4,208,0.4),(4,209,0.04669),(4,210,0.32669),(4,211,0.32669),(4,212,0.18669),(4,213,0.18669),(4,214,0.28),(4,215,0.09338),(4,216,0.56),(4,217,0.62),(4,218,0.46669),(4,219,0.32669),(4,220,0.51331),(4,221,0.37331),(4,222,0.42),(4,223,1.13339),(4,224,0.42),(4,225,0.42),(4,226,0.7),(4,227,0.56),(4,228,0.7),(4,229,0.51331),(4,230,0.32669),(4,231,0.56),(4,232,0.46669),(4,233,0.32669),(4,234,0.37331),(4,235,0.51331),(4,236,0.28),(4,237,0.28),(4,238,0.93338),(4,239,0.37331),(4,240,0.37331),(4,241,0.04669),(4,242,0.37331),(4,243,0.46669),(4,244,0.14),(4,245,0.37331),(4,246,0.93338),(4,247,0.51331),(4,248,0.56),(4,249,1.30662),(4,250,0.7),(4,251,0.42),(4,252,0.28),(4,253,0.18669),(4,254,0.32669),(4,255,0.37331),(4,256,0.32669),(4,257,0.37331),(4,258,0.65331),(4,259,0.32669),(4,260,2.28),(4,261,0.84),(4,262,0.46669),(4,263,0.37331),(4,264,0.46669),(4,265,0.42),(4,266,0.42),(4,267,0.56),(4,268,0.37331),(4,269,0.28),(4,270,0.28),(4,271,0.23331),(4,272,1.26),(4,273,0.42),(4,274,0.42),(4,275,0.18669),(4,276,0.42),(4,277,0.42),(4,278,0.60669),(4,279,3.29346),(4,280,0.60669),(4,281,0.65338),(4,282,0.65338),(4,283,0.23331),(4,284,0.7),(4,285,0.42),(4,286,0.28),(4,287,0.51331),(4,288,0.32669),(4,289,0.04669),(4,290,1.40007),(4,291,0.65338),(4,292,1.11993),(4,293,0.46669),(4,294,0.28),(4,295,0.93338),(4,296,0.46669),(4,297,0.46669),(4,298,0.18669),(4,299,0.28),(4,300,0.04669),(4,301,0.09331),(4,302,0.42),(4,303,0.14),(4,304,0.18662),(4,305,0.42),(4,306,0.51331),(4,307,0.65338),(4,308,0.04669),(4,309,0.65338),(4,310,0.42),(4,311,0.42),(4,312,0.46669),(4,313,0.37331),(4,314,0.42),(4,315,0.46669),(4,316,0.32669),(4,317,0.65338),(4,318,0.60669),(4,319,0.32669),(4,320,0.7),(4,321,0.7),(4,322,0.51331),(4,323,0.56),(4,324,0.32669),(4,325,0.51331),(4,326,2.06677),(4,327,0.28),(4,328,1.30676),(4,329,0.84),(4,330,0.23331),(4,331,0.60669),(4,332,0.51331),(4,333,1.40007),(4,334,0.7),(4,335,1.02662),(4,336,0.65331),(4,337,0.42),(4,338,0.46669),(4,339,0.32669),(4,340,0.14),(4,341,0.56),(4,342,0.46669),(4,343,0.37331),(4,344,0.09331),(4,345,0.46662),(4,346,0.23331),(4,347,0.7),(4,348,0.14),(4,349,0.23331),(4,350,1.02662),(4,351,0.56),(4,352,0.51331),(4,353,0.04669),(4,354,0.09331),(4,355,0.46669),(4,356,0.46669),(4,357,0.56),(4,358,0.28),(4,359,0.18669),(4,360,0.14);

--
-- Table structure for table `qoxnc_finder_logging`
--

CREATE TABLE `qoxnc_finder_logging` (
  `searchterm` varchar(255) NOT NULL DEFAULT '',
  `md5sum` varchar(32) NOT NULL DEFAULT '',
  `query` blob NOT NULL,
  `hits` int(11) NOT NULL DEFAULT 1,
  `results` int(11) NOT NULL DEFAULT 0,
  PRIMARY KEY (`md5sum`),
  KEY `searchterm` (`searchterm`(191))
) ENGINE=InnoDB DEFAULT CHARSET=utf8mb4 COLLATE=utf8mb4_unicode_ci;

--
-- Dumping data for table `qoxnc_finder_logging`
--


--
-- Table structure for table `qoxnc_finder_taxonomy`
--

CREATE TABLE `qoxnc_finder_taxonomy` (
  `id` int(10) unsigned NOT NULL AUTO_INCREMENT,
  `parent_id` int(10) unsigned NOT NULL DEFAULT 0,
  `lft` int(11) NOT NULL DEFAULT 0,
  `rgt` int(11) NOT NULL DEFAULT 0,
  `level` int(10) unsigned NOT NULL DEFAULT 0,
  `path` varchar(400) NOT NULL DEFAULT '',
  `title` varchar(255) NOT NULL DEFAULT '',
  `alias` varchar(400) NOT NULL DEFAULT '',
  `state` tinyint(3) unsigned NOT NULL DEFAULT 1,
  `access` tinyint(3) unsigned NOT NULL DEFAULT 1,
  `language` char(7) NOT NULL DEFAULT '',
  PRIMARY KEY (`id`),
  KEY `idx_state` (`state`),
  KEY `idx_access` (`access`),
  KEY `idx_path` (`path`(100)),
  KEY `idx_level` (`level`),
  KEY `idx_left_right` (`lft`,`rgt`),
  KEY `idx_alias` (`alias`(100)),
  KEY `idx_language` (`language`),
  KEY `idx_parent_published` (`parent_id`,`state`,`access`)
) ENGINE=InnoDB AUTO_INCREMENT=12 DEFAULT CHARSET=utf8mb4 COLLATE=utf8mb4_unicode_ci;

--
-- Dumping data for table `qoxnc_finder_taxonomy`
--

INSERT INTO `qoxnc_finder_taxonomy` VALUES (1,0,0,21,0,'','ROOT','root',1,1,'*'),(2,1,1,6,1,'type','Type','type',1,1,''),(3,2,2,3,2,'type/article','Article','article',1,1,''),(4,1,7,10,1,'author','Author','author',1,1,''),(5,4,8,9,2,'author/lf','ΛΦ','lf',1,1,''),(6,1,11,16,1,'category','Category','category',1,1,''),(7,6,12,13,2,'category/uncategorised','Uncategorised','uncategorised',1,1,'*'),(8,1,17,20,1,'language','Language','language',1,1,''),(9,8,18,19,2,'language/779103c53079431d1af01ce15b36e61f','*','779103c53079431d1af01ce15b36e61f',1,1,''),(10,2,4,5,2,'type/category','Category','category',1,1,''),(11,6,14,15,2,'category/anakoinoseis','Ανακοινώσεις','anakoinoseis',1,1,'*');

--
-- Table structure for table `qoxnc_finder_taxonomy_map`
--

CREATE TABLE `qoxnc_finder_taxonomy_map` (
  `link_id` int(10) unsigned NOT NULL,
  `node_id` int(10) unsigned NOT NULL,
  PRIMARY KEY (`link_id`,`node_id`),
  KEY `link_id` (`link_id`),
  KEY `node_id` (`node_id`)
) ENGINE=InnoDB DEFAULT CHARSET=utf8mb4 COLLATE=utf8mb4_unicode_ci;

--
-- Dumping data for table `qoxnc_finder_taxonomy_map`
--

INSERT INTO `qoxnc_finder_taxonomy_map` VALUES (1,3),(1,5),(1,7),(1,9),(2,3),(2,5),(2,7),(2,9),(3,9),(3,10),(4,3),(4,5),(4,9),(4,11);

--
-- Table structure for table `qoxnc_finder_terms`
--

CREATE TABLE `qoxnc_finder_terms` (
  `term_id` int(10) unsigned NOT NULL AUTO_INCREMENT,
  `term` varchar(75) CHARACTER SET utf8mb4 COLLATE utf8mb4_bin NOT NULL,
  `stem` varchar(75) CHARACTER SET utf8mb4 COLLATE utf8mb4_bin NOT NULL DEFAULT '',
  `common` tinyint(3) unsigned NOT NULL DEFAULT 0,
  `phrase` tinyint(3) unsigned NOT NULL DEFAULT 0,
  `weight` float unsigned NOT NULL DEFAULT 0,
  `soundex` varchar(75) CHARACTER SET utf8mb4 COLLATE utf8mb4_bin NOT NULL DEFAULT '',
  `links` int(11) NOT NULL DEFAULT 0,
  `language` char(7) NOT NULL DEFAULT '',
  PRIMARY KEY (`term_id`),
  UNIQUE KEY `idx_term_language` (`term`,`language`),
  KEY `idx_stem` (`stem`),
  KEY `idx_term_phrase` (`term`,`phrase`),
  KEY `idx_stem_phrase` (`stem`,`phrase`),
  KEY `idx_soundex_phrase` (`soundex`,`phrase`),
  KEY `idx_language` (`language`)
) ENGINE=InnoDB AUTO_INCREMENT=361 DEFAULT CHARSET=utf8mb4 COLLATE=utf8mb4_unicode_ci;

--
-- Dumping data for table `qoxnc_finder_terms`
--

INSERT INTO `qoxnc_finder_terms` VALUES (1,'1','1',0,0,0.1,'',2,'*'),(2,'home','home',0,0,0.2667,'H500',1,'*'),(3,'o','o',0,0,0.0667,'O000',1,'*'),(4,'ένα','ένα',0,0,0.2,'έ000',1,'*'),(5,'έρευνας','έρευνας',0,0,0.4667,'έ000',2,'*'),(6,'αξιοποίησης','αξιοποίησης',0,0,0.7333,'α000',1,'*'),(7,'απαραίτητες','απαραίτητες',0,0,0.7333,'α000',1,'*'),(8,'γνωριμία','γνωριμία',0,0,0.5333,'γ000',1,'*'),(9,'γνώσεις','γνώσεις',0,0,0.4667,'γ000',1,'*'),(10,'δημιουργήθηκε','δημιουργήθηκε',0,0,0.8667,'δ000',1,'*'),(11,'δημιουργία','δημιουργία',0,0,0.6667,'δ000',2,'*'),(12,'διδασκαλίας','διδασκαλίας',0,0,0.7333,'δ000',1,'*'),(13,'διεθνούς','διεθνούς',0,0,0.5333,'δ000',1,'*'),(14,'διοικητικής','διοικητικής',0,0,0.7333,'δ000',3,'*'),(15,'είναι','είναι',0,0,0.3333,'ε000',1,'*'),(16,'ειδικότερα','ειδικότερα',0,0,0.6667,'ε000',1,'*'),(17,'ελλάδος','ελλάδος',0,0,0.4667,'ε000',1,'*'),(18,'επικοινωνιών','επικοινωνιών',0,0,0.8,'ε000',1,'*'),(19,'επιστήμης','επιστήμης',0,0,0.6,'ε000',3,'*'),(20,'επιστημονικές','επιστημονικές',0,0,0.8667,'ε000',1,'*'),(21,'επιστημονικό','επιστημονικό',0,0,0.8,'ε000',1,'*'),(22,'η','η',0,0,0.0667,'η000',2,'*'),(23,'ηγετικές','ηγετικές',0,0,0.5333,'η000',1,'*'),(24,'θα','θα',0,0,0.1333,'θ000',2,'*'),(25,'ικανότητες','ικανότητες',0,0,0.6667,'ι000',1,'*'),(26,'και','και',0,0,0.2,'κ000',3,'*'),(27,'κοινωνίας','κοινωνίας',0,0,0.6,'κ000',1,'*'),(28,'λφ','λφ',0,0,0.1333,'λ000',3,'*'),(29,'με','με',0,0,0.1333,'μ000',2,'*'),(30,'νέο','νέο',0,0,0.2,'ν000',1,'*'),(31,'οποίο','οποίο',0,0,0.3333,'ο000',1,'*'),(32,'οργανωσιακές','οργανωσιακές',0,0,0.8,'ο000',1,'*'),(33,'πανεπιστημίου','πανεπιστημίου',0,0,0.8667,'π000',1,'*'),(34,'πεδίο','πεδίο',0,0,0.3333,'π000',1,'*'),(35,'πλαισιωμένες','πλαισιωμένες',0,0,0.8,'π000',1,'*'),(36,'πληροφορικής','πληροφορικής',0,0,0.8,'π000',1,'*'),(37,'που','που',0,0,0.2,'π000',2,'*'),(38,'προαγωγή','προαγωγή',0,0,0.5333,'π000',1,'*'),(39,'προγράμματος','προγράμματος',0,0,0.8,'π000',2,'*'),(40,'προς','προς',0,0,0.2667,'π000',1,'*'),(41,'σκοπός','σκοπός',0,0,0.4,'σ000',1,'*'),(42,'στελεχών','στελεχών',0,0,0.5333,'σ000',1,'*'),(43,'στο','στο',0,0,0.2,'σ000',3,'*'),(44,'στόχο','στόχο',0,0,0.3333,'σ000',2,'*'),(45,'συνδυάζουν','συνδυάζουν',0,0,0.6667,'σ000',1,'*'),(46,'σύγχρονο','σύγχρονο',0,0,0.5333,'σ000',1,'*'),(47,'σύγχρονων','σύγχρονων',0,0,0.6,'σ000',1,'*'),(48,'τεχνολογίας','τεχνολογίας',0,0,0.7333,'τ000',3,'*'),(49,'τεχνολογιών','τεχνολογιών',0,0,0.7333,'τ000',1,'*'),(50,'την','την',0,0,0.2,'τ000',3,'*'),(51,'της','της',0,0,0.2,'τ000',2,'*'),(52,'τις','τις',0,0,0.2,'τ000',2,'*'),(53,'τμήμα','τμήμα',0,0,0.3333,'τ000',3,'*'),(54,'το','το',0,0,0.1333,'τ000',3,'*'),(55,'του','του',0,0,0.2,'τ000',3,'*'),(56,'των','των',0,0,0.2,'τ000',3,'*'),(57,'όφελος','όφελος',0,0,0.4,'ό000',1,'*'),(64,'2','2',0,0,0.1,'',1,'*'),(65,'and','and',0,0,0.2,'A530',1,'*'),(66,'goal','goal',0,0,0.2667,'G400',1,'*'),(67,'objective','objective',0,0,0.6,'O1231',1,'*'),(68,'άλλα','άλλα',0,0,0.2667,'ά000',1,'*'),(69,'ανάδειξη','ανάδειξη',0,0,0.5333,'α000',1,'*'),(70,'ανάπτυξη','ανάπτυξη',0,0,0.5333,'α000',2,'*'),(71,'αναπτυγμένες','αναπτυγμένες',0,0,0.8,'α000',1,'*'),(72,'ανταγωνιστικού','ανταγωνιστικού',0,0,0.9333,'α000',1,'*'),(73,'αντικείμενα','αντικείμενα',0,0,0.7333,'α000',2,'*'),(74,'αποσκοπεί','αποσκοπεί',0,0,0.6,'α000',1,'*'),(75,'βασικού','βασικού',0,0,0.4667,'β000',1,'*'),(76,'βιώσιμου','βιώσιμου',0,0,0.5333,'β000',1,'*'),(77,'για','για',0,0,0.2,'γ000',2,'*'),(78,'γνώση','γνώση',0,0,0.3333,'γ000',1,'*'),(79,'δεξιότητες','δεξιότητες',0,0,0.6667,'δ000',1,'*'),(80,'δημιουργώντας','δημιουργώντας',0,0,0.8667,'δ000',1,'*'),(81,'διεθνώς','διεθνώς',0,0,0.4667,'δ000',1,'*'),(82,'διεπιστημονικού','διεπιστημονικού',0,0,1,'δ000',1,'*'),(83,'δυναμικού','δυναμικού',0,0,0.6,'δ000',1,'*'),(84,'εκπαίδευσης','εκπαίδευσης',0,0,0.7333,'ε000',1,'*'),(85,'ενός','ενός',0,0,0.2667,'ε000',1,'*'),(86,'επιδιώξεις','επιδιώξεις',0,0,0.6667,'ε000',1,'*'),(87,'επιπέδου','επιπέδου',0,0,0.5333,'ε000',1,'*'),(88,'επιστημονική','επιστημονική',0,0,0.8,'ε000',1,'*'),(89,'επιστημονικού','επιστημονικού',0,0,0.8667,'ε000',1,'*'),(90,'επιστημόνων','επιστημόνων',0,0,0.7333,'ε000',1,'*'),(91,'εργαστήρια','εργαστήρια',0,0,0.6667,'ε000',1,'*'),(92,'ερευνητικά','ερευνητικά',0,0,0.6667,'ε000',1,'*'),(93,'ευρεία','ευρεία',0,0,0.4,'ε000',1,'*'),(94,'ευρύ','ευρύ',0,0,0.2667,'ε000',1,'*'),(95,'εφαρμογής','εφαρμογής',0,0,0.6,'ε000',1,'*'),(96,'εφαρμοσμένου','εφαρμοσμένου',0,0,0.8,'ε000',1,'*'),(97,'ισχυρού','ισχυρού',0,0,0.4667,'ι000',1,'*'),(98,'κρίσιμων','κρίσιμων',0,0,0.5333,'κ000',1,'*'),(99,'μάζα','μάζα',0,0,0.2667,'μ000',1,'*'),(100,'μελλοντικά','μελλοντικά',0,0,0.6667,'μ000',1,'*'),(101,'μεταπτυχιακούς','μεταπτυχιακούς',0,0,0.9333,'μ000',1,'*'),(102,'μια','μια',0,0,0.2,'μ000',1,'*'),(103,'μοχλούς','μοχλούς',0,0,0.4667,'μ000',1,'*'),(104,'οικονομική','οικονομική',0,0,0.6667,'ο000',1,'*'),(105,'παροχή','παροχή',0,0,0.4,'π000',1,'*'),(106,'παροχής','παροχής',0,0,0.4667,'π000',1,'*'),(107,'πεδίου','πεδίου',0,0,0.4,'π000',1,'*'),(108,'πλεονεκτημάτων','πλεονεκτημάτων',0,0,0.9333,'π000',1,'*'),(109,'πρακτικά','πρακτικά',0,0,0.5333,'π000',1,'*'),(110,'προβλήματα','προβλήματα',0,0,0.6667,'π000',1,'*'),(111,'προπτυχιακούς','προπτυχιακούς',0,0,0.8667,'π000',1,'*'),(112,'σε','σε',0,0,0.1333,'σ000',2,'*'),(113,'στα','στα',0,0,0.2,'σ000',1,'*'),(114,'στελέχωση','στελέχωση',0,0,0.6,'σ000',1,'*'),(115,'στη','στη',0,0,0.2,'σ000',2,'*'),(116,'στην','στην',0,0,0.2667,'σ000',1,'*'),(117,'στόχοι','στόχοι',0,0,0.4,'σ000',1,'*'),(118,'συγγενή','συγγενή',0,0,0.4667,'σ000',1,'*'),(119,'συνδυασμού','συνδυασμού',0,0,0.6667,'σ000',1,'*'),(120,'συνεργειών','συνεργειών',0,0,0.6667,'σ000',1,'*'),(121,'τα','τα',0,0,0.1333,'τ000',2,'*'),(122,'τμήματα','τμήματα',0,0,0.4667,'τ000',1,'*'),(123,'τμήματος','τμήματος',0,0,0.5333,'τ000',2,'*'),(124,'τομείς','τομείς',0,0,0.4,'τ000',1,'*'),(125,'τους','τους',0,0,0.2667,'τ000',2,'*'),(126,'τόσο','τόσο',0,0,0.2667,'τ000',1,'*'),(127,'υπηρεσιών','υπηρεσιών',0,0,0.6,'υ000',1,'*'),(128,'υψηλού','υψηλού',0,0,0.4,'υ000',1,'*'),(129,'φάσμα','φάσμα',0,0,0.3333,'φ000',1,'*'),(130,'φοιτητές','φοιτητές',0,0,0.5333,'φ000',1,'*'),(131,'χώρας','χώρας',0,0,0.3333,'χ000',1,'*'),(132,'όσο','όσο',0,0,0.2,'ό000',1,'*'),(191,'8','8',0,0,0.1,'',1,'*'),(192,'anakoinoseis','anakoinoseis',0,0,0.8,'A5252',1,'*'),(193,'ανακοινώσεις','ανακοινώσεις',0,0,0.8,'α000',1,'*'),(194,'15','15',0,0,0.2,'',1,'*'),(195,'20','20',0,0,0.2,'',1,'*'),(196,'2022','2022',0,0,0.4,'',1,'*'),(197,'2022-2023','2022-2023',0,0,0.9,'',1,'*'),(198,'3','3',0,0,0.1,'',1,'*'),(199,'3.αρχές','3.αρχές',0,0,0.4667,'α000',1,'*'),(200,'aei','aei',0,0,0.2,'A000',1,'*'),(201,'anakoinosi','anakoinosi',0,0,0.6667,'A5252',1,'*'),(202,'eksetaseis','eksetaseis',0,0,0.6667,'E232',1,'*'),(203,'files','files',0,0,0.3333,'F420',1,'*'),(204,'gia','gia',0,0,0.2,'G000',1,'*'),(205,'java','java',0,0,0.2667,'J100',1,'*'),(206,'katataktiries','katataktiries',0,0,0.8667,'K32362',1,'*'),(207,'ptyxioyxon','ptyxioyxon',0,0,0.6667,'P325',1,'*'),(208,'tis','tis',0,0,0.2,'T200',1,'*'),(209,'x','x',0,0,0.0667,'X000',1,'*'),(210,'άλγεβρα','άλγεβρα',0,0,0.4667,'ά000',1,'*'),(211,'έλεγχος','έλεγχος',0,0,0.4667,'έ000',1,'*'),(212,'έτος','έτος',0,0,0.2667,'έ000',1,'*'),(213,'έχει','έχει',0,0,0.2667,'έ000',1,'*'),(214,'έως','έως',0,0,0.2,'έ000',1,'*'),(215,'ή','ή',0,0,0.0667,'ή000',1,'*'),(216,'αίτηση','αίτηση',0,0,0.4,'α000',1,'*'),(217,'αει','αει',0,0,0.2,'α000',1,'*'),(218,'ακαδημαϊκό','ακαδημαϊκό',0,0,0.6667,'α000',1,'*'),(219,'ανάλυση','ανάλυση',0,0,0.4667,'α000',1,'*'),(220,'αναγνώρισης','αναγνώρισης',0,0,0.7333,'α000',1,'*'),(221,'αναδρομή','αναδρομή',0,0,0.5333,'α000',1,'*'),(222,'αναζήτηση','αναζήτηση',0,0,0.6,'α000',1,'*'),(223,'ανακοίνωση','ανακοίνωση',0,0,0.6667,'α000',1,'*'),(224,'αντίγραφο','αντίγραφο',0,0,0.6,'α000',1,'*'),(225,'αντιγραφή','αντιγραφή',0,0,0.6,'α000',1,'*'),(226,'αντικειμενοστρέφεια','αντικειμενοστρέφεια',0,0,1,'α000',1,'*'),(227,'αντιστοιχούν','αντιστοιχούν',0,0,0.8,'α000',1,'*'),(228,'από','από',0,0,0.2,'α000',1,'*'),(229,'αρμοδιότητα','αρμοδιότητα',0,0,0.7333,'α000',1,'*'),(230,'αρχείων','αρχείων',0,0,0.4667,'α000',1,'*'),(231,'αρχικοποίηση','αρχικοποίηση',0,0,0.8,'α000',1,'*'),(232,'αφηρημένες','αφηρημένες',0,0,0.6667,'α000',1,'*'),(233,'βασικές','βασικές',0,0,0.4667,'β000',1,'*'),(234,'βεβαίωση','βεβαίωση',0,0,0.5333,'β000',1,'*'),(235,'βιβλιοθήκης','βιβλιοθήκης',0,0,0.7333,'β000',1,'*'),(236,'γενικά','γενικά',0,0,0.4,'γ000',1,'*'),(237,'γλώσσα','γλώσσα',0,0,0.4,'γ000',1,'*'),(238,'γραμματεία','γραμματεία',0,0,0.6667,'γ000',1,'*'),(239,'γραμμικά','γραμμικά',0,0,0.5333,'γ000',1,'*'),(240,'γραμμική','γραμμική',0,0,0.5333,'γ000',1,'*'),(241,'δ','δ',0,0,0.0667,'δ000',1,'*'),(242,'δέσμευση','δέσμευση',0,0,0.5333,'δ000',1,'*'),(243,'δεκεμβρίου','δεκεμβρίου',0,0,0.6667,'δ000',1,'*'),(244,'δεν','δεν',0,0,0.2,'δ000',1,'*'),(245,'διάστημα','διάστημα',0,0,0.5333,'δ000',1,'*'),(246,'διαχείριση','διαχείριση',0,0,0.6667,'δ000',1,'*'),(247,'διενέργειας','διενέργειας',0,0,0.7333,'δ000',1,'*'),(248,'διενεργηθούν','διενεργηθούν',0,0,0.8,'δ000',1,'*'),(249,'δικαιολογητικά','δικαιολογητικά',0,0,0.9333,'δ000',1,'*'),(250,'δικαιολογητικών','δικαιολογητικών',0,0,1,'δ000',1,'*'),(251,'διοίκησης','διοίκησης',0,0,0.6,'δ000',1,'*'),(252,'δώσουν','δώσουν',0,0,0.4,'δ000',1,'*'),(253,'είδη','είδη',0,0,0.2667,'ε000',1,'*'),(254,'εγγραφή','εγγραφή',0,0,0.4667,'ε000',1,'*'),(255,'εκχώρηση','εκχώρηση',0,0,0.5333,'ε000',1,'*'),(256,'ελέγχου','ελέγχου',0,0,0.4667,'ε000',1,'*'),(257,'εμβέλεια','εμβέλεια',0,0,0.5333,'ε000',1,'*'),(258,'ενδιαφερόμενου','ενδιαφερόμενου',0,0,0.9333,'ε000',1,'*'),(259,'εντολές','εντολές',0,0,0.4667,'ε000',1,'*'),(260,'εξετάσεις','εξετάσεις',0,0,0.6,'ε000',1,'*'),(261,'εξετάσεων','εξετάσεων',0,0,0.6,'ε000',1,'*'),(262,'εξωτερικού','εξωτερικού',0,0,0.6667,'ε000',1,'*'),(263,'επέκταση','επέκταση',0,0,0.5333,'ε000',1,'*'),(264,'επανάληψης','επανάληψης',0,0,0.6667,'ε000',1,'*'),(265,'επιθυμούν','επιθυμούν',0,0,0.6,'ε000',1,'*'),(266,'επιστροφή','επιστροφή',0,0,0.6,'ε000',1,'*'),(267,'επιχειρήσεων','επιχειρήσεων',0,0,0.8,'ε000',1,'*'),(268,'εταιρική','εταιρική',0,0,0.5333,'ε000',1,'*'),(269,'ευθύνη','ευθύνη',0,0,0.4,'ε000',1,'*'),(270,'ηγεσία','ηγεσία',0,0,0.4,'η000',1,'*'),(271,'ηθική','ηθική',0,0,0.3333,'η000',1,'*'),(272,'ιδιότητες','ιδιότητες',0,0,0.6,'ι000',1,'*'),(273,'ισοτιμίας','ισοτιμίας',0,0,0.6,'ι000',1,'*'),(274,'ιστορικές','ιστορικές',0,0,0.6,'ι000',1,'*'),(275,'κατά','κατά',0,0,0.2667,'κ000',1,'*'),(276,'κατάθεσης','κατάθεσης',0,0,0.6,'κ000',1,'*'),(277,'κατανόηση','κατανόηση',0,0,0.6,'κ000',1,'*'),(278,'κατασκευαστές','κατασκευαστές',0,0,0.8667,'κ000',1,'*'),(279,'κατατακτήριες','κατατακτήριες',0,0,0.8667,'κ000',1,'*'),(280,'κατατακτηρίων','κατατακτηρίων',0,0,0.8667,'κ000',1,'*'),(281,'κλάσεις','κλάσεις',0,0,0.4667,'κ000',1,'*'),(282,'κλάσεων','κλάσεων',0,0,0.4667,'κ000',1,'*'),(283,'κλήση','κλήση',0,0,0.3333,'κ000',1,'*'),(284,'κληρονομικότητα','κληρονομικότητα',0,0,1,'κ000',1,'*'),(285,'κοινωνική','κοινωνική',0,0,0.6,'κ000',1,'*'),(286,'κώδικα','κώδικα',0,0,0.4,'κ000',1,'*'),(287,'λειτουργίες','λειτουργίες',0,0,0.7333,'λ000',1,'*'),(288,'λογικοί','λογικοί',0,0,0.4667,'λ000',1,'*'),(289,'μ','μ',0,0,0.0667,'μ000',1,'*'),(290,'μάνατζμεντ','μάνατζμεντ',0,0,0.6667,'μ000',1,'*'),(291,'μέθοδοι','μέθοδοι',0,0,0.4667,'μ000',1,'*'),(292,'μαθήματα','μαθήματα',0,0,0.5333,'μ000',1,'*'),(293,'μαθηματικά','μαθηματικά',0,0,0.6667,'μ000',1,'*'),(294,'μελέτη','μελέτη',0,0,0.4,'μ000',1,'*'),(295,'μεταβίβαση','μεταβίβαση',0,0,0.6667,'μ000',1,'*'),(296,'μεταβλητές','μεταβλητές',0,0,0.6667,'μ000',1,'*'),(297,'μεταβλητής','μεταβλητής',0,0,0.6667,'μ000',1,'*'),(298,'μιας','μιας',0,0,0.2667,'μ000',1,'*'),(299,'μνήμης','μνήμης',0,0,0.4,'μ000',1,'*'),(300,'ν','ν',0,0,0.0667,'ν000',1,'*'),(301,'να','να',0,0,0.1333,'ν000',1,'*'),(302,'νοεμβρίου','νοεμβρίου',0,0,0.6,'ν000',1,'*'),(303,'ο.α','ο.α',0,0,0.2,'ο000',1,'*'),(304,'οι','οι',0,0,0.1333,'ο000',1,'*'),(305,'ορίζουσες','ορίζουσες',0,0,0.6,'ο000',1,'*'),(306,'οργανισμούς','οργανισμούς',0,0,0.7333,'ο000',1,'*'),(307,'ορισμός','ορισμός',0,0,0.4667,'ο000',1,'*'),(308,'π','π',0,0,0.0667,'π000',1,'*'),(309,'πίνακες','πίνακες',0,0,0.4667,'π000',1,'*'),(310,'παράγωγος','παράγωγος',0,0,0.6,'π000',1,'*'),(311,'παράκαμψη','παράκαμψη',0,0,0.6,'π000',1,'*'),(312,'παρακίνηση','παρακίνηση',0,0,0.6667,'π000',1,'*'),(313,'παραπάνω','παραπάνω',0,0,0.5333,'π000',1,'*'),(314,'περάτωσης','περάτωσης',0,0,0.6,'π000',1,'*'),(315,'περιβάλλον','περιβάλλον',0,0,0.6667,'π000',1,'*'),(316,'πηγαίου','πηγαίου',0,0,0.4667,'π000',1,'*'),(317,'πινάκων','πινάκων',0,0,0.4667,'π000',1,'*'),(318,'πιστοποιητικό','πιστοποιητικό',0,0,0.8667,'π000',1,'*'),(319,'πράξεις','πράξεις',0,0,0.4667,'π000',1,'*'),(320,'προγραμματισμού','προγραμματισμού',0,0,1,'π000',1,'*'),(321,'προγραμματισμός','προγραμματισμός',0,0,1,'π000',1,'*'),(322,'προκειμένου','προκειμένου',0,0,0.7333,'π000',1,'*'),(323,'προσεγγίσεις','προσεγγίσεις',0,0,0.8,'π000',1,'*'),(324,'πτυχίου','πτυχίου',0,0,0.4667,'π000',1,'*'),(325,'πτυχιούχους','πτυχιούχους',0,0,0.7333,'π000',1,'*'),(326,'πτυχιούχων','πτυχιούχων',0,0,0.6667,'π000',1,'*'),(327,'σάρωση','σάρωση',0,0,0.4,'σ000',1,'*'),(328,'σπουδών','σπουδών',0,0,0.4667,'σ000',1,'*'),(329,'στοιχείων','στοιχείων',0,0,0.6,'σ000',1,'*'),(330,'στους','στους',0,0,0.3333,'σ000',1,'*'),(331,'συμβολοσειρών','συμβολοσειρών',0,0,0.8667,'σ000',1,'*'),(332,'συμπεριφορά','συμπεριφορά',0,0,0.7333,'σ000',1,'*'),(333,'συνάρτησης','συνάρτησης',0,0,0.6667,'σ000',1,'*'),(334,'συνέχειασυνάρτησης','συνέχειασυνάρτησης',0,0,1,'σ000',1,'*'),(335,'συναρτήσεις','συναρτήσεις',0,0,0.7333,'σ000',1,'*'),(336,'συνυποβάλλεται','συνυποβάλλεται',0,0,0.9333,'σ000',1,'*'),(337,'συστήματα','συστήματα',0,0,0.6,'σ000',1,'*'),(338,'σύγχρονους','σύγχρονους',0,0,0.6667,'σ000',1,'*'),(339,'σύνθεση','σύνθεση',0,0,0.4667,'σ000',1,'*'),(340,'τ.α','τ.α',0,0,0.2,'τ000',1,'*'),(341,'τίτλου','τίτλου',0,0,0.4,'τ000',1,'*'),(342,'ταξινόμηση','ταξινόμηση',0,0,0.6667,'τ000',1,'*'),(343,'τελεστές','τελεστές',0,0,0.5333,'τ000',1,'*'),(344,'τη','τη',0,0,0.1333,'τ000',1,'*'),(345,'τιμής','τιμής',0,0,0.3333,'τ000',1,'*'),(346,'τιμών','τιμών',0,0,0.3333,'τ000',1,'*'),(347,'τμήματοςδιοικητικής','τμήματοςδιοικητικής',0,0,1,'τ000',1,'*'),(348,'τον','τον',0,0,0.2,'τ000',1,'*'),(349,'τύποι','τύποι',0,0,0.3333,'τ000',1,'*'),(350,'υπερφόρτωση','υπερφόρτωση',0,0,0.7333,'υ000',1,'*'),(351,'υποβάλλονται','υποβάλλονται',0,0,0.8,'υ000',1,'*'),(352,'υπολογιστών','υπολογιστών',0,0,0.7333,'υ000',1,'*'),(353,'χ','χ',0,0,0.0667,'χ000',1,'*'),(354,'χo','χo',0,0,0.1333,'χ000',1,'*'),(355,'χαρακτήρων','χαρακτήρων',0,0,0.6667,'χ000',1,'*'),(356,'χορηγείται','χορηγείται',0,0,0.6667,'χ000',1,'*'),(357,'χρόνος','χρόνος',0,0,0.4,'χ000',1,'*'),(358,'όργανο','όργανο',0,0,0.4,'ό000',1,'*'),(359,'όριο','όριο',0,0,0.2667,'ό000',1,'*'),(360,'ύλη','ύλη',0,0,0.2,'ύ000',1,'*');

--
-- Table structure for table `qoxnc_finder_terms_common`
--

CREATE TABLE `qoxnc_finder_terms_common` (
  `term` varchar(75) CHARACTER SET utf8mb4 COLLATE utf8mb4_bin NOT NULL DEFAULT '',
  `language` char(7) NOT NULL DEFAULT '',
  `custom` int(11) NOT NULL DEFAULT 0,
  UNIQUE KEY `idx_term_language` (`term`,`language`),
  KEY `idx_lang` (`language`)
) ENGINE=InnoDB DEFAULT CHARSET=utf8mb4 COLLATE=utf8mb4_unicode_ci;

--
-- Dumping data for table `qoxnc_finder_terms_common`
--

INSERT INTO `qoxnc_finder_terms_common` VALUES ('a','en',0),('about','en',0),('above','en',0),('after','en',0),('again','en',0),('against','en',0),('all','en',0),('am','en',0),('an','en',0),('and','en',0),('any','en',0),('are','en',0),('aren\'t','en',0),('as','en',0),('at','en',0),('be','en',0),('because','en',0),('been','en',0),('before','en',0),('being','en',0),('below','en',0),('between','en',0),('both','en',0),('but','en',0),('by','en',0),('can\'t','en',0),('cannot','en',0),('could','en',0),('couldn\'t','en',0),('did','en',0),('didn\'t','en',0),('do','en',0),('does','en',0),('doesn\'t','en',0),('doing','en',0),('don\'t','en',0),('down','en',0),('during','en',0),('each','en',0),('few','en',0),('for','en',0),('from','en',0),('further','en',0),('had','en',0),('hadn\'t','en',0),('has','en',0),('hasn\'t','en',0),('have','en',0),('haven\'t','en',0),('having','en',0),('he','en',0),('he\'d','en',0),('he\'ll','en',0),('he\'s','en',0),('her','en',0),('here','en',0),('here\'s','en',0),('hers','en',0),('herself','en',0),('him','en',0),('himself','en',0),('his','en',0),('how','en',0),('how\'s','en',0),('i','en',0),('i\'d','en',0),('i\'ll','en',0),('i\'m','en',0),('i\'ve','en',0),('if','en',0),('in','en',0),('into','en',0),('is','en',0),('isn\'t','en',0),('it','en',0),('it\'s','en',0),('its','en',0),('itself','en',0),('let\'s','en',0),('me','en',0),('more','en',0),('most','en',0),('mustn\'t','en',0),('my','en',0),('myself','en',0),('no','en',0),('nor','en',0),('not','en',0),('of','en',0),('off','en',0),('on','en',0),('once','en',0),('only','en',0),('or','en',0),('other','en',0),('ought','en',0),('our','en',0),('ours','en',0),('ourselves','en',0),('out','en',0),('over','en',0),('own','en',0),('same','en',0),('shan\'t','en',0),('she','en',0),('she\'d','en',0),('she\'ll','en',0),('she\'s','en',0),('should','en',0),('shouldn\'t','en',0),('so','en',0),('some','en',0),('such','en',0),('than','en',0),('that','en',0),('that\'s','en',0),('the','en',0),('their','en',0),('theirs','en',0),('them','en',0),('themselves','en',0),('then','en',0),('there','en',0),('there\'s','en',0),('these','en',0),('they','en',0),('they\'d','en',0),('they\'ll','en',0),('they\'re','en',0),('they\'ve','en',0),('this','en',0),('those','en',0),('through','en',0),('to','en',0),('too','en',0),('under','en',0),('until','en',0),('up','en',0),('very','en',0),('was','en',0),('wasn\'t','en',0),('we','en',0),('we\'d','en',0),('we\'ll','en',0),('we\'re','en',0),('we\'ve','en',0),('were','en',0),('weren\'t','en',0),('what','en',0),('what\'s','en',0),('when','en',0),('when\'s','en',0),('where','en',0),('where\'s','en',0),('which','en',0),('while','en',0),('who','en',0),('who\'s','en',0),('whom','en',0),('why','en',0),('why\'s','en',0),('with','en',0),('won\'t','en',0),('would','en',0),('wouldn\'t','en',0),('you','en',0),('you\'d','en',0),('you\'ll','en',0),('you\'re','en',0),('you\'ve','en',0),('your','en',0),('yours','en',0),('yourself','en',0),('yourselves','en',0);

--
-- Table structure for table `qoxnc_finder_tokens`
--

CREATE TABLE `qoxnc_finder_tokens` (
  `term` varchar(75) CHARACTER SET utf8mb4 COLLATE utf8mb4_bin NOT NULL,
  `stem` varchar(75) CHARACTER SET utf8mb4 COLLATE utf8mb4_bin NOT NULL DEFAULT '',
  `common` tinyint(3) unsigned NOT NULL DEFAULT 0,
  `phrase` tinyint(3) unsigned NOT NULL DEFAULT 0,
  `weight` float unsigned NOT NULL DEFAULT 1,
  `context` tinyint(3) unsigned NOT NULL DEFAULT 2,
  `language` char(7) NOT NULL DEFAULT '',
  KEY `idx_word` (`term`),
  KEY `idx_stem` (`stem`),
  KEY `idx_context` (`context`),
  KEY `idx_language` (`language`)
) ENGINE=MEMORY DEFAULT CHARSET=utf8mb4 COLLATE=utf8mb4_unicode_ci;

--
-- Dumping data for table `qoxnc_finder_tokens`
--


--
-- Table structure for table `qoxnc_finder_tokens_aggregate`
--

CREATE TABLE `qoxnc_finder_tokens_aggregate` (
  `term_id` int(10) unsigned NOT NULL,
  `term` varchar(75) CHARACTER SET utf8mb4 COLLATE utf8mb4_bin NOT NULL,
  `stem` varchar(75) CHARACTER SET utf8mb4 COLLATE utf8mb4_bin NOT NULL DEFAULT '',
  `common` tinyint(3) unsigned NOT NULL DEFAULT 0,
  `phrase` tinyint(3) unsigned NOT NULL DEFAULT 0,
  `term_weight` float unsigned NOT NULL DEFAULT 0,
  `context` tinyint(3) unsigned NOT NULL DEFAULT 2,
  `context_weight` float unsigned NOT NULL DEFAULT 0,
  `total_weight` float unsigned NOT NULL DEFAULT 0,
  `language` char(7) NOT NULL DEFAULT '',
  KEY `token` (`term`),
  KEY `keyword_id` (`term_id`)
) ENGINE=MEMORY DEFAULT CHARSET=utf8mb4 COLLATE=utf8mb4_unicode_ci;

--
-- Dumping data for table `qoxnc_finder_tokens_aggregate`
--


--
-- Table structure for table `qoxnc_finder_types`
--

CREATE TABLE `qoxnc_finder_types` (
  `id` int(10) unsigned NOT NULL AUTO_INCREMENT,
  `title` varchar(100) NOT NULL,
  `mime` varchar(100) NOT NULL DEFAULT '',
  PRIMARY KEY (`id`),
  UNIQUE KEY `title` (`title`)
) ENGINE=InnoDB AUTO_INCREMENT=6 DEFAULT CHARSET=utf8mb4 COLLATE=utf8mb4_unicode_ci;

--
-- Dumping data for table `qoxnc_finder_types`
--

INSERT INTO `qoxnc_finder_types` VALUES (1,'Category',''),(2,'Contact',''),(3,'Article',''),(4,'News Feed',''),(5,'Tag','');

--
-- Table structure for table `qoxnc_history`
--

CREATE TABLE `qoxnc_history` (
  `version_id` int(10) unsigned NOT NULL AUTO_INCREMENT,
  `item_id` varchar(50) NOT NULL,
  `version_note` varchar(255) NOT NULL DEFAULT '' COMMENT 'Optional version name',
  `save_date` datetime NOT NULL,
  `editor_user_id` int(10) unsigned NOT NULL DEFAULT 0,
  `character_count` int(10) unsigned NOT NULL DEFAULT 0 COMMENT 'Number of characters in this version.',
  `sha1_hash` varchar(50) NOT NULL DEFAULT '' COMMENT 'SHA1 hash of the version_data column.',
  `version_data` mediumtext NOT NULL COMMENT 'json-encoded string of version data',
  `keep_forever` tinyint(4) NOT NULL DEFAULT 0 COMMENT '0=auto delete; 1=keep',
  PRIMARY KEY (`version_id`),
  KEY `idx_ucm_item_id` (`item_id`),
  KEY `idx_save_date` (`save_date`)
) ENGINE=InnoDB AUTO_INCREMENT=7 DEFAULT CHARSET=utf8mb4 COLLATE=utf8mb4_unicode_ci;

--
-- Dumping data for table `qoxnc_history`
--

INSERT INTO `qoxnc_history` VALUES (1,'com_content.article.1','','2022-12-15 17:15:52',605,5064,'32cfc673b6c7ec43613f51534d45963a892cfa1b','{\"id\":1,\"asset_id\":92,\"title\":\"\\u0393\\u03bd\\u03c9\\u03c1\\u03b9\\u03bc\\u03af\\u03b1 \\u03bc\\u03b5 \\u03c4\\u03bf \\u03a4\\u03bc\\u03ae\\u03bc\\u03b1\",\"alias\":\"home\",\"introtext\":\"<p>\\u03a4\\u03bf \\u03a4\\u03bc\\u03ae\\u03bc\\u03b1 \\u0394\\u03b9\\u03bf\\u03b9\\u03ba\\u03b7\\u03c4\\u03b9\\u03ba\\u03ae\\u03c2 \\u0395\\u03c0\\u03b9\\u03c3\\u03c4\\u03ae\\u03bc\\u03b7\\u03c2 \\u03ba\\u03b1\\u03b9 \\u03a4\\u03b5\\u03c7\\u03bd\\u03bf\\u03bb\\u03bf\\u03b3\\u03af\\u03b1\\u03c2 \\u03c4\\u03bf\\u03c5 \\u0394\\u03b9\\u03b5\\u03b8\\u03bd\\u03bf\\u03cd\\u03c2 \\u03a0\\u03b1\\u03bd\\u03b5\\u03c0\\u03b9\\u03c3\\u03c4\\u03b7\\u03bc\\u03af\\u03bf\\u03c5 \\u0395\\u03bb\\u03bb\\u03ac\\u03b4\\u03bf\\u03c2 \\u03b5\\u03af\\u03bd\\u03b1\\u03b9 \\u03ad\\u03bd\\u03b1 \\u03bd\\u03ad\\u03bf \\u03c3\\u03cd\\u03b3\\u03c7\\u03c1\\u03bf\\u03bd\\u03bf \\u03a4\\u03bc\\u03ae\\u03bc\\u03b1 \\u03c4\\u03bf \\u03bf\\u03c0\\u03bf\\u03af\\u03bf \\u03b4\\u03b7\\u03bc\\u03b9\\u03bf\\u03c5\\u03c1\\u03b3\\u03ae\\u03b8\\u03b7\\u03ba\\u03b5 \\u03bc\\u03b5 \\u03c3\\u03c4\\u03cc\\u03c7\\u03bf \\u03c4\\u03b7\\u03bd \\u03c0\\u03c1\\u03bf\\u03b1\\u03b3\\u03c9\\u03b3\\u03ae \\u03c4\\u03b7\\u03c2 \\u03ad\\u03c1\\u03b5\\u03c5\\u03bd\\u03b1\\u03c2 \\u03ba\\u03b1\\u03b9 \\u03c4\\u03b7\\u03c2 \\u03b4\\u03b9\\u03b4\\u03b1\\u03c3\\u03ba\\u03b1\\u03bb\\u03af\\u03b1\\u03c2 \\u03c3\\u03c4\\u03bf \\u03b5\\u03c0\\u03b9\\u03c3\\u03c4\\u03b7\\u03bc\\u03bf\\u03bd\\u03b9\\u03ba\\u03cc \\u03c0\\u03b5\\u03b4\\u03af\\u03bf \\u03c4\\u03b7\\u03c2 \\u0394\\u03b9\\u03bf\\u03b9\\u03ba\\u03b7\\u03c4\\u03b9\\u03ba\\u03ae\\u03c2 \\u0395\\u03c0\\u03b9\\u03c3\\u03c4\\u03ae\\u03bc\\u03b7\\u03c2 \\u03ba\\u03b1\\u03b9 \\u03c4\\u03b7\\u03c2 \\u03a4\\u03b5\\u03c7\\u03bd\\u03bf\\u03bb\\u03bf\\u03b3\\u03af\\u03b1\\u03c2, \\u03c0\\u03c1\\u03bf\\u03c2 \\u03cc\\u03c6\\u03b5\\u03bb\\u03bf\\u03c2 \\u03c4\\u03b7\\u03c2 \\u03ba\\u03bf\\u03b9\\u03bd\\u03c9\\u03bd\\u03af\\u03b1\\u03c2 \\u03ba\\u03b1\\u03b9 \\u03c4\\u03b7\\u03c2 \\u03b5\\u03c0\\u03b9\\u03c3\\u03c4\\u03ae\\u03bc\\u03b7\\u03c2.<\\/p>\\r\\n<p>O \\u03c3\\u03ba\\u03bf\\u03c0\\u03cc\\u03c2 \\u03c4\\u03bf\\u03c5 \\u03c0\\u03c1\\u03bf\\u03b3\\u03c1\\u03ac\\u03bc\\u03bc\\u03b1\\u03c4\\u03bf\\u03c2 \\u03b5\\u03af\\u03bd\\u03b1\\u03b9 \\u03b7 \\u03b4\\u03b7\\u03bc\\u03b9\\u03bf\\u03c5\\u03c1\\u03b3\\u03af\\u03b1 \\u03c3\\u03c4\\u03b5\\u03bb\\u03b5\\u03c7\\u03ce\\u03bd \\u03c0\\u03bf\\u03c5 \\u03b8\\u03b1 \\u03c3\\u03c5\\u03bd\\u03b4\\u03c5\\u03ac\\u03b6\\u03bf\\u03c5\\u03bd \\u03c4\\u03b9\\u03c2 \\u03b5\\u03c0\\u03b9\\u03c3\\u03c4\\u03b7\\u03bc\\u03bf\\u03bd\\u03b9\\u03ba\\u03ad\\u03c2 \\u03b3\\u03bd\\u03ce\\u03c3\\u03b5\\u03b9\\u03c2 \\u03c4\\u03b7\\u03c2 \\u03b4\\u03b9\\u03bf\\u03b9\\u03ba\\u03b7\\u03c4\\u03b9\\u03ba\\u03ae\\u03c2 \\u03b5\\u03c0\\u03b9\\u03c3\\u03c4\\u03ae\\u03bc\\u03b7\\u03c2 \\u03ba\\u03b1\\u03b9 \\u03c4\\u03b9\\u03c2 \\u03b1\\u03c0\\u03b1\\u03c1\\u03b1\\u03af\\u03c4\\u03b7\\u03c4\\u03b5\\u03c2 \\u03bf\\u03c1\\u03b3\\u03b1\\u03bd\\u03c9\\u03c3\\u03b9\\u03b1\\u03ba\\u03ad\\u03c2 \\u03ba\\u03b1\\u03b9 \\u03b7\\u03b3\\u03b5\\u03c4\\u03b9\\u03ba\\u03ad\\u03c2 \\u03b9\\u03ba\\u03b1\\u03bd\\u03cc\\u03c4\\u03b7\\u03c4\\u03b5\\u03c2, \\u03c0\\u03bb\\u03b1\\u03b9\\u03c3\\u03b9\\u03c9\\u03bc\\u03ad\\u03bd\\u03b5\\u03c2 \\u03bc\\u03b5 \\u03c4\\u03b9\\u03c2 \\u03b5\\u03c0\\u03b9\\u03c3\\u03c4\\u03b7\\u03bc\\u03bf\\u03bd\\u03b9\\u03ba\\u03ad\\u03c2 \\u03b3\\u03bd\\u03ce\\u03c3\\u03b5\\u03b9\\u03c2 \\u03ba\\u03b1\\u03b9 \\u03c4\\u03b9\\u03c2 \\u03b9\\u03ba\\u03b1\\u03bd\\u03cc\\u03c4\\u03b7\\u03c4\\u03b5\\u03c2 \\u03b1\\u03be\\u03b9\\u03bf\\u03c0\\u03bf\\u03af\\u03b7\\u03c3\\u03b7\\u03c2 \\u03c4\\u03c9\\u03bd \\u03c3\\u03cd\\u03b3\\u03c7\\u03c1\\u03bf\\u03bd\\u03c9\\u03bd \\u03c4\\u03b5\\u03c7\\u03bd\\u03bf\\u03bb\\u03bf\\u03b3\\u03b9\\u03ce\\u03bd \\u03ba\\u03b1\\u03b9 \\u03b5\\u03b9\\u03b4\\u03b9\\u03ba\\u03cc\\u03c4\\u03b5\\u03c1\\u03b1 \\u03c4\\u03b7\\u03c2 \\u03a0\\u03bb\\u03b7\\u03c1\\u03bf\\u03c6\\u03bf\\u03c1\\u03b9\\u03ba\\u03ae\\u03c2 \\u03ba\\u03b1\\u03b9 \\u03c4\\u03c9\\u03bd \\u0395\\u03c0\\u03b9\\u03ba\\u03bf\\u03b9\\u03bd\\u03c9\\u03bd\\u03b9\\u03ce\\u03bd.\\u00a0<\\/p>\",\"fulltext\":\"\",\"state\":\"1\",\"catid\":2,\"created\":\"2022-12-15 17:15:52\",\"created_by\":605,\"created_by_alias\":\"\",\"modified\":\"2022-12-15 17:15:52\",\"modified_by\":605,\"checked_out\":null,\"checked_out_time\":null,\"publish_up\":\"2022-12-15 17:15:52\",\"publish_down\":null,\"images\":\"{\\\"image_intro\\\":\\\"\\\",\\\"image_intro_alt\\\":\\\"\\\",\\\"float_intro\\\":\\\"\\\",\\\"image_intro_caption\\\":\\\"\\\",\\\"image_fulltext\\\":\\\"\\\",\\\"image_fulltext_alt\\\":\\\"\\\",\\\"float_fulltext\\\":\\\"\\\",\\\"image_fulltext_caption\\\":\\\"\\\"}\",\"urls\":\"{\\\"urla\\\":\\\"\\\",\\\"urlatext\\\":\\\"\\\",\\\"targeta\\\":\\\"\\\",\\\"urlb\\\":\\\"\\\",\\\"urlbtext\\\":\\\"\\\",\\\"targetb\\\":\\\"\\\",\\\"urlc\\\":\\\"\\\",\\\"urlctext\\\":\\\"\\\",\\\"targetc\\\":\\\"\\\"}\",\"attribs\":\"{\\\"article_layout\\\":\\\"\\\",\\\"show_title\\\":\\\"\\\",\\\"link_titles\\\":\\\"\\\",\\\"show_tags\\\":\\\"\\\",\\\"show_intro\\\":\\\"\\\",\\\"info_block_position\\\":\\\"\\\",\\\"info_block_show_title\\\":\\\"\\\",\\\"show_category\\\":\\\"\\\",\\\"link_category\\\":\\\"\\\",\\\"show_parent_category\\\":\\\"\\\",\\\"link_parent_category\\\":\\\"\\\",\\\"show_author\\\":\\\"\\\",\\\"link_author\\\":\\\"\\\",\\\"show_create_date\\\":\\\"\\\",\\\"show_modify_date\\\":\\\"\\\",\\\"show_publish_date\\\":\\\"\\\",\\\"show_item_navigation\\\":\\\"\\\",\\\"show_hits\\\":\\\"\\\",\\\"show_noauth\\\":\\\"\\\",\\\"urls_position\\\":\\\"\\\",\\\"alternative_readmore\\\":\\\"\\\",\\\"article_page_title\\\":\\\"\\\",\\\"show_publishing_options\\\":\\\"\\\",\\\"show_article_options\\\":\\\"\\\",\\\"show_urls_images_backend\\\":\\\"\\\",\\\"show_urls_images_frontend\\\":\\\"\\\"}\",\"version\":\"1\",\"ordering\":null,\"metakey\":\"\",\"metadesc\":\"\",\"access\":1,\"hits\":0,\"metadata\":\"{\\\"robots\\\":\\\"\\\",\\\"author\\\":\\\"\\\",\\\"rights\\\":\\\"\\\"}\",\"featured\":\"0\",\"language\":\"*\",\"note\":\"\"}',0),(2,'com_content.article.2','','2022-12-15 17:25:17',605,6157,'4c279d731b82e862dc4bb77fc714b31d015ec83e','{\"id\":2,\"asset_id\":93,\"title\":\"\\u03a3\\u03c4\\u03cc\\u03c7\\u03bf\\u03b9 & \\u0395\\u03c0\\u03b9\\u03b4\\u03b9\\u03ce\\u03be\\u03b5\\u03b9\\u03c2\",\"alias\":\"goal-and-objective\",\"introtext\":\"<p>\\u03a4\\u03bf \\u03a4\\u03bc\\u03ae\\u03bc\\u03b1 \\u03b1\\u03c0\\u03bf\\u03c3\\u03ba\\u03bf\\u03c0\\u03b5\\u03af:\\u00a0<\\/p>\\r\\n<ul>\\r\\n<li>\\u03a3\\u03c4\\u03b7\\u03bd \\u03c0\\u03b1\\u03c1\\u03bf\\u03c7\\u03ae \\u03b5\\u03ba\\u03c0\\u03b1\\u03af\\u03b4\\u03b5\\u03c5\\u03c3\\u03b7\\u03c2 \\u03c5\\u03c8\\u03b7\\u03bb\\u03bf\\u03cd \\u03b5\\u03c0\\u03b9\\u03c0\\u03ad\\u03b4\\u03bf\\u03c5 \\u03c3\\u03b5 \\u03c0\\u03c1\\u03bf\\u03c0\\u03c4\\u03c5\\u03c7\\u03b9\\u03b1\\u03ba\\u03bf\\u03cd\\u03c2 \\u03ba\\u03b1\\u03b9 \\u03bc\\u03b5\\u03c4\\u03b1\\u03c0\\u03c4\\u03c5\\u03c7\\u03b9\\u03b1\\u03ba\\u03bf\\u03cd\\u03c2 \\u03c6\\u03bf\\u03b9\\u03c4\\u03b7\\u03c4\\u03ad\\u03c2 \\u03c3\\u03c4\\u03b1 \\u03b1\\u03bd\\u03c4\\u03b9\\u03ba\\u03b5\\u03af\\u03bc\\u03b5\\u03bd\\u03b1 \\u03c4\\u03b7\\u03c2 \\u03b4\\u03b9\\u03bf\\u03b9\\u03ba\\u03b7\\u03c4\\u03b9\\u03ba\\u03ae\\u03c2 \\u03b5\\u03c0\\u03b9\\u03c3\\u03c4\\u03ae\\u03bc\\u03b7\\u03c2 \\u03ba\\u03b1\\u03b9 \\u03c4\\u03b7\\u03c2 \\u03c4\\u03b5\\u03c7\\u03bd\\u03bf\\u03bb\\u03bf\\u03b3\\u03af\\u03b1\\u03c2 \\u03bc\\u03b5 \\u03c3\\u03c4\\u03cc\\u03c7\\u03bf \\u03c4\\u03b7\\u03bd \\u03b1\\u03bd\\u03ac\\u03b4\\u03b5\\u03b9\\u03be\\u03b7 \\u03c4\\u03c9\\u03bd \\u03ba\\u03c1\\u03af\\u03c3\\u03b9\\u03bc\\u03c9\\u03bd \\u03c0\\u03bb\\u03b5\\u03bf\\u03bd\\u03b5\\u03ba\\u03c4\\u03b7\\u03bc\\u03ac\\u03c4\\u03c9\\u03bd \\u03c4\\u03bf\\u03c5 \\u03c3\\u03c5\\u03bd\\u03b4\\u03c5\\u03b1\\u03c3\\u03bc\\u03bf\\u03cd \\u03c4\\u03bf\\u03c5\\u03c2, \\u03b4\\u03b7\\u03bc\\u03b9\\u03bf\\u03c5\\u03c1\\u03b3\\u03ce\\u03bd\\u03c4\\u03b1\\u03c2 \\u03bc\\u03b5\\u03bb\\u03bb\\u03bf\\u03bd\\u03c4\\u03b9\\u03ba\\u03ac \\u03bc\\u03b9\\u03b1 \\u03bc\\u03ac\\u03b6\\u03b1 \\u03b5\\u03c0\\u03b9\\u03c3\\u03c4\\u03b7\\u03bc\\u03cc\\u03bd\\u03c9\\u03bd \\u03bc\\u03b5 \\u03b5\\u03c5\\u03c1\\u03b5\\u03af\\u03b1 \\u03b5\\u03c0\\u03b9\\u03c3\\u03c4\\u03b7\\u03bc\\u03bf\\u03bd\\u03b9\\u03ba\\u03ae \\u03b3\\u03bd\\u03ce\\u03c3\\u03b7 \\u03ba\\u03b1\\u03b9 \\u03b1\\u03bd\\u03b1\\u03c0\\u03c4\\u03c5\\u03b3\\u03bc\\u03ad\\u03bd\\u03b5\\u03c2 \\u03b4\\u03b5\\u03be\\u03b9\\u03cc\\u03c4\\u03b7\\u03c4\\u03b5\\u03c2 \\u03b5\\u03c6\\u03b1\\u03c1\\u03bc\\u03bf\\u03b3\\u03ae\\u03c2 \\u03c4\\u03b7\\u03c2 \\u03c3\\u03b5 \\u03c0\\u03c1\\u03b1\\u03ba\\u03c4\\u03b9\\u03ba\\u03ac \\u03c0\\u03c1\\u03bf\\u03b2\\u03bb\\u03ae\\u03bc\\u03b1\\u03c4\\u03b1.<\\/li>\\r\\n<li>\\u03a3\\u03c4\\u03b7 \\u03b4\\u03b7\\u03bc\\u03b9\\u03bf\\u03c5\\u03c1\\u03b3\\u03af\\u03b1 \\u03b5\\u03c0\\u03b9\\u03c3\\u03c4\\u03b7\\u03bc\\u03bf\\u03bd\\u03b9\\u03ba\\u03bf\\u03cd \\u03b4\\u03c5\\u03bd\\u03b1\\u03bc\\u03b9\\u03ba\\u03bf\\u03cd \\u03c5\\u03c8\\u03b7\\u03bb\\u03bf\\u03cd \\u03b5\\u03c0\\u03b9\\u03c0\\u03ad\\u03b4\\u03bf\\u03c5 \\u03b5\\u03ba\\u03c0\\u03b1\\u03af\\u03b4\\u03b5\\u03c5\\u03c3\\u03b7\\u03c2 \\u03b3\\u03b9\\u03b1 \\u03c3\\u03c4\\u03b5\\u03bb\\u03ad\\u03c7\\u03c9\\u03c3\\u03b7 \\u03c4\\u03cc\\u03c3\\u03bf \\u03c4\\u03b7\\u03c2 \\u03ad\\u03c1\\u03b5\\u03c5\\u03bd\\u03b1\\u03c2 \\u03cc\\u03c3\\u03bf \\u03ba\\u03b1\\u03b9 \\u03c4\\u03b7\\u03c2 \\u03c0\\u03b1\\u03c1\\u03bf\\u03c7\\u03ae\\u03c2 \\u03c5\\u03c0\\u03b7\\u03c1\\u03b5\\u03c3\\u03b9\\u03ce\\u03bd \\u03c3\\u03b5 \\u03c4\\u03bf\\u03bc\\u03b5\\u03af\\u03c2 \\u03bc\\u03bf\\u03c7\\u03bb\\u03bf\\u03cd\\u03c2 \\u03b3\\u03b9\\u03b1 \\u03c4\\u03b7\\u03bd \\u03bf\\u03b9\\u03ba\\u03bf\\u03bd\\u03bf\\u03bc\\u03b9\\u03ba\\u03ae \\u03b1\\u03bd\\u03ac\\u03c0\\u03c4\\u03c5\\u03be\\u03b7.<\\/li>\\r\\n<li>\\u03a3\\u03c4\\u03b7 \\u03b4\\u03b7\\u03bc\\u03b9\\u03bf\\u03c5\\u03c1\\u03b3\\u03af\\u03b1 \\u03b5\\u03bd\\u03cc\\u03c2 \\u03b9\\u03c3\\u03c7\\u03c5\\u03c1\\u03bf\\u03cd, \\u03b2\\u03b9\\u03ce\\u03c3\\u03b9\\u03bc\\u03bf\\u03c5 \\u03ba\\u03b1\\u03b9 \\u03b4\\u03b9\\u03b5\\u03b8\\u03bd\\u03ce\\u03c2 \\u03b1\\u03bd\\u03c4\\u03b1\\u03b3\\u03c9\\u03bd\\u03b9\\u03c3\\u03c4\\u03b9\\u03ba\\u03bf\\u03cd \\u03a4\\u03bc\\u03ae\\u03bc\\u03b1\\u03c4\\u03bf\\u03c2 \\u03c3\\u03c4\\u03bf \\u03b5\\u03c5\\u03c1\\u03cd \\u03c6\\u03ac\\u03c3\\u03bc\\u03b1 \\u03c4\\u03bf \\u03b2\\u03b1\\u03c3\\u03b9\\u03ba\\u03bf\\u03cd \\u03ba\\u03b1\\u03b9 \\u03b5\\u03c6\\u03b1\\u03c1\\u03bc\\u03bf\\u03c3\\u03bc\\u03ad\\u03bd\\u03bf\\u03c5 \\u03b4\\u03b9\\u03b5\\u03c0\\u03b9\\u03c3\\u03c4\\u03b7\\u03bc\\u03bf\\u03bd\\u03b9\\u03ba\\u03bf\\u03cd \\u03c0\\u03b5\\u03b4\\u03af\\u03bf\\u03c5 \\u03c4\\u03b7\\u03c2 \\u0394\\u03b9\\u03bf\\u03b9\\u03ba\\u03b7\\u03c4\\u03b9\\u03ba\\u03ae\\u03c2 \\u0395\\u03c0\\u03b9\\u03c3\\u03c4\\u03ae\\u03bc\\u03b7\\u03c2 \\u03ba\\u03b1\\u03b9 \\u03a4\\u03b5\\u03c7\\u03bd\\u03bf\\u03bb\\u03bf\\u03b3\\u03af\\u03b1\\u03c2.<\\/li>\\r\\n<li>\\u03a3\\u03c4\\u03b7 \\u03b4\\u03b7\\u03bc\\u03b9\\u03bf\\u03c5\\u03c1\\u03b3\\u03af\\u03b1 \\u03c3\\u03c5\\u03bd\\u03b5\\u03c1\\u03b3\\u03b5\\u03b9\\u03ce\\u03bd \\u03bc\\u03b5 \\u03c4\\u03b1 \\u03ac\\u03bb\\u03bb\\u03b1 \\u03c3\\u03c5\\u03b3\\u03b3\\u03b5\\u03bd\\u03ae \\u03a4\\u03bc\\u03ae\\u03bc\\u03b1\\u03c4\\u03b1 \\u03ba\\u03b1\\u03b9 \\u03c4\\u03b1 \\u03b5\\u03c1\\u03b5\\u03c5\\u03bd\\u03b7\\u03c4\\u03b9\\u03ba\\u03ac \\u03b5\\u03c1\\u03b3\\u03b1\\u03c3\\u03c4\\u03ae\\u03c1\\u03b9\\u03b1 \\u03c4\\u03b7\\u03c2 \\u03c7\\u03ce\\u03c1\\u03b1\\u03c2<\\/li>\\r\\n<\\/ul>\",\"fulltext\":\"\",\"state\":\"1\",\"catid\":2,\"created\":\"2022-12-15 17:25:17\",\"created_by\":605,\"created_by_alias\":\"\",\"modified\":\"2022-12-15 17:25:17\",\"modified_by\":605,\"checked_out\":null,\"checked_out_time\":null,\"publish_up\":\"2022-12-15 17:25:17\",\"publish_down\":null,\"images\":\"{\\\"image_intro\\\":\\\"\\\",\\\"image_intro_alt\\\":\\\"\\\",\\\"float_intro\\\":\\\"\\\",\\\"image_intro_caption\\\":\\\"\\\",\\\"image_fulltext\\\":\\\"\\\",\\\"image_fulltext_alt\\\":\\\"\\\",\\\"float_fulltext\\\":\\\"\\\",\\\"image_fulltext_caption\\\":\\\"\\\"}\",\"urls\":\"{\\\"urla\\\":\\\"\\\",\\\"urlatext\\\":\\\"\\\",\\\"targeta\\\":\\\"\\\",\\\"urlb\\\":\\\"\\\",\\\"urlbtext\\\":\\\"\\\",\\\"targetb\\\":\\\"\\\",\\\"urlc\\\":\\\"\\\",\\\"urlctext\\\":\\\"\\\",\\\"targetc\\\":\\\"\\\"}\",\"attribs\":\"{\\\"article_layout\\\":\\\"\\\",\\\"show_title\\\":\\\"\\\",\\\"link_titles\\\":\\\"\\\",\\\"show_tags\\\":\\\"\\\",\\\"show_intro\\\":\\\"\\\",\\\"info_block_position\\\":\\\"\\\",\\\"info_block_show_title\\\":\\\"\\\",\\\"show_category\\\":\\\"\\\",\\\"link_category\\\":\\\"\\\",\\\"show_parent_category\\\":\\\"\\\",\\\"link_parent_category\\\":\\\"\\\",\\\"show_author\\\":\\\"\\\",\\\"link_author\\\":\\\"\\\",\\\"show_create_date\\\":\\\"\\\",\\\"show_modify_date\\\":\\\"\\\",\\\"show_publish_date\\\":\\\"\\\",\\\"show_item_navigation\\\":\\\"\\\",\\\"show_hits\\\":\\\"\\\",\\\"show_noauth\\\":\\\"\\\",\\\"urls_position\\\":\\\"\\\",\\\"alternative_readmore\\\":\\\"\\\",\\\"article_page_title\\\":\\\"\\\",\\\"show_publishing_options\\\":\\\"\\\",\\\"show_article_options\\\":\\\"\\\",\\\"show_urls_images_backend\\\":\\\"\\\",\\\"show_urls_images_frontend\\\":\\\"\\\"}\",\"version\":\"1\",\"ordering\":null,\"metakey\":\"\",\"metadesc\":\"\",\"access\":1,\"hits\":0,\"metadata\":\"{\\\"robots\\\":\\\"\\\",\\\"author\\\":\\\"\\\",\\\"rights\\\":\\\"\\\"}\",\"featured\":\"0\",\"language\":\"*\",\"note\":\"\"}',0),(3,'com_content.category.8','','2022-12-16 07:42:59',605,613,'e479ca7df8fa5f17b2f661c79285ca3de86502fd','{\"id\":8,\"asset_id\":96,\"parent_id\":1,\"lft\":11,\"rgt\":12,\"level\":1,\"path\":null,\"extension\":\"com_content\",\"title\":\"\\u0391\\u03bd\\u03b1\\u03ba\\u03bf\\u03b9\\u03bd\\u03ce\\u03c3\\u03b5\\u03b9\\u03c2\",\"alias\":\"anakoinoseis\",\"note\":\"\",\"description\":\"\",\"published\":\"1\",\"checked_out\":null,\"checked_out_time\":null,\"access\":1,\"params\":\"{\\\"category_layout\\\":\\\"\\\",\\\"image\\\":\\\"\\\",\\\"image_alt\\\":\\\"\\\"}\",\"metadesc\":\"\",\"metakey\":\"\",\"metadata\":\"{\\\"author\\\":\\\"\\\",\\\"robots\\\":\\\"\\\"}\",\"created_user_id\":605,\"created_time\":\"2022-12-16 07:42:59\",\"modified_user_id\":605,\"modified_time\":\"2022-12-16 07:42:59\",\"hits\":null,\"language\":\"*\",\"version\":null}',0),(4,'com_content.article.3','','2022-12-16 07:46:46',605,14159,'a884a8ff6f3fe8dd760dcaec6b571afab5f6d951','{\"id\":3,\"asset_id\":97,\"title\":\"\\u0391\\u03bd\\u03b1\\u03ba\\u03bf\\u03af\\u03bd\\u03c9\\u03c3\\u03b7 \\u03b3\\u03b9\\u03b1 \\u03c4\\u03b9\\u03c2 \\u039a\\u03b1\\u03c4\\u03b1\\u03c4\\u03b1\\u03ba\\u03c4\\u03ae\\u03c1\\u03b9\\u03b5\\u03c2 \\u0395\\u03be\\u03b5\\u03c4\\u03ac\\u03c3\\u03b5\\u03b9\\u03c2 \\u03a0\\u03c4\\u03c5\\u03c7\\u03b9\\u03bf\\u03cd\\u03c7\\u03c9\\u03bd \\u0391\\u0395\\u0399\",\"alias\":\"anakoinosi-gia-tis-katataktiries-eksetaseis-ptyxioyxon-aei\",\"introtext\":\"<p><b><u>\\u039a\\u03b1\\u03c4\\u03b1\\u03c4\\u03b1\\u03ba\\u03c4\\u03ae\\u03c1\\u03b9\\u03b5\\u03c2 \\u0395\\u03be\\u03b5\\u03c4\\u03ac\\u03c3\\u03b5\\u03b9\\u03c2 \\u03a0\\u03c4\\u03c5\\u03c7\\u03b9\\u03bf\\u03cd\\u03c7\\u03c9\\u03bd \\u0391\\u0395\\u0399 \\u03b3\\u03b9\\u03b1 \\u03c4\\u03bf \\u03a4\\u03bc\\u03ae\\u03bc\\u03b1 \\u0394\\u03b9\\u03bf\\u03b9\\u03ba\\u03b7\\u03c4\\u03b9\\u03ba\\u03ae\\u03c2 \\u0395\\u03c0\\u03b9\\u03c3\\u03c4\\u03ae\\u03bc\\u03b7\\u03c2 \\u03ba\\u03b1\\u03b9 \\u03a4\\u03b5\\u03c7\\u03bd\\u03bf\\u03bb\\u03bf\\u03b3\\u03af\\u03b1\\u03c2 \\u03b3\\u03b9\\u03b1 \\u03c4\\u03bf \\u0391\\u03ba\\u03b1\\u03b4\\u03b7\\u03bc\\u03b1\\u03ca\\u03ba\\u03cc \\u03ad\\u03c4\\u03bf\\u03c2 2022-2023<\\/u><\\/b><\\/p>\\r\\n<p><strong><u>\\u03a7\\u03c1\\u03cc\\u03bd\\u03bf\\u03c2 \\u03ba\\u03b1\\u03c4\\u03ac\\u03b8\\u03b5\\u03c3\\u03b7\\u03c2 \\u03b4\\u03b9\\u03ba\\u03b1\\u03b9\\u03bf\\u03bb\\u03bf\\u03b3\\u03b7\\u03c4\\u03b9\\u03ba\\u03ce\\u03bd<\\/u><\\/strong><\\/p>\\r\\n<p>\\u0397 \\u03b1\\u03af\\u03c4\\u03b7\\u03c3\\u03b7 \\u03ba\\u03b1\\u03b9 \\u03c4\\u03b1 \\u03b4\\u03b9\\u03ba\\u03b1\\u03b9\\u03bf\\u03bb\\u03bf\\u03b3\\u03b7\\u03c4\\u03b9\\u03ba\\u03ac \\u03c4\\u03c9\\u03bd \\u03c0\\u03c4\\u03c5\\u03c7\\u03b9\\u03bf\\u03cd\\u03c7\\u03c9\\u03bd \\u0391\\u0395\\u0399 \\u03c0\\u03bf\\u03c5 \\u03b5\\u03c0\\u03b9\\u03b8\\u03c5\\u03bc\\u03bf\\u03cd\\u03bd \\u03bd\\u03b1 \\u03b4\\u03ce\\u03c3\\u03bf\\u03c5\\u03bd \\u03ba\\u03b1\\u03c4\\u03b1\\u03c4\\u03b1\\u03ba\\u03c4\\u03ae\\u03c1\\u03b9\\u03b5\\u03c2 \\u03b5\\u03be\\u03b5\\u03c4\\u03ac\\u03c3\\u03b5\\u03b9\\u03c2 \\u03b3\\u03b9\\u03b1 \\u03c4\\u03b7\\u03bd \\u03b5\\u03b3\\u03b3\\u03c1\\u03b1\\u03c6\\u03ae \\u03c4\\u03bf\\u03c5\\u03c2 \\u03c3\\u03c4\\u03bf \\u03a4\\u03bc\\u03ae\\u03bc\\u03b1 \\u0394\\u03b9\\u03bf\\u03b9\\u03ba\\u03b7\\u03c4\\u03b9\\u03ba\\u03ae\\u03c2 \\u0395\\u03c0\\u03b9\\u03c3\\u03c4\\u03ae\\u03bc\\u03b7\\u03c2 \\u03ba\\u03b1\\u03b9 \\u03a4\\u03b5\\u03c7\\u03bd\\u03bf\\u03bb\\u03bf\\u03b3\\u03af\\u03b1\\u03c2 \\u03c5\\u03c0\\u03bf\\u03b2\\u03ac\\u03bb\\u03bb\\u03bf\\u03bd\\u03c4\\u03b1\\u03b9 \\u03c3\\u03c4\\u03b7 \\u03b3\\u03c1\\u03b1\\u03bc\\u03bc\\u03b1\\u03c4\\u03b5\\u03af\\u03b1 \\u03c4\\u03bf\\u03c5 \\u03a4\\u03bc\\u03ae\\u03bc\\u03b1\\u03c4\\u03bf\\u03c2 \\u03b1\\u03c0\\u03cc\\u00a0<strong>1 \\u03ad\\u03c9\\u03c2 15 \\u039d\\u03bf\\u03b5\\u03bc\\u03b2\\u03c1\\u03af\\u03bf\\u03c5 2022.<\\/strong><\\/p>\\r\\n<p><strong><u>\\u0394\\u03b9\\u03ba\\u03b1\\u03b9\\u03bf\\u03bb\\u03bf\\u03b3\\u03b7\\u03c4\\u03b9\\u03ba\\u03ac<\\/u><\\/strong><\\/p>\\r\\n<ol>\\r\\n<li><a href=\\\"https:\\/\\/www.mst.ihu.gr\\/wp-content\\/uploads\\/2022\\/10\\/%CE%91%CE%99%CE%A4%CE%97%CE%A3%CE%97-%CE%93%CE%99%CE%91-%CE%9A%CE%91%CE%A4%CE%91%CE%A4%CE%91%CE%9E%CE%97-%CE%A3%CE%A4%CE%9F-%CE%A4%CE%9C%CE%97%CE%9C%CE%91-2022.docx\\\">\\u0391\\u03af\\u03c4\\u03b7\\u03c3\\u03b7 \\u03c4\\u03bf\\u03c5 \\u03b5\\u03bd\\u03b4\\u03b9\\u03b1\\u03c6\\u03b5\\u03c1\\u03cc\\u03bc\\u03b5\\u03bd\\u03bf\\u03c5 (\\u03c7\\u03bf\\u03c1\\u03b7\\u03b3\\u03b5\\u03af\\u03c4\\u03b1\\u03b9 \\u03ba\\u03b1\\u03b9 \\u03b1\\u03c0\\u03cc \\u03c4\\u03b7 \\u03b3\\u03c1\\u03b1\\u03bc\\u03bc\\u03b1\\u03c4\\u03b5\\u03af\\u03b1)<\\/a><\\/li>\\r\\n<li>\\u0391\\u03bd\\u03c4\\u03af\\u03b3\\u03c1\\u03b1\\u03c6\\u03bf \\u03c0\\u03c4\\u03c5\\u03c7\\u03af\\u03bf\\u03c5 \\u03ae \\u03c0\\u03b9\\u03c3\\u03c4\\u03bf\\u03c0\\u03bf\\u03b9\\u03b7\\u03c4\\u03b9\\u03ba\\u03cc \\u03c0\\u03b5\\u03c1\\u03ac\\u03c4\\u03c9\\u03c3\\u03b7\\u03c2 \\u03c3\\u03c0\\u03bf\\u03c5\\u03b4\\u03ce\\u03bd. \\u03a0\\u03c1\\u03bf\\u03ba\\u03b5\\u03b9\\u03bc\\u03ad\\u03bd\\u03bf\\u03c5 \\u03b3\\u03b9\\u03b1 \\u03c0\\u03c4\\u03c5\\u03c7\\u03b9\\u03bf\\u03cd\\u03c7\\u03bf\\u03c5\\u03c2 \\u03b5\\u03be\\u03c9\\u03c4\\u03b5\\u03c1\\u03b9\\u03ba\\u03bf\\u03cd \\u03c3\\u03c5\\u03bd\\u03c5\\u03c0\\u03bf\\u03b2\\u03ac\\u03bb\\u03bb\\u03b5\\u03c4\\u03b1\\u03b9 \\u03ba\\u03b1\\u03b9 \\u03b2\\u03b5\\u03b2\\u03b1\\u03af\\u03c9\\u03c3\\u03b7 \\u03b9\\u03c3\\u03bf\\u03c4\\u03b9\\u03bc\\u03af\\u03b1\\u03c2 \\u03c4\\u03bf\\u03c5 \\u03c4\\u03af\\u03c4\\u03bb\\u03bf\\u03c5 \\u03c3\\u03c0\\u03bf\\u03c5\\u03b4\\u03ce\\u03bd \\u03c4\\u03bf\\u03c5\\u03c2 \\u03b1\\u03c0\\u03cc \\u03c4\\u03bf\\u03bd \\u0394.\\u039f.\\u0391.\\u03a4.\\u0391.\\u03a0. \\u03ae \\u03b1\\u03c0\\u03cc \\u03c4\\u03bf \\u03cc\\u03c1\\u03b3\\u03b1\\u03bd\\u03bf \\u03c0\\u03bf\\u03c5 \\u03ad\\u03c7\\u03b5\\u03b9 \\u03c4\\u03b7\\u03bd \\u03b1\\u03c1\\u03bc\\u03bf\\u03b4\\u03b9\\u03cc\\u03c4\\u03b7\\u03c4\\u03b1 \\u03b1\\u03bd\\u03b1\\u03b3\\u03bd\\u03ce\\u03c1\\u03b9\\u03c3\\u03b7\\u03c2 \\u03c4\\u03bf\\u03c5 \\u03c4\\u03af\\u03c4\\u03bb\\u03bf\\u03c5 \\u03c3\\u03c0\\u03bf\\u03c5\\u03b4\\u03ce\\u03bd.<\\/li>\\r\\n<\\/ol>\\r\\n<p><strong><u>\\u03a7\\u03c1\\u03cc\\u03bd\\u03bf\\u03c2 \\u03b4\\u03b9\\u03b5\\u03bd\\u03ad\\u03c1\\u03b3\\u03b5\\u03b9\\u03b1\\u03c2 \\u03c4\\u03c9\\u03bd \\u03b5\\u03be\\u03b5\\u03c4\\u03ac\\u03c3\\u03b5\\u03c9\\u03bd<\\/u><\\/strong><\\/p>\\r\\n<p>\\u039f\\u03b9 \\u03ba\\u03b1\\u03c4\\u03b1\\u03c4\\u03b1\\u03ba\\u03c4\\u03ae\\u03c1\\u03b9\\u03b5\\u03c2 \\u03b5\\u03be\\u03b5\\u03c4\\u03ac\\u03c3\\u03b5\\u03b9\\u03c2 \\u03b8\\u03b1 \\u03b4\\u03b9\\u03b5\\u03bd\\u03b5\\u03c1\\u03b3\\u03b7\\u03b8\\u03bf\\u03cd\\u03bd \\u03ba\\u03b1\\u03c4\\u03ac \\u03c4\\u03bf \\u03b4\\u03b9\\u03ac\\u03c3\\u03c4\\u03b7\\u03bc\\u03b1 \\u03b1\\u03c0\\u03cc\\u00a0<strong>1 \\u03ad\\u03c9\\u03c2 20 \\u0394\\u03b5\\u03ba\\u03b5\\u03bc\\u03b2\\u03c1\\u03af\\u03bf\\u03c5 2022.<\\/strong><\\/p>\\r\\n<p><strong><u>\\u039c\\u03b1\\u03b8\\u03ae\\u03bc\\u03b1\\u03c4\\u03b1 \\u03ba\\u03b1\\u03b9 \\u038e\\u03bb\\u03b7 \\u039a\\u03b1\\u03c4\\u03b1\\u03c4\\u03b1\\u03ba\\u03c4\\u03b7\\u03c1\\u03af\\u03c9\\u03bd \\u0395\\u03be\\u03b5\\u03c4\\u03ac\\u03c3\\u03b5\\u03c9\\u03bd<\\/u><\\/strong><\\/p>\\r\\n<ol>\\r\\n<li><strong>\\u0393\\u03b5\\u03bd\\u03b9\\u03ba\\u03ac \\u039c\\u03b1\\u03b8\\u03b7\\u03bc\\u03b1\\u03c4\\u03b9\\u03ba\\u03ac<\\/strong><\\/li>\\r\\n<\\/ol>\\r\\n<p>\\u0393\\u03c1\\u03b1\\u03bc\\u03bc\\u03b9\\u03ba\\u03ae \\u03ac\\u03bb\\u03b3\\u03b5\\u03b2\\u03c1\\u03b1<\\/p>\\r\\n<p>\\u03a0\\u03af\\u03bd\\u03b1\\u03ba\\u03b5\\u03c2: \\u0395\\u03af\\u03b4\\u03b7 \\u2013 \\u0399\\u03b4\\u03b9\\u03cc\\u03c4\\u03b7\\u03c4\\u03b5\\u03c2 \\u2013 \\u03a0\\u03c1\\u03ac\\u03be\\u03b5\\u03b9\\u03c2.<\\/p>\\r\\n<p>\\u039f\\u03c1\\u03af\\u03b6\\u03bf\\u03c5\\u03c3\\u03b5\\u03c2: \\u0399\\u03b4\\u03b9\\u03cc\\u03c4\\u03b7\\u03c4\\u03b5\\u03c2.<\\/p>\\r\\n<p>\\u03a3\\u03c5\\u03c3\\u03c4\\u03ae\\u03bc\\u03b1\\u03c4\\u03b1: \\u0393\\u03c1\\u03b1\\u03bc\\u03bc\\u03b9\\u03ba\\u03ac (\\u03bd x \\u03bc).<\\/p>\\r\\n<p>\\u0391\\u03bd\\u03ac\\u03bb\\u03c5\\u03c3\\u03b7<\\/p>\\r\\n<p>\\u03a3\\u03c5\\u03bd\\u03b1\\u03c1\\u03c4\\u03ae\\u03c3\\u03b5\\u03b9\\u03c2 \\u03bc\\u03b9\\u03b1\\u03c2 \\u03bc\\u03b5\\u03c4\\u03b1\\u03b2\\u03bb\\u03b7\\u03c4\\u03ae\\u03c2.<\\/p>\\r\\n<p>\\u038c\\u03c1\\u03b9\\u03bf \\u03c3\\u03c5\\u03bd\\u03ac\\u03c1\\u03c4\\u03b7\\u03c3\\u03b7\\u03c2 \\u03c4\\u03bf\\u03c5 \\u03a7-&gt; \\u03a7o.<\\/p>\\r\\n<p>\\u03a3\\u03c5\\u03bd\\u03ad\\u03c7\\u03b5\\u03b9\\u03b1 \\u03c3\\u03c5\\u03bd\\u03ac\\u03c1\\u03c4\\u03b7\\u03c3\\u03b7\\u03c2.<\\/p>\\r\\n<p>\\u03a0\\u03b1\\u03c1\\u03ac\\u03b3\\u03c9\\u03b3\\u03bf\\u03c2 \\u03c3\\u03c5\\u03bd\\u03ac\\u03c1\\u03c4\\u03b7\\u03c3\\u03b7\\u03c2.<\\/p>\\r\\n<p>\\u039c\\u03b5\\u03bb\\u03ad\\u03c4\\u03b7 \\u03c3\\u03c5\\u03bd\\u03ac\\u03c1\\u03c4\\u03b7\\u03c3\\u03b7\\u03c2.<\\/p>\\r\\n<ol start=\\\"2\\\">\\r\\n<li><strong>\\u03a0\\u03c1\\u03bf\\u03b3\\u03c1\\u03b1\\u03bc\\u03bc\\u03b1\\u03c4\\u03b9\\u03c3\\u03bc\\u03cc\\u03c2 \\u03a5\\u03c0\\u03bf\\u03bb\\u03bf\\u03b3\\u03b9\\u03c3\\u03c4\\u03ce\\u03bd<\\/strong><\\/li>\\r\\n<\\/ol>\\r\\n<p>\\u0391\\u03bd\\u03ac\\u03c0\\u03c4\\u03c5\\u03be\\u03b7, \\u03ba\\u03b1\\u03c4\\u03b1\\u03bd\\u03cc\\u03b7\\u03c3\\u03b7 \\u03ba\\u03b1\\u03b9 \\u03ad\\u03bb\\u03b5\\u03b3\\u03c7\\u03bf\\u03c2 \\u03c0\\u03b7\\u03b3\\u03b1\\u03af\\u03bf\\u03c5 \\u03ba\\u03ce\\u03b4\\u03b9\\u03ba\\u03b1 \\u03c3\\u03b5 \\u03b3\\u03bb\\u03ce\\u03c3\\u03c3\\u03b1 \\u03c0\\u03c1\\u03bf\\u03b3\\u03c1\\u03b1\\u03bc\\u03bc\\u03b1\\u03c4\\u03b9\\u03c3\\u03bc\\u03bf\\u03cd Java.<\\/p>\\r\\n<p>\\u039c\\u03b5\\u03c4\\u03b1\\u03b2\\u03bb\\u03b7\\u03c4\\u03ad\\u03c2: \\u03a4\\u03cd\\u03c0\\u03bf\\u03b9, \\u03b5\\u03bc\\u03b2\\u03ad\\u03bb\\u03b5\\u03b9\\u03b1, \\u03b5\\u03ba\\u03c7\\u03ce\\u03c1\\u03b7\\u03c3\\u03b7 \\u03c4\\u03b9\\u03bc\\u03ae\\u03c2, \\u03b4\\u03ad\\u03c3\\u03bc\\u03b5\\u03c5\\u03c3\\u03b7 \\u03bc\\u03bd\\u03ae\\u03bc\\u03b7\\u03c2.<\\/p>\\r\\n<p>\\u0395\\u03bd\\u03c4\\u03bf\\u03bb\\u03ad\\u03c2 \\u03b5\\u03bb\\u03ad\\u03b3\\u03c7\\u03bf\\u03c5 \\u03ba\\u03b1\\u03b9 \\u03b5\\u03c0\\u03b1\\u03bd\\u03ac\\u03bb\\u03b7\\u03c8\\u03b7\\u03c2, \\u03bb\\u03bf\\u03b3\\u03b9\\u03ba\\u03bf\\u03af \\u03c4\\u03b5\\u03bb\\u03b5\\u03c3\\u03c4\\u03ad\\u03c2.<\\/p>\\r\\n<p>\\u0394\\u03b9\\u03b1\\u03c7\\u03b5\\u03af\\u03c1\\u03b9\\u03c3\\u03b7 \\u03c3\\u03c5\\u03bc\\u03b2\\u03bf\\u03bb\\u03bf\\u03c3\\u03b5\\u03b9\\u03c1\\u03ce\\u03bd \\u03ba\\u03b1\\u03b9 \\u03c7\\u03b1\\u03c1\\u03b1\\u03ba\\u03c4\\u03ae\\u03c1\\u03c9\\u03bd.<\\/p>\\r\\n<p>\\u03a0\\u03af\\u03bd\\u03b1\\u03ba\\u03b5\\u03c2: \\u039f\\u03c1\\u03b9\\u03c3\\u03bc\\u03cc\\u03c2, \\u03b1\\u03c1\\u03c7\\u03b9\\u03ba\\u03bf\\u03c0\\u03bf\\u03af\\u03b7\\u03c3\\u03b7, \\u03c3\\u03ac\\u03c1\\u03c9\\u03c3\\u03b7, \\u03b1\\u03bd\\u03b1\\u03b6\\u03ae\\u03c4\\u03b7\\u03c3\\u03b7 \\u03c3\\u03c4\\u03bf\\u03b9\\u03c7\\u03b5\\u03af\\u03c9\\u03bd, \\u03c4\\u03b1\\u03be\\u03b9\\u03bd\\u03cc\\u03bc\\u03b7\\u03c3\\u03b7 \\u03c3\\u03c4\\u03bf\\u03b9\\u03c7\\u03b5\\u03af\\u03c9\\u03bd, \\u03b1\\u03bd\\u03c4\\u03b9\\u03b3\\u03c1\\u03b1\\u03c6\\u03ae \\u03c0\\u03b9\\u03bd\\u03ac\\u03ba\\u03c9\\u03bd.<\\/p>\\r\\n<p>\\u0391\\u03bd\\u03c4\\u03b9\\u03ba\\u03b5\\u03b9\\u03bc\\u03b5\\u03bd\\u03bf\\u03c3\\u03c4\\u03c1\\u03ad\\u03c6\\u03b5\\u03b9\\u03b1: \\u039a\\u03bb\\u03ac\\u03c3\\u03b5\\u03b9\\u03c2, \\u0391\\u03bd\\u03c4\\u03b9\\u03ba\\u03b5\\u03af\\u03bc\\u03b5\\u03bd\\u03b1, \\u0399\\u03b4\\u03b9\\u03cc\\u03c4\\u03b7\\u03c4\\u03b5\\u03c2, \\u039c\\u03ad\\u03b8\\u03bf\\u03b4\\u03bf\\u03b9, \\u039a\\u03b1\\u03c4\\u03b1\\u03c3\\u03ba\\u03b5\\u03c5\\u03b1\\u03c3\\u03c4\\u03ad\\u03c2, \\u03a0\\u03b1\\u03c1\\u03ac\\u03ba\\u03b1\\u03bc\\u03c8\\u03b7, \\u03a5\\u03c0\\u03b5\\u03c1\\u03c6\\u03cc\\u03c1\\u03c4\\u03c9\\u03c3\\u03b7, \\u03a3\\u03cd\\u03bd\\u03b8\\u03b5\\u03c3\\u03b7 \\u03ba\\u03bb\\u03ac\\u03c3\\u03b5\\u03c9\\u03bd, \\u0395\\u03c0\\u03ad\\u03ba\\u03c4\\u03b1\\u03c3\\u03b7 \\u03ba\\u03bb\\u03ac\\u03c3\\u03b5\\u03c9\\u03bd \\u2013 \\u039a\\u03bb\\u03b7\\u03c1\\u03bf\\u03bd\\u03bf\\u03bc\\u03b9\\u03ba\\u03cc\\u03c4\\u03b7\\u03c4\\u03b1, \\u0391\\u03c6\\u03b7\\u03c1\\u03b7\\u03bc\\u03ad\\u03bd\\u03b5\\u03c2 \\u03ba\\u03bb\\u03ac\\u03c3\\u03b5\\u03b9\\u03c2.<\\/p>\\r\\n<p>\\u039c\\u03ad\\u03b8\\u03bf\\u03b4\\u03bf\\u03b9: \\u039a\\u03bb\\u03ae\\u03c3\\u03b7, \\u03bc\\u03b5\\u03c4\\u03b1\\u03b2\\u03af\\u03b2\\u03b1\\u03c3\\u03b7 \\u03c4\\u03b9\\u03bc\\u03ce\\u03bd, \\u03b5\\u03c0\\u03b9\\u03c3\\u03c4\\u03c1\\u03bf\\u03c6\\u03ae \\u03c4\\u03b9\\u03bc\\u03ae\\u03c2, \\u03c5\\u03c0\\u03b5\\u03c1\\u03c6\\u03cc\\u03c1\\u03c4\\u03c9\\u03c3\\u03b7, \\u03b1\\u03bd\\u03b1\\u03b4\\u03c1\\u03bf\\u03bc\\u03ae, \\u03bc\\u03b5\\u03c4\\u03b1\\u03b2\\u03af\\u03b2\\u03b1\\u03c3\\u03b7 \\u03c0\\u03b9\\u03bd\\u03ac\\u03ba\\u03c9\\u03bd, \\u03c3\\u03c5\\u03bd\\u03b1\\u03c1\\u03c4\\u03ae\\u03c3\\u03b5\\u03b9\\u03c2 \\u03b2\\u03b9\\u03b2\\u03bb\\u03b9\\u03bf\\u03b8\\u03ae\\u03ba\\u03b7\\u03c2.<\\/p>\\r\\n<p>\\u0394\\u03b9\\u03b1\\u03c7\\u03b5\\u03af\\u03c1\\u03b9\\u03c3\\u03b7 \\u0391\\u03c1\\u03c7\\u03b5\\u03af\\u03c9\\u03bd (Files).<\\/p>\\r\\n<p>3.<strong>\\u0391\\u03c1\\u03c7\\u03ad\\u03c2 \\u0394\\u03b9\\u03bf\\u03af\\u03ba\\u03b7\\u03c3\\u03b7\\u03c2 \\u0395\\u03c0\\u03b9\\u03c7\\u03b5\\u03b9\\u03c1\\u03ae\\u03c3\\u03b5\\u03c9\\u03bd<\\/strong><\\/p>\\r\\n<p>\\u039f\\u03c1\\u03b9\\u03c3\\u03bc\\u03cc\\u03c2 \\u03c4\\u03bf\\u03c5 \\u039c\\u03ac\\u03bd\\u03b1\\u03c4\\u03b6\\u03bc\\u03b5\\u03bd\\u03c4 \\u03ba\\u03b1\\u03b9 \\u03bf\\u03b9 \\u03b2\\u03b1\\u03c3\\u03b9\\u03ba\\u03ad\\u03c2 \\u03bb\\u03b5\\u03b9\\u03c4\\u03bf\\u03c5\\u03c1\\u03b3\\u03af\\u03b5\\u03c2 \\u03c4\\u03bf\\u03c5<\\/p>\\r\\n<p>\\u0399\\u03c3\\u03c4\\u03bf\\u03c1\\u03b9\\u03ba\\u03ad\\u03c2 \\u03a0\\u03c1\\u03bf\\u03c3\\u03b5\\u03b3\\u03b3\\u03af\\u03c3\\u03b5\\u03b9\\u03c2 \\u03c4\\u03bf\\u03c5 \\u039c\\u03ac\\u03bd\\u03b1\\u03c4\\u03b6\\u03bc\\u03b5\\u03bd\\u03c4<\\/p>\\r\\n<p>\\u03a4\\u03bf \\u03c0\\u03b5\\u03c1\\u03b9\\u03b2\\u03ac\\u03bb\\u03bb\\u03bf\\u03bd \\u03c4\\u03bf\\u03c5 \\u039c\\u03ac\\u03bd\\u03b1\\u03c4\\u03b6\\u03bc\\u03b5\\u03bd\\u03c4<\\/p>\\r\\n<p>\\u0397\\u03b8\\u03b9\\u03ba\\u03ae \\u03c3\\u03c5\\u03bc\\u03c0\\u03b5\\u03c1\\u03b9\\u03c6\\u03bf\\u03c1\\u03ac \\u03c3\\u03c4\\u03bf\\u03c5\\u03c2 \\u03c3\\u03cd\\u03b3\\u03c7\\u03c1\\u03bf\\u03bd\\u03bf\\u03c5\\u03c2 \\u03bf\\u03c1\\u03b3\\u03b1\\u03bd\\u03b9\\u03c3\\u03bc\\u03bf\\u03cd\\u03c2 \\u03ba\\u03b1\\u03b9 \\u03b5\\u03c4\\u03b1\\u03b9\\u03c1\\u03b9\\u03ba\\u03ae \\u03ba\\u03bf\\u03b9\\u03bd\\u03c9\\u03bd\\u03b9\\u03ba\\u03ae \\u03b5\\u03c5\\u03b8\\u03cd\\u03bd\\u03b7<\\/p>\\r\\n<p>\\u0397\\u03b3\\u03b5\\u03c3\\u03af\\u03b1 \\u03ba\\u03b1\\u03b9 \\u03c0\\u03b1\\u03c1\\u03b1\\u03ba\\u03af\\u03bd\\u03b7\\u03c3\\u03b7<\\/p>\\r\\n<p>\\u03a4\\u03b1 \\u03c0\\u03b1\\u03c1\\u03b1\\u03c0\\u03ac\\u03bd\\u03c9 \\u03bc\\u03b1\\u03b8\\u03ae\\u03bc\\u03b1\\u03c4\\u03b1 \\u03b4\\u03b5\\u03bd \\u03b1\\u03bd\\u03c4\\u03b9\\u03c3\\u03c4\\u03bf\\u03b9\\u03c7\\u03bf\\u03cd\\u03bd \\u03c3\\u03b5 \\u03bc\\u03b1\\u03b8\\u03ae\\u03bc\\u03b1\\u03c4\\u03b1 \\u03c4\\u03bf\\u03c5 \\u03a0\\u03c1\\u03bf\\u03b3\\u03c1\\u03ac\\u03bc\\u03bc\\u03b1\\u03c4\\u03bf\\u03c2 \\u03c3\\u03c0\\u03bf\\u03c5\\u03b4\\u03ce\\u03bd \\u03c4\\u03bf\\u03c5 \\u03a4\\u03bc\\u03ae\\u03bc\\u03b1\\u03c4\\u03bf\\u03c2 \\u0394\\u03b9\\u03bf\\u03b9\\u03ba\\u03b7\\u03c4\\u03b9\\u03ba\\u03ae\\u03c2 \\u0395\\u03c0\\u03b9\\u03c3\\u03c4\\u03ae\\u03bc\\u03b7\\u03c2 \\u03ba\\u03b1\\u03b9 \\u03a4\\u03b5\\u03c7\\u03bd\\u03bf\\u03bb\\u03bf\\u03b3\\u03af\\u03b1\\u03c2.<\\/p>\",\"fulltext\":\"\",\"state\":\"1\",\"catid\":8,\"created\":\"2022-12-16 07:46:46\",\"created_by\":605,\"created_by_alias\":\"\",\"modified\":\"2022-12-16 07:46:46\",\"modified_by\":605,\"checked_out\":null,\"checked_out_time\":null,\"publish_up\":\"2022-12-16 07:46:46\",\"publish_down\":null,\"images\":\"{\\\"image_intro\\\":\\\"\\\",\\\"image_intro_alt\\\":\\\"\\\",\\\"float_intro\\\":\\\"\\\",\\\"image_intro_caption\\\":\\\"\\\",\\\"image_fulltext\\\":\\\"\\\",\\\"image_fulltext_alt\\\":\\\"\\\",\\\"float_fulltext\\\":\\\"\\\",\\\"image_fulltext_caption\\\":\\\"\\\"}\",\"urls\":\"{\\\"urla\\\":\\\"\\\",\\\"urlatext\\\":\\\"\\\",\\\"targeta\\\":\\\"\\\",\\\"urlb\\\":\\\"\\\",\\\"urlbtext\\\":\\\"\\\",\\\"targetb\\\":\\\"\\\",\\\"urlc\\\":\\\"\\\",\\\"urlctext\\\":\\\"\\\",\\\"targetc\\\":\\\"\\\"}\",\"attribs\":\"{\\\"article_layout\\\":\\\"\\\",\\\"show_title\\\":\\\"\\\",\\\"link_titles\\\":\\\"\\\",\\\"show_tags\\\":\\\"\\\",\\\"show_intro\\\":\\\"\\\",\\\"info_block_position\\\":\\\"\\\",\\\"info_block_show_title\\\":\\\"\\\",\\\"show_category\\\":\\\"\\\",\\\"link_category\\\":\\\"\\\",\\\"show_parent_category\\\":\\\"\\\",\\\"link_parent_category\\\":\\\"\\\",\\\"show_author\\\":\\\"\\\",\\\"link_author\\\":\\\"\\\",\\\"show_create_date\\\":\\\"\\\",\\\"show_modify_date\\\":\\\"\\\",\\\"show_publish_date\\\":\\\"\\\",\\\"show_item_navigation\\\":\\\"\\\",\\\"show_hits\\\":\\\"\\\",\\\"show_noauth\\\":\\\"\\\",\\\"urls_position\\\":\\\"\\\",\\\"alternative_readmore\\\":\\\"\\\",\\\"article_page_title\\\":\\\"\\\",\\\"show_publishing_options\\\":\\\"\\\",\\\"show_article_options\\\":\\\"\\\",\\\"show_urls_images_backend\\\":\\\"\\\",\\\"show_urls_images_frontend\\\":\\\"\\\"}\",\"version\":\"1\",\"ordering\":null,\"metakey\":\"\",\"metadesc\":\"\",\"access\":1,\"hits\":0,\"metadata\":\"{\\\"robots\\\":\\\"\\\",\\\"author\\\":\\\"\\\",\\\"rights\\\":\\\"\\\"}\",\"featured\":\"0\",\"language\":\"*\",\"note\":\"\"}',0),(5,'com_banners.category.9','','2022-12-16 17:22:08',605,613,'d89d457a30882fb29cdd9c875135f266d3e18628','{\"id\":9,\"asset_id\":99,\"parent_id\":1,\"lft\":13,\"rgt\":14,\"level\":1,\"path\":null,\"extension\":\"com_banners\",\"title\":\"\\u039c\\u03b5\\u03c4\\u03b1\\u03c0\\u03c4\\u03c5\\u03c7\\u03b9\\u03b1\\u03ba\\u03ac\",\"alias\":\"metaptyxiaka\",\"note\":\"\",\"description\":\"\",\"published\":\"1\",\"checked_out\":null,\"checked_out_time\":null,\"access\":1,\"params\":\"{\\\"category_layout\\\":\\\"\\\",\\\"image\\\":\\\"\\\",\\\"image_alt\\\":\\\"\\\"}\",\"metadesc\":\"\",\"metakey\":\"\",\"metadata\":\"{\\\"author\\\":\\\"\\\",\\\"robots\\\":\\\"\\\"}\",\"created_user_id\":605,\"created_time\":\"2022-12-16 17:22:08\",\"modified_user_id\":605,\"modified_time\":\"2022-12-16 17:22:08\",\"hits\":null,\"language\":\"*\",\"version\":null}',0),(6,'com_banners.banner.1','','2022-12-16 17:27:13',605,838,'dd7fedc8df4a45e4b57901a5f4a331c4cbb4ce2c','{\"id\":1,\"cid\":\"0\",\"type\":\"0\",\"name\":\"\\u039c\\u03b5\\u03c4\\u03b1\\u03c0\\u03c4\\u03c5\\u03c7\\u03b9\\u03b1\\u03ba\\u03ac\",\"alias\":\"metaptyxiaka\",\"imptotal\":0,\"impmade\":\"0\",\"clicks\":\"0\",\"clickurl\":\"\",\"state\":\"1\",\"catid\":9,\"description\":\"\",\"custombannercode\":\"\",\"sticky\":\"0\",\"ordering\":1,\"metakey\":\"\",\"params\":\"{\\\"imageurl\\\":\\\"images\\\\\\/banners\\\\\\/mst_msc.jpg#joomlaImage:\\\\\\/\\\\\\/local-images\\\\\\/banners\\\\\\/mst_msc.jpg?width=326&height=234\\\",\\\"width\\\":\\\"\\\",\\\"height\\\":\\\"\\\",\\\"alt\\\":\\\"\\\"}\",\"own_prefix\":\"0\",\"metakey_prefix\":\"\",\"purchase_type\":\"-1\",\"track_clicks\":\"0\",\"track_impressions\":\"0\",\"checked_out\":null,\"checked_out_time\":null,\"publish_up\":null,\"publish_down\":null,\"reset\":\"2023-01-16 00:00:00\",\"created\":\"2022-12-16 17:27:13\",\"language\":\"*\",\"created_by\":605,\"created_by_alias\":\"\",\"modified\":\"2022-12-16 17:27:13\",\"modified_by\":605,\"version\":\"1\"}',0);

--
-- Table structure for table `qoxnc_languages`
--

CREATE TABLE `qoxnc_languages` (
  `lang_id` int(10) unsigned NOT NULL AUTO_INCREMENT,
  `asset_id` int(10) unsigned NOT NULL DEFAULT 0,
  `lang_code` char(7) CHARACTER SET utf8mb4 COLLATE utf8mb4_bin NOT NULL,
  `title` varchar(50) NOT NULL,
  `title_native` varchar(50) NOT NULL,
  `sef` varchar(50) NOT NULL,
  `image` varchar(50) NOT NULL,
  `description` varchar(512) NOT NULL,
  `metakey` text DEFAULT NULL,
  `metadesc` text NOT NULL,
  `sitename` varchar(1024) NOT NULL DEFAULT '',
  `published` int(11) NOT NULL DEFAULT 0,
  `access` int(10) unsigned NOT NULL DEFAULT 0,
  `ordering` int(11) NOT NULL DEFAULT 0,
  PRIMARY KEY (`lang_id`),
  UNIQUE KEY `idx_sef` (`sef`),
  UNIQUE KEY `idx_langcode` (`lang_code`),
  KEY `idx_access` (`access`),
  KEY `idx_ordering` (`ordering`)
) ENGINE=InnoDB AUTO_INCREMENT=3 DEFAULT CHARSET=utf8mb4 COLLATE=utf8mb4_unicode_ci;

--
-- Dumping data for table `qoxnc_languages`
--

INSERT INTO `qoxnc_languages` VALUES (1,0,'en-GB','English (en-GB)','English (United Kingdom)','en','en_gb','','','','',1,1,2),(2,91,'el-GR','Greek (el-GR)','Greek (el-GR)','el','el_gr','',NULL,'','',0,1,1);

--
-- Table structure for table `qoxnc_mail_templates`
--

CREATE TABLE `qoxnc_mail_templates` (
  `template_id` varchar(127) NOT NULL DEFAULT '',
  `extension` varchar(127) NOT NULL DEFAULT '',
  `language` char(7) NOT NULL DEFAULT '',
  `subject` varchar(255) NOT NULL DEFAULT '',
  `body` text NOT NULL,
  `htmlbody` mediumtext NOT NULL,
  `attachments` text NOT NULL,
  `params` text NOT NULL,
  PRIMARY KEY (`template_id`,`language`)
) ENGINE=InnoDB DEFAULT CHARSET=utf8mb4 COLLATE=utf8mb4_unicode_ci;

--
-- Dumping data for table `qoxnc_mail_templates`
--

INSERT INTO `qoxnc_mail_templates` VALUES ('com_actionlogs.notification','com_actionlogs','','COM_ACTIONLOGS_EMAIL_SUBJECT','COM_ACTIONLOGS_EMAIL_BODY','COM_ACTIONLOGS_EMAIL_HTMLBODY','','{\"tags\":[\"message\",\"date\",\"extension\",\"username\"]}'),('com_config.test_mail','com_config','','COM_CONFIG_SENDMAIL_SUBJECT','COM_CONFIG_SENDMAIL_BODY','','','{\"tags\":[\"sitename\",\"method\"]}'),('com_contact.mail','com_contact','','COM_CONTACT_ENQUIRY_SUBJECT','COM_CONTACT_ENQUIRY_TEXT','','','{\"tags\":[\"sitename\",\"name\",\"email\",\"subject\",\"body\",\"url\",\"customfields\"]}'),('com_contact.mail.copy','com_contact','','COM_CONTACT_COPYSUBJECT_OF','COM_CONTACT_COPYTEXT_OF','','','{\"tags\":[\"sitename\",\"name\",\"email\",\"subject\",\"body\",\"url\",\"customfields\",\"contactname\"]}'),('com_messages.new_message','com_messages','','COM_MESSAGES_NEW_MESSAGE','COM_MESSAGES_NEW_MESSAGE_BODY','','','{\"tags\":[\"subject\",\"message\",\"fromname\",\"sitename\",\"siteurl\",\"fromemail\",\"toname\",\"toemail\"]}'),('com_privacy.notification.admin.export','com_privacy','','COM_PRIVACY_EMAIL_ADMIN_REQUEST_SUBJECT_EXPORT_REQUEST','COM_PRIVACY_EMAIL_ADMIN_REQUEST_BODY_EXPORT_REQUEST','','','{\"tags\":[\"sitename\",\"url\",\"tokenurl\",\"formurl\",\"token\"]}'),('com_privacy.notification.admin.remove','com_privacy','','COM_PRIVACY_EMAIL_ADMIN_REQUEST_SUBJECT_REMOVE_REQUEST','COM_PRIVACY_EMAIL_ADMIN_REQUEST_BODY_REMOVE_REQUEST','','','{\"tags\":[\"sitename\",\"url\",\"tokenurl\",\"formurl\",\"token\"]}'),('com_privacy.notification.export','com_privacy','','COM_PRIVACY_EMAIL_REQUEST_SUBJECT_EXPORT_REQUEST','COM_PRIVACY_EMAIL_REQUEST_BODY_EXPORT_REQUEST','','','{\"tags\":[\"sitename\",\"url\",\"tokenurl\",\"formurl\",\"token\"]}'),('com_privacy.notification.remove','com_privacy','','COM_PRIVACY_EMAIL_REQUEST_SUBJECT_REMOVE_REQUEST','COM_PRIVACY_EMAIL_REQUEST_BODY_REMOVE_REQUEST','','','{\"tags\":[\"sitename\",\"url\",\"tokenurl\",\"formurl\",\"token\"]}'),('com_privacy.userdataexport','com_privacy','','COM_PRIVACY_EMAIL_DATA_EXPORT_COMPLETED_SUBJECT','COM_PRIVACY_EMAIL_DATA_EXPORT_COMPLETED_BODY','','','{\"tags\":[\"sitename\",\"url\"]}'),('com_users.massmail.mail','com_users','','COM_USERS_MASSMAIL_MAIL_SUBJECT','COM_USERS_MASSMAIL_MAIL_BODY','','','{\"tags\":[\"subject\",\"body\",\"subjectprefix\",\"bodysuffix\"]}'),('com_users.password_reset','com_users','','COM_USERS_EMAIL_PASSWORD_RESET_SUBJECT','COM_USERS_EMAIL_PASSWORD_RESET_BODY','','','{\"tags\":[\"name\",\"email\",\"sitename\",\"link_text\",\"link_html\",\"token\"]}'),('com_users.registration.admin.new_notification','com_users','','COM_USERS_EMAIL_ACCOUNT_DETAILS','COM_USERS_EMAIL_REGISTERED_NOTIFICATION_TO_ADMIN_BODY','','','{\"tags\":[\"name\",\"sitename\",\"siteurl\",\"username\"]}'),('com_users.registration.admin.verification_request','com_users','','COM_USERS_EMAIL_ACTIVATE_WITH_ADMIN_ACTIVATION_SUBJECT','COM_USERS_EMAIL_ACTIVATE_WITH_ADMIN_ACTIVATION_BODY','','','{\"tags\":[\"name\",\"sitename\",\"email\",\"username\",\"activate\"]}'),('com_users.registration.user.admin_activated','com_users','','COM_USERS_EMAIL_ACTIVATED_BY_ADMIN_ACTIVATION_SUBJECT','COM_USERS_EMAIL_ACTIVATED_BY_ADMIN_ACTIVATION_BODY','','','{\"tags\":[\"name\",\"sitename\",\"siteurl\",\"username\"]}'),('com_users.registration.user.admin_activation','com_users','','COM_USERS_EMAIL_ACCOUNT_DETAILS','COM_USERS_EMAIL_REGISTERED_WITH_ADMIN_ACTIVATION_BODY_NOPW','','','{\"tags\":[\"name\",\"sitename\",\"activate\",\"siteurl\",\"username\"]}'),('com_users.registration.user.admin_activation_w_pw','com_users','','COM_USERS_EMAIL_ACCOUNT_DETAILS','COM_USERS_EMAIL_REGISTERED_WITH_ADMIN_ACTIVATION_BODY','','','{\"tags\":[\"name\",\"sitename\",\"activate\",\"siteurl\",\"username\",\"password_clear\"]}'),('com_users.registration.user.registration_mail','com_users','','COM_USERS_EMAIL_ACCOUNT_DETAILS','COM_USERS_EMAIL_REGISTERED_BODY_NOPW','','','{\"tags\":[\"name\",\"sitename\",\"activate\",\"siteurl\",\"username\"]}'),('com_users.registration.user.registration_mail_w_pw','com_users','','COM_USERS_EMAIL_ACCOUNT_DETAILS','COM_USERS_EMAIL_REGISTERED_BODY','','','{\"tags\":[\"name\",\"sitename\",\"activate\",\"siteurl\",\"username\",\"password_clear\"]}'),('com_users.registration.user.self_activation','com_users','','COM_USERS_EMAIL_ACCOUNT_DETAILS','COM_USERS_EMAIL_REGISTERED_WITH_ACTIVATION_BODY_NOPW','','','{\"tags\":[\"name\",\"sitename\",\"activate\",\"siteurl\",\"username\"]}'),('com_users.registration.user.self_activation_w_pw','com_users','','COM_USERS_EMAIL_ACCOUNT_DETAILS','COM_USERS_EMAIL_REGISTERED_WITH_ACTIVATION_BODY','','','{\"tags\":[\"name\",\"sitename\",\"activate\",\"siteurl\",\"username\",\"password_clear\"]}'),('com_users.reminder','com_users','','COM_USERS_EMAIL_USERNAME_REMINDER_SUBJECT','COM_USERS_EMAIL_USERNAME_REMINDER_BODY','','','{\"tags\":[\"name\",\"username\",\"sitename\",\"email\",\"link_text\",\"link_html\"]}'),('plg_multifactorauth_email.mail','plg_multifactorauth_email','','PLG_MULTIFACTORAUTH_EMAIL_EMAIL_SUBJECT','PLG_MULTIFACTORAUTH_EMAIL_EMAIL_BODY','','','{\"tags\":[\"code\",\"sitename\",\"siteurl\",\"username\",\"email\",\"fullname\"]}'),('plg_system_privacyconsent.request.reminder','plg_system_privacyconsent','','PLG_SYSTEM_PRIVACYCONSENT_EMAIL_REMIND_SUBJECT','PLG_SYSTEM_PRIVACYCONSENT_EMAIL_REMIND_BODY','','','{\"tags\":[\"sitename\",\"url\",\"tokenurl\",\"formurl\",\"token\"]}'),('plg_system_tasknotification.failure_mail','plg_system_tasknotification','','PLG_SYSTEM_TASK_NOTIFICATION_FAILURE_MAIL_SUBJECT','PLG_SYSTEM_TASK_NOTIFICATION_FAILURE_MAIL_BODY','','','{\"tags\": [\"task_id\", \"task_title\", \"exit_code\", \"exec_data_time\", \"task_output\"]}'),('plg_system_tasknotification.fatal_recovery_mail','plg_system_tasknotification','','PLG_SYSTEM_TASK_NOTIFICATION_FATAL_MAIL_SUBJECT','PLG_SYSTEM_TASK_NOTIFICATION_FATAL_MAIL_BODY','','','{\"tags\": [\"task_id\", \"task_title\"]}'),('plg_system_tasknotification.orphan_mail','plg_system_tasknotification','','PLG_SYSTEM_TASK_NOTIFICATION_ORPHAN_MAIL_SUBJECT','PLG_SYSTEM_TASK_NOTIFICATION_ORPHAN_MAIL_BODY','','','{\"tags\": [\"task_id\", \"task_title\"]}'),('plg_system_tasknotification.success_mail','plg_system_tasknotification','','PLG_SYSTEM_TASK_NOTIFICATION_SUCCESS_MAIL_SUBJECT','PLG_SYSTEM_TASK_NOTIFICATION_SUCCESS_MAIL_BODY','','','{\"tags\":[\"task_id\", \"task_title\", \"exec_data_time\", \"task_output\"]}'),('plg_system_updatenotification.mail','plg_system_updatenotification','','PLG_SYSTEM_UPDATENOTIFICATION_EMAIL_SUBJECT','PLG_SYSTEM_UPDATENOTIFICATION_EMAIL_BODY','','','{\"tags\":[\"newversion\",\"curversion\",\"sitename\",\"url\",\"link\",\"releasenews\"]}'),('plg_user_joomla.mail','plg_user_joomla','','PLG_USER_JOOMLA_NEW_USER_EMAIL_SUBJECT','PLG_USER_JOOMLA_NEW_USER_EMAIL_BODY','','','{\"tags\":[\"name\",\"sitename\",\"url\",\"username\",\"password\",\"email\"]}');

--
-- Table structure for table `qoxnc_menu`
--

CREATE TABLE `qoxnc_menu` (
  `id` int(11) NOT NULL AUTO_INCREMENT,
  `menutype` varchar(24) NOT NULL COMMENT 'The type of menu this item belongs to. FK to #__menu_types.menutype',
  `title` varchar(255) NOT NULL COMMENT 'The display title of the menu item.',
  `alias` varchar(400) CHARACTER SET utf8mb4 COLLATE utf8mb4_bin NOT NULL COMMENT 'The SEF alias of the menu item.',
  `note` varchar(255) NOT NULL DEFAULT '',
  `path` varchar(1024) NOT NULL COMMENT 'The computed path of the menu item based on the alias field.',
  `link` varchar(1024) NOT NULL COMMENT 'The actually link the menu item refers to.',
  `type` varchar(16) NOT NULL COMMENT 'The type of link: Component, URL, Alias, Separator',
  `published` tinyint(4) NOT NULL DEFAULT 0 COMMENT 'The published state of the menu link.',
  `parent_id` int(10) unsigned NOT NULL DEFAULT 1 COMMENT 'The parent menu item in the menu tree.',
  `level` int(10) unsigned NOT NULL DEFAULT 0 COMMENT 'The relative level in the tree.',
  `component_id` int(10) unsigned NOT NULL DEFAULT 0 COMMENT 'FK to #__extensions.id',
  `checked_out` int(10) unsigned DEFAULT NULL COMMENT 'FK to #__users.id',
  `checked_out_time` datetime DEFAULT NULL COMMENT 'The time the menu item was checked out.',
  `browserNav` tinyint(4) NOT NULL DEFAULT 0 COMMENT 'The click behaviour of the link.',
  `access` int(10) unsigned NOT NULL DEFAULT 0 COMMENT 'The access level required to view the menu item.',
  `img` varchar(255) NOT NULL COMMENT 'The image of the menu item.',
  `template_style_id` int(10) unsigned NOT NULL DEFAULT 0,
  `params` text NOT NULL COMMENT 'JSON encoded data for the menu item.',
  `lft` int(11) NOT NULL DEFAULT 0 COMMENT 'Nested set lft.',
  `rgt` int(11) NOT NULL DEFAULT 0 COMMENT 'Nested set rgt.',
  `home` tinyint(3) unsigned NOT NULL DEFAULT 0 COMMENT 'Indicates if this menu item is the home or default page.',
  `language` char(7) NOT NULL DEFAULT '',
  `client_id` tinyint(4) NOT NULL DEFAULT 0,
  `publish_up` datetime DEFAULT NULL,
  `publish_down` datetime DEFAULT NULL,
  PRIMARY KEY (`id`),
  UNIQUE KEY `idx_client_id_parent_id_alias_language` (`client_id`,`parent_id`,`alias`(100),`language`),
  KEY `idx_componentid` (`component_id`,`menutype`,`published`,`access`),
  KEY `idx_menutype` (`menutype`),
  KEY `idx_left_right` (`lft`,`rgt`),
  KEY `idx_alias` (`alias`(100)),
  KEY `idx_path` (`path`(100)),
  KEY `idx_language` (`language`)
) ENGINE=InnoDB AUTO_INCREMENT=104 DEFAULT CHARSET=utf8mb4 COLLATE=utf8mb4_unicode_ci;

--
-- Dumping data for table `qoxnc_menu`
--

INSERT INTO `qoxnc_menu` VALUES (1,'','Menu_Item_Root','root','','','','',1,0,0,0,NULL,NULL,0,0,'',0,'',0,47,0,'*',0,NULL,NULL),(2,'main','com_banners','Banners','','Banners','index.php?option=com_banners','component',1,1,1,3,NULL,NULL,0,0,'class:bookmark',0,'',1,10,0,'*',1,NULL,NULL),(3,'main','com_banners','Banners','','Banners/Banners','index.php?option=com_banners&view=banners','component',1,2,2,3,NULL,NULL,0,0,'class:banners',0,'',2,3,0,'*',1,NULL,NULL),(4,'main','com_banners_categories','Categories','','Banners/Categories','index.php?option=com_categories&view=categories&extension=com_banners','component',1,2,2,5,NULL,NULL,0,0,'class:banners-cat',0,'',4,5,0,'*',1,NULL,NULL),(5,'main','com_banners_clients','Clients','','Banners/Clients','index.php?option=com_banners&view=clients','component',1,2,2,3,NULL,NULL,0,0,'class:banners-clients',0,'',6,7,0,'*',1,NULL,NULL),(6,'main','com_banners_tracks','Tracks','','Banners/Tracks','index.php?option=com_banners&view=tracks','component',1,2,2,3,NULL,NULL,0,0,'class:banners-tracks',0,'',8,9,0,'*',1,NULL,NULL),(7,'main','com_contact','Contacts','','Contacts','index.php?option=com_contact','component',1,1,1,7,NULL,NULL,0,0,'class:address-book',0,'',11,20,0,'*',1,NULL,NULL),(8,'main','com_contact_contacts','Contacts','','Contacts/Contacts','index.php?option=com_contact&view=contacts','component',1,7,2,7,NULL,NULL,0,0,'class:contact',0,'',12,13,0,'*',1,NULL,NULL),(9,'main','com_contact_categories','Categories','','Contacts/Categories','index.php?option=com_categories&view=categories&extension=com_contact','component',1,7,2,5,NULL,NULL,0,0,'class:contact-cat',0,'',14,15,0,'*',1,NULL,NULL),(10,'main','com_newsfeeds','News Feeds','','News Feeds','index.php?option=com_newsfeeds','component',1,1,1,16,NULL,NULL,0,0,'class:rss',0,'',23,28,0,'*',1,NULL,NULL),(11,'main','com_newsfeeds_feeds','Feeds','','News Feeds/Feeds','index.php?option=com_newsfeeds&view=newsfeeds','component',1,10,2,16,NULL,NULL,0,0,'class:newsfeeds',0,'',24,25,0,'*',1,NULL,NULL),(12,'main','com_newsfeeds_categories','Categories','','News Feeds/Categories','index.php?option=com_categories&view=categories&extension=com_newsfeeds','component',1,10,2,5,NULL,NULL,0,0,'class:newsfeeds-cat',0,'',26,27,0,'*',1,NULL,NULL),(13,'main','com_finder','Smart Search','','Smart Search','index.php?option=com_finder','component',1,1,1,23,NULL,NULL,0,0,'class:search-plus',0,'',29,38,0,'*',1,NULL,NULL),(14,'main','com_tags','Tags','','Tags','index.php?option=com_tags&view=tags','component',1,1,1,25,NULL,NULL,0,1,'class:tags',0,'',39,40,0,'',1,NULL,NULL),(15,'main','com_associations','Multilingual Associations','','Multilingual Associations','index.php?option=com_associations&view=associations','component',1,1,1,30,NULL,NULL,0,0,'class:language',0,'',21,22,0,'*',1,NULL,NULL),(16,'main','mod_menu_fields','Contact Custom Fields','','contact/Custom Fields','index.php?option=com_fields&context=com_contact.contact','component',1,7,2,29,NULL,NULL,0,0,'class:messages-add',0,'',16,17,0,'*',1,NULL,NULL),(17,'main','mod_menu_fields_group','Contact Custom Fields Group','','contact/Custom Fields Group','index.php?option=com_fields&view=groups&context=com_contact.contact','component',1,7,2,29,NULL,NULL,0,0,'class:messages-add',0,'',18,19,0,'*',1,NULL,NULL),(18,'main','com_finder_index','Smart-Search-Index','','Smart Search/Index','index.php?option=com_finder&view=index','component',1,13,2,23,NULL,NULL,0,0,'class:finder',0,'',30,31,0,'*',1,NULL,NULL),(19,'main','com_finder_maps','Smart-Search-Maps','','Smart Search/Maps','index.php?option=com_finder&view=maps','component',1,13,2,23,NULL,NULL,0,0,'class:finder-maps',0,'',32,33,0,'*',1,NULL,NULL),(20,'main','com_finder_filters','Smart-Search-Filters','','Smart Search/Filters','index.php?option=com_finder&view=filters','component',1,13,2,23,NULL,NULL,0,0,'class:finder-filters',0,'',34,35,0,'*',1,NULL,NULL),(21,'main','com_finder_searches','Smart-Search-Searches','','Smart Search/Searches','index.php?option=com_finder&view=searches','component',1,13,2,23,NULL,NULL,0,0,'class:finder-searches',0,'',36,37,0,'*',1,NULL,NULL),(101,'mainmenu','Αρχική','home','','home','index.php?option=com_content&view=article&id=1','component',1,1,1,19,NULL,NULL,0,1,' ',0,'{\"show_title\":\"\",\"link_titles\":\"\",\"show_intro\":\"\",\"info_block_position\":\"\",\"info_block_show_title\":\"\",\"show_category\":\"\",\"link_category\":\"\",\"show_parent_category\":\"\",\"link_parent_category\":\"\",\"show_author\":\"\",\"link_author\":\"\",\"show_create_date\":\"\",\"show_modify_date\":\"\",\"show_publish_date\":\"\",\"show_item_navigation\":\"\",\"show_hits\":\"\",\"show_tags\":\"\",\"show_noauth\":\"\",\"urls_position\":\"\",\"menu-anchor_title\":\"\",\"menu-anchor_css\":\"\",\"menu_icon_css\":\"\",\"menu_image\":\"\",\"menu_image_css\":\"\",\"menu_text\":1,\"menu_show\":1,\"page_title\":\"\",\"show_page_heading\":\"0\",\"page_heading\":\"\",\"pageclass_sfx\":\"\",\"menu-meta_description\":\"\",\"robots\":\"\"}',41,42,1,'*',0,NULL,NULL),(102,'mainmenu','Στόχοι & Επιδιώξεις','goal-and-objective','','goal-and-objective','index.php?option=com_content&view=article&id=2','component',1,1,1,19,NULL,NULL,0,1,' ',0,'{\"show_title\":\"\",\"link_titles\":\"\",\"show_intro\":\"\",\"info_block_position\":\"\",\"info_block_show_title\":\"\",\"show_category\":\"\",\"link_category\":\"\",\"show_parent_category\":\"\",\"link_parent_category\":\"\",\"show_author\":\"\",\"link_author\":\"\",\"show_create_date\":\"\",\"show_modify_date\":\"\",\"show_publish_date\":\"\",\"show_item_navigation\":\"\",\"show_hits\":\"\",\"show_tags\":\"\",\"show_noauth\":\"\",\"urls_position\":\"\",\"menu-anchor_title\":\"\",\"menu-anchor_css\":\"\",\"menu_icon_css\":\"\",\"menu_image\":\"\",\"menu_image_css\":\"\",\"menu_text\":1,\"menu_show\":1,\"page_title\":\"\",\"show_page_heading\":\"\",\"page_heading\":\"\",\"pageclass_sfx\":\"\",\"menu-meta_description\":\"\",\"robots\":\"\"}',43,44,0,'*',0,NULL,NULL),(103,'mainmenu','Ανακοινώσεις','anakoinoseis','','anakoinoseis','index.php?option=com_content&view=category&id=8','component',1,1,1,19,NULL,NULL,0,1,' ',0,'{\"show_category_title\":\"\",\"show_description\":\"\",\"show_description_image\":\"\",\"maxLevel\":\"\",\"show_empty_categories\":\"\",\"show_no_articles\":\"\",\"show_category_heading_title_text\":\"\",\"show_subcat_desc\":\"\",\"show_cat_num_articles\":\"\",\"show_cat_tags\":\"\",\"show_pagination_limit\":\"\",\"filter_field\":\"\",\"show_headings\":\"\",\"list_show_date\":\"published\",\"date_format\":\"\",\"list_show_hits\":\"0\",\"list_show_author\":\"0\",\"orderby_pri\":\"\",\"orderby_sec\":\"\",\"order_date\":\"\",\"show_pagination\":\"\",\"show_pagination_results\":\"\",\"display_num\":\"\",\"show_featured\":\"\",\"article_layout\":\"_:default\",\"show_title\":\"\",\"link_titles\":\"\",\"show_intro\":\"\",\"show_category\":\"\",\"link_category\":\"\",\"show_parent_category\":\"\",\"link_parent_category\":\"\",\"show_author\":\"\",\"link_author\":\"\",\"show_create_date\":\"\",\"show_modify_date\":\"\",\"show_publish_date\":\"\",\"show_item_navigation\":\"\",\"show_readmore\":\"\",\"show_readmore_title\":\"\",\"show_hits\":\"\",\"show_noauth\":\"\",\"show_feed_link\":\"\",\"feed_summary\":\"\",\"menu-anchor_title\":\"\",\"menu-anchor_css\":\"\",\"menu_icon_css\":\"\",\"menu_image\":\"\",\"menu_image_css\":\"\",\"menu_text\":1,\"menu_show\":1,\"page_title\":\"\",\"show_page_heading\":\"\",\"page_heading\":\"\",\"pageclass_sfx\":\"\",\"menu-meta_description\":\"\",\"robots\":\"\"}',45,46,0,'*',0,NULL,NULL);

--
-- Table structure for table `qoxnc_menu_types`
--

CREATE TABLE `qoxnc_menu_types` (
  `id` int(10) unsigned NOT NULL AUTO_INCREMENT,
  `asset_id` int(10) unsigned NOT NULL DEFAULT 0,
  `menutype` varchar(24) NOT NULL,
  `title` varchar(48) NOT NULL,
  `description` varchar(255) NOT NULL DEFAULT '',
  `client_id` int(11) NOT NULL DEFAULT 0,
  PRIMARY KEY (`id`),
  UNIQUE KEY `idx_menutype` (`menutype`)
) ENGINE=InnoDB AUTO_INCREMENT=2 DEFAULT CHARSET=utf8mb4 COLLATE=utf8mb4_unicode_ci;

--
-- Dumping data for table `qoxnc_menu_types`
--

INSERT INTO `qoxnc_menu_types` VALUES (1,0,'mainmenu','Main Menu','The main menu for the site',0);

--
-- Table structure for table `qoxnc_messages`
--

CREATE TABLE `qoxnc_messages` (
  `message_id` int(10) unsigned NOT NULL AUTO_INCREMENT,
  `user_id_from` int(10) unsigned NOT NULL DEFAULT 0,
  `user_id_to` int(10) unsigned NOT NULL DEFAULT 0,
  `folder_id` tinyint(3) unsigned NOT NULL DEFAULT 0,
  `date_time` datetime NOT NULL,
  `state` tinyint(4) NOT NULL DEFAULT 0,
  `priority` tinyint(3) unsigned NOT NULL DEFAULT 0,
  `subject` varchar(255) NOT NULL DEFAULT '',
  `message` text NOT NULL,
  PRIMARY KEY (`message_id`),
  KEY `useridto_state` (`user_id_to`,`state`)
) ENGINE=InnoDB DEFAULT CHARSET=utf8mb4 COLLATE=utf8mb4_unicode_ci;

--
-- Dumping data for table `qoxnc_messages`
--


--
-- Table structure for table `qoxnc_messages_cfg`
--

CREATE TABLE `qoxnc_messages_cfg` (
  `user_id` int(10) unsigned NOT NULL DEFAULT 0,
  `cfg_name` varchar(100) NOT NULL DEFAULT '',
  `cfg_value` varchar(255) NOT NULL DEFAULT '',
  UNIQUE KEY `idx_user_var_name` (`user_id`,`cfg_name`)
) ENGINE=InnoDB DEFAULT CHARSET=utf8mb4 COLLATE=utf8mb4_unicode_ci;

--
-- Dumping data for table `qoxnc_messages_cfg`
--


--
-- Table structure for table `qoxnc_modules`
--

CREATE TABLE `qoxnc_modules` (
  `id` int(11) NOT NULL AUTO_INCREMENT,
  `asset_id` int(10) unsigned NOT NULL DEFAULT 0 COMMENT 'FK to the #__assets table.',
  `title` varchar(100) NOT NULL DEFAULT '',
  `note` varchar(255) NOT NULL DEFAULT '',
  `content` text DEFAULT NULL,
  `ordering` int(11) NOT NULL DEFAULT 0,
  `position` varchar(50) NOT NULL DEFAULT '',
  `checked_out` int(10) unsigned DEFAULT NULL,
  `checked_out_time` datetime DEFAULT NULL,
  `publish_up` datetime DEFAULT NULL,
  `publish_down` datetime DEFAULT NULL,
  `published` tinyint(4) NOT NULL DEFAULT 0,
  `module` varchar(50) DEFAULT NULL,
  `access` int(10) unsigned NOT NULL DEFAULT 0,
  `showtitle` tinyint(3) unsigned NOT NULL DEFAULT 1,
  `params` text NOT NULL,
  `client_id` tinyint(4) NOT NULL DEFAULT 0,
  `language` char(7) NOT NULL,
  PRIMARY KEY (`id`),
  KEY `published` (`published`,`access`),
  KEY `newsfeeds` (`module`,`published`),
  KEY `idx_language` (`language`)
) ENGINE=InnoDB AUTO_INCREMENT=113 DEFAULT CHARSET=utf8mb4 COLLATE=utf8mb4_unicode_ci;

--
-- Dumping data for table `qoxnc_modules`
--

INSERT INTO `qoxnc_modules` VALUES (1,39,'Main Menu','','',1,'menu',NULL,NULL,NULL,NULL,1,'mod_menu',1,0,'{\"menutype\":\"mainmenu\",\"base\":\"\",\"startLevel\":1,\"endLevel\":0,\"showAllChildren\":1,\"tag_id\":\"\",\"class_sfx\":\"\",\"window_open\":\"\",\"layout\":\"cassiopeia:collapse-metismenu\",\"moduleclass_sfx\":\"\",\"cache\":1,\"cache_time\":900,\"cachemode\":\"itemid\",\"module_tag\":\"div\",\"bootstrap_size\":\"0\",\"header_tag\":\"h3\",\"header_class\":\"\",\"style\":\"0\"}',0,'*'),(2,40,'Login','','',1,'login',NULL,NULL,NULL,NULL,1,'mod_login',1,1,'',1,'*'),(3,41,'Popular Articles','','',3,'cpanel',NULL,NULL,NULL,NULL,1,'mod_popular',3,1,'{\"count\":\"5\",\"catid\":\"\",\"user_id\":\"0\",\"layout\":\"_:default\",\"moduleclass_sfx\":\"\",\"cache\":\"0\", \"bootstrap_size\": \"12\",\"header_tag\":\"h2\"}',1,'*'),(4,42,'Recently Added Articles','','',4,'cpanel',NULL,NULL,NULL,NULL,1,'mod_latest',3,1,'{\"count\":\"5\",\"ordering\":\"c_dsc\",\"catid\":\"\",\"user_id\":\"0\",\"layout\":\"_:default\",\"moduleclass_sfx\":\"\",\"cache\":\"0\", \"bootstrap_size\": \"12\",\"header_tag\":\"h2\"}',1,'*'),(8,43,'Toolbar','','',1,'toolbar',NULL,NULL,NULL,NULL,1,'mod_toolbar',3,1,'',1,'*'),(9,44,'Notifications','','',3,'icon',NULL,NULL,NULL,NULL,1,'mod_quickicon',3,1,'{\"context\":\"update_quickicon\",\"header_icon\":\"icon-sync\",\"show_jupdate\":\"1\",\"show_eupdate\":\"1\",\"show_oupdate\":\"1\",\"show_privacy\":\"1\",\"layout\":\"_:default\",\"moduleclass_sfx\":\"\",\"cache\":1,\"cache_time\":900,\"style\":\"0\",\"module_tag\":\"div\",\"bootstrap_size\":\"12\",\"header_tag\":\"h2\",\"header_class\":\"\"}',1,'*'),(10,45,'Logged-in Users','','',2,'cpanel',NULL,NULL,NULL,NULL,1,'mod_logged',3,1,'{\"count\":\"5\",\"name\":\"1\",\"layout\":\"_:default\",\"moduleclass_sfx\":\"\",\"cache\":\"0\", \"bootstrap_size\": \"12\",\"header_tag\":\"h2\"}',1,'*'),(12,46,'Admin Menu','','',1,'menu',NULL,NULL,NULL,NULL,1,'mod_menu',3,1,'{\"layout\":\"\",\"moduleclass_sfx\":\"\",\"shownew\":\"1\",\"showhelp\":\"1\",\"cache\":\"0\"}',1,'*'),(15,49,'Title','','',1,'title',NULL,NULL,NULL,NULL,1,'mod_title',3,1,'',1,'*'),(16,50,'Σύνδεση','','',2,'sidebar-right',NULL,NULL,NULL,NULL,1,'mod_login',1,1,'{\"pretext\":\"\",\"posttext\":\"\",\"login\":\"\",\"logout\":\"\",\"customRegLinkMenu\":\"\",\"greeting\":1,\"name\":0,\"profilelink\":0,\"usetext\":0,\"layout\":\"_:default\",\"moduleclass_sfx\":\"\",\"module_tag\":\"div\",\"bootstrap_size\":\"0\",\"header_tag\":\"h3\",\"header_class\":\"\",\"style\":\"0\"}',0,'*'),(17,51,'Breadcrumbs','','',1,'breadcrumbs',NULL,NULL,NULL,NULL,1,'mod_breadcrumbs',1,1,'{\"showHere\":0,\"showHome\":1,\"homeText\":\"\",\"showLast\":1,\"layout\":\"_:default\",\"moduleclass_sfx\":\"\",\"cache\":0,\"cache_time\":0,\"cachemode\":\"itemid\",\"module_tag\":\"div\",\"bootstrap_size\":\"0\",\"header_tag\":\"h3\",\"header_class\":\"\",\"style\":\"0\"}',0,'*'),(79,52,'Multilanguage status','','',2,'status',NULL,NULL,NULL,NULL,1,'mod_multilangstatus',3,1,'{\"layout\":\"_:default\",\"moduleclass_sfx\":\"\",\"cache\":\"0\"}',1,'*'),(86,53,'Joomla Version','','',1,'status',NULL,NULL,NULL,NULL,1,'mod_version',3,1,'{\"layout\":\"_:default\",\"moduleclass_sfx\":\"\",\"cache\":\"0\"}',1,'*'),(87,55,'Sample Data','','',0,'cpanel',NULL,NULL,NULL,NULL,1,'mod_sampledata',6,1,'{\"bootstrap_size\": \"12\",\"header_tag\":\"h2\"}',1,'*'),(88,67,'Latest Actions','','',0,'cpanel',NULL,NULL,NULL,NULL,1,'mod_latestactions',6,1,'{\"bootstrap_size\": \"12\",\"header_tag\":\"h2\"}',1,'*'),(89,68,'Privacy Dashboard','','',0,'cpanel',NULL,NULL,NULL,NULL,1,'mod_privacy_dashboard',6,1,'{\"bootstrap_size\": \"12\",\"header_tag\":\"h2\"}',1,'*'),(90,89,'Login Support','','',1,'sidebar',NULL,NULL,NULL,NULL,1,'mod_loginsupport',1,1,'{\"forum_url\":\"https://forum.joomla.org/\",\"documentation_url\":\"https://docs.joomla.org/\",\"news_url\":\"https://www.joomla.org/announcements.html\",\"automatic_title\":1,\"prepare_content\":1,\"layout\":\"_:default\",\"moduleclass_sfx\":\"\",\"cache\":1,\"cache_time\":900,\"module_tag\":\"div\",\"bootstrap_size\":\"0\",\"header_tag\":\"h3\",\"header_class\":\"\",\"style\":\"0\"}',1,'*'),(91,72,'System Dashboard','','',1,'cpanel-system',NULL,NULL,NULL,NULL,1,'mod_submenu',1,0,'{\"menutype\":\"*\",\"preset\":\"system\",\"layout\":\"_:default\",\"moduleclass_sfx\":\"\",\"module_tag\":\"div\",\"bootstrap_size\":\"12\",\"header_tag\":\"h2\",\"header_class\":\"\",\"style\":\"System-none\"}',1,'*'),(92,73,'Content Dashboard','','',1,'cpanel-content',NULL,NULL,NULL,NULL,1,'mod_submenu',1,0,'{\"menutype\":\"*\",\"preset\":\"content\",\"layout\":\"_:default\",\"moduleclass_sfx\":\"\",\"module_tag\":\"div\",\"bootstrap_size\":\"12\",\"header_tag\":\"h2\",\"header_class\":\"\",\"style\":\"System-none\"}',1,'*'),(93,74,'Menus Dashboard','','',1,'cpanel-menus',NULL,NULL,NULL,NULL,1,'mod_submenu',1,0,'{\"menutype\":\"*\",\"preset\":\"menus\",\"layout\":\"_:default\",\"moduleclass_sfx\":\"\",\"module_tag\":\"div\",\"bootstrap_size\":\"12\",\"header_tag\":\"h2\",\"header_class\":\"\",\"style\":\"System-none\"}',1,'*'),(94,75,'Components Dashboard','','',1,'cpanel-components',NULL,NULL,NULL,NULL,1,'mod_submenu',1,0,'{\"menutype\":\"*\",\"preset\":\"components\",\"layout\":\"_:default\",\"moduleclass_sfx\":\"\",\"module_tag\":\"div\",\"bootstrap_size\":\"12\",\"header_tag\":\"h2\",\"header_class\":\"\",\"style\":\"System-none\"}',1,'*'),(95,76,'Users Dashboard','','',1,'cpanel-users',NULL,NULL,NULL,NULL,1,'mod_submenu',1,0,'{\"menutype\":\"*\",\"preset\":\"users\",\"layout\":\"_:default\",\"moduleclass_sfx\":\"\",\"module_tag\":\"div\",\"bootstrap_size\":\"12\",\"header_tag\":\"h2\",\"header_class\":\"\",\"style\":\"System-none\"}',1,'*'),(96,86,'Popular Articles','','',3,'cpanel-content',NULL,NULL,NULL,NULL,1,'mod_popular',3,1,'{\"count\":\"5\",\"catid\":\"\",\"user_id\":\"0\",\"layout\":\"_:default\",\"moduleclass_sfx\":\"\",\"cache\":\"0\", \"bootstrap_size\": \"12\",\"header_tag\":\"h2\"}',1,'*'),(97,87,'Recently Added Articles','','',4,'cpanel-content',NULL,NULL,NULL,NULL,1,'mod_latest',3,1,'{\"count\":\"5\",\"ordering\":\"c_dsc\",\"catid\":\"\",\"user_id\":\"0\",\"layout\":\"_:default\",\"moduleclass_sfx\":\"\",\"cache\":\"0\", \"bootstrap_size\": \"12\",\"header_tag\":\"h2\"}',1,'*'),(98,88,'Logged-in Users','','',2,'cpanel-users',NULL,NULL,NULL,NULL,1,'mod_logged',3,1,'{\"count\":\"5\",\"name\":\"1\",\"layout\":\"_:default\",\"moduleclass_sfx\":\"\",\"cache\":\"0\", \"bootstrap_size\": \"12\",\"header_tag\":\"h2\"}',1,'*'),(99,77,'Frontend Link','','',5,'status',NULL,NULL,NULL,NULL,1,'mod_frontend',1,1,'',1,'*'),(100,78,'Messages','','',4,'status',NULL,NULL,NULL,NULL,1,'mod_messages',3,1,'',1,'*'),(101,79,'Post Install Messages','','',3,'status',NULL,NULL,NULL,NULL,1,'mod_post_installation_messages',3,1,'',1,'*'),(102,80,'User Status','','',6,'status',NULL,NULL,NULL,NULL,1,'mod_user',3,1,'',1,'*'),(103,70,'Site','','',1,'icon',NULL,NULL,NULL,NULL,1,'mod_quickicon',1,1,'{\"context\":\"site_quickicon\",\"header_icon\":\"icon-desktop\",\"show_users\":\"1\",\"show_articles\":\"1\",\"show_categories\":\"1\",\"show_media\":\"1\",\"show_menuItems\":\"1\",\"show_modules\":\"1\",\"show_plugins\":\"1\",\"show_templates\":\"1\",\"layout\":\"_:default\",\"moduleclass_sfx\":\"\",\"cache\":1,\"cache_time\":900,\"style\":\"0\",\"module_tag\":\"div\",\"bootstrap_size\":\"12\",\"header_tag\":\"h2\",\"header_class\":\"\"}',1,'*'),(104,71,'System','','',2,'icon',NULL,NULL,NULL,NULL,1,'mod_quickicon',1,1,'{\"context\":\"system_quickicon\",\"header_icon\":\"icon-wrench\",\"show_global\":\"1\",\"show_checkin\":\"1\",\"show_cache\":\"1\",\"layout\":\"_:default\",\"moduleclass_sfx\":\"\",\"cache\":1,\"cache_time\":900,\"style\":\"0\",\"module_tag\":\"div\",\"bootstrap_size\":\"12\",\"header_tag\":\"h2\",\"header_class\":\"\"}',1,'*'),(105,82,'3rd Party','','',4,'icon',NULL,NULL,NULL,NULL,1,'mod_quickicon',1,1,'{\"context\":\"mod_quickicon\",\"header_icon\":\"icon-boxes\",\"load_plugins\":\"1\",\"layout\":\"_:default\",\"moduleclass_sfx\":\"\",\"cache\":1,\"cache_time\":900,\"style\":\"0\",\"module_tag\":\"div\",\"bootstrap_size\":\"12\",\"header_tag\":\"h2\",\"header_class\":\"\"}',1,'*'),(106,83,'Help Dashboard','','',1,'cpanel-help',NULL,NULL,NULL,NULL,1,'mod_submenu',1,0,'{\"menutype\":\"*\",\"preset\":\"help\",\"layout\":\"_:default\",\"moduleclass_sfx\":\"\",\"style\":\"System-none\",\"module_tag\":\"div\",\"bootstrap_size\":\"12\",\"header_tag\":\"h2\",\"header_class\":\"\"}',1,'*'),(107,84,'Privacy Requests','','',1,'cpanel-privacy',NULL,NULL,NULL,NULL,1,'mod_privacy_dashboard',1,1,'{\"layout\":\"_:default\",\"moduleclass_sfx\":\"\",\"cache\":1,\"cache_time\":900,\"cachemode\":\"static\",\"style\":\"0\",\"module_tag\":\"div\",\"bootstrap_size\":\"12\",\"header_tag\":\"h2\",\"header_class\":\"\"}',1,'*'),(108,85,'Privacy Status','','',1,'cpanel-privacy',NULL,NULL,NULL,NULL,1,'mod_privacy_status',1,1,'{\"layout\":\"_:default\",\"moduleclass_sfx\":\"\",\"cache\":1,\"cache_time\":900,\"cachemode\":\"static\",\"style\":\"0\",\"module_tag\":\"div\",\"bootstrap_size\":\"12\",\"header_tag\":\"h2\",\"header_class\":\"\"}',1,'*'),(109,94,'Αναζήτηση','',NULL,1,'search',NULL,NULL,NULL,NULL,1,'mod_finder',1,0,'{\"searchfilter\":\"\",\"show_autosuggest\":1,\"show_advanced\":0,\"show_label\":1,\"alt_label\":\"\",\"show_button\":0,\"opensearch\":1,\"opensearch_name\":\"\",\"set_itemid\":0,\"layout\":\"_:default\",\"moduleclass_sfx\":\"\",\"module_tag\":\"div\",\"bootstrap_size\":\"0\",\"header_tag\":\"h3\",\"header_class\":\"\",\"style\":\"0\"}',0,'*'),(110,95,'Banner','',NULL,1,'banner',NULL,NULL,NULL,NULL,1,'mod_random_image',1,0,'{\"type\":\"jpg\",\"folder\":\"images\\/photos\",\"link\":\"\",\"width\":1000,\"height\":500,\"layout\":\"_:default\",\"moduleclass_sfx\":\"\",\"module_tag\":\"div\",\"bootstrap_size\":\"0\",\"header_tag\":\"h3\",\"header_class\":\"\",\"style\":\"0\"}',0,'*'),(111,98,'Ανακοινώσεις','',NULL,3,'sidebar-right',NULL,NULL,NULL,NULL,1,'mod_articles_latest',1,1,'{\"catid\":[8],\"count\":5,\"show_featured\":\"\",\"ordering\":\"p_dsc\",\"user_id\":\"0\",\"layout\":\"_:default\",\"moduleclass_sfx\":\"\",\"cache\":1,\"cache_time\":900,\"cachemode\":\"static\",\"module_tag\":\"div\",\"bootstrap_size\":\"0\",\"header_tag\":\"h3\",\"header_class\":\"\",\"style\":\"0\"}',0,'*'),(112,100,'Μεταπτυχιακά','',NULL,3,'sidebar-right',NULL,NULL,NULL,NULL,1,'mod_banners',1,0,'{\"target\":1,\"count\":5,\"cid\":0,\"catid\":[9],\"tag_search\":0,\"ordering\":\"0\",\"header_text\":\"\",\"footer_text\":\"\",\"layout\":\"_:default\",\"moduleclass_sfx\":\"\",\"cache\":1,\"cache_time\":900,\"module_tag\":\"div\",\"bootstrap_size\":\"0\",\"header_tag\":\"h3\",\"header_class\":\"\",\"style\":\"0\"}',0,'*');

--
-- Table structure for table `qoxnc_modules_menu`
--

CREATE TABLE `qoxnc_modules_menu` (
  `moduleid` int(11) NOT NULL DEFAULT 0,
  `menuid` int(11) NOT NULL DEFAULT 0,
  PRIMARY KEY (`moduleid`,`menuid`)
) ENGINE=InnoDB DEFAULT CHARSET=utf8mb4 COLLATE=utf8mb4_unicode_ci;

--
-- Dumping data for table `qoxnc_modules_menu`
--

INSERT INTO `qoxnc_modules_menu` VALUES (1,0),(2,0),(3,0),(4,0),(6,0),(7,0),(8,0),(9,0),(10,0),(12,0),(14,0),(15,0),(16,0),(17,0),(79,0),(86,0),(87,0),(88,0),(89,0),(90,0),(91,0),(92,0),(93,0),(94,0),(95,0),(96,0),(97,0),(98,0),(99,0),(100,0),(101,0),(102,0),(103,0),(104,0),(105,0),(106,0),(107,0),(108,0),(109,0),(110,0),(111,0),(112,0);

--
-- Table structure for table `qoxnc_newsfeeds`
--

CREATE TABLE `qoxnc_newsfeeds` (
  `catid` int(11) NOT NULL DEFAULT 0,
  `id` int(10) unsigned NOT NULL AUTO_INCREMENT,
  `name` varchar(100) NOT NULL DEFAULT '',
  `alias` varchar(400) CHARACTER SET utf8mb4 COLLATE utf8mb4_bin NOT NULL DEFAULT '',
  `link` varchar(2048) NOT NULL DEFAULT '',
  `published` tinyint(4) NOT NULL DEFAULT 0,
  `numarticles` int(10) unsigned NOT NULL DEFAULT 1,
  `cache_time` int(10) unsigned NOT NULL DEFAULT 3600,
  `checked_out` int(10) unsigned DEFAULT NULL,
  `checked_out_time` datetime DEFAULT NULL,
  `ordering` int(11) NOT NULL DEFAULT 0,
  `rtl` tinyint(4) NOT NULL DEFAULT 0,
  `access` int(10) unsigned NOT NULL DEFAULT 0,
  `language` char(7) NOT NULL DEFAULT '',
  `params` text NOT NULL,
  `created` datetime NOT NULL,
  `created_by` int(10) unsigned NOT NULL DEFAULT 0,
  `created_by_alias` varchar(255) NOT NULL DEFAULT '',
  `modified` datetime NOT NULL,
  `modified_by` int(10) unsigned NOT NULL DEFAULT 0,
  `metakey` text DEFAULT NULL,
  `metadesc` text NOT NULL,
  `metadata` text NOT NULL,
  `publish_up` datetime DEFAULT NULL,
  `publish_down` datetime DEFAULT NULL,
  `description` text NOT NULL,
  `version` int(10) unsigned NOT NULL DEFAULT 1,
  `hits` int(10) unsigned NOT NULL DEFAULT 0,
  `images` text NOT NULL,
  PRIMARY KEY (`id`),
  KEY `idx_access` (`access`),
  KEY `idx_checkout` (`checked_out`),
  KEY `idx_state` (`published`),
  KEY `idx_catid` (`catid`),
  KEY `idx_createdby` (`created_by`),
  KEY `idx_language` (`language`)
) ENGINE=InnoDB DEFAULT CHARSET=utf8mb4 COLLATE=utf8mb4_unicode_ci;

--
-- Dumping data for table `qoxnc_newsfeeds`
--


--
-- Table structure for table `qoxnc_overrider`
--

CREATE TABLE `qoxnc_overrider` (
  `id` int(11) NOT NULL AUTO_INCREMENT COMMENT 'Primary Key',
  `constant` varchar(255) NOT NULL,
  `string` text NOT NULL,
  `file` varchar(255) NOT NULL,
  PRIMARY KEY (`id`)
) ENGINE=InnoDB DEFAULT CHARSET=utf8mb4 COLLATE=utf8mb4_unicode_ci;

--
-- Dumping data for table `qoxnc_overrider`
--


--
-- Table structure for table `qoxnc_postinstall_messages`
--

CREATE TABLE `qoxnc_postinstall_messages` (
  `postinstall_message_id` bigint(20) unsigned NOT NULL AUTO_INCREMENT,
  `extension_id` bigint(20) NOT NULL DEFAULT 700 COMMENT 'FK to #__extensions',
  `title_key` varchar(255) NOT NULL DEFAULT '' COMMENT 'Lang key for the title',
  `description_key` varchar(255) NOT NULL DEFAULT '' COMMENT 'Lang key for description',
  `action_key` varchar(255) NOT NULL DEFAULT '',
  `language_extension` varchar(255) NOT NULL DEFAULT 'com_postinstall' COMMENT 'Extension holding lang keys',
  `language_client_id` tinyint(4) NOT NULL DEFAULT 1,
  `type` varchar(10) NOT NULL DEFAULT 'link' COMMENT 'Message type - message, link, action',
  `action_file` varchar(255) DEFAULT '' COMMENT 'RAD URI to the PHP file containing action method',
  `action` varchar(255) DEFAULT '' COMMENT 'Action method name or URL',
  `condition_file` varchar(255) DEFAULT NULL COMMENT 'RAD URI to file holding display condition method',
  `condition_method` varchar(255) DEFAULT NULL COMMENT 'Display condition method, must return boolean',
  `version_introduced` varchar(50) NOT NULL DEFAULT '3.2.0' COMMENT 'Version when this message was introduced',
  `enabled` tinyint(4) NOT NULL DEFAULT 1,
  PRIMARY KEY (`postinstall_message_id`)
) ENGINE=InnoDB AUTO_INCREMENT=6 DEFAULT CHARSET=utf8mb4 COLLATE=utf8mb4_unicode_ci;

--
-- Dumping data for table `qoxnc_postinstall_messages`
--

INSERT INTO `qoxnc_postinstall_messages` VALUES (1,224,'COM_CPANEL_WELCOME_BEGINNERS_TITLE','COM_CPANEL_WELCOME_BEGINNERS_MESSAGE','','com_cpanel',1,'message','','','','','3.2.0',1),(2,224,'COM_CPANEL_MSG_STATS_COLLECTION_TITLE','COM_CPANEL_MSG_STATS_COLLECTION_BODY','','com_cpanel',1,'message','','','admin://components/com_admin/postinstall/statscollection.php','admin_postinstall_statscollection_condition','3.5.0',1),(3,224,'PLG_SYSTEM_UPDATENOTIFICATION_POSTINSTALL_UPDATECACHETIME','PLG_SYSTEM_UPDATENOTIFICATION_POSTINSTALL_UPDATECACHETIME_BODY','PLG_SYSTEM_UPDATENOTIFICATION_POSTINSTALL_UPDATECACHETIME_ACTION','plg_system_updatenotification',1,'action','site://plugins/system/updatenotification/postinstall/updatecachetime.php','updatecachetime_postinstall_action','site://plugins/system/updatenotification/postinstall/updatecachetime.php','updatecachetime_postinstall_condition','3.6.3',1),(4,224,'PLG_SYSTEM_HTTPHEADERS_POSTINSTALL_INTRODUCTION_TITLE','PLG_SYSTEM_HTTPHEADERS_POSTINSTALL_INTRODUCTION_BODY','PLG_SYSTEM_HTTPHEADERS_POSTINSTALL_INTRODUCTION_ACTION','plg_system_httpheaders',1,'action','site://plugins/system/httpheaders/postinstall/introduction.php','httpheaders_postinstall_action','site://plugins/system/httpheaders/postinstall/introduction.php','httpheaders_postinstall_condition','4.0.0',1),(5,224,'COM_USERS_POSTINSTALL_MULTIFACTORAUTH_TITLE','COM_USERS_POSTINSTALL_MULTIFACTORAUTH_BODY','COM_USERS_POSTINSTALL_MULTIFACTORAUTH_ACTION','com_users',1,'action','admin://components/com_users/postinstall/multifactorauth.php','com_users_postinstall_mfa_action','admin://components/com_users/postinstall/multifactorauth.php','com_users_postinstall_mfa_condition','4.2.0',1);

--
-- Table structure for table `qoxnc_privacy_consents`
--

CREATE TABLE `qoxnc_privacy_consents` (
  `id` int(10) unsigned NOT NULL AUTO_INCREMENT,
  `user_id` int(10) unsigned NOT NULL DEFAULT 0,
  `state` int(11) NOT NULL DEFAULT 1,
  `created` datetime NOT NULL,
  `subject` varchar(255) NOT NULL DEFAULT '',
  `body` text NOT NULL,
  `remind` tinyint(4) NOT NULL DEFAULT 0,
  `token` varchar(100) NOT NULL DEFAULT '',
  PRIMARY KEY (`id`),
  KEY `idx_user_id` (`user_id`)
) ENGINE=InnoDB DEFAULT CHARSET=utf8mb4 COLLATE=utf8mb4_unicode_ci;

--
-- Dumping data for table `qoxnc_privacy_consents`
--


--
-- Table structure for table `qoxnc_privacy_requests`
--

CREATE TABLE `qoxnc_privacy_requests` (
  `id` int(10) unsigned NOT NULL AUTO_INCREMENT,
  `email` varchar(100) NOT NULL DEFAULT '',
  `requested_at` datetime NOT NULL,
  `status` tinyint(4) NOT NULL DEFAULT 0,
  `request_type` varchar(25) NOT NULL DEFAULT '',
  `confirm_token` varchar(100) NOT NULL DEFAULT '',
  `confirm_token_created_at` datetime DEFAULT NULL,
  PRIMARY KEY (`id`)
) ENGINE=InnoDB DEFAULT CHARSET=utf8mb4 COLLATE=utf8mb4_unicode_ci;

--
-- Dumping data for table `qoxnc_privacy_requests`
--


--
-- Table structure for table `qoxnc_redirect_links`
--

CREATE TABLE `qoxnc_redirect_links` (
  `id` int(10) unsigned NOT NULL AUTO_INCREMENT,
  `old_url` varchar(2048) NOT NULL,
  `new_url` varchar(2048) DEFAULT NULL,
  `referer` varchar(2048) NOT NULL,
  `comment` varchar(255) NOT NULL DEFAULT '',
  `hits` int(10) unsigned NOT NULL DEFAULT 0,
  `published` tinyint(4) NOT NULL,
  `created_date` datetime NOT NULL,
  `modified_date` datetime NOT NULL,
  `header` smallint(6) NOT NULL DEFAULT 301,
  PRIMARY KEY (`id`),
  KEY `idx_old_url` (`old_url`(100)),
  KEY `idx_link_modified` (`modified_date`)
) ENGINE=InnoDB DEFAULT CHARSET=utf8mb4 COLLATE=utf8mb4_unicode_ci;

--
-- Dumping data for table `qoxnc_redirect_links`
--


--
-- Table structure for table `qoxnc_scheduler_tasks`
--

CREATE TABLE `qoxnc_scheduler_tasks` (
  `id` int(10) unsigned NOT NULL AUTO_INCREMENT,
  `asset_id` int(10) unsigned NOT NULL DEFAULT 0 COMMENT 'FK to the #__assets table.',
  `title` varchar(255) NOT NULL DEFAULT '',
  `type` varchar(128) NOT NULL COMMENT 'unique identifier for job defined by plugin',
  `execution_rules` text DEFAULT NULL COMMENT 'Execution Rules, Unprocessed',
  `cron_rules` text DEFAULT NULL COMMENT 'Processed execution rules, crontab-like JSON form',
  `state` tinyint(4) NOT NULL DEFAULT 0,
  `last_exit_code` int(11) NOT NULL DEFAULT 0 COMMENT 'Exit code when job was last run',
  `last_execution` datetime DEFAULT NULL COMMENT 'Timestamp of last run',
  `next_execution` datetime DEFAULT NULL COMMENT 'Timestamp of next (planned) run, referred for execution on trigger',
  `times_executed` int(11) DEFAULT 0 COMMENT 'Count of successful triggers',
  `times_failed` int(11) DEFAULT 0 COMMENT 'Count of failures',
  `locked` datetime DEFAULT NULL,
  `priority` smallint(6) NOT NULL DEFAULT 0,
  `ordering` int(11) NOT NULL DEFAULT 0 COMMENT 'Configurable list ordering',
  `cli_exclusive` smallint(6) NOT NULL DEFAULT 0 COMMENT 'If 1, the task is only accessible via CLI',
  `params` text NOT NULL,
  `note` text DEFAULT NULL,
  `created` datetime NOT NULL,
  `created_by` int(10) unsigned NOT NULL DEFAULT 0,
  `checked_out` int(10) unsigned DEFAULT NULL,
  `checked_out_time` datetime DEFAULT NULL,
  PRIMARY KEY (`id`),
  KEY `idx_type` (`type`),
  KEY `idx_state` (`state`),
  KEY `idx_last_exit` (`last_exit_code`),
  KEY `idx_next_exec` (`next_execution`),
  KEY `idx_locked` (`locked`),
  KEY `idx_priority` (`priority`),
  KEY `idx_cli_exclusive` (`cli_exclusive`),
  KEY `idx_checked_out` (`checked_out`)
) ENGINE=InnoDB DEFAULT CHARSET=utf8mb4 COLLATE=utf8mb4_unicode_ci;

--
-- Dumping data for table `qoxnc_scheduler_tasks`
--


--
-- Table structure for table `qoxnc_schemas`
--

CREATE TABLE `qoxnc_schemas` (
  `extension_id` int(11) NOT NULL,
  `version_id` varchar(20) NOT NULL,
  PRIMARY KEY (`extension_id`,`version_id`)
) ENGINE=InnoDB DEFAULT CHARSET=utf8mb4 COLLATE=utf8mb4_unicode_ci;

--
-- Dumping data for table `qoxnc_schemas`
--

INSERT INTO `qoxnc_schemas` VALUES (224,'4.2.3-2022-09-07');

--
-- Table structure for table `qoxnc_session`
--

CREATE TABLE `qoxnc_session` (
  `session_id` varbinary(192) NOT NULL,
  `client_id` tinyint(3) unsigned DEFAULT NULL,
  `guest` tinyint(3) unsigned DEFAULT 1,
  `time` int(11) NOT NULL DEFAULT 0,
  `data` mediumtext DEFAULT NULL,
  `userid` int(11) DEFAULT 0,
  `username` varchar(150) DEFAULT '',
  PRIMARY KEY (`session_id`),
  KEY `userid` (`userid`),
  KEY `time` (`time`),
  KEY `client_id_guest` (`client_id`,`guest`)
) ENGINE=InnoDB DEFAULT CHARSET=utf8mb4 COLLATE=utf8mb4_unicode_ci;

--
-- Dumping data for table `qoxnc_session`
--

INSERT INTO `qoxnc_session` VALUES ('1jh3iebs244afnqhmp6gcg1vs8',0,1,1671283493,'joomla|s:856:\"TzoyNDoiSm9vbWxhXFJlZ2lzdHJ5XFJlZ2lzdHJ5IjozOntzOjc6IgAqAGRhdGEiO086ODoic3RkQ2xhc3MiOjQ6e3M6Nzoic2Vzc2lvbiI7Tzo4OiJzdGRDbGFzcyI6Mzp7czo3OiJjb3VudGVyIjtpOjI4NjtzOjU6InRpbWVyIjtPOjg6InN0ZENsYXNzIjozOntzOjU6InN0YXJ0IjtpOjE2NzExMjQzODI7czo0OiJsYXN0IjtpOjE2NzEyODI2NTI7czozOiJub3ciO2k6MTY3MTI4MzQ5Mzt9czo1OiJ0b2tlbiI7czozMjoiZDQxNWRiY2NmNzcwYzVmODQ2ZTVhZjUzMTY1YWFhODYiO31zOjg6InJlZ2lzdHJ5IjtPOjI0OiJKb29tbGFcUmVnaXN0cnlcUmVnaXN0cnkiOjM6e3M6NzoiACoAZGF0YSI7Tzo4OiJzdGRDbGFzcyI6MDp7fXM6MTQ6IgAqAGluaXRpYWxpemVkIjtiOjA7czo5OiJzZXBhcmF0b3IiO3M6MToiLiI7fXM6NDoidXNlciI7TzoyMDoiSm9vbWxhXENNU1xVc2VyXFVzZXIiOjE6e3M6MjoiaWQiO2k6MDt9czoxOToicGxnX3N5c3RlbV93ZWJhdXRobiI7Tzo4OiJzdGRDbGFzcyI6MTp7czo5OiJyZXR1cm5VcmwiO3M6NTM6Imh0dHBzOi8vbGFiLm1zdC5paHUuZ3IvZG0vZnJhZ2lkaXMvam9vbWxhMjIvaW5kZXgucGhwIjt9fXM6MTQ6IgAqAGluaXRpYWxpemVkIjtiOjA7czo5OiJzZXBhcmF0b3IiO3M6MToiLiI7fQ==\";',0,''),('be8mt5n42fdrk95lebc1st2l3v',0,1,1694999915,'joomla|s:852:\"TzoyNDoiSm9vbWxhXFJlZ2lzdHJ5XFJlZ2lzdHJ5IjozOntzOjc6IgAqAGRhdGEiO086ODoic3RkQ2xhc3MiOjQ6e3M6Nzoic2Vzc2lvbiI7Tzo4OiJzdGRDbGFzcyI6Mzp7czo3OiJjb3VudGVyIjtpOjE7czo1OiJ0aW1lciI7Tzo4OiJzdGRDbGFzcyI6Mzp7czo1OiJzdGFydCI7aToxNjk0OTk5OTEzO3M6NDoibGFzdCI7aToxNjk0OTk5OTEzO3M6Mzoibm93IjtpOjE2OTQ5OTk5MTM7fXM6NToidG9rZW4iO3M6MzI6IjZkNDA2NGY3MDgyMWQ1NjJhMDkwNGNjZjk2YTNiY2M0Ijt9czo4OiJyZWdpc3RyeSI7TzoyNDoiSm9vbWxhXFJlZ2lzdHJ5XFJlZ2lzdHJ5IjozOntzOjc6IgAqAGRhdGEiO086ODoic3RkQ2xhc3MiOjA6e31zOjE0OiIAKgBpbml0aWFsaXplZCI7YjowO3M6OToic2VwYXJhdG9yIjtzOjE6Ii4iO31zOjQ6InVzZXIiO086MjA6Ikpvb21sYVxDTVNcVXNlclxVc2VyIjoxOntzOjI6ImlkIjtpOjA7fXM6MTk6InBsZ19zeXN0ZW1fd2ViYXV0aG4iO086ODoic3RkQ2xhc3MiOjE6e3M6OToicmV0dXJuVXJsIjtzOjUzOiJodHRwczovL2xhYi5tc3QuaWh1LmdyL2RtL2ZyYWdpZGlzL2pvb21sYTIyL2luZGV4LnBocCI7fX1zOjE0OiIAKgBpbml0aWFsaXplZCI7YjowO3M6OToic2VwYXJhdG9yIjtzOjE6Ii4iO30=\";',0,''),('k44haqmli4j4911csunl50cqvq',0,1,1695077158,'joomla|s:876:\"TzoyNDoiSm9vbWxhXFJlZ2lzdHJ5XFJlZ2lzdHJ5IjozOntzOjc6IgAqAGRhdGEiO086ODoic3RkQ2xhc3MiOjQ6e3M6Nzoic2Vzc2lvbiI7Tzo4OiJzdGRDbGFzcyI6Mzp7czo3OiJjb3VudGVyIjtpOjE7czo1OiJ0aW1lciI7Tzo4OiJzdGRDbGFzcyI6Mzp7czo1OiJzdGFydCI7aToxNjk1MDc3MTU1O3M6NDoibGFzdCI7aToxNjk1MDc3MTU1O3M6Mzoibm93IjtpOjE2OTUwNzcxNTU7fXM6NToidG9rZW4iO3M6MzI6IjMxZGM3YTRmY2NkZmM5ZDVlOGMwODQ1ODliYThjMmY5Ijt9czo4OiJyZWdpc3RyeSI7TzoyNDoiSm9vbWxhXFJlZ2lzdHJ5XFJlZ2lzdHJ5IjozOntzOjc6IgAqAGRhdGEiO086ODoic3RkQ2xhc3MiOjA6e31zOjE0OiIAKgBpbml0aWFsaXplZCI7YjowO3M6OToic2VwYXJhdG9yIjtzOjE6Ii4iO31zOjQ6InVzZXIiO086MjA6Ikpvb21sYVxDTVNcVXNlclxVc2VyIjoxOntzOjI6ImlkIjtpOjA7fXM6MTk6InBsZ19zeXN0ZW1fd2ViYXV0aG4iO086ODoic3RkQ2xhc3MiOjE6e3M6OToicmV0dXJuVXJsIjtzOjcyOiJodHRwczovL2xhYi5tc3QuaWh1LmdyL2RtL2ZyYWdpZGlzL2pvb21sYTIyL2luZGV4LnBocC9nb2FsLWFuZC1vYmplY3RpdmUiO319czoxNDoiACoAaW5pdGlhbGl6ZWQiO2I6MDtzOjk6InNlcGFyYXRvciI7czoxOiIuIjt9\";',0,''),('kv3ceqhe4r5l1km2amer14ubtq',0,1,1695217726,'joomla|s:948:\"TzoyNDoiSm9vbWxhXFJlZ2lzdHJ5XFJlZ2lzdHJ5IjozOntzOjc6IgAqAGRhdGEiO086ODoic3RkQ2xhc3MiOjQ6e3M6Nzoic2Vzc2lvbiI7Tzo4OiJzdGRDbGFzcyI6Mzp7czo3OiJjb3VudGVyIjtpOjE7czo1OiJ0aW1lciI7Tzo4OiJzdGRDbGFzcyI6Mzp7czo1OiJzdGFydCI7aToxNjk1MjE3NzI0O3M6NDoibGFzdCI7aToxNjk1MjE3NzI0O3M6Mzoibm93IjtpOjE2OTUyMTc3MjQ7fXM6NToidG9rZW4iO3M6MzI6IjM3MDFhYjRjMjU3YmFhZjk1ZGE0ZjU2ZDc2OTI0NzI0Ijt9czo4OiJyZWdpc3RyeSI7TzoyNDoiSm9vbWxhXFJlZ2lzdHJ5XFJlZ2lzdHJ5IjozOntzOjc6IgAqAGRhdGEiO086ODoic3RkQ2xhc3MiOjA6e31zOjE0OiIAKgBpbml0aWFsaXplZCI7YjowO3M6OToic2VwYXJhdG9yIjtzOjE6Ii4iO31zOjQ6InVzZXIiO086MjA6Ikpvb21sYVxDTVNcVXNlclxVc2VyIjoxOntzOjI6ImlkIjtpOjA7fXM6MTk6InBsZ19zeXN0ZW1fd2ViYXV0aG4iO086ODoic3RkQ2xhc3MiOjE6e3M6OToicmV0dXJuVXJsIjtzOjEyNToiaHR0cHM6Ly9sYWIubXN0LmlodS5nci9kbS9mcmFnaWRpcy9qb29tbGEyMi9pbmRleC5waHAvYW5ha29pbm9zZWlzL2FuYWtvaW5vc2ktZ2lhLXRpcy1rYXRhdGFrdGlyaWVzLWVrc2V0YXNlaXMtcHR5eGlveXhvbi1hZWkiO319czoxNDoiACoAaW5pdGlhbGl6ZWQiO2I6MDtzOjk6InNlcGFyYXRvciI7czoxOiIuIjt9\";',0,''),('pp51m52m363pujs2g4dhk42qvm',0,1,1694295393,'joomla|s:884:\"TzoyNDoiSm9vbWxhXFJlZ2lzdHJ5XFJlZ2lzdHJ5IjozOntzOjc6IgAqAGRhdGEiO086ODoic3RkQ2xhc3MiOjQ6e3M6Nzoic2Vzc2lvbiI7Tzo4OiJzdGRDbGFzcyI6Mzp7czo3OiJjb3VudGVyIjtpOjE7czo1OiJ0aW1lciI7Tzo4OiJzdGRDbGFzcyI6Mzp7czo1OiJzdGFydCI7aToxNjk0Mjk1MzkxO3M6NDoibGFzdCI7aToxNjk0Mjk1MzkxO3M6Mzoibm93IjtpOjE2OTQyOTUzOTE7fXM6NToidG9rZW4iO3M6MzI6ImIzOWYyZTRjOGZiYzdlYjM5ZTM3ZTExZTk2NmEwOGYwIjt9czo4OiJyZWdpc3RyeSI7TzoyNDoiSm9vbWxhXFJlZ2lzdHJ5XFJlZ2lzdHJ5IjozOntzOjc6IgAqAGRhdGEiO086ODoic3RkQ2xhc3MiOjA6e31zOjE0OiIAKgBpbml0aWFsaXplZCI7YjowO3M6OToic2VwYXJhdG9yIjtzOjE6Ii4iO31zOjQ6InVzZXIiO086MjA6Ikpvb21sYVxDTVNcVXNlclxVc2VyIjoxOntzOjI6ImlkIjtpOjA7fXM6MTk6InBsZ19zeXN0ZW1fd2ViYXV0aG4iO086ODoic3RkQ2xhc3MiOjE6e3M6OToicmV0dXJuVXJsIjtzOjc2OiJodHRwczovL2xhYi5tc3QuaWh1LmdyL2RtL2ZyYWdpZGlzL2pvb21sYTIyL2luZGV4LnBocC9jb21wb25lbnQvdXNlcnMvcmVtaW5kIjt9fXM6MTQ6IgAqAGluaXRpYWxpemVkIjtiOjA7czo5OiJzZXBhcmF0b3IiO3M6MToiLiI7fQ==\";',0,''),('se12uj66cftl88blfbdohjpn3o',0,1,1697984760,'joomla|s:880:\"TzoyNDoiSm9vbWxhXFJlZ2lzdHJ5XFJlZ2lzdHJ5IjozOntzOjc6IgAqAGRhdGEiO086ODoic3RkQ2xhc3MiOjQ6e3M6Nzoic2Vzc2lvbiI7Tzo4OiJzdGRDbGFzcyI6Mzp7czo3OiJjb3VudGVyIjtpOjE7czo1OiJ0aW1lciI7Tzo4OiJzdGRDbGFzcyI6Mzp7czo1OiJzdGFydCI7aToxNjk3OTg0NzU3O3M6NDoibGFzdCI7aToxNjk3OTg0NzU3O3M6Mzoibm93IjtpOjE2OTc5ODQ3NTc7fXM6NToidG9rZW4iO3M6MzI6IjYyYWE3ZWJhZTNhMjhiNzc0YWIxNzNhNWM4NTM2NzU4Ijt9czo4OiJyZWdpc3RyeSI7TzoyNDoiSm9vbWxhXFJlZ2lzdHJ5XFJlZ2lzdHJ5IjozOntzOjc6IgAqAGRhdGEiO086ODoic3RkQ2xhc3MiOjA6e31zOjE0OiIAKgBpbml0aWFsaXplZCI7YjowO3M6OToic2VwYXJhdG9yIjtzOjE6Ii4iO31zOjQ6InVzZXIiO086MjA6Ikpvb21sYVxDTVNcVXNlclxVc2VyIjoxOntzOjI6ImlkIjtpOjA7fXM6MTk6InBsZ19zeXN0ZW1fd2ViYXV0aG4iO086ODoic3RkQ2xhc3MiOjE6e3M6OToicmV0dXJuVXJsIjtzOjc1OiJodHRwczovL2xhYi5tc3QuaWh1LmdyL2RtL2ZyYWdpZGlzL2pvb21sYTIyL2luZGV4LnBocC9jb21wb25lbnQvdXNlcnMvcmVzZXQiO319czoxNDoiACoAaW5pdGlhbGl6ZWQiO2I6MDtzOjk6InNlcGFyYXRvciI7czoxOiIuIjt9\";',0,''),('tu2rvn3vks2rmbuu0elu0e5qec',0,1,1691702045,'joomla|s:840:\"TzoyNDoiSm9vbWxhXFJlZ2lzdHJ5XFJlZ2lzdHJ5IjozOntzOjc6IgAqAGRhdGEiO086ODoic3RkQ2xhc3MiOjQ6e3M6Nzoic2Vzc2lvbiI7Tzo4OiJzdGRDbGFzcyI6Mzp7czo3OiJjb3VudGVyIjtpOjE7czo1OiJ0aW1lciI7Tzo4OiJzdGRDbGFzcyI6Mzp7czo1OiJzdGFydCI7aToxNjkxNzAyMDQzO3M6NDoibGFzdCI7aToxNjkxNzAyMDQzO3M6Mzoibm93IjtpOjE2OTE3MDIwNDM7fXM6NToidG9rZW4iO3M6MzI6IjA1NDU1ZTFmNWMyZWZhNTRiNzgwYjQ4MTEwMDI5MzAzIjt9czo4OiJyZWdpc3RyeSI7TzoyNDoiSm9vbWxhXFJlZ2lzdHJ5XFJlZ2lzdHJ5IjozOntzOjc6IgAqAGRhdGEiO086ODoic3RkQ2xhc3MiOjA6e31zOjE0OiIAKgBpbml0aWFsaXplZCI7YjowO3M6OToic2VwYXJhdG9yIjtzOjE6Ii4iO31zOjQ6InVzZXIiO086MjA6Ikpvb21sYVxDTVNcVXNlclxVc2VyIjoxOntzOjI6ImlkIjtpOjA7fXM6MTk6InBsZ19zeXN0ZW1fd2ViYXV0aG4iO086ODoic3RkQ2xhc3MiOjE6e3M6OToicmV0dXJuVXJsIjtzOjQ0OiJodHRwczovL2xhYi5tc3QuaWh1LmdyL2RtL2ZyYWdpZGlzL2pvb21sYTIyLyI7fX1zOjE0OiIAKgBpbml0aWFsaXplZCI7YjowO3M6OToic2VwYXJhdG9yIjtzOjE6Ii4iO30=\";',0,'');

--
-- Table structure for table `qoxnc_tags`
--

CREATE TABLE `qoxnc_tags` (
  `id` int(10) unsigned NOT NULL AUTO_INCREMENT,
  `parent_id` int(10) unsigned NOT NULL DEFAULT 0,
  `lft` int(11) NOT NULL DEFAULT 0,
  `rgt` int(11) NOT NULL DEFAULT 0,
  `level` int(10) unsigned NOT NULL DEFAULT 0,
  `path` varchar(400) NOT NULL DEFAULT '',
  `title` varchar(255) NOT NULL,
  `alias` varchar(400) CHARACTER SET utf8mb4 COLLATE utf8mb4_bin NOT NULL DEFAULT '',
  `note` varchar(255) NOT NULL DEFAULT '',
  `description` mediumtext NOT NULL,
  `published` tinyint(4) NOT NULL DEFAULT 0,
  `checked_out` int(10) unsigned DEFAULT NULL,
  `checked_out_time` datetime DEFAULT NULL,
  `access` int(10) unsigned NOT NULL DEFAULT 0,
  `params` text NOT NULL,
  `metadesc` varchar(1024) NOT NULL COMMENT 'The meta description for the page.',
  `metakey` varchar(1024) NOT NULL DEFAULT '' COMMENT 'The keywords for the page.',
  `metadata` varchar(2048) NOT NULL COMMENT 'JSON encoded metadata properties.',
  `created_user_id` int(10) unsigned NOT NULL DEFAULT 0,
  `created_time` datetime NOT NULL,
  `created_by_alias` varchar(255) NOT NULL DEFAULT '',
  `modified_user_id` int(10) unsigned NOT NULL DEFAULT 0,
  `modified_time` datetime NOT NULL,
  `images` text NOT NULL,
  `urls` text NOT NULL,
  `hits` int(10) unsigned NOT NULL DEFAULT 0,
  `language` char(7) NOT NULL,
  `version` int(10) unsigned NOT NULL DEFAULT 1,
  `publish_up` datetime DEFAULT NULL,
  `publish_down` datetime DEFAULT NULL,
  PRIMARY KEY (`id`),
  KEY `tag_idx` (`published`,`access`),
  KEY `idx_access` (`access`),
  KEY `idx_checkout` (`checked_out`),
  KEY `idx_path` (`path`(100)),
  KEY `idx_left_right` (`lft`,`rgt`),
  KEY `idx_alias` (`alias`(100)),
  KEY `idx_language` (`language`)
) ENGINE=InnoDB AUTO_INCREMENT=2 DEFAULT CHARSET=utf8mb4 COLLATE=utf8mb4_unicode_ci;

--
-- Dumping data for table `qoxnc_tags`
--

INSERT INTO `qoxnc_tags` VALUES (1,0,0,1,0,'','ROOT','root','','',1,NULL,NULL,1,'','','','',605,'2022-12-15 16:57:52','',605,'2022-12-15 16:57:52','','',0,'*',1,NULL,NULL);

--
-- Table structure for table `qoxnc_template_overrides`
--

CREATE TABLE `qoxnc_template_overrides` (
  `id` int(10) unsigned NOT NULL AUTO_INCREMENT,
  `template` varchar(50) NOT NULL DEFAULT '',
  `hash_id` varchar(255) NOT NULL DEFAULT '',
  `extension_id` int(11) DEFAULT 0,
  `state` tinyint(4) NOT NULL DEFAULT 0,
  `action` varchar(50) NOT NULL DEFAULT '',
  `client_id` tinyint(3) unsigned NOT NULL DEFAULT 0,
  `created_date` datetime NOT NULL,
  `modified_date` datetime DEFAULT NULL,
  PRIMARY KEY (`id`),
  KEY `idx_template` (`template`),
  KEY `idx_extension_id` (`extension_id`)
) ENGINE=InnoDB DEFAULT CHARSET=utf8mb4 COLLATE=utf8mb4_unicode_ci;

--
-- Dumping data for table `qoxnc_template_overrides`
--


--
-- Table structure for table `qoxnc_template_styles`
--

CREATE TABLE `qoxnc_template_styles` (
  `id` int(10) unsigned NOT NULL AUTO_INCREMENT,
  `template` varchar(50) NOT NULL DEFAULT '',
  `client_id` tinyint(3) unsigned NOT NULL DEFAULT 0,
  `home` char(7) NOT NULL DEFAULT '0',
  `title` varchar(255) NOT NULL DEFAULT '',
  `inheritable` tinyint(4) NOT NULL DEFAULT 0,
  `parent` varchar(50) DEFAULT '',
  `params` text NOT NULL,
  PRIMARY KEY (`id`),
  KEY `idx_template` (`template`),
  KEY `idx_client_id` (`client_id`),
  KEY `idx_client_id_home` (`client_id`,`home`)
) ENGINE=InnoDB AUTO_INCREMENT=12 DEFAULT CHARSET=utf8mb4 COLLATE=utf8mb4_unicode_ci;

--
-- Dumping data for table `qoxnc_template_styles`
--

INSERT INTO `qoxnc_template_styles` VALUES (10,'atum',1,'1','Atum - Default',1,'','{\"hue\":\"hsl(214, 63%, 20%)\",\"bg-light\":\"#f0f4fb\",\"text-dark\":\"#495057\",\"text-light\":\"#ffffff\",\"link-color\":\"#2a69b8\",\"special-color\":\"#001b4c\",\"monochrome\":\"0\",\"loginLogo\":\"\",\"loginLogoAlt\":\"\",\"logoBrandLarge\":\"\",\"logoBrandLargeAlt\":\"\",\"logoBrandSmall\":\"\",\"logoBrandSmallAlt\":\"\"}'),(11,'cassiopeia',0,'1','Cassiopeia - Default',1,'','{\"brand\":true,\"logoFile\":\"images\\/IHU_logo_blue_gr.jpg#joomlaImage:\\/\\/local-images\\/IHU_logo_blue_gr.jpg?width=1132&height=354\",\"siteTitle\":\"\\u03a4\\u03bc\\u03ae\\u03bc\\u03b1 \\u0394\\u03b9\\u03bf\\u03b9\\u03ba\\u03b7\\u03c4\\u03b9\\u03ba\\u03ae\\u03c2 \\u0395\\u03c0\\u03b9\\u03c3\\u03c4\\u03ae\\u03bc\\u03b7\\u03c2 & \\u03a4\\u03b5\\u03c7\\u03bd\\u03bf\\u03bb\\u03bf\\u03b3\\u03af\\u03b1\\u03c2\",\"siteDescription\":\"\\u03a4\\u03bc\\u03ae\\u03bc\\u03b1 \\u0394\\u03b9\\u03bf\\u03b9\\u03ba\\u03b7\\u03c4\\u03b9\\u03ba\\u03ae\\u03c2 \\u0395\\u03c0\\u03b9\\u03c3\\u03c4\\u03ae\\u03bc\\u03b7\\u03c2 & \\u03a4\\u03b5\\u03c7\\u03bd\\u03bf\\u03bb\\u03bf\\u03b3\\u03af\\u03b1\\u03c2\",\"useFontScheme\":\"0\",\"colorName\":\"colors_standard\",\"fluidContainer\":\"0\",\"stickyHeader\":0,\"backTop\":0}');

--
-- Table structure for table `qoxnc_ucm_base`
--

CREATE TABLE `qoxnc_ucm_base` (
  `ucm_id` int(10) unsigned NOT NULL,
  `ucm_item_id` int(11) NOT NULL,
  `ucm_type_id` int(11) NOT NULL,
  `ucm_language_id` int(11) NOT NULL,
  PRIMARY KEY (`ucm_id`),
  KEY `idx_ucm_item_id` (`ucm_item_id`),
  KEY `idx_ucm_type_id` (`ucm_type_id`),
  KEY `idx_ucm_language_id` (`ucm_language_id`)
) ENGINE=InnoDB DEFAULT CHARSET=utf8mb4 COLLATE=utf8mb4_unicode_ci;

--
-- Dumping data for table `qoxnc_ucm_base`
--


--
-- Table structure for table `qoxnc_ucm_content`
--

CREATE TABLE `qoxnc_ucm_content` (
  `core_content_id` int(10) unsigned NOT NULL AUTO_INCREMENT,
  `core_type_alias` varchar(400) NOT NULL DEFAULT '' COMMENT 'FK to the content types table',
  `core_title` varchar(400) NOT NULL DEFAULT '',
  `core_alias` varchar(400) CHARACTER SET utf8mb4 COLLATE utf8mb4_bin NOT NULL DEFAULT '',
  `core_body` mediumtext DEFAULT NULL,
  `core_state` tinyint(4) NOT NULL DEFAULT 0,
  `core_checked_out_time` datetime DEFAULT NULL,
  `core_checked_out_user_id` int(10) unsigned DEFAULT NULL,
  `core_access` int(10) unsigned NOT NULL DEFAULT 0,
  `core_params` text DEFAULT NULL,
  `core_featured` tinyint(3) unsigned NOT NULL DEFAULT 0,
  `core_metadata` varchar(2048) NOT NULL DEFAULT '' COMMENT 'JSON encoded metadata properties.',
  `core_created_user_id` int(10) unsigned NOT NULL DEFAULT 0,
  `core_created_by_alias` varchar(255) NOT NULL DEFAULT '',
  `core_created_time` datetime NOT NULL,
  `core_modified_user_id` int(10) unsigned NOT NULL DEFAULT 0 COMMENT 'Most recent user that modified',
  `core_modified_time` datetime NOT NULL,
  `core_language` char(7) NOT NULL DEFAULT '',
  `core_publish_up` datetime DEFAULT NULL,
  `core_publish_down` datetime DEFAULT NULL,
  `core_content_item_id` int(10) unsigned NOT NULL DEFAULT 0 COMMENT 'ID from the individual type table',
  `asset_id` int(10) unsigned NOT NULL DEFAULT 0 COMMENT 'FK to the #__assets table.',
  `core_images` text DEFAULT NULL,
  `core_urls` text DEFAULT NULL,
  `core_hits` int(10) unsigned NOT NULL DEFAULT 0,
  `core_version` int(10) unsigned NOT NULL DEFAULT 1,
  `core_ordering` int(11) NOT NULL DEFAULT 0,
  `core_metakey` text DEFAULT NULL,
  `core_metadesc` text DEFAULT NULL,
  `core_catid` int(10) unsigned NOT NULL DEFAULT 0,
  `core_type_id` int(10) unsigned NOT NULL DEFAULT 0,
  PRIMARY KEY (`core_content_id`),
  KEY `tag_idx` (`core_state`,`core_access`),
  KEY `idx_access` (`core_access`),
  KEY `idx_alias` (`core_alias`(100)),
  KEY `idx_language` (`core_language`),
  KEY `idx_title` (`core_title`(100)),
  KEY `idx_modified_time` (`core_modified_time`),
  KEY `idx_created_time` (`core_created_time`),
  KEY `idx_content_type` (`core_type_alias`(100)),
  KEY `idx_core_modified_user_id` (`core_modified_user_id`),
  KEY `idx_core_checked_out_user_id` (`core_checked_out_user_id`),
  KEY `idx_core_created_user_id` (`core_created_user_id`),
  KEY `idx_core_type_id` (`core_type_id`)
) ENGINE=InnoDB DEFAULT CHARSET=utf8mb4 COLLATE=utf8mb4_unicode_ci COMMENT='Contains core content data in name spaced fields';

--
-- Dumping data for table `qoxnc_ucm_content`
--


--
-- Table structure for table `qoxnc_update_sites`
--

CREATE TABLE `qoxnc_update_sites` (
  `update_site_id` int(11) NOT NULL AUTO_INCREMENT,
  `name` varchar(100) DEFAULT '',
  `type` varchar(20) DEFAULT '',
  `location` text NOT NULL,
  `enabled` int(11) DEFAULT 0,
  `last_check_timestamp` bigint(20) DEFAULT 0,
  `extra_query` varchar(1000) DEFAULT '',
  `checked_out` int(10) unsigned DEFAULT NULL,
  `checked_out_time` datetime DEFAULT NULL,
  PRIMARY KEY (`update_site_id`)
) ENGINE=InnoDB AUTO_INCREMENT=4 DEFAULT CHARSET=utf8mb4 COLLATE=utf8mb4_unicode_ci COMMENT='Update Sites';

--
-- Dumping data for table `qoxnc_update_sites`
--

INSERT INTO `qoxnc_update_sites` VALUES (1,'Joomla! Core','collection','https://update.joomla.org/core/list.xml',1,1697984757,'',NULL,NULL),(2,'Accredited Joomla! Translations','collection','https://update.joomla.org/language/translationlist_4.xml',1,1671212298,'',NULL,NULL),(3,'Joomla! Update Component','extension','https://update.joomla.org/core/extensions/com_joomlaupdate.xml',1,1671212298,'',NULL,NULL);

--
-- Table structure for table `qoxnc_update_sites_extensions`
--

CREATE TABLE `qoxnc_update_sites_extensions` (
  `update_site_id` int(11) NOT NULL DEFAULT 0,
  `extension_id` int(11) NOT NULL DEFAULT 0,
  PRIMARY KEY (`update_site_id`,`extension_id`)
) ENGINE=InnoDB DEFAULT CHARSET=utf8mb4 COLLATE=utf8mb4_unicode_ci COMMENT='Links extensions to update sites';

--
-- Dumping data for table `qoxnc_update_sites_extensions`
--

INSERT INTO `qoxnc_update_sites_extensions` VALUES (1,224),(2,225),(2,232),(3,24);

--
-- Table structure for table `qoxnc_updates`
--

CREATE TABLE `qoxnc_updates` (
  `update_id` int(11) NOT NULL AUTO_INCREMENT,
  `update_site_id` int(11) DEFAULT 0,
  `extension_id` int(11) DEFAULT 0,
  `name` varchar(100) DEFAULT '',
  `description` text NOT NULL,
  `element` varchar(100) DEFAULT '',
  `type` varchar(20) DEFAULT '',
  `folder` varchar(20) DEFAULT '',
  `client_id` tinyint(4) DEFAULT 0,
  `version` varchar(32) DEFAULT '',
  `data` text NOT NULL,
  `detailsurl` text NOT NULL,
  `infourl` text NOT NULL,
  `changelogurl` text DEFAULT NULL,
  `extra_query` varchar(1000) DEFAULT '',
  PRIMARY KEY (`update_id`)
) ENGINE=InnoDB AUTO_INCREMENT=153 DEFAULT CHARSET=utf8mb4 COLLATE=utf8mb4_unicode_ci COMMENT='Available Updates';

--
-- Dumping data for table `qoxnc_updates`
--

INSERT INTO `qoxnc_updates` VALUES (99,2,0,'Afrikaans','','pkg_af-ZA','package','',0,'4.2.4.1','','https://update.joomla.org/language/details4/af-ZA_details.xml','','',''),(100,2,0,'Arabic Unitag','','pkg_ar-AA','package','',0,'4.0.2.1','','https://update.joomla.org/language/details4/ar-AA_details.xml','','',''),(101,2,0,'Bulgarian','','pkg_bg-BG','package','',0,'4.1.5.1','','https://update.joomla.org/language/details4/bg-BG_details.xml','','',''),(102,2,0,'Catalan','','pkg_ca-ES','package','',0,'4.0.4.2','','https://update.joomla.org/language/details4/ca-ES_details.xml','','',''),(103,2,0,'Chinese, Simplified','','pkg_zh-CN','package','',0,'4.2.0.1','','https://update.joomla.org/language/details4/zh-CN_details.xml','','',''),(104,2,0,'Chinese, Traditional','','pkg_zh-TW','package','',0,'4.2.3.1','','https://update.joomla.org/language/details4/zh-TW_details.xml','','',''),(105,2,0,'Czech','','pkg_cs-CZ','package','',0,'4.2.0.1','','https://update.joomla.org/language/details4/cs-CZ_details.xml','','',''),(106,2,0,'Danish','','pkg_da-DK','package','',0,'4.2.6.1','','https://update.joomla.org/language/details4/da-DK_details.xml','','',''),(107,2,0,'Dutch','','pkg_nl-NL','package','',0,'4.2.6.1','','https://update.joomla.org/language/details4/nl-NL_details.xml','','',''),(108,2,0,'English, Australia','','pkg_en-AU','package','',0,'4.2.2.3','','https://update.joomla.org/language/details4/en-AU_details.xml','','',''),(109,2,0,'English, Canada','','pkg_en-CA','package','',0,'4.2.2.2','','https://update.joomla.org/language/details4/en-CA_details.xml','','',''),(110,2,0,'English, New Zealand','','pkg_en-NZ','package','',0,'4.2.2.2','','https://update.joomla.org/language/details4/en-NZ_details.xml','','',''),(111,2,0,'English, USA','','pkg_en-US','package','',0,'4.2.2.2','','https://update.joomla.org/language/details4/en-US_details.xml','','',''),(112,2,0,'Estonian','','pkg_et-EE','package','',0,'4.1.5.1','','https://update.joomla.org/language/details4/et-EE_details.xml','','',''),(113,2,0,'Finnish','','pkg_fi-FI','package','',0,'4.1.1.2','','https://update.joomla.org/language/details4/fi-FI_details.xml','','',''),(114,2,0,'Flemish','','pkg_nl-BE','package','',0,'4.2.6.1','','https://update.joomla.org/language/details4/nl-BE_details.xml','','',''),(115,2,0,'French','','pkg_fr-FR','package','',0,'4.2.6.1','','https://update.joomla.org/language/details4/fr-FR_details.xml','','',''),(116,2,0,'Georgian','','pkg_ka-GE','package','',0,'4.2.6.1','','https://update.joomla.org/language/details4/ka-GE_details.xml','','',''),(117,2,0,'German','','pkg_de-DE','package','',0,'4.2.6.1','','https://update.joomla.org/language/details4/de-DE_details.xml','','',''),(118,2,0,'German, Austria','','pkg_de-AT','package','',0,'4.2.6.1','','https://update.joomla.org/language/details4/de-AT_details.xml','','',''),(119,2,0,'German, Liechtenstein','','pkg_de-LI','package','',0,'4.2.6.1','','https://update.joomla.org/language/details4/de-LI_details.xml','','',''),(120,2,0,'German, Luxembourg','','pkg_de-LU','package','',0,'4.2.6.1','','https://update.joomla.org/language/details4/de-LU_details.xml','','',''),(121,2,0,'German, Switzerland','','pkg_de-CH','package','',0,'4.2.6.1','','https://update.joomla.org/language/details4/de-CH_details.xml','','',''),(122,2,0,'Hungarian','','pkg_hu-HU','package','',0,'4.2.4.1','','https://update.joomla.org/language/details4/hu-HU_details.xml','','',''),(123,2,0,'Italian','','pkg_it-IT','package','',0,'4.2.5.1','','https://update.joomla.org/language/details4/it-IT_details.xml','','',''),(124,2,0,'Japanese','','pkg_ja-JP','package','',0,'4.2.5.1','','https://update.joomla.org/language/details4/ja-JP_details.xml','','',''),(125,2,0,'Kazakh','','pkg_kk-KZ','package','',0,'4.1.2.1','','https://update.joomla.org/language/details4/kk-KZ_details.xml','','',''),(126,2,0,'Lithuanian','','pkg_lt-LT','package','',0,'4.2.6.1','','https://update.joomla.org/language/details4/lt-LT_details.xml','','',''),(127,2,0,'Macedonian','','pkg_mk-MK','package','',0,'4.2.4.1','','https://update.joomla.org/language/details4/mk-MK_details.xml','','',''),(128,2,0,'Norwegian Bokmål','','pkg_nb-NO','package','',0,'4.0.1.1','','https://update.joomla.org/language/details4/nb-NO_details.xml','','',''),(129,2,0,'Persian Farsi','','pkg_fa-IR','package','',0,'4.2.5.1','','https://update.joomla.org/language/details4/fa-IR_details.xml','','',''),(130,2,0,'Polish','','pkg_pl-PL','package','',0,'4.2.2.2','','https://update.joomla.org/language/details4/pl-PL_details.xml','','',''),(131,2,0,'Portuguese, Brazil','','pkg_pt-BR','package','',0,'4.0.3.1','','https://update.joomla.org/language/details4/pt-BR_details.xml','','',''),(132,2,0,'Portuguese, Portugal','','pkg_pt-PT','package','',0,'4.0.0-rc4.2','','https://update.joomla.org/language/details4/pt-PT_details.xml','','',''),(133,2,0,'Romanian','','pkg_ro-RO','package','',0,'4.2.1.1','','https://update.joomla.org/language/details4/ro-RO_details.xml','','',''),(134,2,0,'Russian','','pkg_ru-RU','package','',0,'4.2.5.1','','https://update.joomla.org/language/details4/ru-RU_details.xml','','',''),(135,2,0,'Serbian, Cyrillic','','pkg_sr-RS','package','',0,'4.2.4.4','','https://update.joomla.org/language/details4/sr-RS_details.xml','','',''),(136,2,0,'Serbian, Latin','','pkg_sr-YU','package','',0,'4.2.5.1','','https://update.joomla.org/language/details4/sr-YU_details.xml','','',''),(137,2,0,'Slovak','','pkg_sk-SK','package','',0,'4.0.6.1','','https://update.joomla.org/language/details4/sk-SK_details.xml','','',''),(138,2,0,'Slovenian','','pkg_sl-SI','package','',0,'4.2.6.1','','https://update.joomla.org/language/details4/sl-SI_details.xml','','',''),(139,2,0,'Spanish','','pkg_es-ES','package','',0,'4.2.3.1','','https://update.joomla.org/language/details4/es-ES_details.xml','','',''),(140,2,0,'Swedish','','pkg_sv-SE','package','',0,'4.2.6.1','','https://update.joomla.org/language/details4/sv-SE_details.xml','','',''),(141,2,0,'Tamil, India','','pkg_ta-IN','package','',0,'4.2.6.1','','https://update.joomla.org/language/details4/ta-IN_details.xml','','',''),(142,2,0,'Thai','','pkg_th-TH','package','',0,'4.2.6.1','','https://update.joomla.org/language/details4/th-TH_details.xml','','',''),(143,2,0,'Turkish','','pkg_tr-TR','package','',0,'4.2.6.1','','https://update.joomla.org/language/details4/tr-TR_details.xml','','',''),(144,2,0,'Ukrainian','','pkg_uk-UA','package','',0,'4.2.5.1','','https://update.joomla.org/language/details4/uk-UA_details.xml','','',''),(145,2,0,'Vietnamese','','pkg_vi-VN','package','',0,'4.2.2.1','','https://update.joomla.org/language/details4/vi-VN_details.xml','','',''),(146,2,0,'Welsh','','pkg_cy-GB','package','',0,'4.2.6.1','','https://update.joomla.org/language/details4/cy-GB_details.xml','','',''),(152,1,224,'Joomla','','joomla','file','',0,'4.4.0','','https://update.joomla.org/core/j4/default.xml','','','');

--
-- Table structure for table `qoxnc_user_keys`
--

CREATE TABLE `qoxnc_user_keys` (
  `id` int(10) unsigned NOT NULL AUTO_INCREMENT,
  `user_id` varchar(150) NOT NULL,
  `token` varchar(255) NOT NULL,
  `series` varchar(191) NOT NULL,
  `time` varchar(200) NOT NULL,
  `uastring` varchar(255) NOT NULL,
  PRIMARY KEY (`id`),
  UNIQUE KEY `series` (`series`),
  KEY `user_id` (`user_id`)
) ENGINE=InnoDB DEFAULT CHARSET=utf8mb4 COLLATE=utf8mb4_unicode_ci;

--
-- Dumping data for table `qoxnc_user_keys`
--


--
-- Table structure for table `qoxnc_user_mfa`
--

CREATE TABLE `qoxnc_user_mfa` (
  `id` int(11) NOT NULL AUTO_INCREMENT,
  `user_id` int(10) unsigned NOT NULL,
  `title` varchar(255) NOT NULL DEFAULT '',
  `method` varchar(100) NOT NULL,
  `default` tinyint(4) NOT NULL DEFAULT 0,
  `options` mediumtext NOT NULL,
  `created_on` datetime NOT NULL,
  `last_used` datetime DEFAULT NULL,
  PRIMARY KEY (`id`),
  KEY `idx_user_id` (`user_id`)
) ENGINE=InnoDB DEFAULT CHARSET=utf8mb4 COLLATE=utf8mb4_unicode_ci COMMENT='Multi-factor Authentication settings';

--
-- Dumping data for table `qoxnc_user_mfa`
--


--
-- Table structure for table `qoxnc_user_notes`
--

CREATE TABLE `qoxnc_user_notes` (
  `id` int(10) unsigned NOT NULL AUTO_INCREMENT,
  `user_id` int(10) unsigned NOT NULL DEFAULT 0,
  `catid` int(10) unsigned NOT NULL DEFAULT 0,
  `subject` varchar(100) NOT NULL DEFAULT '',
  `body` text NOT NULL,
  `state` tinyint(4) NOT NULL DEFAULT 0,
  `checked_out` int(10) unsigned DEFAULT NULL,
  `checked_out_time` datetime DEFAULT NULL,
  `created_user_id` int(10) unsigned NOT NULL DEFAULT 0,
  `created_time` datetime NOT NULL,
  `modified_user_id` int(10) unsigned NOT NULL DEFAULT 0,
  `modified_time` datetime NOT NULL,
  `review_time` datetime DEFAULT NULL,
  `publish_up` datetime DEFAULT NULL,
  `publish_down` datetime DEFAULT NULL,
  PRIMARY KEY (`id`),
  KEY `idx_user_id` (`user_id`),
  KEY `idx_category_id` (`catid`)
) ENGINE=InnoDB DEFAULT CHARSET=utf8mb4 COLLATE=utf8mb4_unicode_ci;

--
-- Dumping data for table `qoxnc_user_notes`
--


--
-- Table structure for table `qoxnc_user_profiles`
--

CREATE TABLE `qoxnc_user_profiles` (
  `user_id` int(11) NOT NULL,
  `profile_key` varchar(100) NOT NULL,
  `profile_value` text NOT NULL,
  `ordering` int(11) NOT NULL DEFAULT 0,
  UNIQUE KEY `idx_user_id_profile_key` (`user_id`,`profile_key`)
) ENGINE=InnoDB DEFAULT CHARSET=utf8mb4 COLLATE=utf8mb4_unicode_ci COMMENT='Simple user profile storage table';

--
-- Dumping data for table `qoxnc_user_profiles`
--


--
-- Table structure for table `qoxnc_user_usergroup_map`
--

CREATE TABLE `qoxnc_user_usergroup_map` (
  `user_id` int(10) unsigned NOT NULL DEFAULT 0 COMMENT 'Foreign Key to #__users.id',
  `group_id` int(10) unsigned NOT NULL DEFAULT 0 COMMENT 'Foreign Key to #__usergroups.id',
  PRIMARY KEY (`user_id`,`group_id`)
) ENGINE=InnoDB DEFAULT CHARSET=utf8mb4 COLLATE=utf8mb4_unicode_ci;

--
-- Dumping data for table `qoxnc_user_usergroup_map`
--

INSERT INTO `qoxnc_user_usergroup_map` VALUES (605,8);

--
-- Table structure for table `qoxnc_usergroups`
--

CREATE TABLE `qoxnc_usergroups` (
  `id` int(10) unsigned NOT NULL AUTO_INCREMENT COMMENT 'Primary Key',
  `parent_id` int(10) unsigned NOT NULL DEFAULT 0 COMMENT 'Adjacency List Reference Id',
  `lft` int(11) NOT NULL DEFAULT 0 COMMENT 'Nested set lft.',
  `rgt` int(11) NOT NULL DEFAULT 0 COMMENT 'Nested set rgt.',
  `title` varchar(100) NOT NULL DEFAULT '',
  PRIMARY KEY (`id`),
  UNIQUE KEY `idx_usergroup_parent_title_lookup` (`parent_id`,`title`),
  KEY `idx_usergroup_title_lookup` (`title`),
  KEY `idx_usergroup_adjacency_lookup` (`parent_id`),
  KEY `idx_usergroup_nested_set_lookup` (`lft`,`rgt`) USING BTREE
) ENGINE=InnoDB AUTO_INCREMENT=10 DEFAULT CHARSET=utf8mb4 COLLATE=utf8mb4_unicode_ci;

--
-- Dumping data for table `qoxnc_usergroups`
--

INSERT INTO `qoxnc_usergroups` VALUES (1,0,1,18,'Public'),(2,1,8,15,'Registered'),(3,2,9,14,'Author'),(4,3,10,13,'Editor'),(5,4,11,12,'Publisher'),(6,1,4,7,'Manager'),(7,6,5,6,'Administrator'),(8,1,16,17,'Super Users'),(9,1,2,3,'Guest');

--
-- Table structure for table `qoxnc_users`
--

CREATE TABLE `qoxnc_users` (
  `id` int(11) NOT NULL AUTO_INCREMENT,
  `name` varchar(400) NOT NULL DEFAULT '',
  `username` varchar(150) NOT NULL DEFAULT '',
  `email` varchar(100) NOT NULL DEFAULT '',
  `password` varchar(100) NOT NULL DEFAULT '',
  `block` tinyint(4) NOT NULL DEFAULT 0,
  `sendEmail` tinyint(4) DEFAULT 0,
  `registerDate` datetime NOT NULL,
  `lastvisitDate` datetime DEFAULT NULL,
  `activation` varchar(100) NOT NULL DEFAULT '',
  `params` text NOT NULL,
  `lastResetTime` datetime DEFAULT NULL COMMENT 'Date of last password reset',
  `resetCount` int(11) NOT NULL DEFAULT 0 COMMENT 'Count of password resets since lastResetTime',
  `otpKey` varchar(1000) NOT NULL DEFAULT '' COMMENT 'Two factor authentication encrypted keys',
  `otep` varchar(1000) NOT NULL DEFAULT '' COMMENT 'Backup Codes',
  `requireReset` tinyint(4) NOT NULL DEFAULT 0 COMMENT 'Require user to reset password on next login',
  `authProvider` varchar(100) NOT NULL DEFAULT '' COMMENT 'Name of used authentication plugin',
  PRIMARY KEY (`id`),
  UNIQUE KEY `idx_username` (`username`),
  KEY `idx_name` (`name`(100)),
  KEY `idx_block` (`block`),
  KEY `email` (`email`)
) ENGINE=InnoDB AUTO_INCREMENT=606 DEFAULT CHARSET=utf8mb4 COLLATE=utf8mb4_unicode_ci;

--
-- Dumping data for table `qoxnc_users`
--

INSERT INTO `qoxnc_users` VALUES (605,'ΛΦ','admin','fragidis@mst.ihu.gr','$2y$10$eSxlo3AFRT.yvxSv3JJve.Ueobg8qKkVPOM6CQrnJg1ZpK7fBeeaG',0,1,'2022-12-15 16:57:53','2022-12-16 17:21:14','0','',NULL,0,'','',0,'');

--
-- Table structure for table `qoxnc_viewlevels`
--

CREATE TABLE `qoxnc_viewlevels` (
  `id` int(10) unsigned NOT NULL AUTO_INCREMENT COMMENT 'Primary Key',
  `title` varchar(100) NOT NULL DEFAULT '',
  `ordering` int(11) NOT NULL DEFAULT 0,
  `rules` varchar(5120) NOT NULL COMMENT 'JSON encoded access control.',
  PRIMARY KEY (`id`),
  UNIQUE KEY `idx_assetgroup_title_lookup` (`title`)
) ENGINE=InnoDB AUTO_INCREMENT=7 DEFAULT CHARSET=utf8mb4 COLLATE=utf8mb4_unicode_ci;

--
-- Dumping data for table `qoxnc_viewlevels`
--

INSERT INTO `qoxnc_viewlevels` VALUES (1,'Public',0,'[1]'),(2,'Registered',2,'[6,2,8]'),(3,'Special',3,'[6,3,8]'),(5,'Guest',1,'[9]'),(6,'Super Users',4,'[8]');

--
-- Table structure for table `qoxnc_webauthn_credentials`
--

CREATE TABLE `qoxnc_webauthn_credentials` (
  `id` varchar(1000) NOT NULL COMMENT 'Credential ID',
  `user_id` varchar(128) NOT NULL COMMENT 'User handle',
  `label` varchar(190) NOT NULL COMMENT 'Human readable label',
  `credential` mediumtext NOT NULL COMMENT 'Credential source data, JSON format',
  PRIMARY KEY (`id`(100)),
  KEY `user_id` (`user_id`(100))
) ENGINE=InnoDB DEFAULT CHARSET=utf8mb4 COLLATE=utf8mb4_unicode_ci;

--
-- Dumping data for table `qoxnc_webauthn_credentials`
--


--
-- Table structure for table `qoxnc_workflow_associations`
--

CREATE TABLE `qoxnc_workflow_associations` (
  `item_id` int(11) NOT NULL DEFAULT 0 COMMENT 'Extension table id value',
  `stage_id` int(11) NOT NULL COMMENT 'Foreign Key to #__workflow_stages.id',
  `extension` varchar(50) NOT NULL,
  PRIMARY KEY (`item_id`,`extension`),
  KEY `idx_item_stage_extension` (`item_id`,`stage_id`,`extension`),
  KEY `idx_item_id` (`item_id`),
  KEY `idx_stage_id` (`stage_id`),
  KEY `idx_extension` (`extension`)
) ENGINE=InnoDB DEFAULT CHARSET=utf8mb4 COLLATE=utf8mb4_unicode_ci;

--
-- Dumping data for table `qoxnc_workflow_associations`
--

INSERT INTO `qoxnc_workflow_associations` VALUES (1,1,'com_content.article'),(2,1,'com_content.article'),(3,1,'com_content.article');

--
-- Table structure for table `qoxnc_workflow_stages`
--

CREATE TABLE `qoxnc_workflow_stages` (
  `id` int(11) NOT NULL AUTO_INCREMENT,
  `asset_id` int(11) DEFAULT 0,
  `ordering` int(11) NOT NULL DEFAULT 0,
  `workflow_id` int(11) NOT NULL,
  `published` tinyint(4) NOT NULL DEFAULT 0,
  `title` varchar(255) NOT NULL,
  `description` text NOT NULL,
  `default` tinyint(4) NOT NULL DEFAULT 0,
  `checked_out_time` datetime DEFAULT NULL,
  `checked_out` int(10) unsigned DEFAULT NULL,
  PRIMARY KEY (`id`),
  KEY `idx_workflow_id` (`workflow_id`),
  KEY `idx_checked_out` (`checked_out`),
  KEY `idx_title` (`title`(191)),
  KEY `idx_asset_id` (`asset_id`),
  KEY `idx_default` (`default`)
) ENGINE=InnoDB AUTO_INCREMENT=2 DEFAULT CHARSET=utf8mb4 COLLATE=utf8mb4_unicode_ci;

--
-- Dumping data for table `qoxnc_workflow_stages`
--

INSERT INTO `qoxnc_workflow_stages` VALUES (1,57,1,1,1,'COM_WORKFLOW_BASIC_STAGE','',1,NULL,NULL);

--
-- Table structure for table `qoxnc_workflow_transitions`
--

CREATE TABLE `qoxnc_workflow_transitions` (
  `id` int(11) NOT NULL AUTO_INCREMENT,
  `asset_id` int(11) DEFAULT 0,
  `ordering` int(11) NOT NULL DEFAULT 0,
  `workflow_id` int(11) NOT NULL,
  `published` tinyint(4) NOT NULL DEFAULT 0,
  `title` varchar(255) NOT NULL,
  `description` text NOT NULL,
  `from_stage_id` int(11) NOT NULL,
  `to_stage_id` int(11) NOT NULL,
  `options` text NOT NULL,
  `checked_out_time` datetime DEFAULT NULL,
  `checked_out` int(10) unsigned DEFAULT NULL,
  PRIMARY KEY (`id`),
  KEY `idx_title` (`title`(191)),
  KEY `idx_asset_id` (`asset_id`),
  KEY `idx_checked_out` (`checked_out`),
  KEY `idx_from_stage_id` (`from_stage_id`),
  KEY `idx_to_stage_id` (`to_stage_id`),
  KEY `idx_workflow_id` (`workflow_id`)
) ENGINE=InnoDB AUTO_INCREMENT=8 DEFAULT CHARSET=utf8mb4 COLLATE=utf8mb4_unicode_ci;

--
-- Dumping data for table `qoxnc_workflow_transitions`
--

INSERT INTO `qoxnc_workflow_transitions` VALUES (1,58,1,1,1,'UNPUBLISH','',-1,1,'{\"publishing\":\"0\"}',NULL,NULL),(2,59,2,1,1,'PUBLISH','',-1,1,'{\"publishing\":\"1\"}',NULL,NULL),(3,60,3,1,1,'TRASH','',-1,1,'{\"publishing\":\"-2\"}',NULL,NULL),(4,61,4,1,1,'ARCHIVE','',-1,1,'{\"publishing\":\"2\"}',NULL,NULL),(5,62,5,1,1,'FEATURE','',-1,1,'{\"featuring\":\"1\"}',NULL,NULL),(6,63,6,1,1,'UNFEATURE','',-1,1,'{\"featuring\":\"0\"}',NULL,NULL),(7,64,7,1,1,'PUBLISH_AND_FEATURE','',-1,1,'{\"publishing\":\"1\",\"featuring\":\"1\"}',NULL,NULL);

--
-- Table structure for table `qoxnc_workflows`
--

CREATE TABLE `qoxnc_workflows` (
  `id` int(11) NOT NULL AUTO_INCREMENT,
  `asset_id` int(11) DEFAULT 0,
  `published` tinyint(4) NOT NULL DEFAULT 0,
  `title` varchar(255) NOT NULL,
  `description` text NOT NULL,
  `extension` varchar(50) NOT NULL,
  `default` tinyint(4) NOT NULL DEFAULT 0,
  `ordering` int(11) NOT NULL DEFAULT 0,
  `created` datetime NOT NULL,
  `created_by` int(11) NOT NULL DEFAULT 0,
  `modified` datetime NOT NULL,
  `modified_by` int(11) NOT NULL DEFAULT 0,
  `checked_out_time` datetime DEFAULT NULL,
  `checked_out` int(10) unsigned DEFAULT NULL,
  PRIMARY KEY (`id`),
  KEY `idx_asset_id` (`asset_id`),
  KEY `idx_title` (`title`(191)),
  KEY `idx_extension` (`extension`),
  KEY `idx_default` (`default`),
  KEY `idx_created` (`created`),
  KEY `idx_created_by` (`created_by`),
  KEY `idx_modified` (`modified`),
  KEY `idx_modified_by` (`modified_by`),
  KEY `idx_checked_out` (`checked_out`)
) ENGINE=InnoDB AUTO_INCREMENT=2 DEFAULT CHARSET=utf8mb4 COLLATE=utf8mb4_unicode_ci;

--
-- Dumping data for table `qoxnc_workflows`
--

INSERT INTO `qoxnc_workflows` VALUES (1,56,1,'COM_WORKFLOW_BASIC_WORKFLOW','','com_content.article',1,1,'2022-12-15 16:57:52',605,'2022-12-15 16:57:52',605,NULL,NULL);

--
-- Table structure for table `salesman`
--

CREATE TABLE `salesman` (
  `ID` varchar(5) NOT NULL,
  `FIRSTNAME` varchar(50) NOT NULL,
  `LASTNAME` varchar(50) NOT NULL,
  `PHONE` varchar(11) NOT NULL,
  PRIMARY KEY (`ID`)
) ENGINE=InnoDB DEFAULT CHARSET=utf8 COLLATE=utf8_unicode_ci;

--
-- Dumping data for table `salesman`
--

INSERT INTO `salesman` VALUES ('A-36','Γιώργος','Παπαδόπουλος','6983654321'),('Α-34','Ιωάννης','Αποστόλου','6955423516'),('Α-35','Νίκος','Κοτάκης','6945123456');

--
-- Table structure for table `salesman_n`
--

CREATE TABLE `salesman_n` (
  `ID` varchar(5) NOT NULL,
  `FIRSTNAME` varchar(50) NOT NULL,
  `LASTNAME` varchar(50) NOT NULL,
  `PHONE` varchar(11) NOT NULL
) ENGINE=InnoDB DEFAULT CHARSET=utf8 COLLATE=utf8_unicode_ci;

--
-- Dumping data for table `salesman_n`
--

INSERT INTO `salesman_n` VALUES ('A-36','Γιώργος','Παπαδόπουλος','6983654321'),('Α-34','Ιωάννης','Αποστόλου','6955423516'),('Α-35','Νίκος','Κοτάκης','6945123456');

--
-- Table structure for table `testclients`
--

CREATE TABLE `testclients` (
  `id` int(11) NOT NULL AUTO_INCREMENT,
  `name` varchar(40) NOT NULL,
  `address` varchar(40) DEFAULT NULL,
  PRIMARY KEY (`id`)
) ENGINE=InnoDB AUTO_INCREMENT=12 DEFAULT CHARSET=utf8mb4 COLLATE=utf8mb4_general_ci;

--
-- Dumping data for table `testclients`
--

INSERT INTO `testclients` VALUES (1,'Μαρία','Ομονοίας 40'),(2,'Θάνος','Εθνικής Αντίστασης 32'),(3,'Απόστολος','Αθηνάς 12'),(4,'Ειρήνη','Αν. Θράκης 13'),(11,'Νίκος','χψω');

--
-- Table structure for table `ΤΜΗΜΑ`
--

CREATE TABLE `ΤΜΗΜΑ` (
  `Κωδικός` int(2) NOT NULL,
  `Κωδ_Διευθ` int(9) NOT NULL,
  `Όνομα` varchar(15) NOT NULL,
  PRIMARY KEY (`Κωδικός`,`Όνομα`),
  KEY `Κωδ_Διευθ` (`Κωδ_Διευθ`),
  CONSTRAINT `ΤΜΗΜΑ_ibfk_1` FOREIGN KEY (`Κωδικός`) REFERENCES `ΥΠΑΛΛΗΛΟΣ` (`Κωδ_Τμημ`) ON DELETE CASCADE ON UPDATE CASCADE
) ENGINE=InnoDB DEFAULT CHARSET=utf8mb4 COLLATE=utf8mb4_general_ci;

--
-- Dumping data for table `ΤΜΗΜΑ`
--


--
-- Table structure for table `ΥΠΑΛΛΗΛΟΣ`
--

CREATE TABLE `ΥΠΑΛΛΗΛΟΣ` (
  `Κωδικός` int(9) NOT NULL,
  `Επώνυμο` varchar(15) NOT NULL,
  `Πατρώνυμο` char(1) DEFAULT NULL,
  `Όνομα` varchar(15) NOT NULL,
  `ΗμερΓεν` date DEFAULT NULL,
  `Διεύθυνση` varchar(30) DEFAULT NULL,
  `Φύλο` char(1) DEFAULT NULL,
  `Μισθός` decimal(10,2) DEFAULT NULL,
  `Κωδ_Τμημ` int(2) NOT NULL,
  PRIMARY KEY (`Κωδικός`),
  KEY `Κωδ_Τμημ` (`Κωδ_Τμημ`),
  KEY `Κωδ_Τμημ_2` (`Κωδ_Τμημ`),
  CONSTRAINT `e1` FOREIGN KEY (`Κωδ_Τμημ`) REFERENCES `ΤΜΗΜΑ` (`Κωδικός`),
  CONSTRAINT `e2` FOREIGN KEY (`Κωδικός`) REFERENCES `ΤΜΗΜΑ` (`Κωδ_Διευθ`)
) ENGINE=InnoDB DEFAULT CHARSET=utf8mb4 COLLATE=utf8mb4_general_ci;

--
-- Dumping data for table `ΥΠΑΛΛΗΛΟΣ`
--



